[INFO] cloning repository https://github.com/HULKs/labello
[INFO] running `Command { std: "git" "-c" "credential.helper=" "-c" "credential.helper=/workspace/cargo-home/bin/git-credential-null" "clone" "--bare" "https://github.com/HULKs/labello" "/workspace/cache/git-repos/https%3A%2F%2Fgithub.com%2FHULKs%2Flabello", kill_on_drop: false }`
[INFO] [stderr] Cloning into bare repository '/workspace/cache/git-repos/https%3A%2F%2Fgithub.com%2FHULKs%2Flabello'...
[INFO] running `Command { std: "git" "rev-parse" "HEAD", kill_on_drop: false }`
[INFO] [stdout] e23721476592b177e90f83fa07a7db0ad0d4b383
[INFO] checking HULKs/labello against 3154cc1a3e6424e44f438a95007d043ed5ceaaf6+rustflags=-Znext-solver=coherence for pr-133502-30
[INFO] running `Command { std: "git" "clone" "/workspace/cache/git-repos/https%3A%2F%2Fgithub.com%2FHULKs%2Flabello" "/workspace/builds/worker-2-tc1/source", kill_on_drop: false }`
[INFO] [stderr] Cloning into '/workspace/builds/worker-2-tc1/source'...
[INFO] [stderr] done.
[INFO] removed /workspace/builds/worker-2-tc1/source/rust-toolchain.toml
[INFO] started tweaking git repo https://github.com/HULKs/labello
[INFO] finished tweaking git repo https://github.com/HULKs/labello
[INFO] tweaked toml for git repo https://github.com/HULKs/labello written to /workspace/builds/worker-2-tc1/source/Cargo.toml
[INFO] validating manifest of git repo https://github.com/HULKs/labello on toolchain 3154cc1a3e6424e44f438a95007d043ed5ceaaf6
[INFO] running `Command { std: CARGO_HOME="/workspace/cargo-home" RUSTUP_HOME="/workspace/rustup-home" "/workspace/cargo-home/bin/cargo" "+3154cc1a3e6424e44f438a95007d043ed5ceaaf6" "metadata" "--manifest-path" "Cargo.toml" "--no-deps", kill_on_drop: false }`
[INFO] crate git repo https://github.com/HULKs/labello already has a lockfile, it will not be regenerated
[INFO] running `Command { std: CARGO_HOME="/workspace/cargo-home" RUSTUP_HOME="/workspace/rustup-home" "/workspace/cargo-home/bin/cargo" "+3154cc1a3e6424e44f438a95007d043ed5ceaaf6" "fetch" "--manifest-path" "Cargo.toml", kill_on_drop: false }`
[INFO] [stderr] warning: unused workspace dependency `jsonschema`
[INFO] [stderr]   --> Cargo.toml:40:1
[INFO] [stderr]    |
[INFO] [stderr] 40 | jsonschema = "0.30"
[INFO] [stderr]    | ^^^^^^^^^^
[INFO] [stderr]    |
[INFO] [stderr]    = note: `cargo::unused_workspace_dependencies` is set to `warn` by default
[INFO] [stderr] help: consider removing the workspace dependency `jsonschema`
[INFO] [stderr] warning: unused workspace dependency `rand`
[INFO] [stderr]   --> Cargo.toml:43:1
[INFO] [stderr]    |
[INFO] [stderr] 43 | rand = "0.9"
[INFO] [stderr]    | ^^^^
[INFO] [stderr]    |
[INFO] [stderr] help: consider removing the workspace dependency `rand`
[INFO] [stderr] warning: workspace (manifest) generated 2 warnings
[INFO] [stderr]     Updating crates.io index
[INFO] [stderr]  Downloading crates ...
[INFO] [stderr]   Downloaded ehttp v0.7.1
[INFO] [stderr]   Downloaded egui_kittest v0.35.0
[INFO] [stderr]   Downloaded kittest v0.4.0
[INFO] [stderr]   Downloaded zbus_xml v5.2.0
[INFO] [stderr]   Downloaded accesskit_macos v0.26.2
[INFO] [stderr]   Downloaded tract-transformers v0.23.8
[INFO] [stderr]   Downloaded serde_yaml_ng v0.10.0
[INFO] [stderr]   Downloaded infer v0.16.0
[INFO] [stderr]   Downloaded tract-onnx v0.23.8
[INFO] [stderr]   Downloaded nom-language v0.1.0
[INFO] [stderr]   Downloaded tract-nnef v0.23.8
[INFO] [stderr]   Downloaded memo-map v0.3.4
[INFO] [stderr]   Downloaded string-interner v0.20.0
[INFO] [stderr]   Downloaded tract-data v0.23.8
[INFO] [stderr]   Downloaded bit-vec v0.10.1
[INFO] [stderr]   Downloaded anymap3 v1.1.0
[INFO] [stderr]   Downloaded bit-set v0.11.1
[INFO] [stderr]   Downloaded tract-core v0.23.8
[INFO] [stderr]   Downloaded minijinja v2.24.0
[INFO] [stderr]   Downloaded tract-extra v0.23.8
[INFO] [stderr]   Downloaded tract-onnx-opl v0.23.8
[INFO] [stderr]   Downloaded tract-hir v0.23.8
[INFO] [stderr]   Downloaded tract-linalg v0.23.8
[INFO] running `Command { std: "docker" "create" "-v" "/var/lib/crater-agent-workspace/builds/worker-2-tc1/source:/opt/rustwide/workdir:ro,Z" "-v" "/var/lib/crater-agent-workspace/builds/worker-2-tc1/target:/opt/rustwide/target:rw,Z" "-v" "/var/lib/crater-agent-workspace/cargo-home:/opt/rustwide/cargo-home:ro,Z" "-v" "/var/lib/crater-agent-workspace/rustup-home:/opt/rustwide/rustup-home:ro,Z" "-m" "1610612736" "--network" "none" "ghcr.io/rust-lang/crates-build-env/linux@sha256:77db811e55d90add9212f6832c23229e3de5f1c1f9905e8cb07319ea15df73ac" "sleep" "infinity", kill_on_drop: false }`
[INFO] [stdout] e992d5ddf08261fadd6d1eba8dd97159772ff1f8103211366db2fbc4e79d0220
[INFO] running `Command { std: "docker" "start" "e992d5ddf08261fadd6d1eba8dd97159772ff1f8103211366db2fbc4e79d0220", kill_on_drop: false }`
[INFO] running `Command { std: "docker" "inspect" "e992d5ddf08261fadd6d1eba8dd97159772ff1f8103211366db2fbc4e79d0220", kill_on_drop: false }`
[INFO] running `Command { std: "docker" "exec" "-e" "SOURCE_DIR=/opt/rustwide/workdir" "-e" "CARGO_HOME=/opt/rustwide/cargo-home" "-e" "RUSTUP_HOME=/opt/rustwide/rustup-home" "-e" "CARGO_TARGET_DIR=/opt/rustwide/target" "-w" "/opt/rustwide/workdir" "--user" "0:0" "e992d5ddf08261fadd6d1eba8dd97159772ff1f8103211366db2fbc4e79d0220" "/opt/rustwide/cargo-home/bin/cargo" "+3154cc1a3e6424e44f438a95007d043ed5ceaaf6" "metadata" "--no-deps" "--format-version=1", kill_on_drop: false }`
[INFO] running `Command { std: "docker" "inspect" "e992d5ddf08261fadd6d1eba8dd97159772ff1f8103211366db2fbc4e79d0220", kill_on_drop: false }`
[INFO] running `Command { std: "docker" "exec" "-e" "SOURCE_DIR=/opt/rustwide/workdir" "-e" "CARGO_HOME=/opt/rustwide/cargo-home" "-e" "RUSTUP_HOME=/opt/rustwide/rustup-home" "-e" "CARGO_TARGET_DIR=/opt/rustwide/target" "-e" "CARGO_INCREMENTAL=0" "-e" "RUST_BACKTRACE=full" "-e" "RUSTFLAGS=--cap-lints=forbid -Znext-solver=coherence" "-e" "RUSTDOCFLAGS=--cap-lints=forbid" "-w" "/opt/rustwide/workdir" "--user" "0:0" "e992d5ddf08261fadd6d1eba8dd97159772ff1f8103211366db2fbc4e79d0220" "/opt/rustwide/cargo-home/bin/cargo" "+3154cc1a3e6424e44f438a95007d043ed5ceaaf6" "check" "--frozen" "--all" "--all-targets" "--message-format=json", kill_on_drop: false }`
[INFO] [stderr] warning: unused workspace dependency `jsonschema`
[INFO] [stderr]   --> Cargo.toml:40:1
[INFO] [stderr]    |
[INFO] [stderr] 40 | jsonschema = "0.30"
[INFO] [stderr]    | ^^^^^^^^^^
[INFO] [stderr]    |
[INFO] [stderr]    = note: `cargo::unused_workspace_dependencies` is set to `warn` by default
[INFO] [stderr] help: consider removing the workspace dependency `jsonschema`
[INFO] [stderr] warning: unused workspace dependency `rand`
[INFO] [stderr]   --> Cargo.toml:43:1
[INFO] [stderr]    |
[INFO] [stderr] 43 | rand = "0.9"
[INFO] [stderr]    | ^^^^
[INFO] [stderr]    |
[INFO] [stderr] help: consider removing the workspace dependency `rand`
[INFO] [stderr] warning: workspace (manifest) generated 2 warnings
[INFO] [stderr]    Compiling serde_core v1.0.228
[INFO] [stderr]    Compiling quote v1.0.46
[INFO] [stderr]    Compiling jobserver v0.1.35
[INFO] [stderr]     Checking getrandom v0.4.3
[INFO] [stderr]    Compiling zerocopy v0.8.53
[INFO] [stderr]     Checking parking_lot_core v0.9.12
[INFO] [stderr]     Checking futures-channel v0.3.32
[INFO] [stderr]     Checking hashbrown v0.16.1
[INFO] [stderr]    Compiling toml_parser v1.1.2+spec-1.1.0
[INFO] [stderr]    Compiling syn v2.0.118
[INFO] [stderr]    Compiling cc v1.2.66
[INFO] [stderr]     Checking parking_lot v0.12.5
[INFO] [stderr]     Checking wayland-sys v0.31.11
[INFO] [stderr]    Compiling quick-xml v0.39.4
[INFO] [stderr]    Compiling anyhow v1.0.103
[INFO] [stderr]     Checking winnow v1.0.3
[INFO] [stderr]     Checking png v0.18.1
[INFO] [stderr]    Compiling toml_edit v0.25.12+spec-1.1.0
[INFO] [stderr]     Checking event-listener v5.4.1
[INFO] [stderr]    Compiling wayland-scanner v0.31.10
[INFO] [stderr]     Checking num-integer v0.1.47
[INFO] [stderr]     Checking event-listener-strategy v0.5.4
[INFO] [stderr]     Checking http-body v1.0.1
[INFO] [stderr]     Checking getrandom v0.2.17
[INFO] [stderr]    Compiling schemars v0.8.22
[INFO] [stderr]    Compiling proc-macro-crate v3.5.0
[INFO] [stderr]    Compiling rustls v0.23.41
[INFO] [stderr]    Compiling num-traits v0.2.19
[INFO] [stderr]    Compiling matrixmultiply v0.3.11
[INFO] [stderr]     Checking async-io v2.6.0
[INFO] [stderr]     Checking async-channel v2.5.0
[INFO] [stderr]    Compiling wayland-backend v0.3.15
[INFO] [stderr]    Compiling blake3 v1.8.5
[INFO] [stderr]    Compiling ring v0.17.14
[INFO] [stderr]     Checking sync_wrapper v1.0.2
[INFO] [stderr]    Compiling memo-map v0.3.4
[INFO] [stderr]     Checking uuid v1.23.4
[INFO] [stderr]     Checking serde_json v1.0.150
[INFO] [stderr]     Checking wayland-client v0.31.14
[INFO] [stderr]     Checking async-signal v0.2.14
[INFO] [stderr]     Checking accesskit v0.24.1
[INFO] [stderr]     Checking async-lock v3.4.2
[INFO] [stderr]     Checking webpki-roots v1.0.8
[INFO] [stderr]     Checking xattr v1.6.1
[INFO] [stderr]     Checking time v0.3.54
[INFO] [stderr]     Checking tar v0.4.46
[INFO] [stderr]     Checking async-process v2.5.0
[INFO] [stderr]     Checking nom-language v0.1.0
[INFO] [stderr]     Checking blocking v1.6.2
[INFO] [stderr]     Checking ndarray v0.17.2
[INFO] [stderr]     Checking async-executor v1.14.0
[INFO] [stderr]     Checking http-body-util v0.1.3
[INFO] [stderr]     Checking async-broadcast v0.7.2
[INFO] [stderr]     Checking itertools v0.15.0
[INFO] [stderr]     Checking psl-types v2.0.11
[INFO] [stderr]     Checking maplit v1.0.2
[INFO] [stderr]     Checking wayland-protocols v0.32.13
[INFO] [stderr]     Checking dyn-hash v1.0.0
[INFO] [stderr]     Checking downcast-rs v2.0.2
[INFO] [stderr]     Checking strength_reduce v0.2.4
[INFO] [stderr]     Checking wayland-cursor v0.31.14
[INFO] [stderr]     Checking transpose v0.2.3
[INFO] [stderr]     Checking wayland-csd-frame v0.3.0
[INFO] [stderr]    Compiling synstructure v0.13.2
[INFO] [stderr]    Compiling serde_derive_internals v0.29.1
[INFO] [stderr]     Checking kurbo v0.13.1
[INFO] [stderr]     Checking cookie v0.18.1
[INFO] [stderr]     Checking primal-check v0.3.4
[INFO] [stderr]     Checking euclid v0.22.14
[INFO] [stderr]    Compiling pastey v0.2.3
[INFO] [stderr]     Checking bit-vec v0.10.1
[INFO] [stderr]     Checking bit-set v0.11.1
[INFO] [stderr]     Checking rustfft v6.4.1
[INFO] [stderr]    Compiling phf_generator v0.13.1
[INFO] [stderr]     Checking erased-serde v0.4.10
[INFO] [stderr]     Checking gethostname v1.1.0
[INFO] [stderr]     Checking anymap3 v1.1.0
[INFO] [stderr]     Checking x11rb v0.13.2
[INFO] [stderr]     Checking guillotiere v0.7.0
[INFO] [stderr]    Compiling serde_derive v1.0.228
[INFO] [stderr]    Compiling tracing-attributes v0.1.31
[INFO] [stderr]    Compiling bytemuck_derive v1.10.2
[INFO] [stderr]    Compiling zerocopy-derive v0.8.53
[INFO] [stderr]     Checking tracing v0.1.44
[INFO] [stderr]    Compiling zerofrom-derive v0.1.7
[INFO] [stderr]     Checking bytemuck v1.25.0
[INFO] [stderr]    Compiling yoke-derive v0.8.2
[INFO] [stderr]    Compiling zerovec-derive v0.11.3
[INFO] [stderr]    Compiling displaydoc v0.2.6
[INFO] [stderr]    Compiling futures-macro v0.3.32
[INFO] [stderr]     Checking zerofrom v0.1.8
[INFO] [stderr]    Compiling thiserror-impl v2.0.18
[INFO] [stderr]     Checking yoke v0.8.3
[INFO] [stderr]    Compiling enumflags2_derive v0.7.12
[INFO] [stderr]     Checking zerovec v0.11.6
[INFO] [stderr]     Checking futures-util v0.3.32
[INFO] [stderr]     Checking serde v1.0.228
[INFO] [stderr]     Checking tinystr v0.8.3
[INFO] [stderr]     Checking potential_utf v0.1.5
[INFO] [stderr]     Checking zerotrie v0.2.4
[INFO] [stderr]     Checking thiserror v2.0.18
[INFO] [stderr]     Checking icu_locale_core v2.2.0
[INFO] [stderr]     Checking icu_collections v2.2.0
[INFO] [stderr]    Compiling tokio-macros v2.7.0
[INFO] [stderr]     Checking image v0.25.10
[INFO] [stderr]    Compiling zvariant_utils v3.5.0
[INFO] [stderr]    Compiling enumflags2 v0.7.12
[INFO] [stderr]    Compiling zvariant_derive v5.13.0
[INFO] [stderr]     Checking chrono v0.4.45
[INFO] [stderr]     Checking tokio v1.52.3
[INFO] [stderr]     Checking icu_provider v2.2.0
[INFO] [stderr]     Checking icu_properties v2.2.0
[INFO] [stderr]     Checking icu_normalizer v2.2.0
[INFO] [stderr]    Compiling zvariant v5.13.0
[INFO] [stderr]    Compiling schemars_derive v0.8.22
[INFO] [stderr]     Checking idna_adapter v1.2.2
[INFO] [stderr]     Checking idna v1.1.0
[INFO] [stderr]     Checking rustls-webpki v0.103.13
[INFO] [stderr]     Checking url v2.5.8
[INFO] [stderr]    Compiling minijinja v2.24.0
[INFO] [stderr]     Checking labello-domain v0.1.0 (/opt/rustwide/workdir/crates/labello-domain)
[INFO] [stderr]     Checking half v2.7.1
[INFO] [stderr]     Checking zbus_names v4.3.3
[INFO] [stderr]     Checking zbus_xml v5.2.0
[INFO] [stderr]     Checking string-interner v0.20.0
[INFO] [stderr]    Compiling thiserror-impl v1.0.69
[INFO] [stderr]     Checking hyper v1.10.1
[INFO] [stderr]     Checking tower v0.5.3
[INFO] [stderr]    Compiling zbus-lockstep v0.5.2
[INFO] [stderr]    Compiling zbus_macros v5.17.0
[INFO] [stderr]    Compiling async-recursion v1.1.1
[INFO] [stderr]    Compiling serde_repr v0.1.20
[INFO] [stderr]     Checking hyper-util v0.1.20
[INFO] [stderr]    Compiling async-trait v0.1.89
[INFO] [stderr]    Compiling zbus-lockstep-macros v0.5.2
[INFO] [stderr]     Checking tokio-rustls v0.26.4
[INFO] [stderr]     Checking thiserror v1.0.69
[INFO] [stderr]     Checking tract-data v0.23.8
[INFO] [stderr]     Checking ahash v0.8.12
[INFO] [stderr]     Checking publicsuffix v2.3.0
[INFO] [stderr]     Checking serde_urlencoded v0.7.1
[INFO] [stderr]     Checking wayland-protocols-wlr v0.3.12
[INFO] [stderr]     Checking font-types v0.11.3
[INFO] [stderr]     Checking color v0.3.3
[INFO] [stderr]    Compiling derive-new v0.7.0
[INFO] [stderr]     Checking read-fonts v0.39.2
[INFO] [stderr]     Checking peniko v0.6.1
[INFO] [stderr]     Checking hyper-rustls v0.27.9
[INFO] [stderr]     Checking cookie_store v0.22.1
[INFO] [stderr]     Checking calloop v0.13.0
[INFO] [stderr]     Checking tower-http v0.6.11
[INFO] [stderr]     Checking tokio-util v0.7.19
[INFO] [stderr]     Checking futures-executor v0.3.32
[INFO] [stderr]     Checking zbus v5.17.0
[INFO] [stderr]     Checking calloop-wayland-source v0.3.0
[INFO] [stderr]     Checking vello_common v0.0.9
[INFO] [stderr]     Checking futures v0.3.32
[INFO] [stderr]     Checking emath v0.35.0
[INFO] [stderr]    Compiling phf_macros v0.13.1
[INFO] [stderr]     Checking fs2 v0.4.3
[INFO] [stderr]     Checking reqwest v0.12.28
[INFO] [stderr]     Checking crossbeam-epoch v0.9.21
[INFO] [stderr]     Checking smithay-client-toolkit v0.19.2
[INFO] [stderr]     Checking phf v0.13.1
[INFO] [stderr]     Checking ecolor v0.35.0
[INFO] [stderr]     Checking vello_cpu v0.0.9
[INFO] [stderr]     Checking wayland-protocols-plasma v0.3.12
[INFO] [stderr]     Checking calloop v0.14.4
[INFO] [stderr]     Checking xkbcommon-dl v0.4.2
[INFO] [stderr]    Compiling glutin_glx_sys v0.6.1
[INFO] [stderr]    Compiling glutin_egl_sys v0.7.1
[INFO] [stderr]     Checking accesskit_consumer v0.36.0
[INFO] [stderr]    Compiling libwebp-sys v0.9.6
[INFO] [stderr]    Compiling tract-linalg v0.23.8
[INFO] [stderr]    Compiling constant_time_eq v0.4.2
[INFO] [stderr]     Checking self_cell v1.2.2
[INFO] [stderr]    Compiling cpufeatures v0.3.0
[INFO] [stderr]     Checking calloop-wayland-source v0.4.1
[INFO] [stderr]     Checking crossbeam-deque v0.8.8
[INFO] [stderr]     Checking serde_spanned v0.6.9
[INFO] [stderr]     Checking toml_datetime v0.6.11
[INFO] [stderr]     Checking wayland-protocols-misc v0.3.12
[INFO] [stderr]     Checking wayland-protocols-experimental v20250721.0.1
[INFO] [stderr]    Compiling glutin v0.32.3
[INFO] [stderr]     Checking winit v0.30.13
[INFO] [stderr]     Checking chacha20 v0.10.1
[INFO] [stderr]     Checking itertools v0.14.0
[INFO] [stderr]    Compiling either v1.16.0
[INFO] [stderr]    Compiling wasm-bindgen-macro-support v0.2.126
[INFO] [stderr]     Checking toml_edit v0.22.27
[INFO] [stderr]     Checking labello-client v0.1.0 (/opt/rustwide/workdir/crates/labello-client)
[INFO] [stderr]     Checking harfrust v0.7.0
[INFO] [stderr]     Checking atspi-common v0.13.0
[INFO] [stderr]     Checking skrifa v0.42.1
[INFO] [stderr]     Checking tract-core v0.23.8
[INFO] [stderr]     Checking cfb v0.7.3
[INFO] [stderr]     Checking rand v0.10.2
[INFO] [stderr]     Checking epaint v0.35.0
[INFO] [stderr]     Checking smithay-client-toolkit v0.20.0
[INFO] [stderr]     Checking rayon-core v1.13.0
[INFO] [stderr]    Compiling labello-storage v0.1.0 (/opt/rustwide/workdir/crates/labello-storage)
[INFO] [stderr]    Compiling ort-sys v2.0.0-rc.13
[INFO] [stderr]    Compiling glutin-winit v0.5.0
[INFO] [stderr]    Compiling multer v3.1.0
[INFO] [stderr]     Checking unsafe-libyaml v0.2.11
[INFO] [stderr]     Checking egui v0.35.0
[INFO] [stderr]     Checking typed-path v0.12.3
[INFO] [stderr]     Checking mime_guess v2.0.5
[INFO] [stderr]     Checking atspi-proxies v0.13.0
[INFO] [stderr]     Checking accesskit_atspi_common v0.18.1
[INFO] [stderr]     Checking serde_yaml_ng v0.10.0
[INFO] [stderr]     Checking zip v8.6.0
[INFO] [stderr]     Checking smithay-clipboard v0.7.3
[INFO] [stderr]    Compiling prost-derive v0.14.4
[INFO] [stderr]     Checking rayon v1.12.0
[INFO] [stderr]     Checking rand_distr v0.6.0
[INFO] [stderr]    Compiling wasm-bindgen-macro v0.2.126
[INFO] [stderr]     Checking infer v0.16.0
[INFO] [stderr]     Checking toml v0.8.23
[INFO] [stderr]     Checking webbrowser v1.2.1
[INFO] [stderr]     Checking atspi v0.29.0
[INFO] [stderr]     Checking accesskit_unix v0.21.1
[INFO] [stderr]     Checking arboard v3.6.1
[INFO] [stderr]     Checking num-bigint v0.4.8
[INFO] [stderr]     Checking spin v0.9.8
[INFO] [stderr]     Checking float-ord v0.3.2
[INFO] [stderr]     Checking prost v0.14.4
[INFO] [stderr]     Checking ureq-proto v0.6.2
[INFO] [stderr]     Checking regex-automata v0.4.14
[INFO] [stderr]     Checking wasm-bindgen v0.2.126
[INFO] [stderr]     Checking num-rational v0.4.2
[INFO] [stderr]     Checking egui_glow v0.35.0
[INFO] [stderr]     Checking axum-core v0.5.6
[INFO] [stderr]    Compiling axum-macros v0.5.1
[INFO] [stderr]     Checking serde_path_to_error v0.1.20
[INFO] [stderr]     Checking libloading v0.9.0
[INFO] [stderr]     Checking ureq v3.4.1
[INFO] [stderr]     Checking ort v2.0.0-rc.13
[INFO] [stderr]     Checking matchers v0.2.0
[INFO] [stderr]     Checking accesskit_winit v0.32.2
[INFO] [stderr]     Checking tracing-serde v0.2.0
[INFO] [stderr]     Checking egui-winit v0.35.0
[INFO] [stderr]     Checking tracing-subscriber v0.3.23
[INFO] [stderr]     Checking ehttp v0.7.1
[INFO] [stderr]     Checking brotli v8.0.4
[INFO] [stderr]     Checking js-sys v0.3.103
[INFO] [stderr]     Checking eframe v0.35.0
[INFO] [stderr]     Checking axum v0.8.9
[INFO] [stderr]     Checking tempfile v3.27.0
[INFO] [stderr]     Checking accesskit_consumer v0.35.0
[INFO] [stderr]     Checking toml_datetime v1.1.1+spec-1.1.0
[INFO] [stderr]     Checking serde_spanned v1.1.1
[INFO] [stderr]     Checking labello-ui v0.1.0 (/opt/rustwide/workdir/crates/labello-ui)
[INFO] [stderr]     Checking kittest v0.4.0
[INFO] [stderr]     Checking webp v0.3.1
[INFO] [stderr]     Checking console_error_panic_hook v0.1.7
[INFO] [stderr]     Checking toml v1.1.2+spec-1.1.0
[INFO] [stderr]     Checking egui_kittest v0.35.0
[INFO] [stdout] error[E0432]: unresolved import `crate::inspector_presets`
[INFO] [stdout]     --> crates/labello-ui/src/ui_tests/suites/migration.rs:2446:16
[INFO] [stdout]      |
[INFO] [stdout] 2446 |     use crate::inspector_presets::{self, InspectorPreset};
[INFO] [stdout]      |                ^^^^^^^^^^^^^^^^^ could not find `inspector_presets` in the crate root
[INFO] [stdout]      |
[INFO] [stdout] note: found an item that was configured out
[INFO] [stdout]     --> crates/labello-ui/src/lib.rs:12:9
[INFO] [stdout]      |
[INFO] [stdout]   11 | #[cfg(feature = "inspector-presets")]
[INFO] [stdout]      |       ----------------------------- the item is gated behind the `inspector-presets` feature
[INFO] [stdout]   12 | pub mod inspector_presets;
[INFO] [stdout]      |         ^^^^^^^^^^^^^^^^^
[INFO] [stdout] 
[INFO] [stdout] 
[INFO] [stdout] error[E0432]: unresolved import `crate::inspector_presets`
[INFO] [stdout]    --> crates/labello-ui/src/ui_tests/suites/statistics_overlay.rs:289:16
[INFO] [stdout]     |
[INFO] [stdout] 289 |     use crate::inspector_presets::{self, InspectorPreset};
[INFO] [stdout]     |                ^^^^^^^^^^^^^^^^^ could not find `inspector_presets` in the crate root
[INFO] [stdout]     |
[INFO] [stdout] note: found an item that was configured out
[INFO] [stdout]    --> crates/labello-ui/src/lib.rs:12:9
[INFO] [stdout]     |
[INFO] [stdout]  11 | #[cfg(feature = "inspector-presets")]
[INFO] [stdout]     |       ----------------------------- the item is gated behind the `inspector-presets` feature
[INFO] [stdout]  12 | pub mod inspector_presets;
[INFO] [stdout]     |         ^^^^^^^^^^^^^^^^^
[INFO] [stdout] 
[INFO] [stdout] 
[INFO] [stdout] error[E0432]: unresolved import `crate::inspector_presets`
[INFO] [stdout]     --> crates/labello-ui/src/ui_tests/suites/statistics_overlay.rs:1130:16
[INFO] [stdout]      |
[INFO] [stdout] 1130 |     use crate::inspector_presets::{self, InspectorPreset};
[INFO] [stdout]      |                ^^^^^^^^^^^^^^^^^ could not find `inspector_presets` in the crate root
[INFO] [stdout]      |
[INFO] [stdout] note: found an item that was configured out
[INFO] [stdout]     --> crates/labello-ui/src/lib.rs:12:9
[INFO] [stdout]      |
[INFO] [stdout]   11 | #[cfg(feature = "inspector-presets")]
[INFO] [stdout]      |       ----------------------------- the item is gated behind the `inspector-presets` feature
[INFO] [stdout]   12 | pub mod inspector_presets;
[INFO] [stdout]      |         ^^^^^^^^^^^^^^^^^
[INFO] [stdout] 
[INFO] [stdout] 
[INFO] [stdout] error[E0432]: unresolved import `crate::inspector_presets`
[INFO] [stdout]     --> crates/labello-ui/src/ui_tests/suites/statistics_overlay.rs:1174:16
[INFO] [stdout]      |
[INFO] [stdout] 1174 |     use crate::inspector_presets::{self, InspectorPreset};
[INFO] [stdout]      |                ^^^^^^^^^^^^^^^^^ could not find `inspector_presets` in the crate root
[INFO] [stdout]      |
[INFO] [stdout] note: found an item that was configured out
[INFO] [stdout]     --> crates/labello-ui/src/lib.rs:12:9
[INFO] [stdout]      |
[INFO] [stdout]   11 | #[cfg(feature = "inspector-presets")]
[INFO] [stdout]      |       ----------------------------- the item is gated behind the `inspector-presets` feature
[INFO] [stdout]   12 | pub mod inspector_presets;
[INFO] [stdout]      |         ^^^^^^^^^^^^^^^^^
[INFO] [stdout] 
[INFO] [stdout] 
[INFO] [stdout] error[E0432]: unresolved import `crate::inspector_presets`
[INFO] [stdout]    --> crates/labello-ui/src/ui_tests/suites/review_context_bar.rs:489:16
[INFO] [stdout]     |
[INFO] [stdout] 489 |     use crate::inspector_presets::{self, InspectorPreset};
[INFO] [stdout]     |                ^^^^^^^^^^^^^^^^^ could not find `inspector_presets` in the crate root
[INFO] [stdout]     |
[INFO] [stdout] note: found an item that was configured out
[INFO] [stdout]    --> crates/labello-ui/src/lib.rs:12:9
[INFO] [stdout]     |
[INFO] [stdout]  11 | #[cfg(feature = "inspector-presets")]
[INFO] [stdout]     |       ----------------------------- the item is gated behind the `inspector-presets` feature
[INFO] [stdout]  12 | pub mod inspector_presets;
[INFO] [stdout]     |         ^^^^^^^^^^^^^^^^^
[INFO] [stdout] 
[INFO] [stdout] 
[INFO] [stdout] error[E0432]: unresolved import `crate::inspector_presets`
[INFO] [stdout]    --> crates/labello-ui/src/ui_tests/suites/review_context_bar.rs:542:16
[INFO] [stdout]     |
[INFO] [stdout] 542 |     use crate::inspector_presets::{self, InspectorPreset};
[INFO] [stdout]     |                ^^^^^^^^^^^^^^^^^ could not find `inspector_presets` in the crate root
[INFO] [stdout]     |
[INFO] [stdout] note: found an item that was configured out
[INFO] [stdout]    --> crates/labello-ui/src/lib.rs:12:9
[INFO] [stdout]     |
[INFO] [stdout]  11 | #[cfg(feature = "inspector-presets")]
[INFO] [stdout]     |       ----------------------------- the item is gated behind the `inspector-presets` feature
[INFO] [stdout]  12 | pub mod inspector_presets;
[INFO] [stdout]     |         ^^^^^^^^^^^^^^^^^
[INFO] [stdout] 
[INFO] [stdout] 
[INFO] [stdout] error[E0432]: unresolved import `crate::inspector_presets`
[INFO] [stdout]    --> crates/labello-ui/src/ui_tests/suites/review_context_bar.rs:568:16
[INFO] [stdout]     |
[INFO] [stdout] 568 |     use crate::inspector_presets::{self, InspectorPreset};
[INFO] [stdout]     |                ^^^^^^^^^^^^^^^^^ could not find `inspector_presets` in the crate root
[INFO] [stdout]     |
[INFO] [stdout] note: found an item that was configured out
[INFO] [stdout]    --> crates/labello-ui/src/lib.rs:12:9
[INFO] [stdout]     |
[INFO] [stdout]  11 | #[cfg(feature = "inspector-presets")]
[INFO] [stdout]     |       ----------------------------- the item is gated behind the `inspector-presets` feature
[INFO] [stdout]  12 | pub mod inspector_presets;
[INFO] [stdout]     |         ^^^^^^^^^^^^^^^^^
[INFO] [stdout] 
[INFO] [stdout] 
[INFO] [stdout] error[E0433]: cannot find `inspector_presets` in the crate root
[INFO] [stdout]    --> crates/labello-ui/src/ui_tests/suites/workspace_overflow.rs:592:16
[INFO] [stdout]     |
[INFO] [stdout] 592 |     use crate::inspector_presets::{build, InspectorPreset::*};
[INFO] [stdout]     |                ^^^^^^^^^^^^^^^^^ could not find `inspector_presets` in the crate root
[INFO] [stdout]     |
[INFO] [stdout] note: found an item that was configured out
[INFO] [stdout]    --> crates/labello-ui/src/lib.rs:12:9
[INFO] [stdout]     |
[INFO] [stdout]  11 | #[cfg(feature = "inspector-presets")]
[INFO] [stdout]     |       ----------------------------- the item is gated behind the `inspector-presets` feature
[INFO] [stdout]  12 | pub mod inspector_presets;
[INFO] [stdout]     |         ^^^^^^^^^^^^^^^^^
[INFO] [stdout] 
[INFO] [stdout] 
[INFO] [stdout] error[E0432]: unresolved import `crate::inspector_presets`
[INFO] [stdout]    --> crates/labello-ui/src/ui_tests/suites/workspace_overflow.rs:592:16
[INFO] [stdout]     |
[INFO] [stdout] 592 |     use crate::inspector_presets::{build, InspectorPreset::*};
[INFO] [stdout]     |                ^^^^^^^^^^^^^^^^^ could not find `inspector_presets` in the crate root
[INFO] [stdout]     |
[INFO] [stdout] note: found an item that was configured out
[INFO] [stdout]    --> crates/labello-ui/src/lib.rs:12:9
[INFO] [stdout]     |
[INFO] [stdout]  11 | #[cfg(feature = "inspector-presets")]
[INFO] [stdout]     |       ----------------------------- the item is gated behind the `inspector-presets` feature
[INFO] [stdout]  12 | pub mod inspector_presets;
[INFO] [stdout]     |         ^^^^^^^^^^^^^^^^^
[INFO] [stdout] 
[INFO] [stdout] 
[INFO] [stdout] error[E0433]: cannot find `inspector_presets` in the crate root
[INFO] [stdout]    --> crates/labello-ui/src/dataset_inspector.rs:966:16
[INFO] [stdout]     |
[INFO] [stdout] 966 |         crate::inspector_presets::build(
[INFO] [stdout]     |                ^^^^^^^^^^^^^^^^^ could not find `inspector_presets` in the crate root
[INFO] [stdout]     |
[INFO] [stdout] note: found an item that was configured out
[INFO] [stdout]    --> crates/labello-ui/src/lib.rs:12:9
[INFO] [stdout]     |
[INFO] [stdout]  11 | #[cfg(feature = "inspector-presets")]
[INFO] [stdout]     |       ----------------------------- the item is gated behind the `inspector-presets` feature
[INFO] [stdout]  12 | pub mod inspector_presets;
[INFO] [stdout]     |         ^^^^^^^^^^^^^^^^^
[INFO] [stdout] 
[INFO] [stdout] 
[INFO] [stdout] error[E0433]: cannot find `inspector_presets` in the crate root
[INFO] [stdout]    --> crates/labello-ui/src/dataset_inspector.rs:967:20
[INFO] [stdout]     |
[INFO] [stdout] 967 |             crate::inspector_presets::InspectorPreset::DatasetInspection,
[INFO] [stdout]     |                    ^^^^^^^^^^^^^^^^^ could not find `inspector_presets` in the crate root
[INFO] [stdout]     |
[INFO] [stdout] note: found an item that was configured out
[INFO] [stdout]    --> crates/labello-ui/src/lib.rs:12:9
[INFO] [stdout]     |
[INFO] [stdout]  11 | #[cfg(feature = "inspector-presets")]
[INFO] [stdout]     |       ----------------------------- the item is gated behind the `inspector-presets` feature
[INFO] [stdout]  12 | pub mod inspector_presets;
[INFO] [stdout]     |         ^^^^^^^^^^^^^^^^^
[INFO] [stdout] 
[INFO] [stdout] 
[INFO] [stdout] error[E0433]: cannot find `inspector_presets` in the crate root
[INFO] [stdout]    --> crates/labello-ui/src/ui_tests/suites/review_context_bar.rs:643:26
[INFO] [stdout]     |
[INFO] [stdout] 643 |     let mut app = crate::inspector_presets::build(crate::inspector_presets::InspectorPreset::MigrationReview, &ctx);
[INFO] [stdout]     |                          ^^^^^^^^^^^^^^^^^ could not find `inspector_presets` in the crate root
[INFO] [stdout]     |
[INFO] [stdout] note: found an item that was configured out
[INFO] [stdout]    --> crates/labello-ui/src/lib.rs:12:9
[INFO] [stdout]     |
[INFO] [stdout]  11 | #[cfg(feature = "inspector-presets")]
[INFO] [stdout]     |       ----------------------------- the item is gated behind the `inspector-presets` feature
[INFO] [stdout]  12 | pub mod inspector_presets;
[INFO] [stdout]     |         ^^^^^^^^^^^^^^^^^
[INFO] [stdout] 
[INFO] [stdout] 
[INFO] [stderr] error: could not compile `tract-core` (lib)
[INFO] [stderr] 
[INFO] [stderr] Caused by:
[INFO] [stderr]   process didn't exit successfully: `/opt/rustwide/rustup-home/toolchains/3154cc1a3e6424e44f438a95007d043ed5ceaaf6/bin/rustc --crate-name tract_core --edition=2024 /opt/rustwide/cargo-home/registry/src/index.crates.io-1949cf8c6b5b557f/tract-core-0.23.8/src/lib.rs --error-format=json --json=diagnostic-rendered-ansi,artifacts,future-incompat,unused-externs-silent --crate-type lib --emit=dep-info,metadata -C embed-bitcode=no -C debuginfo=2 --cfg 'feature="default"' --check-cfg 'cfg(docsrs,test)' --check-cfg 'cfg(feature, values("complex", "default", "paranoid_assertions"))' -C metadata=3d1e591a5f04eb77 -C extra-filename=-c11631c22d4f27d9 --out-dir /opt/rustwide/target/debug/build/tract-core/c11631c22d4f27d9/out -L dependency=/opt/rustwide/target/debug/build/anyhow/215e9e70762e0ea5/out -L dependency=/opt/rustwide/target/debug/build/bit-vec/f38ce850fc4cde87/out -L dependency=/opt/rustwide/target/debug/build/byteorder/1faabe2fe6089cfe/out -L dependency=/opt/rustwide/target/debug/build/cfg-if/455a21b2886a1534/out -L dependency=/opt/rustwide/target/debug/build/derive-new/18482d70b841ed02/out -L dependency=/opt/rustwide/target/debug/build/downcast-rs/63561f58c7074a8f/out -L dependency=/opt/rustwide/target/debug/build/dyn-clone/c3d4deac80eb63bf/out -L dependency=/opt/rustwide/target/debug/build/dyn-hash/8c9653114ad9987a/out -L dependency=/opt/rustwide/target/debug/build/either/cd70c818d2e4de30/out -L dependency=/opt/rustwide/target/debug/build/foldhash/d794f8647a7c5183/out -L dependency=/opt/rustwide/target/debug/build/half/ed686f9276e0dc22/out -L dependency=/opt/rustwide/target/debug/build/hashbrown/b4d5ba1da6cc51e4/out -L dependency=/opt/rustwide/target/debug/build/inventory/8af1617fcb5c2197/out -L dependency=/opt/rustwide/target/debug/build/itertools/9a1305f2e7c386ed/out -L dependency=/opt/rustwide/target/debug/build/lazy_static/8814797a196a17b5/out -L dependency=/opt/rustwide/target/debug/build/libc/46c6b83d1bc81e80/out -L dependency=/opt/rustwide/target/debug/build/libm/2e0fe817bf4c866c/out -L dependency=/opt/rustwide/target/debug/build/lock_api/497c3c4b546acad3/out -L dependency=/opt/rustwide/target/debug/build/log/b577a85bc909ef1e/out -L dependency=/opt/rustwide/target/debug/build/maplit/5496e81e31d7a29e/out -L dependency=/opt/rustwide/target/debug/build/matrixmultiply/cdce84ae822f2d56/out -L dependency=/opt/rustwide/target/debug/build/memchr/1dee75255e878028/out -L dependency=/opt/rustwide/target/debug/build/ndarray/0565e1ffe032bba6/out -L dependency=/opt/rustwide/target/debug/build/nom-language/10f70e033c68d96d/out -L dependency=/opt/rustwide/target/debug/build/nom/594fb204fc918865/out -L dependency=/opt/rustwide/target/debug/build/num-complex/e585481e21af855b/out -L dependency=/opt/rustwide/target/debug/build/num-integer/85c6ac6870d32665/out -L dependency=/opt/rustwide/target/debug/build/num-traits/b1d7c630e2f033f6/out -L dependency=/opt/rustwide/target/debug/build/parking_lot/6216e1adc248ed39/out -L dependency=/opt/rustwide/target/debug/build/parking_lot_core/8f36ccbc2aefc582/out -L dependency=/opt/rustwide/target/debug/build/pastey/8c239f599fd61641/out -L dependency=/opt/rustwide/target/debug/build/primal-check/0a34edb76b925bfe/out -L dependency=/opt/rustwide/target/debug/build/rawpointer/f06b4a761bc7db2e/out -L dependency=/opt/rustwide/target/debug/build/scopeguard/2eedc5e742d791e6/out -L dependency=/opt/rustwide/target/debug/build/serde/6e55aa65f4df205d/out -L dependency=/opt/rustwide/target/debug/build/serde_core/b88ca56ac27c3fe3/out -L dependency=/opt/rustwide/target/debug/build/serde_derive/d7e20b298c99014d/out -L dependency=/opt/rustwide/target/debug/build/smallvec/9ee489883686cc0a/out -L dependency=/opt/rustwide/target/debug/build/strength_reduce/b116dfcd72cdb7c3/out -L dependency=/opt/rustwide/target/debug/build/string-interner/e4c211ba4bf94eb1/out -L dependency=/opt/rustwide/target/debug/build/tract-data/29940c61ad8c48d6/out -L dependency=/opt/rustwide/target/debug/build/transpose/a3c76cfef7529cb2/out -L dependency=/opt/rustwide/target/debug/build/typeid/9c3fa084fbf35f89/out -L dependency=/opt/rustwide/target/debug/build/zerocopy-derive/be409d231d7cdfd9/out -L dependency=/opt/rustwide/target/debug/build/zerocopy/a89b9697b5ec8b80/out --extern anyhow=/opt/rustwide/target/debug/build/anyhow/215e9e70762e0ea5/out/libanyhow-215e9e70762e0ea5.rmeta --extern anymap3=/opt/rustwide/target/debug/build/anymap3/9a92056408c0b982/out/libanymap3-9a92056408c0b982.rmeta --extern bit_set=/opt/rustwide/target/debug/build/bit-set/d8c06f6574376419/out/libbit_set-d8c06f6574376419.rmeta --extern derive_new=/opt/rustwide/target/debug/build/derive-new/18482d70b841ed02/out/libderive_new-18482d70b841ed02.so --extern downcast_rs=/opt/rustwide/target/debug/build/downcast-rs/63561f58c7074a8f/out/libdowncast_rs-63561f58c7074a8f.rmeta --extern dyn_clone=/opt/rustwide/target/debug/build/dyn-clone/c3d4deac80eb63bf/out/libdyn_clone-c3d4deac80eb63bf.rmeta --extern erased_serde=/opt/rustwide/target/debug/build/erased-serde/68c0331bb644e415/out/liberased_serde-68c0331bb644e415.rmeta --extern inventory=/opt/rustwide/target/debug/build/inventory/8af1617fcb5c2197/out/libinventory-8af1617fcb5c2197.rmeta --extern lazy_static=/opt/rustwide/target/debug/build/lazy_static/8814797a196a17b5/out/liblazy_static-8814797a196a17b5.rmeta --extern log=/opt/rustwide/target/debug/build/log/b577a85bc909ef1e/out/liblog-b577a85bc909ef1e.rmeta --extern maplit=/opt/rustwide/target/debug/build/maplit/5496e81e31d7a29e/out/libmaplit-5496e81e31d7a29e.rmeta --extern ndarray=/opt/rustwide/target/debug/build/ndarray/0565e1ffe032bba6/out/libndarray-0565e1ffe032bba6.rmeta --extern num_complex=/opt/rustwide/target/debug/build/num-complex/e585481e21af855b/out/libnum_complex-e585481e21af855b.rmeta --extern num_integer=/opt/rustwide/target/debug/build/num-integer/85c6ac6870d32665/out/libnum_integer-85c6ac6870d32665.rmeta --extern num_traits=/opt/rustwide/target/debug/build/num-traits/b1d7c630e2f033f6/out/libnum_traits-b1d7c630e2f033f6.rmeta --extern pastey=/opt/rustwide/target/debug/build/pastey/8c239f599fd61641/out/libpastey-8c239f599fd61641.so --extern rustfft=/opt/rustwide/target/debug/build/rustfft/769992ceb1d84bf9/out/librustfft-769992ceb1d84bf9.rmeta --extern serde=/opt/rustwide/target/debug/build/serde/6e55aa65f4df205d/out/libserde-6e55aa65f4df205d.rmeta --extern smallvec=/opt/rustwide/target/debug/build/smallvec/9ee489883686cc0a/out/libsmallvec-9ee489883686cc0a.rmeta --extern tract_data=/opt/rustwide/target/debug/build/tract-data/29940c61ad8c48d6/out/libtract_data-29940c61ad8c48d6.rmeta --extern tract_linalg=/opt/rustwide/target/debug/build/tract-linalg/076865e462cbb3cf/out/libtract_linalg-076865e462cbb3cf.rmeta --cap-lints allow --cap-lints=forbid -Znext-solver=coherence --force-warn=unused_crate_dependencies -L native=/opt/rustwide/target/debug/build/tract-linalg/3998a16d43e5e4bc/out -L native=/opt/rustwide/target/debug/build/tract-linalg/3998a16d43e5e4bc/out -L native=/opt/rustwide/target/debug/build/tract-linalg/3998a16d43e5e4bc/out -L native=/opt/rustwide/target/debug/build/tract-linalg/3998a16d43e5e4bc/out -L native=/opt/rustwide/target/debug/build/tract-linalg/3998a16d43e5e4bc/out` (signal: 9, SIGKILL: kill)
[INFO] [stderr] warning: build failed, waiting for other jobs to finish...
[INFO] [stdout] error[E0433]: cannot find `inspector_presets` in the crate root
[INFO] [stdout]    --> crates/labello-ui/src/ui_tests/suites/review_context_bar.rs:643:58
[INFO] [stdout]     |
[INFO] [stdout] 643 |     let mut app = crate::inspector_presets::build(crate::inspector_presets::InspectorPreset::MigrationReview, &ctx);
[INFO] [stdout]     |                                                          ^^^^^^^^^^^^^^^^^ could not find `inspector_presets` in the crate root
[INFO] [stdout]     |
[INFO] [stdout] note: found an item that was configured out
[INFO] [stdout]    --> crates/labello-ui/src/lib.rs:12:9
[INFO] [stdout]     |
[INFO] [stdout]  11 | #[cfg(feature = "inspector-presets")]
[INFO] [stdout]     |       ----------------------------- the item is gated behind the `inspector-presets` feature
[INFO] [stdout]  12 | pub mod inspector_presets;
[INFO] [stdout]     |         ^^^^^^^^^^^^^^^^^
[INFO] [stdout] 
[INFO] [stdout] 
[INFO] [stdout] error[E0433]: cannot find `inspector_presets` in the crate root
[INFO] [stdout]    --> crates/labello-ui/src/ui_tests/suites/workflow_reasons.rs:210:36
[INFO] [stdout]     |
[INFO] [stdout] 210 | ...   .build_eframe(|ctx| crate::inspector_presets::build(crate::inspector_presets::InspectorPreset::WorkflowReasons, &ctx.egui_ctx));
[INFO] [stdout]     |                                  ^^^^^^^^^^^^^^^^^ could not find `inspector_presets` in the crate root
[INFO] [stdout]     |
[INFO] [stdout] note: found an item that was configured out
[INFO] [stdout]    --> crates/labello-ui/src/lib.rs:12:9
[INFO] [stdout]     |
[INFO] [stdout]  11 | #[cfg(feature = "inspector-presets")]
[INFO] [stdout]     |       ----------------------------- the item is gated behind the `inspector-presets` feature
[INFO] [stdout]  12 | pub mod inspector_presets;
[INFO] [stdout]     |         ^^^^^^^^^^^^^^^^^
[INFO] [stdout] 
[INFO] [stdout] 
[INFO] [stdout] error[E0433]: cannot find `inspector_presets` in the crate root
[INFO] [stdout]    --> crates/labello-ui/src/ui_tests/suites/workflow_reasons.rs:210:68
[INFO] [stdout]     |
[INFO] [stdout] 210 | ...pector_presets::build(crate::inspector_presets::InspectorPreset::WorkflowReasons, &ctx.egui_ctx));
[INFO] [stdout]     |                                 ^^^^^^^^^^^^^^^^^ could not find `inspector_presets` in the crate root
[INFO] [stdout]     |
[INFO] [stdout] note: found an item that was configured out
[INFO] [stdout]    --> crates/labello-ui/src/lib.rs:12:9
[INFO] [stdout]     |
[INFO] [stdout]  11 | #[cfg(feature = "inspector-presets")]
[INFO] [stdout]     |       ----------------------------- the item is gated behind the `inspector-presets` feature
[INFO] [stdout]  12 | pub mod inspector_presets;
[INFO] [stdout]     |         ^^^^^^^^^^^^^^^^^
[INFO] [stdout] 
[INFO] [stdout] 
[INFO] [stdout] error[E0433]: cannot find `inspector_presets` in the crate root
[INFO] [stdout]   --> crates/labello-ui/src/ui_tests/work_items.rs:8:26
[INFO] [stdout]    |
[INFO] [stdout]  8 |     let mut app = crate::inspector_presets::build(
[INFO] [stdout]    |                          ^^^^^^^^^^^^^^^^^ could not find `inspector_presets` in the crate root
[INFO] [stdout]    |
[INFO] [stdout] note: found an item that was configured out
[INFO] [stdout]   --> crates/labello-ui/src/lib.rs:12:9
[INFO] [stdout]    |
[INFO] [stdout] 11 | #[cfg(feature = "inspector-presets")]
[INFO] [stdout]    |       ----------------------------- the item is gated behind the `inspector-presets` feature
[INFO] [stdout] 12 | pub mod inspector_presets;
[INFO] [stdout]    |         ^^^^^^^^^^^^^^^^^
[INFO] [stdout] 
[INFO] [stdout] 
[INFO] [stdout] error[E0433]: cannot find `inspector_presets` in the crate root
[INFO] [stdout]   --> crates/labello-ui/src/ui_tests/work_items.rs:9:16
[INFO] [stdout]    |
[INFO] [stdout]  9 |         crate::inspector_presets::InspectorPreset::Annotation,
[INFO] [stdout]    |                ^^^^^^^^^^^^^^^^^ could not find `inspector_presets` in the crate root
[INFO] [stdout]    |
[INFO] [stdout] note: found an item that was configured out
[INFO] [stdout]   --> crates/labello-ui/src/lib.rs:12:9
[INFO] [stdout]    |
[INFO] [stdout] 11 | #[cfg(feature = "inspector-presets")]
[INFO] [stdout]    |       ----------------------------- the item is gated behind the `inspector-presets` feature
[INFO] [stdout] 12 | pub mod inspector_presets;
[INFO] [stdout]    |         ^^^^^^^^^^^^^^^^^
[INFO] [stdout] 
[INFO] [stdout] 
[INFO] [stdout] error[E0433]: cannot find `inspector_presets` in the crate root
[INFO] [stdout]    --> crates/labello-ui/src/ui_tests/work_items.rs:281:26
[INFO] [stdout]     |
[INFO] [stdout] 281 |     let mut app = crate::inspector_presets::build(
[INFO] [stdout]     |                          ^^^^^^^^^^^^^^^^^ could not find `inspector_presets` in the crate root
[INFO] [stdout]     |
[INFO] [stdout] note: found an item that was configured out
[INFO] [stdout]    --> crates/labello-ui/src/lib.rs:12:9
[INFO] [stdout]     |
[INFO] [stdout]  11 | #[cfg(feature = "inspector-presets")]
[INFO] [stdout]     |       ----------------------------- the item is gated behind the `inspector-presets` feature
[INFO] [stdout]  12 | pub mod inspector_presets;
[INFO] [stdout]     |         ^^^^^^^^^^^^^^^^^
[INFO] [stdout] 
[INFO] [stdout] 
[INFO] [stdout] error[E0433]: cannot find `inspector_presets` in the crate root
[INFO] [stdout]    --> crates/labello-ui/src/ui_tests/work_items.rs:282:16
[INFO] [stdout]     |
[INFO] [stdout] 282 |         crate::inspector_presets::InspectorPreset::Review,
[INFO] [stdout]     |                ^^^^^^^^^^^^^^^^^ could not find `inspector_presets` in the crate root
[INFO] [stdout]     |
[INFO] [stdout] note: found an item that was configured out
[INFO] [stdout]    --> crates/labello-ui/src/lib.rs:12:9
[INFO] [stdout]     |
[INFO] [stdout]  11 | #[cfg(feature = "inspector-presets")]
[INFO] [stdout]     |       ----------------------------- the item is gated behind the `inspector-presets` feature
[INFO] [stdout]  12 | pub mod inspector_presets;
[INFO] [stdout]     |         ^^^^^^^^^^^^^^^^^
[INFO] [stdout] 
[INFO] [stdout] 
[INFO] [stdout] error[E0425]: cannot find value `Annotation` in this scope
[INFO] [stdout]    --> crates/labello-ui/src/ui_tests/suites/workspace_overflow.rs:593:20
[INFO] [stdout]     |
[INFO] [stdout] 593 |     for preset in [Annotation, Review, MigrationObject, MigrationFullImage, MigrationReview] {
[INFO] [stdout]     |                    ^^^^^^^^^^ not found in this scope
[INFO] [stdout]     |
[INFO] [stdout] note: tuple variant `crate::canvas::ReviewViewTarget::Annotation` exists but is inaccessible
[INFO] [stdout]    --> crates/labello-ui/src/canvas.rs:195:5
[INFO] [stdout]     |
[INFO] [stdout] 195 |     Annotation(AnnotationId, u32),
[INFO] [stdout]     |     ^^^^^^^^^^^^^^^^^^^^^^^^^^^^^ not accessible
[INFO] [stdout] help: consider importing one of these items
[INFO] [stdout]    --> crates/labello-ui/src/ui_tests/mod.rs:1:1
[INFO] [stdout]     |
[INFO] [stdout]   1 + use crate::persistence::DraftKind::Annotation;
[INFO] [stdout]     |
[INFO] [stdout]   1 + use crate::persistence::WorkDraftPayload::Annotation;
[INFO] [stdout]     |
[INFO] [stdout]   1 + use crate::ui_tests::AssignmentKind::Annotation;
[INFO] [stdout]     |
[INFO] [stdout]   1 + use labello_domain::AssignmentKind::Annotation;
[INFO] [stdout]     |
[INFO] [stdout] 
[INFO] [stdout] 
[INFO] [stdout] error[E0425]: cannot find value `Review` in this scope
[INFO] [stdout]    --> crates/labello-ui/src/ui_tests/suites/workspace_overflow.rs:593:32
[INFO] [stdout]     |
[INFO] [stdout] 593 |     for preset in [Annotation, Review, MigrationObject, MigrationFullImage, MigrationReview] {
[INFO] [stdout]     |                                ^^^^^^ not found in this scope
[INFO] [stdout]     |
[INFO] [stdout] note: these items exist but are inaccessible
[INFO] [stdout]    --> crates/labello-ui/src/app.rs:81:5
[INFO] [stdout]     |
[INFO] [stdout]  81 |     Review,
[INFO] [stdout]     |     ^^^^^^ `crate::build_information::reload_tests::AppView::Review`: not accessible
[INFO] [stdout]     |
[INFO] [stdout]    ::: crates/labello-ui/src/live_protocol.rs:35:5
[INFO] [stdout]     |
[INFO] [stdout]  35 |     Review(labello_client::ReviewMigrationRequest),
[INFO] [stdout]     |     ^^^^^^^^^^^^^^^^^^^^^^^^^^^^^^^^^^^^^^^^^^^^^^ `crate::manual_migration::tests::MigrationAction::Review`: not accessible
[INFO] [stdout] help: consider importing one of these items
[INFO] [stdout]    --> crates/labello-ui/src/ui_tests/mod.rs:1:1
[INFO] [stdout]     |
[INFO] [stdout]   1 + use crate::persistence::WorkDraftPayload::Review;
[INFO] [stdout]     |
[INFO] [stdout]   1 + use crate::ui_tests::AssignmentKind::Review;
[INFO] [stdout]     |
[INFO] [stdout]   1 + use crate::ui_tests::StoredView::Review;
[INFO] [stdout]     |
[INFO] [stdout]   1 + use labello_domain::ActionContext::Review;
[INFO] [stdout]     |
[INFO] [stdout]     = and 1 other candidate
[INFO] [stdout] 
[INFO] [stdout] 
[INFO] [stdout] error[E0425]: cannot find value `MigrationObject` in this scope
[INFO] [stdout]    --> crates/labello-ui/src/ui_tests/suites/workspace_overflow.rs:593:40
[INFO] [stdout]     |
[INFO] [stdout] 593 |     for preset in [Annotation, Review, MigrationObject, MigrationFullImage, MigrationReview] {
[INFO] [stdout]     |                                        ^^^^^^^^^^^^^^^ not found in this scope
[INFO] [stdout] 
[INFO] [stdout] 
[INFO] [stdout] error[E0425]: cannot find value `MigrationFullImage` in this scope
[INFO] [stdout]    --> crates/labello-ui/src/ui_tests/suites/workspace_overflow.rs:593:57
[INFO] [stdout]     |
[INFO] [stdout] 593 |     for preset in [Annotation, Review, MigrationObject, MigrationFullImage, MigrationReview] {
[INFO] [stdout]     |                                                         ^^^^^^^^^^^^^^^^^^ not found in this scope
[INFO] [stdout] 
[INFO] [stdout] 
[INFO] [stdout] error[E0425]: cannot find value `MigrationReview` in this scope
[INFO] [stdout]    --> crates/labello-ui/src/ui_tests/suites/workspace_overflow.rs:593:77
[INFO] [stdout]     |
[INFO] [stdout] 593 |     for preset in [Annotation, Review, MigrationObject, MigrationFullImage, MigrationReview] {
[INFO] [stdout]     |                                                                             ^^^^^^^^^^^^^^^ not found in this scope
[INFO] [stdout] 
[INFO] [stdout] 
[INFO] [stdout] error[E0308]: mismatched types
[INFO] [stdout]    --> crates/labello-ui/src/ui_tests/suites/review_context_bar.rs:590:33
[INFO] [stdout]     |
[INFO] [stdout] 590 |             if annotation_id == &labello_domain::AnnotationId::from("discovered-object-1"))));
[INFO] [stdout]     |                -------------    ^^^^^^^^^^^^^^^^^^^^^^^^^^^^^^^^^^^^^^^^^^^^^^^^^^^^^^^^^^ expected `AnnotationId`, found `&AnnotationId`
[INFO] [stdout]     |                |
[INFO] [stdout]     |                expected because this is `labello_domain::AnnotationId`
[INFO] [stdout]     |
[INFO] [stdout] help: consider removing the borrow
[INFO] [stdout]     |
[INFO] [stdout] 590 -             if annotation_id == &labello_domain::AnnotationId::from("discovered-object-1"))));
[INFO] [stdout] 590 +             if annotation_id == labello_domain::AnnotationId::from("discovered-object-1"))));
[INFO] [stdout]     |
[INFO] [stdout] 
[INFO] [stdout] 
[INFO] [stdout] error[E0599]: no method named `image_state` found for struct `std::rc::Rc<support::SpyApi>` in the current scope
[INFO] [stdout]    --> crates/labello-ui/src/ui_tests/suites/pen_editing.rs:105:20
[INFO] [stdout]     |
[INFO] [stdout] 105 |     assert_eq!(api.image_state(image_id).current_annotation(&id).unwrap().geometry, geometry);
[INFO] [stdout]     |                    ^^^^^^^^^^^
[INFO] [stdout]     |
[INFO] [stdout] help: there is a method `get_image_state` with a similar name, but with different arguments
[INFO] [stdout]    --> crates/labello-client/src/traits/workflow.rs:133:5
[INFO] [stdout]     |
[INFO] [stdout] 133 | /     fn get_image_state<'a>(
[INFO] [stdout] 134 | |         &'a self,
[INFO] [stdout] 135 | |         dataset_id: &'a DatasetId,
[INFO] [stdout] 136 | |         image_id: &'a ImageId,
[INFO] [stdout] 137 | |     ) -> ApiFuture<'a, ImageState>;
[INFO] [stdout]     | |___________________________________^
[INFO] [stdout] 
[INFO] [stdout] 
[INFO] [stdout] error[E0599]: no method named `image_state` found for struct `std::rc::Rc<support::SpyApi>` in the current scope
[INFO] [stdout]    --> crates/labello-ui/src/ui_tests/suites/pen_editing.rs:209:20
[INFO] [stdout]     |
[INFO] [stdout] 209 |     assert_eq!(api.image_state(image_id).current_annotation(&id).unwrap().geometry, harness.state().work.annotations[0].geometry);
[INFO] [stdout]     |                    ^^^^^^^^^^^
[INFO] [stdout]     |
[INFO] [stdout] help: there is a method `get_image_state` with a similar name, but with different arguments
[INFO] [stdout]    --> crates/labello-client/src/traits/workflow.rs:133:5
[INFO] [stdout]     |
[INFO] [stdout] 133 | /     fn get_image_state<'a>(
[INFO] [stdout] 134 | |         &'a self,
[INFO] [stdout] 135 | |         dataset_id: &'a DatasetId,
[INFO] [stdout] 136 | |         image_id: &'a ImageId,
[INFO] [stdout] 137 | |     ) -> ApiFuture<'a, ImageState>;
[INFO] [stdout]     | |___________________________________^
[INFO] [stdout] 
[INFO] [stdout] 
[INFO] [stdout] Some errors have detailed explanations: E0308, E0425, E0432, E0433, E0599.
[INFO] [stdout] 
[INFO] [stdout] For more information about an error, try `rustc --explain E0308`.
[INFO] [stdout] 
[INFO] [stderr] error: could not compile `labello-ui` (lib test) due to 27 previous errors
[INFO] [stderr] warning: unused dependency `web-time`
[INFO] [stderr]   --> crates/labello-client/Cargo.toml:19:1
[INFO] [stderr]    |
[INFO] [stderr] 19 | web-time.workspace = true
[INFO] [stderr]    | ^^^^^^^^
[INFO] [stderr]    |
[INFO] [stderr]    = note: `cargo::unused_dependencies` is set to `warn` by default
[INFO] [stderr] help: consider removing the dependency on `web-time`
[INFO] [stderr] warning: `labello-client` (manifest) generated 1 warning
[INFO] running `Command { std: "docker" "inspect" "e992d5ddf08261fadd6d1eba8dd97159772ff1f8103211366db2fbc4e79d0220", kill_on_drop: false }`
[INFO] running `Command { std: "docker" "rm" "-f" "e992d5ddf08261fadd6d1eba8dd97159772ff1f8103211366db2fbc4e79d0220", kill_on_drop: false }`
[INFO] [stdout] e992d5ddf08261fadd6d1eba8dd97159772ff1f8103211366db2fbc4e79d0220
