[INFO] cloning repository https://github.com/HSPK/yinkote
[INFO] running `Command { std: "git" "-c" "credential.helper=" "-c" "credential.helper=/workspace/cargo-home/bin/git-credential-null" "clone" "--bare" "https://github.com/HSPK/yinkote" "/workspace/cache/git-repos/https%3A%2F%2Fgithub.com%2FHSPK%2Fyinkote", kill_on_drop: false }`
[INFO] [stderr] Cloning into bare repository '/workspace/cache/git-repos/https%3A%2F%2Fgithub.com%2FHSPK%2Fyinkote'...
[INFO] running `Command { std: "git" "rev-parse" "HEAD", kill_on_drop: false }`
[INFO] [stdout] 5c929958cb4b55217800e67bc06bcd23bc4e56f2
[INFO] checking HSPK/yinkote against 3154cc1a3e6424e44f438a95007d043ed5ceaaf6+rustflags=-Znext-solver=coherence for pr-133502-30
[INFO] running `Command { std: "git" "clone" "/workspace/cache/git-repos/https%3A%2F%2Fgithub.com%2FHSPK%2Fyinkote" "/workspace/builds/worker-6-tc1/source", kill_on_drop: false }`
[INFO] [stderr] Cloning into '/workspace/builds/worker-6-tc1/source'...
[INFO] [stderr] done.
[INFO] started tweaking git repo https://github.com/HSPK/yinkote
[INFO] finished tweaking git repo https://github.com/HSPK/yinkote
[INFO] tweaked toml for git repo https://github.com/HSPK/yinkote written to /workspace/builds/worker-6-tc1/source/Cargo.toml
[INFO] validating manifest of git repo https://github.com/HSPK/yinkote on toolchain 3154cc1a3e6424e44f438a95007d043ed5ceaaf6
[INFO] running `Command { std: CARGO_HOME="/workspace/cargo-home" RUSTUP_HOME="/workspace/rustup-home" "/workspace/cargo-home/bin/cargo" "+3154cc1a3e6424e44f438a95007d043ed5ceaaf6" "metadata" "--manifest-path" "Cargo.toml" "--no-deps", kill_on_drop: false }`
[INFO] crate git repo https://github.com/HSPK/yinkote already has a lockfile, it will not be regenerated
[INFO] running `Command { std: CARGO_HOME="/workspace/cargo-home" RUSTUP_HOME="/workspace/rustup-home" "/workspace/cargo-home/bin/cargo" "+3154cc1a3e6424e44f438a95007d043ed5ceaaf6" "fetch" "--manifest-path" "Cargo.toml", kill_on_drop: false }`
[INFO] [stderr] warning: unused field `repository` in `workspace.package`
[INFO] [stderr]   --> Cargo.toml:99:1
[INFO] [stderr]    |
[INFO] [stderr] 99 | repository = "https://github.com/HSPK/yinkote"
[INFO] [stderr]    | ^^^^^^^^^^
[INFO] [stderr]    |
[INFO] [stderr]    = note: `cargo::unused_workspace_package_fields` is set to `warn` by default
[INFO] [stderr] help: consider removing the field `workspace.package.repository`
[INFO] [stderr] warning: unused field `rust-version` in `workspace.package`
[INFO] [stderr]    --> Cargo.toml:100:1
[INFO] [stderr]     |
[INFO] [stderr] 100 | rust-version = "1.85"
[INFO] [stderr]     | ^^^^^^^^^^^^
[INFO] [stderr]     |
[INFO] [stderr] help: consider removing the field `workspace.package.rust-version`
[INFO] [stderr] warning: workspace (manifest) generated 2 warnings
[INFO] [stderr]     Updating crates.io index
[INFO] [stderr]  Downloading crates ...
[INFO] [stderr]   Downloaded postscript v0.14.1
[INFO] [stderr]   Downloaded type1-encoding-parser v0.1.1
[INFO] [stderr]   Downloaded adobe-cmap-parser v0.4.1
[INFO] [stderr]   Downloaded pdf-extract v0.12.0
[INFO] [stderr]   Downloaded cff-parser v0.2.0
[INFO] [stderr]   Downloaded euclid v0.20.14
[INFO] [stderr]   Downloaded pom v1.1.0
[INFO] [stderr]   Downloaded lopdf v0.42.0
[INFO] running `Command { std: "docker" "create" "-v" "/var/lib/crater-agent-workspace/builds/worker-6-tc1/source:/opt/rustwide/workdir:ro,Z" "-v" "/var/lib/crater-agent-workspace/builds/worker-6-tc1/target:/opt/rustwide/target:rw,Z" "-v" "/var/lib/crater-agent-workspace/cargo-home:/opt/rustwide/cargo-home:ro,Z" "-v" "/var/lib/crater-agent-workspace/rustup-home:/opt/rustwide/rustup-home:ro,Z" "-m" "1610612736" "--network" "none" "ghcr.io/rust-lang/crates-build-env/linux@sha256:77db811e55d90add9212f6832c23229e3de5f1c1f9905e8cb07319ea15df73ac" "sleep" "infinity", kill_on_drop: false }`
[INFO] [stdout] 05e8e46d93a9e21015257a90a933f6e061fa504f9afe5064e1c2008591cd2c03
[INFO] running `Command { std: "docker" "start" "05e8e46d93a9e21015257a90a933f6e061fa504f9afe5064e1c2008591cd2c03", kill_on_drop: false }`
[INFO] running `Command { std: "docker" "inspect" "05e8e46d93a9e21015257a90a933f6e061fa504f9afe5064e1c2008591cd2c03", kill_on_drop: false }`
[INFO] running `Command { std: "docker" "exec" "-e" "SOURCE_DIR=/opt/rustwide/workdir" "-e" "CARGO_HOME=/opt/rustwide/cargo-home" "-e" "RUSTUP_HOME=/opt/rustwide/rustup-home" "-e" "CARGO_TARGET_DIR=/opt/rustwide/target" "-w" "/opt/rustwide/workdir" "--user" "0:0" "05e8e46d93a9e21015257a90a933f6e061fa504f9afe5064e1c2008591cd2c03" "/opt/rustwide/cargo-home/bin/cargo" "+3154cc1a3e6424e44f438a95007d043ed5ceaaf6" "metadata" "--no-deps" "--format-version=1", kill_on_drop: false }`
[INFO] running `Command { std: "docker" "inspect" "05e8e46d93a9e21015257a90a933f6e061fa504f9afe5064e1c2008591cd2c03", kill_on_drop: false }`
[INFO] running `Command { std: "docker" "exec" "-e" "SOURCE_DIR=/opt/rustwide/workdir" "-e" "CARGO_HOME=/opt/rustwide/cargo-home" "-e" "RUSTUP_HOME=/opt/rustwide/rustup-home" "-e" "CARGO_TARGET_DIR=/opt/rustwide/target" "-e" "CARGO_INCREMENTAL=0" "-e" "RUST_BACKTRACE=full" "-e" "RUSTFLAGS=--cap-lints=forbid -Znext-solver=coherence" "-e" "RUSTDOCFLAGS=--cap-lints=forbid" "-w" "/opt/rustwide/workdir" "--user" "0:0" "05e8e46d93a9e21015257a90a933f6e061fa504f9afe5064e1c2008591cd2c03" "/opt/rustwide/cargo-home/bin/cargo" "+3154cc1a3e6424e44f438a95007d043ed5ceaaf6" "check" "--frozen" "--all" "--all-targets" "--message-format=json", kill_on_drop: false }`
[INFO] [stderr] warning: unused field `repository` in `workspace.package`
[INFO] [stderr]   --> Cargo.toml:99:1
[INFO] [stderr]    |
[INFO] [stderr] 99 | repository = "https://github.com/HSPK/yinkote"
[INFO] [stderr]    | ^^^^^^^^^^
[INFO] [stderr]    |
[INFO] [stderr]    = note: `cargo::unused_workspace_package_fields` is set to `warn` by default
[INFO] [stderr] help: consider removing the field `workspace.package.repository`
[INFO] [stderr] warning: unused field `rust-version` in `workspace.package`
[INFO] [stderr]    --> Cargo.toml:100:1
[INFO] [stderr]     |
[INFO] [stderr] 100 | rust-version = "1.85"
[INFO] [stderr]     | ^^^^^^^^^^^^
[INFO] [stderr]     |
[INFO] [stderr] help: consider removing the field `workspace.package.rust-version`
[INFO] [stderr] warning: workspace (manifest) generated 2 warnings
[INFO] [stderr]    Compiling proc-macro2 v1.0.107
[INFO] [stderr]    Compiling quote v1.0.47
[INFO] [stderr]    Compiling libc v0.2.189
[INFO] [stderr]     Checking log v0.4.34
[INFO] [stderr]    Compiling serde_core v1.0.229
[INFO] [stderr]     Checking bytes v1.12.1
[INFO] [stderr]    Compiling zerocopy v0.8.56
[INFO] [stderr]     Checking memchr v2.8.3
[INFO] [stderr]     Checking smallvec v1.15.2
[INFO] [stderr]    Compiling serde v1.0.229
[INFO] [stderr]    Compiling zmij v1.0.23
[INFO] [stderr]    Compiling serde_json v1.0.151
[INFO] [stderr]    Compiling thiserror v2.0.20
[INFO] [stderr]    Compiling find-msvc-tools v0.1.11
[INFO] [stderr]     Checking time-core v0.1.9
[INFO] [stderr]     Checking bitflags v2.13.1
[INFO] [stderr]    Compiling getrandom v0.4.3
[INFO] [stderr]     Checking lock_api v0.4.14
[INFO] [stderr]    Compiling ahash v0.8.12
[INFO] [stderr]    Compiling cc v1.4.4
[INFO] [stderr]     Checking chacha20 v0.10.1
[INFO] [stderr]    Compiling pkg-config v0.3.34
[INFO] [stderr]     Checking futures-core v0.3.34
[INFO] [stderr]    Compiling crc32fast v1.5.1
[INFO] [stderr]     Checking typenum v1.20.1
[INFO] [stderr]     Checking fallible-iterator v0.3.0
[INFO] [stderr]     Checking fallible-streaming-iterator v0.1.9
[INFO] [stderr]     Checking simd-adler32 v0.3.10
[INFO] [stderr]     Checking http v1.5.0
[INFO] [stderr]     Checking futures-sink v0.3.34
[INFO] [stderr]     Checking zlib-rs v0.6.7
[INFO] [stderr]     Checking litemap v0.8.3
[INFO] [stderr]     Checking writeable v0.6.4
[INFO] [stderr]     Checking futures-task v0.3.34
[INFO] [stderr]     Checking slab v0.4.12
[INFO] [stderr]    Compiling icu_properties_data v2.3.0
[INFO] [stderr]    Compiling icu_normalizer_data v2.3.0
[INFO] [stderr]    Compiling mime_guess v2.0.5
[INFO] [stderr]     Checking zeroize v1.9.0
[INFO] [stderr]     Checking futures-channel v0.3.34
[INFO] [stderr]     Checking miniz_oxide v0.8.9
[INFO] [stderr]     Checking rustls-pki-types v1.15.1
[INFO] [stderr]     Checking sync_wrapper v1.0.2
[INFO] [stderr]    Compiling rustls v0.23.43
[INFO] [stderr]     Checking compression-core v0.4.32
[INFO] [stderr]     Checking ipnet v2.12.1
[INFO] [stderr]     Checking subtle v2.6.1
[INFO] [stderr]     Checking http-range-header v0.4.2
[INFO] [stderr]     Checking rustix v1.1.4
[INFO] [stderr]     Checking fastrand v2.5.0
[INFO] [stderr]    Compiling syn v3.0.4
[INFO] [stderr]    Compiling syn v2.0.119
[INFO] [stderr]     Checking webpki-roots v1.0.9
[INFO] [stderr]    Compiling crossbeam-utils v0.8.22
[INFO] [stderr]     Checking hashbrown v0.17.1
[INFO] [stderr]     Checking http-body v1.1.0
[INFO] [stderr]     Checking generic-array v0.14.7
[INFO] [stderr]     Checking http-body-util v0.1.5
[INFO] [stderr]    Compiling crossbeam-epoch v0.9.20
[INFO] [stderr]    Compiling crossbeam-deque v0.8.7
[INFO] [stderr]     Checking indexmap v2.14.0
[INFO] [stderr]     Checking errno v0.3.14
[INFO] [stderr]     Checking socket2 v0.6.5
[INFO] [stderr]     Checking mio v1.2.2
[INFO] [stderr]     Checking getrandom v0.2.17
[INFO] [stderr]     Checking signal-hook-registry v1.4.8
[INFO] [stderr]     Checking parking_lot_core v0.9.12
[INFO] [stderr]     Checking flate2 v1.1.9
[INFO] [stderr]     Checking rand_core v0.6.4
[INFO] [stderr]     Checking parking_lot v0.12.5
[INFO] [stderr]     Checking rand v0.10.2
[INFO] [stderr]     Checking crypto-common v0.1.7
[INFO] [stderr]     Checking block-buffer v0.10.4
[INFO] [stderr]     Checking scheduled-thread-pool v0.2.7
[INFO] [stderr]     Checking digest v0.10.7
[INFO] [stderr]     Checking block-padding v0.3.3
[INFO] [stderr]     Checking r2d2 v0.8.10
[INFO] [stderr]     Checking inout v0.1.4
[INFO] [stderr]     Checking compression-codecs v0.4.38
[INFO] [stderr]     Checking either v1.18.0
[INFO] [stderr]     Checking cipher v0.4.4
[INFO] [stderr]     Checking toml_write v0.1.2
[INFO] [stderr]     Checking winnow v0.7.15
[INFO] [stderr]    Compiling num-traits v0.2.19
[INFO] [stderr]     Checking tinyvec v1.12.0
[INFO] [stderr]     Checking hybrid-array v0.4.14
[INFO] [stderr]    Compiling const-oid v0.10.2
[INFO] [stderr]     Checking rayon-core v1.13.0
[INFO] [stderr]    Compiling option-ext v0.2.0
[INFO] [stderr]    Compiling thiserror v1.0.69
[INFO] [stderr]     Checking deranged v0.5.8
[INFO] [stderr]     Checking uuid v1.25.0
[INFO] [stderr]     Checking tempfile v3.27.0
[INFO] [stderr]     Checking unicode-bidi v0.3.18
[INFO] [stderr]     Checking rayon v1.12.0
[INFO] [stderr]     Checking unicode-properties v0.1.4
[INFO] [stderr]     Checking unicode-normalization v0.1.25
[INFO] [stderr]     Checking pom v1.1.0
[INFO] [stderr]     Checking ecb v0.1.2
[INFO] [stderr]     Checking cbc v0.1.2
[INFO] [stderr]     Checking crypto-common v0.2.2
[INFO] [stderr]     Checking block-buffer v0.12.1
[INFO] [stderr]     Checking aes v0.8.4
[INFO] [stderr]     Checking md-5 v0.10.6
[INFO] [stderr]     Checking sha2 v0.10.9
[INFO] [stderr]     Checking nom v8.0.0
[INFO] [stderr]     Checking stringprep v0.1.5
[INFO] [stderr]    Compiling same-file v1.0.6
[INFO] [stderr]    Compiling cpufeatures v0.3.0
[INFO] [stderr]     Checking rangemap v1.8.0
[INFO] [stderr]    Compiling rustversion v1.0.23
[INFO] [stderr]    Compiling cfg-if v1.0.4
[INFO] [stderr]     Checking ttf-parser v0.25.1
[INFO] [stderr]    Compiling walkdir v2.5.0
[INFO] [stderr]     Checking adobe-cmap-parser v0.4.1
[INFO] [stderr]    Compiling dirs-sys v0.5.0
[INFO] [stderr]     Checking type1-encoding-parser v0.1.1
[INFO] [stderr]     Checking euclid v0.20.14
[INFO] [stderr]    Compiling dirs v6.0.0
[INFO] [stderr]     Checking digest v0.11.3
[INFO] [stderr]     Checking sha1 v0.10.7
[INFO] [stderr]     Checking regex-syntax v0.8.11
[INFO] [stderr]     Checking time v0.3.55
[INFO] [stderr]     Checking cff-parser v0.2.0
[INFO] [stderr]     Checking postscript v0.14.1
[INFO] [stderr]     Checking data-encoding v2.11.1
[INFO] [stderr]    Compiling mime v0.3.17
[INFO] [stderr]     Checking sha2 v0.11.0
[INFO] [stderr]    Compiling shellexpand v3.1.2
[INFO] [stderr]    Compiling anyhow v1.0.104
[INFO] [stderr]     Checking bumpalo v3.20.3
[INFO] [stderr]     Checking serde_path_to_error v0.1.20
[INFO] [stderr]     Checking tracing-log v0.2.0
[INFO] [stderr]     Checking rust-embed-utils v8.12.0
[INFO] [stderr]     Checking zopfli v0.8.3
[INFO] [stderr]     Checking thread_local v1.1.10
[INFO] [stderr]     Checking typed-path v0.12.3
[INFO] [stderr]    Compiling yk-server v0.1.3 (/opt/rustwide/workdir/crates/yk-server)
[INFO] [stderr]     Checking fs2 v0.4.3
[INFO] [stderr]     Checking regex-automata v0.4.18
[INFO] [stderr]     Checking ppv-lite86 v0.2.21
[INFO] [stderr]     Checking hashbrown v0.14.5
[INFO] [stderr]     Checking rand_chacha v0.3.1
[INFO] [stderr]     Checking rand v0.8.8
[INFO] [stderr]     Checking hashlink v0.9.1
[INFO] [stderr]    Compiling synstructure v0.13.2
[INFO] [stderr]    Compiling libsqlite3-sys v0.30.1
[INFO] [stderr]    Compiling ring v0.17.14
[INFO] [stderr]     Checking zip v8.6.0
[INFO] [stderr]     Checking matchers v0.2.0
[INFO] [stderr]    Compiling tracing-attributes v0.1.31
[INFO] [stderr]    Compiling zerofrom-derive v0.1.7
[INFO] [stderr]    Compiling yoke-derive v0.8.2
[INFO] [stderr]    Compiling thiserror-impl v1.0.69
[INFO] [stderr]    Compiling axum-macros v0.4.2
[INFO] [stderr]    Compiling rust-embed-impl v8.12.0
[INFO] [stderr]    Compiling tokio-macros v2.7.2
[INFO] [stderr]    Compiling serde_derive v1.0.229
[INFO] [stderr]    Compiling thiserror-impl v2.0.20
[INFO] [stderr]    Compiling async-trait v0.1.92
[INFO] [stderr]    Compiling zerovec-derive v0.11.6
[INFO] [stderr]    Compiling displaydoc v0.2.7
[INFO] [stderr]     Checking zerofrom v0.1.8
[INFO] [stderr]    Compiling futures-macro v0.3.34
[INFO] [stderr]     Checking tokio v1.53.1
[INFO] [stderr]     Checking yoke v0.8.3
[INFO] [stderr]     Checking rust-embed v8.12.0
[INFO] [stderr]     Checking tracing v0.1.44
[INFO] [stderr]     Checking tracing-subscriber v0.3.23
[INFO] [stderr]     Checking tungstenite v0.24.0
[INFO] [stderr]     Checking rustls-webpki v0.103.15
[INFO] [stderr]     Checking zerovec v0.11.8
[INFO] [stderr]     Checking hyper v1.11.0
[INFO] [stderr]     Checking async-compression v0.4.43
[INFO] [stderr]     Checking potential_utf v0.1.6
[INFO] [stderr]     Checking tokio-util v0.7.19
[INFO] [stderr]     Checking tinystr v0.8.4
[INFO] [stderr]     Checking zerotrie v0.2.5
[INFO] [stderr]     Checking icu_locale_core v2.3.0
[INFO] [stderr]     Checking icu_collections v2.3.0
[INFO] [stderr]     Checking futures-util v0.3.34
[INFO] [stderr]     Checking icu_provider v2.3.1
[INFO] [stderr]     Checking lopdf v0.42.0
[INFO] [stderr]     Checking icu_normalizer v2.3.0
[INFO] [stderr]     Checking icu_properties v2.3.0
[INFO] [stderr]     Checking tokio-rustls v0.26.4
[INFO] [stderr]     Checking serde_urlencoded v0.7.1
[INFO] [stderr]     Checking toml_datetime v0.6.11
[INFO] [stderr]     Checking serde_spanned v0.6.9
[INFO] [stderr]     Checking toml_edit v0.22.27
[INFO] [stderr]     Checking hyper-util v0.1.20
[INFO] [stderr]     Checking tower v0.5.3
[INFO] [stderr]     Checking tokio-tungstenite v0.24.0
[INFO] [stderr]     Checking idna_adapter v1.2.2
[INFO] [stderr]     Checking idna v1.1.0
[INFO] [stderr]     Checking url v2.5.8
[INFO] [stderr]     Checking tower-http v0.6.11
[INFO] [stderr]     Checking hyper-rustls v0.27.9
[INFO] [stderr]     Checking toml v0.8.23
[INFO] [stderr]     Checking yk-core v0.1.3 (/opt/rustwide/workdir/crates/yk-core)
[INFO] [stderr]     Checking axum-core v0.4.5
[INFO] [stderr]     Checking reqwest v0.12.28
[INFO] [stderr]     Checking pdf-extract v0.12.0
[INFO] [stderr]     Checking yk-plugin v0.1.3 (/opt/rustwide/workdir/crates/yk-plugin)
[INFO] [stderr]     Checking yk-cite v0.1.3 (/opt/rustwide/workdir/crates/yk-cite)
[INFO] [stderr]     Checking yk-pdf v0.1.3 (/opt/rustwide/workdir/crates/yk-pdf)
[INFO] [stderr]     Checking yk-ai v0.1.3 (/opt/rustwide/workdir/crates/yk-ai)
[INFO] [stderr]     Checking yk-scrape v0.1.3 (/opt/rustwide/workdir/crates/yk-scrape)
[INFO] [stderr]     Checking axum v0.7.9
[INFO] [stderr]     Checking yk-agent v0.1.3 (/opt/rustwide/workdir/crates/yk-agent)
[INFO] [stderr]     Checking rusqlite v0.32.1
[INFO] [stderr]     Checking r2d2_sqlite v0.25.0
[INFO] [stderr]     Checking yk-import v0.1.3 (/opt/rustwide/workdir/crates/yk-import)
[INFO] [stderr]     Checking yk-store v0.1.3 (/opt/rustwide/workdir/crates/yk-store)
[INFO] [stderr]     Checking yk-search v0.1.3 (/opt/rustwide/workdir/crates/yk-search)
[INFO] [stdout] error: #[derive(RustEmbed)] folder '/opt/rustwide/workdir/crates/yk-server/../../web/dist' does not exist. cwd: '/opt/rustwide/workdir'
[INFO] [stdout]   --> crates/yk-server/src/workbench.rs:27:1
[INFO] [stdout]    |
[INFO] [stdout] 27 | / #[folder = "$CARGO_MANIFEST_DIR/../../web/dist"]
[INFO] [stdout] 28 | | struct Workbench;
[INFO] [stdout]    | |_________________^
[INFO] [stdout] 
[INFO] [stdout] 
[INFO] [stdout] error: #[derive(RustEmbed)] folder '/opt/rustwide/workdir/crates/yk-server/../../web/dist' does not exist. cwd: '/opt/rustwide/workdir'
[INFO] [stdout]   --> crates/yk-server/src/workbench.rs:27:1
[INFO] [stdout]    |
[INFO] [stdout] 27 | / #[folder = "$CARGO_MANIFEST_DIR/../../web/dist"]
[INFO] [stdout] 28 | | struct Workbench;
[INFO] [stdout]    | |_________________^
[INFO] [stdout] 
[INFO] [stdout] 
[INFO] [stdout] error[E0599]: no associated function or constant named `get` found for struct `Workbench` in the current scope
[INFO] [stdout]   --> crates/yk-server/src/workbench.rs:48:41
[INFO] [stdout]    |
[INFO] [stdout] 28 | struct Workbench;
[INFO] [stdout]    | ---------------- associated function or constant `get` not found for this struct
[INFO] [stdout] ...
[INFO] [stdout] 48 |     let (path, file) = match Workbench::get(asked) {
[INFO] [stdout]    |                                         ^^^ associated function or constant not found in `Workbench`
[INFO] [stdout]    |
[INFO] [stdout]    = help: items from traits can only be used if the trait is implemented and in scope
[INFO] [stdout]    = note: the following traits define an item `get`, perhaps you need to implement one of them:
[INFO] [stdout]            candidate #1: `CollectionRepository`
[INFO] [stdout]            candidate #2: `ConversationRepository`
[INFO] [stdout]            candidate #3: `Embed`
[INFO] [stdout]            candidate #4: `ItemRepository`
[INFO] [stdout]            candidate #5: `LibraryRepository`
[INFO] [stdout]            candidate #6: `PluginHost`
[INFO] [stdout]            candidate #7: `SettingsRepository`
[INFO] [stdout]            candidate #8: `SliceIndex`
[INFO] [stdout]            candidate #9: `SmartCollectionRepository`
[INFO] [stdout]            candidate #10: `fallible_streaming_iterator::FallibleStreamingIterator`
[INFO] [stdout]            candidate #11: `icu_collections::codepointtrie::cptrie::TypedCodePointTrie`
[INFO] [stdout]            candidate #12: `icu_properties::names::PropertyEnumToValueNameLookup`
[INFO] [stdout]            candidate #13: `icu_provider::baked::DataStore`
[INFO] [stdout]            candidate #14: `rustls::server::server_conn::StoresServerSessions`
[INFO] [stdout]            candidate #15: `toml_edit::table::TableLike`
[INFO] [stdout] 
[INFO] [stdout] 
[INFO] [stdout] error[E0599]: no associated function or constant named `get` found for struct `Workbench` in the current scope
[INFO] [stdout]   --> crates/yk-server/src/workbench.rs:50:40
[INFO] [stdout]    |
[INFO] [stdout] 28 | struct Workbench;
[INFO] [stdout]    | ---------------- associated function or constant `get` not found for this struct
[INFO] [stdout] ...
[INFO] [stdout] 50 |         _ => ("index.html", Workbench::get("index.html")),
[INFO] [stdout]    |                                        ^^^ associated function or constant not found in `Workbench`
[INFO] [stdout]    |
[INFO] [stdout]    = help: items from traits can only be used if the trait is implemented and in scope
[INFO] [stdout]    = note: the following traits define an item `get`, perhaps you need to implement one of them:
[INFO] [stdout]            candidate #1: `CollectionRepository`
[INFO] [stdout]            candidate #2: `ConversationRepository`
[INFO] [stdout]            candidate #3: `Embed`
[INFO] [stdout]            candidate #4: `ItemRepository`
[INFO] [stdout]            candidate #5: `LibraryRepository`
[INFO] [stdout]            candidate #6: `PluginHost`
[INFO] [stdout]            candidate #7: `SettingsRepository`
[INFO] [stdout]            candidate #8: `SliceIndex`
[INFO] [stdout]            candidate #9: `SmartCollectionRepository`
[INFO] [stdout]            candidate #10: `fallible_streaming_iterator::FallibleStreamingIterator`
[INFO] [stdout]            candidate #11: `icu_collections::codepointtrie::cptrie::TypedCodePointTrie`
[INFO] [stdout]            candidate #12: `icu_properties::names::PropertyEnumToValueNameLookup`
[INFO] [stdout]            candidate #13: `icu_provider::baked::DataStore`
[INFO] [stdout]            candidate #14: `rustls::server::server_conn::StoresServerSessions`
[INFO] [stdout]            candidate #15: `toml_edit::table::TableLike`
[INFO] [stdout] 
[INFO] [stdout] 
[INFO] [stdout] error[E0599]: no associated function or constant named `get` found for struct `Workbench` in the current scope
[INFO] [stdout]   --> crates/yk-server/src/workbench.rs:48:41
[INFO] [stdout]    |
[INFO] [stdout] 28 | struct Workbench;
[INFO] [stdout]    | ---------------- associated function or constant `get` not found for this struct
[INFO] [stdout] ...
[INFO] [stdout] 48 |     let (path, file) = match Workbench::get(asked) {
[INFO] [stdout]    |                                         ^^^ associated function or constant not found in `Workbench`
[INFO] [stdout]    |
[INFO] [stdout]    = help: items from traits can only be used if the trait is implemented and in scope
[INFO] [stdout]    = note: the following traits define an item `get`, perhaps you need to implement one of them:
[INFO] [stdout]            candidate #1: `CollectionRepository`
[INFO] [stdout]            candidate #2: `ConversationRepository`
[INFO] [stdout]            candidate #3: `Embed`
[INFO] [stdout]            candidate #4: `ItemRepository`
[INFO] [stdout]            candidate #5: `LibraryRepository`
[INFO] [stdout]            candidate #6: `SettingsRepository`
[INFO] [stdout]            candidate #7: `SliceIndex`
[INFO] [stdout]            candidate #8: `SmartCollectionRepository`
[INFO] [stdout]            candidate #9: `fallible_streaming_iterator::FallibleStreamingIterator`
[INFO] [stdout]            candidate #10: `icu_collections::codepointtrie::cptrie::TypedCodePointTrie`
[INFO] [stdout]            candidate #11: `icu_properties::names::PropertyEnumToValueNameLookup`
[INFO] [stdout]            candidate #12: `icu_provider::baked::DataStore`
[INFO] [stdout]            candidate #13: `rustls::server::server_conn::StoresServerSessions`
[INFO] [stdout]            candidate #14: `toml_edit::table::TableLike`
[INFO] [stdout]            candidate #15: `yk_core::ports::PluginHost`
[INFO] [stdout] 
[INFO] [stdout] 
[INFO] [stdout] error[E0599]: no associated function or constant named `get` found for struct `Workbench` in the current scope
[INFO] [stdout]   --> crates/yk-server/src/workbench.rs:50:40
[INFO] [stdout]    |
[INFO] [stdout] 28 | struct Workbench;
[INFO] [stdout]    | ---------------- associated function or constant `get` not found for this struct
[INFO] [stdout] ...
[INFO] [stdout] 50 |         _ => ("index.html", Workbench::get("index.html")),
[INFO] [stdout]    |                                        ^^^ associated function or constant not found in `Workbench`
[INFO] [stdout]    |
[INFO] [stdout]    = help: items from traits can only be used if the trait is implemented and in scope
[INFO] [stdout]    = note: the following traits define an item `get`, perhaps you need to implement one of them:
[INFO] [stdout]            candidate #1: `CollectionRepository`
[INFO] [stdout]            candidate #2: `ConversationRepository`
[INFO] [stdout]            candidate #3: `Embed`
[INFO] [stdout]            candidate #4: `ItemRepository`
[INFO] [stdout]            candidate #5: `LibraryRepository`
[INFO] [stdout]            candidate #6: `SettingsRepository`
[INFO] [stdout]            candidate #7: `SliceIndex`
[INFO] [stdout]            candidate #8: `SmartCollectionRepository`
[INFO] [stdout]            candidate #9: `fallible_streaming_iterator::FallibleStreamingIterator`
[INFO] [stdout]            candidate #10: `icu_collections::codepointtrie::cptrie::TypedCodePointTrie`
[INFO] [stdout]            candidate #11: `icu_properties::names::PropertyEnumToValueNameLookup`
[INFO] [stdout]            candidate #12: `icu_provider::baked::DataStore`
[INFO] [stdout]            candidate #13: `rustls::server::server_conn::StoresServerSessions`
[INFO] [stdout]            candidate #14: `toml_edit::table::TableLike`
[INFO] [stdout]            candidate #15: `yk_core::ports::PluginHost`
[INFO] [stdout] 
[INFO] [stdout] 
[INFO] [stdout] error[E0599]: no associated function or constant named `iter` found for struct `Workbench` in the current scope
[INFO] [stdout]   --> crates/yk-server/src/workbench.rs:35:16
[INFO] [stdout]    |
[INFO] [stdout] 28 | struct Workbench;
[INFO] [stdout]    | ---------------- associated function or constant `iter` not found for this struct
[INFO] [stdout] ...
[INFO] [stdout] 35 |     Workbench::iter().count() > 1
[INFO] [stdout]    |                ^^^^ associated function or constant not found in `Workbench`
[INFO] [stdout]    |
[INFO] [stdout]    = help: items from traits can only be used if the trait is implemented and in scope
[INFO] [stdout]    = note: the following traits define an item `iter`, perhaps you need to implement one of them:
[INFO] [stdout]            candidate #1: `Embed`
[INFO] [stdout]            candidate #2: `bitflags::traits::Flags`
[INFO] [stdout]            candidate #3: `toml_edit::table::TableLike`
[INFO] [stdout] 
[INFO] [stdout] 
[INFO] [stdout] error[E0599]: no associated function or constant named `iter` found for struct `Workbench` in the current scope
[INFO] [stdout]   --> crates/yk-server/src/workbench.rs:35:16
[INFO] [stdout]    |
[INFO] [stdout] 28 | struct Workbench;
[INFO] [stdout]    | ---------------- associated function or constant `iter` not found for this struct
[INFO] [stdout] ...
[INFO] [stdout] 35 |     Workbench::iter().count() > 1
[INFO] [stdout]    |                ^^^^ associated function or constant not found in `Workbench`
[INFO] [stdout]    |
[INFO] [stdout]    = help: items from traits can only be used if the trait is implemented and in scope
[INFO] [stdout]    = note: the following traits define an item `iter`, perhaps you need to implement one of them:
[INFO] [stdout]            candidate #1: `Embed`
[INFO] [stdout]            candidate #2: `bitflags::traits::Flags`
[INFO] [stdout]            candidate #3: `toml_edit::table::TableLike`
[INFO] [stdout] 
[INFO] [stdout] 
[INFO] [stdout] For more information about this error, try `rustc --explain E0599`.
[INFO] [stdout] 
[INFO] [stderr] error: could not compile `yk-server` (lib) due to 4 previous errors
[INFO] [stderr] warning: build failed, waiting for other jobs to finish...
[INFO] [stdout] For more information about this error, try `rustc --explain E0599`.
[INFO] [stdout] 
[INFO] [stderr] error: could not compile `yk-server` (lib test) due to 4 previous errors
[INFO] [stderr] warning: unused dependency `tracing`
[INFO] [stderr]   --> crates/yk-core/Cargo.toml:16:1
[INFO] [stderr]    |
[INFO] [stderr] 16 | tracing.workspace = true
[INFO] [stderr]    | ^^^^^^^
[INFO] [stderr]    |
[INFO] [stderr]    = note: `cargo::unused_dependencies` is set to `warn` by default
[INFO] [stderr] help: consider removing the dependency on `tracing`
[INFO] [stderr] warning: `yk-core` (manifest) generated 1 warning
[INFO] [stderr] warning: unused dependency `walkdir`
[INFO] [stderr]   --> crates/yk-plugin/Cargo.toml:17:1
[INFO] [stderr]    |
[INFO] [stderr] 17 | walkdir.workspace = true
[INFO] [stderr]    | ^^^^^^^
[INFO] [stderr]    |
[INFO] [stderr]    = note: `cargo::unused_dependencies` is set to `warn` by default
[INFO] [stderr] help: consider removing the dependency on `walkdir`
[INFO] [stderr] warning: `yk-plugin` (manifest) generated 1 warning
[INFO] running `Command { std: "docker" "inspect" "05e8e46d93a9e21015257a90a933f6e061fa504f9afe5064e1c2008591cd2c03", kill_on_drop: false }`
[INFO] running `Command { std: "docker" "rm" "-f" "05e8e46d93a9e21015257a90a933f6e061fa504f9afe5064e1c2008591cd2c03", kill_on_drop: false }`
[INFO] [stdout] 05e8e46d93a9e21015257a90a933f6e061fa504f9afe5064e1c2008591cd2c03
