[INFO] cloning repository https://github.com/H3mul/BrainLess
[INFO] running `Command { std: "git" "-c" "credential.helper=" "-c" "credential.helper=/workspace/cargo-home/bin/git-credential-null" "clone" "--bare" "https://github.com/H3mul/BrainLess" "/workspace/cache/git-repos/https%3A%2F%2Fgithub.com%2FH3mul%2FBrainLess", kill_on_drop: false }`
[INFO] [stderr] Cloning into bare repository '/workspace/cache/git-repos/https%3A%2F%2Fgithub.com%2FH3mul%2FBrainLess'...
[INFO] running `Command { std: "git" "rev-parse" "HEAD", kill_on_drop: false }`
[INFO] [stdout] 33fc811e0b09cc70955e66f25a176aa299e5e586
[INFO] checking H3mul/BrainLess against 3154cc1a3e6424e44f438a95007d043ed5ceaaf6+rustflags=-Znext-solver=coherence for pr-133502-30
[INFO] running `Command { std: "git" "clone" "/workspace/cache/git-repos/https%3A%2F%2Fgithub.com%2FH3mul%2FBrainLess" "/workspace/builds/worker-1-tc1/source", kill_on_drop: false }`
[INFO] [stderr] Cloning into '/workspace/builds/worker-1-tc1/source'...
[INFO] [stderr] done.
[INFO] started tweaking git repo https://github.com/H3mul/BrainLess
[INFO] finished tweaking git repo https://github.com/H3mul/BrainLess
[INFO] tweaked toml for git repo https://github.com/H3mul/BrainLess written to /workspace/builds/worker-1-tc1/source/Cargo.toml
[INFO] validating manifest of git repo https://github.com/H3mul/BrainLess on toolchain 3154cc1a3e6424e44f438a95007d043ed5ceaaf6
[INFO] running `Command { std: CARGO_HOME="/workspace/cargo-home" RUSTUP_HOME="/workspace/rustup-home" "/workspace/cargo-home/bin/cargo" "+3154cc1a3e6424e44f438a95007d043ed5ceaaf6" "metadata" "--manifest-path" "Cargo.toml" "--no-deps", kill_on_drop: false }`
[INFO] crate git repo https://github.com/H3mul/BrainLess already has a lockfile, it will not be regenerated
[INFO] running `Command { std: CARGO_HOME="/workspace/cargo-home" RUSTUP_HOME="/workspace/rustup-home" "/workspace/cargo-home/bin/cargo" "+3154cc1a3e6424e44f438a95007d043ed5ceaaf6" "fetch" "--manifest-path" "Cargo.toml", kill_on_drop: false }`
[INFO] [stderr]     Blocking waiting for file lock on package cache
[INFO] [stderr]     Updating crates.io index
[INFO] [stderr]     Blocking waiting for file lock on package cache
[INFO] [stderr]  Downloading crates ...
[INFO] [stderr]   Downloaded whoami v2.1.3
[INFO] [stderr]   Downloaded wasite v1.0.2
[INFO] [stderr]   Downloaded tokio-postgres v0.7.18
[INFO] [stderr]   Downloaded wasi v0.14.7+wasi-0.2.4
[INFO] [stderr]   Downloaded postgres v0.19.14
[INFO] [stderr]   Downloaded postgres-protocol v0.6.12
[INFO] [stderr]   Downloaded postgres-types v0.2.14
[INFO] [stderr]   Downloaded md-5 v0.11.0
[INFO] [stderr]   Downloaded fallible-iterator v0.2.0
[INFO] [stderr]   Downloaded objc2-system-configuration v0.3.2
[INFO] [stderr]   Downloaded hybrid-array v0.4.14
[INFO] [stderr]   Downloaded hmac v0.13.0
[INFO] [stderr]   Downloaded tinyvec v1.13.2
[INFO] running `Command { std: "docker" "create" "-v" "/var/lib/crater-agent-workspace/builds/worker-1-tc1/source:/opt/rustwide/workdir:ro,Z" "-v" "/var/lib/crater-agent-workspace/builds/worker-1-tc1/target:/opt/rustwide/target:rw,Z" "-v" "/var/lib/crater-agent-workspace/cargo-home:/opt/rustwide/cargo-home:ro,Z" "-v" "/var/lib/crater-agent-workspace/rustup-home:/opt/rustwide/rustup-home:ro,Z" "-m" "1610612736" "--network" "none" "ghcr.io/rust-lang/crates-build-env/linux@sha256:77db811e55d90add9212f6832c23229e3de5f1c1f9905e8cb07319ea15df73ac" "sleep" "infinity", kill_on_drop: false }`
[INFO] [stdout] ec9b43c6bdb3a792d05e719dcd4035f39207cbcef75aff247ad49bc4d62c8e72
[INFO] running `Command { std: "docker" "start" "ec9b43c6bdb3a792d05e719dcd4035f39207cbcef75aff247ad49bc4d62c8e72", kill_on_drop: false }`
[INFO] running `Command { std: "docker" "inspect" "ec9b43c6bdb3a792d05e719dcd4035f39207cbcef75aff247ad49bc4d62c8e72", kill_on_drop: false }`
[INFO] running `Command { std: "docker" "exec" "-e" "SOURCE_DIR=/opt/rustwide/workdir" "-e" "CARGO_HOME=/opt/rustwide/cargo-home" "-e" "RUSTUP_HOME=/opt/rustwide/rustup-home" "-e" "CARGO_TARGET_DIR=/opt/rustwide/target" "-w" "/opt/rustwide/workdir" "--user" "0:0" "ec9b43c6bdb3a792d05e719dcd4035f39207cbcef75aff247ad49bc4d62c8e72" "/opt/rustwide/cargo-home/bin/cargo" "+3154cc1a3e6424e44f438a95007d043ed5ceaaf6" "metadata" "--no-deps" "--format-version=1", kill_on_drop: false }`
[INFO] running `Command { std: "docker" "inspect" "ec9b43c6bdb3a792d05e719dcd4035f39207cbcef75aff247ad49bc4d62c8e72", kill_on_drop: false }`
[INFO] running `Command { std: "docker" "exec" "-e" "SOURCE_DIR=/opt/rustwide/workdir" "-e" "CARGO_HOME=/opt/rustwide/cargo-home" "-e" "RUSTUP_HOME=/opt/rustwide/rustup-home" "-e" "CARGO_TARGET_DIR=/opt/rustwide/target" "-e" "CARGO_INCREMENTAL=0" "-e" "RUST_BACKTRACE=full" "-e" "RUSTFLAGS=--cap-lints=forbid -Znext-solver=coherence" "-e" "RUSTDOCFLAGS=--cap-lints=forbid" "-w" "/opt/rustwide/workdir" "--user" "0:0" "ec9b43c6bdb3a792d05e719dcd4035f39207cbcef75aff247ad49bc4d62c8e72" "/opt/rustwide/cargo-home/bin/cargo" "+3154cc1a3e6424e44f438a95007d043ed5ceaaf6" "check" "--frozen" "--all" "--all-targets" "--message-format=json", kill_on_drop: false }`
[INFO] [stderr]    Compiling proc-macro2 v1.0.107
[INFO] [stderr]    Compiling quote v1.0.47
[INFO] [stderr]    Compiling rustversion v1.0.23
[INFO] [stderr]     Checking tracing-core v0.1.36
[INFO] [stderr]     Checking arc-swap v1.9.2
[INFO] [stderr]    Compiling syn v2.0.119
[INFO] [stderr]    Compiling tracing-attributes v0.1.31
[INFO] [stderr]     Checking tracing v0.1.44
[INFO] [stderr]     Checking metric_engine v0.1.0 (/opt/rustwide/workdir/lib/metric_engine)
[INFO] [stdout] error[E0061]: this method takes 1 argument but 2 arguments were supplied
[INFO] [stdout]    --> lib/metric_engine/src/db/persistence/tests.rs:37:23
[INFO] [stdout]     |
[INFO] [stdout]  37 |     assert_eq!(driver.maybe_flush(&mut store, 3_000).unwrap(), 0);
[INFO] [stdout]     |                       ^^^^^^^^^^^             ----- unexpected argument #2 of type `{integer}`
[INFO] [stdout]     |
[INFO] [stdout] note: method defined here
[INFO] [stdout]    --> lib/metric_engine/src/db/persistence.rs:104:12
[INFO] [stdout]     |
[INFO] [stdout] 104 |     pub fn maybe_flush(&mut self, store: &mut BufferStore) -> Result<usize, String> {
[INFO] [stdout]     |            ^^^^^^^^^^^
[INFO] [stdout] help: remove the extra argument
[INFO] [stdout]     |
[INFO] [stdout]  37 -     assert_eq!(driver.maybe_flush(&mut store, 3_000).unwrap(), 0);
[INFO] [stdout]  37 +     assert_eq!(driver.maybe_flush(&mut store).unwrap(), 0);
[INFO] [stdout]     |
[INFO] [stdout] 
[INFO] [stdout] 
[INFO] [stdout] error[E0061]: this method takes 1 argument but 2 arguments were supplied
[INFO] [stdout]    --> lib/metric_engine/src/db/persistence/tests.rs:41:23
[INFO] [stdout]     |
[INFO] [stdout]  41 |     assert_eq!(driver.flush(&mut store, 3_000).unwrap(), 1);
[INFO] [stdout]     |                       ^^^^^             ----- unexpected argument #2 of type `{integer}`
[INFO] [stdout]     |
[INFO] [stdout] note: method defined here
[INFO] [stdout]    --> lib/metric_engine/src/db/persistence.rs:116:12
[INFO] [stdout]     |
[INFO] [stdout] 116 |     pub fn flush(&mut self, store: &mut BufferStore) -> Result<usize, String> {
[INFO] [stdout]     |            ^^^^^
[INFO] [stdout] help: remove the extra argument
[INFO] [stdout]     |
[INFO] [stdout]  41 -     assert_eq!(driver.flush(&mut store, 3_000).unwrap(), 1);
[INFO] [stdout]  41 +     assert_eq!(driver.flush(&mut store).unwrap(), 1);
[INFO] [stdout]     |
[INFO] [stdout] 
[INFO] [stdout] 
[INFO] [stdout] error[E0061]: this method takes 1 argument but 2 arguments were supplied
[INFO] [stdout]    --> lib/metric_engine/src/db/persistence/tests.rs:57:23
[INFO] [stdout]     |
[INFO] [stdout]  57 |     assert_eq!(driver.flush(&mut store, 3_000).unwrap(), 0);
[INFO] [stdout]     |                       ^^^^^             ----- unexpected argument #2 of type `{integer}`
[INFO] [stdout]     |
[INFO] [stdout] note: method defined here
[INFO] [stdout]    --> lib/metric_engine/src/db/persistence.rs:116:12
[INFO] [stdout]     |
[INFO] [stdout] 116 |     pub fn flush(&mut self, store: &mut BufferStore) -> Result<usize, String> {
[INFO] [stdout]     |            ^^^^^
[INFO] [stdout] help: remove the extra argument
[INFO] [stdout]     |
[INFO] [stdout]  57 -     assert_eq!(driver.flush(&mut store, 3_000).unwrap(), 0);
[INFO] [stdout]  57 +     assert_eq!(driver.flush(&mut store).unwrap(), 0);
[INFO] [stdout]     |
[INFO] [stdout] 
[INFO] [stdout] 
[INFO] [stdout] error[E0061]: this method takes 1 argument but 2 arguments were supplied
[INFO] [stdout]    --> lib/metric_engine/src/db/persistence/tests.rs:61:23
[INFO] [stdout]     |
[INFO] [stdout]  61 |     assert_eq!(driver.flush(&mut store, 3_500).unwrap(), 1);
[INFO] [stdout]     |                       ^^^^^             ----- unexpected argument #2 of type `{integer}`
[INFO] [stdout]     |
[INFO] [stdout] note: method defined here
[INFO] [stdout]    --> lib/metric_engine/src/db/persistence.rs:116:12
[INFO] [stdout]     |
[INFO] [stdout] 116 |     pub fn flush(&mut self, store: &mut BufferStore) -> Result<usize, String> {
[INFO] [stdout]     |            ^^^^^
[INFO] [stdout] help: remove the extra argument
[INFO] [stdout]     |
[INFO] [stdout]  61 -     assert_eq!(driver.flush(&mut store, 3_500).unwrap(), 1);
[INFO] [stdout]  61 +     assert_eq!(driver.flush(&mut store).unwrap(), 1);
[INFO] [stdout]     |
[INFO] [stdout] 
[INFO] [stdout] 
[INFO] [stdout] error[E0061]: this method takes 1 argument but 2 arguments were supplied
[INFO] [stdout]    --> lib/metric_engine/src/db/persistence/tests.rs:76:20
[INFO] [stdout]     |
[INFO] [stdout]  76 |     assert!(driver.flush(&mut store, 10_000).is_err());
[INFO] [stdout]     |                    ^^^^^             ------ unexpected argument #2 of type `{integer}`
[INFO] [stdout]     |
[INFO] [stdout] note: method defined here
[INFO] [stdout]    --> lib/metric_engine/src/db/persistence.rs:116:12
[INFO] [stdout]     |
[INFO] [stdout] 116 |     pub fn flush(&mut self, store: &mut BufferStore) -> Result<usize, String> {
[INFO] [stdout]     |            ^^^^^
[INFO] [stdout] help: remove the extra argument
[INFO] [stdout]     |
[INFO] [stdout]  76 -     assert!(driver.flush(&mut store, 10_000).is_err());
[INFO] [stdout]  76 +     assert!(driver.flush(&mut store).is_err());
[INFO] [stdout]     |
[INFO] [stdout] 
[INFO] [stdout] 
[INFO] [stdout] error[E0061]: this method takes 1 argument but 2 arguments were supplied
[INFO] [stdout]    --> lib/metric_engine/src/db/persistence/tests.rs:80:23
[INFO] [stdout]     |
[INFO] [stdout]  80 |     assert_eq!(driver.flush(&mut store, 11_000).unwrap(), 1);
[INFO] [stdout]     |                       ^^^^^             ------ unexpected argument #2 of type `{integer}`
[INFO] [stdout]     |
[INFO] [stdout] note: method defined here
[INFO] [stdout]    --> lib/metric_engine/src/db/persistence.rs:116:12
[INFO] [stdout]     |
[INFO] [stdout] 116 |     pub fn flush(&mut self, store: &mut BufferStore) -> Result<usize, String> {
[INFO] [stdout]     |            ^^^^^
[INFO] [stdout] help: remove the extra argument
[INFO] [stdout]     |
[INFO] [stdout]  80 -     assert_eq!(driver.flush(&mut store, 11_000).unwrap(), 1);
[INFO] [stdout]  80 +     assert_eq!(driver.flush(&mut store).unwrap(), 1);
[INFO] [stdout]     |
[INFO] [stdout] 
[INFO] [stdout] 
[INFO] [stdout] error[E0061]: this method takes 1 argument but 2 arguments were supplied
[INFO] [stdout]    --> lib/metric_engine/src/db/persistence/tests.rs:95:23
[INFO] [stdout]     |
[INFO] [stdout]  95 |     assert_eq!(driver.flush(&mut store, 1_000).unwrap(), 0);
[INFO] [stdout]     |                       ^^^^^             ----- unexpected argument #2 of type `{integer}`
[INFO] [stdout]     |
[INFO] [stdout] note: method defined here
[INFO] [stdout]    --> lib/metric_engine/src/db/persistence.rs:116:12
[INFO] [stdout]     |
[INFO] [stdout] 116 |     pub fn flush(&mut self, store: &mut BufferStore) -> Result<usize, String> {
[INFO] [stdout]     |            ^^^^^
[INFO] [stdout] help: remove the extra argument
[INFO] [stdout]     |
[INFO] [stdout]  95 -     assert_eq!(driver.flush(&mut store, 1_000).unwrap(), 0);
[INFO] [stdout]  95 +     assert_eq!(driver.flush(&mut store).unwrap(), 0);
[INFO] [stdout]     |
[INFO] [stdout] 
[INFO] [stdout] 
[INFO] [stdout] error[E0061]: this method takes 1 argument but 2 arguments were supplied
[INFO] [stdout]    --> lib/metric_engine/src/db/persistence/tests.rs:96:23
[INFO] [stdout]     |
[INFO] [stdout]  96 |     assert_eq!(driver.maybe_flush(&mut store, 2_000).unwrap(), 0);
[INFO] [stdout]     |                       ^^^^^^^^^^^             ----- unexpected argument #2 of type `{integer}`
[INFO] [stdout]     |
[INFO] [stdout] note: method defined here
[INFO] [stdout]    --> lib/metric_engine/src/db/persistence.rs:104:12
[INFO] [stdout]     |
[INFO] [stdout] 104 |     pub fn maybe_flush(&mut self, store: &mut BufferStore) -> Result<usize, String> {
[INFO] [stdout]     |            ^^^^^^^^^^^
[INFO] [stdout] help: remove the extra argument
[INFO] [stdout]     |
[INFO] [stdout]  96 -     assert_eq!(driver.maybe_flush(&mut store, 2_000).unwrap(), 0);
[INFO] [stdout]  96 +     assert_eq!(driver.maybe_flush(&mut store).unwrap(), 0);
[INFO] [stdout]     |
[INFO] [stdout] 
[INFO] [stdout] 
[INFO] [stderr]     Checking bci_metrics v0.1.0 (/opt/rustwide/workdir/lib/bci_metrics)
[INFO] [stdout] error[E0599]: no method named `last_tick` found for struct `LiveSession` in the current scope
[INFO] [stdout]    --> lib/metric_engine/src/engine/sessions/tests.rs:209:21
[INFO] [stdout]     |
[INFO] [stdout] 209 |     assert!(session.last_tick().is_empty());
[INFO] [stdout]     |                     ^^^^^^^^^-- help: remove the arguments
[INFO] [stdout]     |                     |
[INFO] [stdout]     |                     field, not a method
[INFO] [stdout]     |
[INFO] [stdout]    ::: lib/metric_engine/src/engine/sessions.rs:41:1
[INFO] [stdout]     |
[INFO] [stdout]  41 | pub struct LiveSession {
[INFO] [stdout]     | ---------------------- method `last_tick` not found for this struct
[INFO] [stdout] 
[INFO] [stdout] 
[INFO] [stdout] error[E0599]: no method named `last_tick` found for struct `LiveSession` in the current scope
[INFO] [stdout]    --> lib/metric_engine/src/engine/sessions/tests.rs:213:21
[INFO] [stdout]     |
[INFO] [stdout] 213 |     assert!(session.last_tick().is_empty());
[INFO] [stdout]     |                     ^^^^^^^^^-- help: remove the arguments
[INFO] [stdout]     |                     |
[INFO] [stdout]     |                     field, not a method
[INFO] [stdout]     |
[INFO] [stdout]    ::: lib/metric_engine/src/engine/sessions.rs:41:1
[INFO] [stdout]     |
[INFO] [stdout]  41 | pub struct LiveSession {
[INFO] [stdout]     | ---------------------- method `last_tick` not found for this struct
[INFO] [stdout] 
[INFO] [stdout] 
[INFO] [stdout] error[E0599]: no method named `last_tick` found for struct `LiveSession` in the current scope
[INFO] [stdout]    --> lib/metric_engine/src/engine/sessions/tests.rs:235:24
[INFO] [stdout]     |
[INFO] [stdout] 235 |     assert_eq!(session.last_tick().len(), 2);
[INFO] [stdout]     |                        ^^^^^^^^^-- help: remove the arguments
[INFO] [stdout]     |                        |
[INFO] [stdout]     |                        field, not a method
[INFO] [stdout]     |
[INFO] [stdout]    ::: lib/metric_engine/src/engine/sessions.rs:41:1
[INFO] [stdout]     |
[INFO] [stdout]  41 | pub struct LiveSession {
[INFO] [stdout]     | ---------------------- method `last_tick` not found for this struct
[INFO] [stdout] 
[INFO] [stdout] 
[INFO] [stdout] error[E0599]: no method named `last_tick` found for struct `LiveSession` in the current scope
[INFO] [stdout]    --> lib/metric_engine/src/engine/sessions/tests.rs:255:14
[INFO] [stdout]     |
[INFO] [stdout] 254 |         session
[INFO] [stdout] 255 |             .last_tick()
[INFO] [stdout]     |              ^^^^^^^^^-- help: remove the arguments
[INFO] [stdout]     |              |
[INFO] [stdout]     |              field, not a method
[INFO] [stdout]     |
[INFO] [stdout]    ::: lib/metric_engine/src/engine/sessions.rs:41:1
[INFO] [stdout]     |
[INFO] [stdout]  41 | pub struct LiveSession {
[INFO] [stdout]     | ---------------------- method `last_tick` not found for this struct
[INFO] [stdout] 
[INFO] [stdout] 
[INFO] [stdout] Some errors have detailed explanations: E0061, E0599.
[INFO] [stdout] 
[INFO] [stdout] For more information about an error, try `rustc --explain E0061`.
[INFO] [stdout] 
[INFO] [stderr] error: could not compile `metric_engine` (lib test) due to 12 previous errors
[INFO] running `Command { std: "docker" "inspect" "ec9b43c6bdb3a792d05e719dcd4035f39207cbcef75aff247ad49bc4d62c8e72", kill_on_drop: false }`
[INFO] running `Command { std: "docker" "rm" "-f" "ec9b43c6bdb3a792d05e719dcd4035f39207cbcef75aff247ad49bc4d62c8e72", kill_on_drop: false }`
[INFO] [stdout] ec9b43c6bdb3a792d05e719dcd4035f39207cbcef75aff247ad49bc4d62c8e72
