[INFO] cloning repository https://github.com/GuilhermeFortuna/q_core
[INFO] running `Command { std: "git" "-c" "credential.helper=" "-c" "credential.helper=/workspace/cargo-home/bin/git-credential-null" "clone" "--bare" "https://github.com/GuilhermeFortuna/q_core" "/workspace/cache/git-repos/https%3A%2F%2Fgithub.com%2FGuilhermeFortuna%2Fq_core", kill_on_drop: false }`
[INFO] [stderr] Cloning into bare repository '/workspace/cache/git-repos/https%3A%2F%2Fgithub.com%2FGuilhermeFortuna%2Fq_core'...
[INFO] running `Command { std: "git" "rev-parse" "HEAD", kill_on_drop: false }`
[INFO] [stdout] 84bdeb0bad53fa534b8eb97d73f8f03d939c21bc
[INFO] checking GuilhermeFortuna/q_core against 3154cc1a3e6424e44f438a95007d043ed5ceaaf6 for pr-133502-30
[INFO] running `Command { std: "git" "clone" "/workspace/cache/git-repos/https%3A%2F%2Fgithub.com%2FGuilhermeFortuna%2Fq_core" "/workspace/builds/worker-5-tc2/source", kill_on_drop: false }`
[INFO] [stderr] Cloning into '/workspace/builds/worker-5-tc2/source'...
[INFO] [stderr] done.
[INFO] removed /workspace/builds/worker-5-tc2/source/rust-toolchain.toml
[INFO] started tweaking git repo https://github.com/GuilhermeFortuna/q_core
[INFO] finished tweaking git repo https://github.com/GuilhermeFortuna/q_core
[INFO] tweaked toml for git repo https://github.com/GuilhermeFortuna/q_core written to /workspace/builds/worker-5-tc2/source/Cargo.toml
[INFO] validating manifest of git repo https://github.com/GuilhermeFortuna/q_core on toolchain 3154cc1a3e6424e44f438a95007d043ed5ceaaf6
[INFO] running `Command { std: CARGO_HOME="/workspace/cargo-home" RUSTUP_HOME="/workspace/rustup-home" "/workspace/cargo-home/bin/cargo" "+3154cc1a3e6424e44f438a95007d043ed5ceaaf6" "metadata" "--manifest-path" "Cargo.toml" "--no-deps", kill_on_drop: false }`
[INFO] crate git repo https://github.com/GuilhermeFortuna/q_core already has a lockfile, it will not be regenerated
[INFO] running `Command { std: CARGO_HOME="/workspace/cargo-home" RUSTUP_HOME="/workspace/rustup-home" "/workspace/cargo-home/bin/cargo" "+3154cc1a3e6424e44f438a95007d043ed5ceaaf6" "fetch" "--manifest-path" "Cargo.toml", kill_on_drop: false }`
[INFO] running `Command { std: "docker" "create" "-v" "/var/lib/crater-agent-workspace/builds/worker-5-tc2/source:/opt/rustwide/workdir:ro,Z" "-v" "/var/lib/crater-agent-workspace/builds/worker-5-tc2/target:/opt/rustwide/target:rw,Z" "-v" "/var/lib/crater-agent-workspace/cargo-home:/opt/rustwide/cargo-home:ro,Z" "-v" "/var/lib/crater-agent-workspace/rustup-home:/opt/rustwide/rustup-home:ro,Z" "-m" "1610612736" "--network" "none" "ghcr.io/rust-lang/crates-build-env/linux@sha256:77db811e55d90add9212f6832c23229e3de5f1c1f9905e8cb07319ea15df73ac" "sleep" "infinity", kill_on_drop: false }`
[INFO] [stdout] 72a5941bb2ac135b528beaecb7ad0b371bb265d367832a2058b6c4b1a54847c6
[INFO] running `Command { std: "docker" "start" "72a5941bb2ac135b528beaecb7ad0b371bb265d367832a2058b6c4b1a54847c6", kill_on_drop: false }`
[INFO] running `Command { std: "docker" "inspect" "72a5941bb2ac135b528beaecb7ad0b371bb265d367832a2058b6c4b1a54847c6", kill_on_drop: false }`
[INFO] running `Command { std: "docker" "exec" "-e" "SOURCE_DIR=/opt/rustwide/workdir" "-e" "CARGO_HOME=/opt/rustwide/cargo-home" "-e" "RUSTUP_HOME=/opt/rustwide/rustup-home" "-e" "CARGO_TARGET_DIR=/opt/rustwide/target" "-w" "/opt/rustwide/workdir" "--user" "0:0" "72a5941bb2ac135b528beaecb7ad0b371bb265d367832a2058b6c4b1a54847c6" "/opt/rustwide/cargo-home/bin/cargo" "+3154cc1a3e6424e44f438a95007d043ed5ceaaf6" "metadata" "--no-deps" "--format-version=1", kill_on_drop: false }`
[INFO] running `Command { std: "docker" "inspect" "72a5941bb2ac135b528beaecb7ad0b371bb265d367832a2058b6c4b1a54847c6", kill_on_drop: false }`
[INFO] running `Command { std: "docker" "exec" "-e" "SOURCE_DIR=/opt/rustwide/workdir" "-e" "CARGO_HOME=/opt/rustwide/cargo-home" "-e" "RUSTUP_HOME=/opt/rustwide/rustup-home" "-e" "CARGO_TARGET_DIR=/opt/rustwide/target" "-e" "CARGO_INCREMENTAL=0" "-e" "RUST_BACKTRACE=full" "-e" "RUSTFLAGS=--cap-lints=forbid" "-e" "RUSTDOCFLAGS=--cap-lints=forbid" "-w" "/opt/rustwide/workdir" "--user" "0:0" "72a5941bb2ac135b528beaecb7ad0b371bb265d367832a2058b6c4b1a54847c6" "/opt/rustwide/cargo-home/bin/cargo" "+3154cc1a3e6424e44f438a95007d043ed5ceaaf6" "check" "--frozen" "--all" "--all-targets" "--message-format=json", kill_on_drop: false }`
[INFO] [stderr]    Compiling proc-macro2 v1.0.107
[INFO] [stderr]    Compiling serde_core v1.0.229
[INFO] [stderr]    Compiling dunce v1.0.5
[INFO] [stderr]    Compiling jobserver v0.1.35
[INFO] [stderr]    Compiling fs_extra v1.3.0
[INFO] [stderr]    Compiling mio v1.2.3
[INFO] [stderr]    Compiling indexmap v2.14.2
[INFO] [stderr]    Compiling serde_json v1.0.151
[INFO] [stderr]    Compiling futures-sink v0.3.34
[INFO] [stderr]    Compiling smallvec v1.16.1
[INFO] [stderr]    Compiling zeroize v1.9.0
[INFO] [stderr]    Compiling crc32fast v1.5.1
[INFO] [stderr]    Compiling cc v1.4.5
[INFO] [stderr]    Compiling aws-lc-rs v1.18.1
[INFO] [stderr]    Compiling http v1.5.0
[INFO] [stderr]    Compiling slab v0.4.12
[INFO] [stderr]    Compiling simd-adler32 v0.3.10
[INFO] [stderr]    Compiling icu_properties_data v2.3.0
[INFO] [stderr]    Compiling icu_normalizer_data v2.3.0
[INFO] [stderr]    Compiling tokio v1.53.1
[INFO] [stderr]    Compiling rustls-pki-types v1.15.1
[INFO] [stderr]    Compiling adler2 v2.0.1
[INFO] [stderr]    Compiling miniz_oxide v0.9.1
[INFO] [stderr]    Compiling quote v1.0.47
[INFO] [stderr]    Compiling syn v3.0.5
[INFO] [stderr]    Compiling syn v2.0.119
[INFO] [stderr]    Compiling bitflags v2.13.2
[INFO] [stderr]    Compiling zlib-rs v0.6.7
[INFO] [stderr]    Compiling rustls v0.23.44
[INFO] [stderr]    Compiling untrusted v0.9.0
[INFO] [stderr]    Compiling futures-io v0.3.34
[INFO] [stderr]    Compiling httparse v1.10.1
[INFO] [stderr]    Compiling http-body v1.1.0
[INFO] [stderr]    Compiling futures-util v0.3.34
[INFO] [stderr]    Compiling tracing v0.1.44
[INFO] [stderr]    Compiling cmake v0.1.58
[INFO] [stderr]    Compiling generic-array v0.14.7
[INFO] [stderr]    Compiling typenum v1.20.1
[INFO] [stderr]    Compiling subtle v2.6.1
[INFO] [stderr]    Compiling try-lock v0.2.5
[INFO] [stderr]    Compiling target-lexicon v0.13.5
[INFO] [stderr]    Compiling aws-lc-sys v0.45.0
[INFO] [stderr]    Compiling atomic-waker v1.1.2
[INFO] [stderr]    Compiling tower-service v0.3.3
[INFO] [stderr]    Compiling rustix v1.1.4
[INFO] [stderr]    Compiling want v0.3.1
[INFO] [stderr]    Compiling futures-channel v0.3.34
[INFO] [stderr]    Compiling compression-core v0.4.33
[INFO] [stderr]    Compiling termcolor v1.4.1
[INFO] [stderr]    Compiling linux-raw-sys v0.12.1
[INFO] [stderr]    Compiling tokio-util v0.7.19
[INFO] [stderr]    Compiling synstructure v0.13.2
[INFO] [stderr]    Compiling flate2 v1.1.10
[INFO] [stderr]    Compiling h2 v0.4.19
[INFO] [stderr]    Compiling sync_wrapper v1.0.2
[INFO] [stderr]    Compiling openssl-probe v0.2.1
[INFO] [stderr]    Compiling unicode-width v0.2.2
[INFO] [stderr]    Compiling tower-layer v0.3.3
[INFO] [stderr]    Compiling compression-codecs v0.4.41
[INFO] [stderr]    Compiling zerovec-derive v0.11.6
[INFO] [stderr]    Compiling displaydoc v0.2.7
[INFO] [stderr]    Compiling serde_derive v1.0.229
[INFO] [stderr]    Compiling multiversion-macros v0.9.0
[INFO] [stderr]    Compiling base64 v0.22.1
[INFO] [stderr]    Compiling zerofrom-derive v0.1.7
[INFO] [stderr]    Compiling yoke-derive v0.8.2
[INFO] [stderr]    Compiling thiserror-impl v1.0.69
[INFO] [stderr]    Compiling ipnet v2.12.2
[INFO] [stderr]    Compiling getrandom v0.4.3
[INFO] [stderr]    Compiling multiversion v0.9.0
[INFO] [stderr]    Compiling async-compression v0.4.46
[INFO] [stderr]    Compiling codespan-reporting v0.13.1
[INFO] [stderr]    Compiling tower v0.5.3
[INFO] [stderr]    Compiling rustls-native-certs v0.8.4
[INFO] [stderr]    Compiling zerofrom v0.1.8
[INFO] [stderr]    Compiling thiserror v1.0.69
[INFO] [stderr]    Compiling yoke v0.8.3
[INFO] [stderr]    Compiling encoding_rs v0.8.41
[INFO] [stderr]    Compiling pyo3-build-config v0.24.2
[INFO] [stderr]    Compiling block-buffer v0.10.4
[INFO] [stderr]    Compiling crypto-common v0.1.7
[INFO] [stderr]    Compiling http-body-util v0.1.5
[INFO] [stderr]    Compiling zerovec v0.11.8
[INFO] [stderr]    Compiling zerotrie v0.2.5
[INFO] [stderr]    Compiling simdutf8 v0.1.5
[INFO] [stderr]    Compiling option-ext v0.2.0
[INFO] [stderr]    Compiling core_detect v1.0.0
[INFO] [stderr]    Compiling bumpalo v3.20.3
[INFO] [stderr]    Compiling dirs-sys v0.5.0
[INFO] [stderr]    Compiling zopfli v0.8.3
[INFO] [stderr]    Compiling convert_case v0.6.0
[INFO] [stderr]    Compiling tinystr v0.8.4
[INFO] [stderr]    Compiling potential_utf v0.1.6
[INFO] [stderr]    Compiling icu_collections v2.3.0
[INFO] [stderr]    Compiling icu_locale_core v2.3.0
[INFO] [stderr]    Compiling anyhow v1.0.104
[INFO] [stderr]    Compiling cxx-gen v0.7.202
[INFO] [stderr]    Compiling hyper v1.11.1
[INFO] [stderr]    Compiling digest v0.10.7
[INFO] [stderr]    Compiling clang-format v0.3.0
[INFO] [stderr]    Compiling xattr v1.6.1
[INFO] [stderr]    Compiling semver v1.0.28
[INFO] [stderr]    Compiling icu_provider v2.3.1
[INFO] [stderr]    Compiling filetime v0.2.29
[INFO] [stderr]    Compiling typed-path v0.12.3
[INFO] [stderr]    Compiling base64 v0.23.1
[INFO] [stderr]    Compiling fastrand v2.5.0
[INFO] [stderr]    Compiling icu_normalizer v2.3.0
[INFO] [stderr]    Compiling icu_properties v2.3.0
[INFO] [stderr]    Compiling mime v0.3.17
[INFO] [stderr]    Compiling hyper-util v0.1.20
[INFO] [stderr]    Compiling cxx-qt-gen v0.10.0
[INFO] [stderr]    Compiling sha2 v0.10.9
[INFO] [stderr]    Compiling tempfile v3.27.0
[INFO] [stderr]    Compiling qt-version v0.1.5
[INFO] [stderr]    Compiling tar v0.4.46
[INFO] [stderr]    Compiling zip v7.2.0
[INFO] [stderr]    Compiling idna_adapter v1.2.2
[INFO] [stderr]    Compiling idna v1.1.0
[INFO] [stderr]    Compiling serde v1.0.229
[INFO] [stderr]    Compiling url v2.5.8
[INFO] [stderr]    Compiling dirs v6.0.0
[INFO] [stderr]    Compiling which v8.0.6
[INFO] [stderr]    Compiling unicode-width v0.1.14
[INFO] [stderr]    Compiling qt-artifacts v0.1.7
[INFO] [stderr]    Compiling link-cplusplus v1.0.12
[INFO] [stderr]     Checking memchr v2.8.3
[INFO] [stderr]    Compiling codespan-reporting v0.11.1
[INFO] [stderr]    Compiling cxxbridge-flags v1.0.202
[INFO] [stderr]    Compiling cxx v1.0.202
[INFO] [stderr]    Compiling tower-http v0.6.11
[INFO] [stderr]     Checking q-indicators v2026.9.12 (/opt/rustwide/workdir/crates/q-indicators)
[INFO] [stderr]    Compiling memoffset v0.9.1
[INFO] [stderr]    Compiling cxxbridge-macro v1.0.202
[INFO] [stderr]     Checking foldhash v0.2.0
[INFO] [stderr]    Compiling pyo3-macros-backend v0.24.2
[INFO] [stderr]    Compiling pyo3-ffi v0.24.2
[INFO] [stderr]    Compiling pyo3 v0.24.2
[INFO] [stderr]     Checking unindent v0.2.4
[INFO] [stderr]    Compiling cxx-qt-macro v0.10.0
[INFO] [stderr]     Checking q-buffers v2026.9.12 (/opt/rustwide/workdir/crates/q-buffers)
[INFO] [stderr]    Compiling pyo3-macros v0.24.2
[INFO] [stderr]     Checking q-engine v2026.9.12 (/opt/rustwide/workdir/crates/q-engine)
[INFO] [stderr]     Checking q-io v2026.9.12 (/opt/rustwide/workdir/crates/q-io)
[INFO] [stderr]     Checking q-py v2026.9.12 (/opt/rustwide/workdir/crates/q-py)
[INFO] [stderr]    Compiling rustls-webpki v0.103.15
[INFO] [stderr]    Compiling tokio-rustls v0.26.5
[INFO] [stderr]    Compiling rustls-platform-verifier v0.7.0
[INFO] [stderr]    Compiling hyper-rustls v0.27.9
[INFO] [stderr]    Compiling reqwest v0.13.5
[INFO] [stderr]    Compiling qt-build-utils v0.10.0
[INFO] [stderr]    Compiling cxx-qt-build v0.10.0
[INFO] [stderr]    Compiling cxx-qt v0.10.0
[INFO] [stderr]    Compiling cxx-qt-lib v0.10.0
[INFO] [stderr]    Compiling q-qt v2026.9.12 (/opt/rustwide/workdir/crates/q-qt)
[INFO] [stderr] error: failed to run custom build command for `cxx-qt v0.10.0`
[INFO] [stderr] note: To improve backtraces for build dependencies, set the CARGO_PROFILE_DEV_BUILD_OVERRIDE_DEBUG=true environment variable to enable debug information generation.
[INFO] [stderr] 
[INFO] [stderr] Caused by:
[INFO] [stderr]   process didn't exit successfully: `/opt/rustwide/target/debug/build/cxx-qt/1ce10b1fa62fdb84/out/build_script_build` (exit status: 101)
[INFO] [stderr]   --- stdout
[INFO] [stderr]   cargo::rerun-if-changed=src/connection.rs
[INFO] [stderr]   cargo::rerun-if-changed=src/qobject.rs
[INFO] [stderr]   cargo::rerun-if-changed=src/connection.cpp
[INFO] [stderr]   cargo::rerun-if-changed=src/init.cpp
[INFO] [stderr]   cargo::rustc-link-arg=-fuse-ld=lld
[INFO] [stderr]   cargo::rerun-if-env-changed=QMAKE
[INFO] [stderr]   cargo::rerun-if-env-changed=QT_VERSION_MAJOR
[INFO] [stderr]   cargo::rerun-if-env-changed=QT_MINIMAL_DOWNLOAD_ROOT
[INFO] [stderr]   cargo::rerun-if-changed=/root/.local/share/qt_minimal_download
[INFO] [stderr]   cargo::rerun-if-env-changed=TARGET
[INFO] [stderr]   cargo::rerun-if-env-changed=QT_MINIMAL_DOWNLOAD_ROOT
[INFO] [stderr]   cargo::rerun-if-changed=/root/.local/share/qt_minimal_download
[INFO] [stderr]   cargo::rerun-if-env-changed=TARGET
[INFO] [stderr]   cargo::rerun-if-env-changed=TARGET
[INFO] [stderr]   cargo::rerun-if-env-changed=QT_MINIMAL_DOWNLOAD_ROOT
[INFO] [stderr]   cargo::rerun-if-changed=/root/.local/share/qt_minimal_download
[INFO] [stderr]   cargo::rerun-if-env-changed=TARGET
[INFO] [stderr]   cargo::rerun-if-env-changed=TARGET
[INFO] [stderr]   cargo::rerun-if-env-changed=QT_MINIMAL_DOWNLOAD_ROOT
[INFO] [stderr]   cargo::rerun-if-changed=/root/.local/share/qt_minimal_download
[INFO] [stderr]   cargo::rerun-if-env-changed=TARGET
[INFO] [stderr]   cargo::rerun-if-env-changed=TARGET
[INFO] [stderr]   cargo::rerun-if-env-changed=QT_MINIMAL_DOWNLOAD_ROOT
[INFO] [stderr] 
[INFO] [stderr]   --- stderr
[INFO] [stderr] 
[INFO] [stderr]   thread 'main' (3270) panicked at /opt/rustwide/cargo-home/registry/src/index.crates.io-1949cf8c6b5b557f/qt-build-utils-0.10.0/src/installation/qt_minimal/artifact.rs:39:18:
[INFO] [stderr]   Could not download url: error sending request for url (https://download.qt.io/snapshots/ci/qt/qt_minimal_linux_x86_64_0.1.2.tar.gz)
[INFO] [stderr] 
[INFO] [stderr]   Caused by:
[INFO] [stderr]       0: client error (Connect)
[INFO] [stderr]       1: dns error
[INFO] [stderr]       2: error resolving DNS
[INFO] [stderr]       3: failed to lookup address information: Temporary failure in name resolution
[INFO] [stderr] 
[INFO] [stderr]   Stack backtrace:
[INFO] [stderr]      0: <anyhow::Error as core::convert::From<reqwest::error::Error>>::from
[INFO] [stderr]      1: <core::result::Result<std::path::PathBuf, anyhow::Error> as core::ops::try_trait::FromResidual<core::result::Result<!, reqwest::error::Error>>>::from_residual
[INFO] [stderr]      2: qt_build_utils::installation::qt_minimal::download::download_from_url
[INFO] [stderr]      3: <qt_build_utils::installation::qt_minimal::artifact::ParsedQtArtifact>::download_and_extract
[INFO] [stderr]      4: <qt_build_utils::installation::qt_minimal::QtInstallationQtMinimal as core::convert::TryFrom<semver::Version>>::try_from
[INFO] [stderr]      5: <qt_build_utils::QtBuild>::new::{closure#0}
[INFO] [stderr]      6: <qt_build_utils::QtBuild>::new
[INFO] [stderr]      7: <cxx_qt_build::CxxQtBuilder>::build
[INFO] [stderr]      8: build_script_build::main
[INFO] [stderr]      9: <fn() as core::ops::function::FnOnce<()>>::call_once
[INFO] [stderr]     10: std::sys::backtrace::__rust_begin_short_backtrace::<fn(), ()>
[INFO] [stderr]     11: std::rt::lang_start::<()>::{closure#0}
[INFO] [stderr]     12: <&dyn core::ops::function::Fn<(), Output = i32> + core::marker::Sync + core::panic::unwind_safe::RefUnwindSafe as core::ops::function::FnOnce<()>>::call_once
[INFO] [stderr]                at /rustc/3154cc1a3e6424e44f438a95007d043ed5ceaaf6/library/core/src/ops/function.rs:287:21
[INFO] [stderr]     13: std::panicking::catch_unwind::do_call::<&dyn core::ops::function::Fn<(), Output = i32> + core::marker::Sync + core::panic::unwind_safe::RefUnwindSafe, i32>
[INFO] [stderr]                at /rustc/3154cc1a3e6424e44f438a95007d043ed5ceaaf6/library/std/src/panicking.rs:573:43
[INFO] [stderr]     14: std::panicking::catch_unwind::<i32, &dyn core::ops::function::Fn<(), Output = i32> + core::marker::Sync + core::panic::unwind_safe::RefUnwindSafe>
[INFO] [stderr]                at /rustc/3154cc1a3e6424e44f438a95007d043ed5ceaaf6/library/std/src/panicking.rs:541:19
[INFO] [stderr]     15: std::panic::catch_unwind::<&dyn core::ops::function::Fn<(), Output = i32> + core::marker::Sync + core::panic::unwind_safe::RefUnwindSafe, i32>
[INFO] [stderr]                at /rustc/3154cc1a3e6424e44f438a95007d043ed5ceaaf6/library/std/src/panic.rs:359:14
[INFO] [stderr]     16: std::rt::lang_start_internal::{closure#0}
[INFO] [stderr]                at /rustc/3154cc1a3e6424e44f438a95007d043ed5ceaaf6/library/std/src/rt.rs:175:24
[INFO] [stderr]     17: std::panicking::catch_unwind::do_call::<std::rt::lang_start_internal::{closure#0}, isize>
[INFO] [stderr]                at /rustc/3154cc1a3e6424e44f438a95007d043ed5ceaaf6/library/std/src/panicking.rs:573:43
[INFO] [stderr]     18: std::panicking::catch_unwind::<isize, std::rt::lang_start_internal::{closure#0}>
[INFO] [stderr]                at /rustc/3154cc1a3e6424e44f438a95007d043ed5ceaaf6/library/std/src/panicking.rs:541:19
[INFO] [stderr]     19: std::panic::catch_unwind::<std::rt::lang_start_internal::{closure#0}, isize>
[INFO] [stderr]                at /rustc/3154cc1a3e6424e44f438a95007d043ed5ceaaf6/library/std/src/panic.rs:359:14
[INFO] [stderr]     20: std::rt::lang_start_internal
[INFO] [stderr]                at /rustc/3154cc1a3e6424e44f438a95007d043ed5ceaaf6/library/std/src/rt.rs:171:5
[INFO] [stderr]     21: std::rt::lang_start::<()>
[INFO] [stderr]     22: main
[INFO] [stderr]     23: <unknown>
[INFO] [stderr]     24: __libc_start_main
[INFO] [stderr]     25: _start
[INFO] [stderr]   stack backtrace:
[INFO] [stderr]      0:     0x6176f92e3af1 - std[3164a59e47d3bde]::backtrace_rs::backtrace::libunwind::trace
[INFO] [stderr]                                  at /rustc/3154cc1a3e6424e44f438a95007d043ed5ceaaf6/library/std/src/../../backtrace/src/backtrace/libunwind.rs:117:9
[INFO] [stderr]      1:     0x6176f92e3af1 - std[3164a59e47d3bde]::backtrace_rs::backtrace::trace_unsynchronized::<std[3164a59e47d3bde]::sys::backtrace::_print_fmt::{closure#1}>
[INFO] [stderr]                                  at /rustc/3154cc1a3e6424e44f438a95007d043ed5ceaaf6/library/std/src/../../backtrace/src/backtrace/mod.rs:66:14
[INFO] [stderr]      2:     0x6176f92e3af1 - std[3164a59e47d3bde]::sys::backtrace::_print_fmt
[INFO] [stderr]                                  at /rustc/3154cc1a3e6424e44f438a95007d043ed5ceaaf6/library/std/src/sys/backtrace.rs:74:9
[INFO] [stderr]      3:     0x6176f92e3af1 - <<std[3164a59e47d3bde]::sys::backtrace::BacktraceLock>::print::DisplayBacktrace as core[934024a1e6126fb4]::fmt::Display>::fmt
[INFO] [stderr]                                  at /rustc/3154cc1a3e6424e44f438a95007d043ed5ceaaf6/library/std/src/sys/backtrace.rs:44:26
[INFO] [stderr]      4:     0x6176f92fdd6a - <core[934024a1e6126fb4]::fmt::rt::Argument>::fmt
[INFO] [stderr]                                  at /rustc/3154cc1a3e6424e44f438a95007d043ed5ceaaf6/library/core/src/fmt/rt.rs:152:76
[INFO] [stderr]      5:     0x6176f92fdd6a - core[934024a1e6126fb4]::fmt::write
[INFO] [stderr]      6:     0x6176f92eb89c - core[934024a1e6126fb4]::io::write::default_write_fmt::<std[3164a59e47d3bde]::sys::stdio::unix::Stderr>
[INFO] [stderr]                                  at /rustc/3154cc1a3e6424e44f438a95007d043ed5ceaaf6/library/core/src/io/write.rs:402:11
[INFO] [stderr]      7:     0x6176f92eb89c - <std[3164a59e47d3bde]::sys::stdio::unix::Stderr as core[934024a1e6126fb4]::io::write::Write>::write_fmt
[INFO] [stderr]                                  at /rustc/3154cc1a3e6424e44f438a95007d043ed5ceaaf6/library/core/src/io/write.rs:335:13
[INFO] [stderr]      8:     0x6176f92b8c36 - <std[3164a59e47d3bde]::sys::backtrace::BacktraceLock>::print
[INFO] [stderr]                                  at /rustc/3154cc1a3e6424e44f438a95007d043ed5ceaaf6/library/std/src/sys/backtrace.rs:47:9
[INFO] [stderr]      9:     0x6176f92b8c36 - std[3164a59e47d3bde]::panicking::default_hook::{closure#0}
[INFO] [stderr]                                  at /rustc/3154cc1a3e6424e44f438a95007d043ed5ceaaf6/library/std/src/panicking.rs:289:27
[INFO] [stderr]     10:     0x6176f92d9011 - std[3164a59e47d3bde]::panicking::default_hook
[INFO] [stderr]                                  at /rustc/3154cc1a3e6424e44f438a95007d043ed5ceaaf6/library/std/src/panicking.rs:316:9
[INFO] [stderr]     11:     0x6176f92d933b - std[3164a59e47d3bde]::panicking::panic_with_hook
[INFO] [stderr]                                  at /rustc/3154cc1a3e6424e44f438a95007d043ed5ceaaf6/library/std/src/panicking.rs:811:13
[INFO] [stderr]     12:     0x6176f92b8ce2 - std[3164a59e47d3bde]::panicking::panic_handler::{closure#0}
[INFO] [stderr]                                  at /rustc/3154cc1a3e6424e44f438a95007d043ed5ceaaf6/library/std/src/panicking.rs:685:13
[INFO] [stderr]     13:     0x6176f92b0e09 - std[3164a59e47d3bde]::sys::backtrace::__rust_end_short_backtrace::<std[3164a59e47d3bde]::panicking::panic_handler::{closure#0}, !>
[INFO] [stderr]                                  at /rustc/3154cc1a3e6424e44f438a95007d043ed5ceaaf6/library/std/src/sys/backtrace.rs:182:18
[INFO] [stderr]     14:     0x6176f92b9f1d - __rustc[2e7b49d4226056d3]::rust_begin_unwind
[INFO] [stderr]                                  at /rustc/3154cc1a3e6424e44f438a95007d043ed5ceaaf6/library/std/src/panicking.rs:676:5
[INFO] [stderr]     15:     0x6176f92fe60c - core[934024a1e6126fb4]::panicking::panic_fmt
[INFO] [stderr]                                  at /rustc/3154cc1a3e6424e44f438a95007d043ed5ceaaf6/library/core/src/panicking.rs:80:14
[INFO] [stderr]     16:     0x6176f92fe362 - core[934024a1e6126fb4]::result::unwrap_failed
[INFO] [stderr]                                  at /rustc/3154cc1a3e6424e44f438a95007d043ed5ceaaf6/library/core/src/result.rs:1866:5
[INFO] [stderr]     17:     0x6176f886df39 - <core[934024a1e6126fb4]::result::Result<std[3164a59e47d3bde]::path::PathBuf, anyhow[594b7b1ae1961ac5]::Error>>::expect
[INFO] [stderr]     18:     0x6176f889f20b - <qt_build_utils[61f634611d51b950]::installation::qt_minimal::artifact::ParsedQtArtifact>::download_and_extract
[INFO] [stderr]     19:     0x6176f88894da - <qt_build_utils[61f634611d51b950]::installation::qt_minimal::QtInstallationQtMinimal as core[934024a1e6126fb4]::convert::TryFrom<semver[b010510987351b02]::Version>>::try_from
[INFO] [stderr]     20:     0x6176f88766c8 - <qt_build_utils[61f634611d51b950]::QtBuild>::new::{closure#0}
[INFO] [stderr]     21:     0x6176f8877014 - <qt_build_utils[61f634611d51b950]::QtBuild>::new
[INFO] [stderr]     22:     0x6176f85c2b9d - <cxx_qt_build[89d55e7607d36457]::CxxQtBuilder>::build
[INFO] [stderr]     23:     0x6176f85b08c7 - build_script_build[2ee687270d2f4ce1]::main
[INFO] [stderr]     24:     0x6176f85b1573 - <fn() as core[934024a1e6126fb4]::ops::function::FnOnce<()>>::call_once
[INFO] [stderr]     25:     0x6176f85afc5e - std[3164a59e47d3bde]::sys::backtrace::__rust_begin_short_backtrace::<fn(), ()>
[INFO] [stderr]     26:     0x6176f85b0369 - std[3164a59e47d3bde]::rt::lang_start::<()>::{closure#0}
[INFO] [stderr]     27:     0x6176f92d7d48 - <&dyn core[934024a1e6126fb4]::ops::function::Fn<(), Output = i32> + core[934024a1e6126fb4]::marker::Sync + core[934024a1e6126fb4]::panic::unwind_safe::RefUnwindSafe as core[934024a1e6126fb4]::ops::function::FnOnce<()>>::call_once
[INFO] [stderr]                                  at /rustc/3154cc1a3e6424e44f438a95007d043ed5ceaaf6/library/core/src/ops/function.rs:287:21
[INFO] [stderr]     28:     0x6176f92d7d48 - std[3164a59e47d3bde]::panicking::catch_unwind::do_call::<&dyn core[934024a1e6126fb4]::ops::function::Fn<(), Output = i32> + core[934024a1e6126fb4]::marker::Sync + core[934024a1e6126fb4]::panic::unwind_safe::RefUnwindSafe, i32>
[INFO] [stderr]                                  at /rustc/3154cc1a3e6424e44f438a95007d043ed5ceaaf6/library/std/src/panicking.rs:573:43
[INFO] [stderr]     29:     0x6176f92d7d48 - std[3164a59e47d3bde]::panicking::catch_unwind::<i32, &dyn core[934024a1e6126fb4]::ops::function::Fn<(), Output = i32> + core[934024a1e6126fb4]::marker::Sync + core[934024a1e6126fb4]::panic::unwind_safe::RefUnwindSafe>
[INFO] [stderr]                                  at /rustc/3154cc1a3e6424e44f438a95007d043ed5ceaaf6/library/std/src/panicking.rs:541:19
[INFO] [stderr]     30:     0x6176f92d7d48 - std[3164a59e47d3bde]::panic::catch_unwind::<&dyn core[934024a1e6126fb4]::ops::function::Fn<(), Output = i32> + core[934024a1e6126fb4]::marker::Sync + core[934024a1e6126fb4]::panic::unwind_safe::RefUnwindSafe, i32>
[INFO] [stderr]                                  at /rustc/3154cc1a3e6424e44f438a95007d043ed5ceaaf6/library/std/src/panic.rs:359:14
[INFO] [stderr]     31:     0x6176f92d7d48 - std[3164a59e47d3bde]::rt::lang_start_internal::{closure#0}
[INFO] [stderr]                                  at /rustc/3154cc1a3e6424e44f438a95007d043ed5ceaaf6/library/std/src/rt.rs:175:24
[INFO] [stderr]     32:     0x6176f92d7d48 - std[3164a59e47d3bde]::panicking::catch_unwind::do_call::<std[3164a59e47d3bde]::rt::lang_start_internal::{closure#0}, isize>
[INFO] [stderr]                                  at /rustc/3154cc1a3e6424e44f438a95007d043ed5ceaaf6/library/std/src/panicking.rs:573:43
[INFO] [stderr]     33:     0x6176f92d7d48 - std[3164a59e47d3bde]::panicking::catch_unwind::<isize, std[3164a59e47d3bde]::rt::lang_start_internal::{closure#0}>
[INFO] [stderr]                                  at /rustc/3154cc1a3e6424e44f438a95007d043ed5ceaaf6/library/std/src/panicking.rs:541:19
[INFO] [stderr]     34:     0x6176f92d7d48 - std[3164a59e47d3bde]::panic::catch_unwind::<std[3164a59e47d3bde]::rt::lang_start_internal::{closure#0}, isize>
[INFO] [stderr]                                  at /rustc/3154cc1a3e6424e44f438a95007d043ed5ceaaf6/library/std/src/panic.rs:359:14
[INFO] [stderr]     35:     0x6176f92d7d48 - std[3164a59e47d3bde]::rt::lang_start_internal
[INFO] [stderr]                                  at /rustc/3154cc1a3e6424e44f438a95007d043ed5ceaaf6/library/std/src/rt.rs:171:5
[INFO] [stderr]     36:     0x6176f85afc51 - std[3164a59e47d3bde]::rt::lang_start::<()>
[INFO] [stderr]     37:     0x6176f85b15f5 - main
[INFO] [stderr]     38:     0x792d5ab62601 - <unknown>
[INFO] [stderr]     39:     0x792d5ab62718 - __libc_start_main
[INFO] [stderr]     40:     0x6176f85af1a5 - _start
[INFO] [stderr]     41:                0x0 - <unknown>
[INFO] [stderr] warning: build failed, waiting for other jobs to finish...
[INFO] [stderr] warning: unused dependency `q-buffers`
[INFO] [stderr]   --> crates/q-engine/Cargo.toml:10:1
[INFO] [stderr]    |
[INFO] [stderr] 10 | q-buffers = { path = "../q-buffers" }
[INFO] [stderr]    | ^^^^^^^^^^^^^^^^^^^^^^^^^^^^^^^^^^^^^
[INFO] [stderr]    |
[INFO] [stderr]    = note: `cargo::unused_dependencies` is set to `warn` by default
[INFO] [stderr] help: consider removing the dependency on `q-buffers`
[INFO] [stderr] warning: unused dependency `q-indicators`
[INFO] [stderr]  --> crates/q-engine/Cargo.toml:9:1
[INFO] [stderr]   |
[INFO] [stderr] 9 | q-indicators = { path = "../q-indicators" }
[INFO] [stderr]   | ^^^^^^^^^^^^^^^^^^^^^^^^^^^^^^^^^^^^^^^^^^^
[INFO] [stderr]   |
[INFO] [stderr] help: consider removing the dependency on `q-indicators`
[INFO] [stderr] warning: `q-engine` (manifest) generated 2 warnings
[INFO] [stderr] warning: unused dependency `q-buffers`
[INFO] [stderr]  --> crates/q-io/Cargo.toml:9:1
[INFO] [stderr]   |
[INFO] [stderr] 9 | q-buffers = { path = "../q-buffers" }
[INFO] [stderr]   | ^^^^^^^^^^^^^^^^^^^^^^^^^^^^^^^^^^^^^
[INFO] [stderr]   |
[INFO] [stderr]   = note: `cargo::unused_dependencies` is set to `warn` by default
[INFO] [stderr] help: consider removing the dependency on `q-buffers`
[INFO] [stderr] warning: `q-io` (manifest) generated 1 warning
[INFO] [stderr] warning: unused dependency `q-engine`
[INFO] [stderr]   --> crates/q-py/Cargo.toml:14:1
[INFO] [stderr]    |
[INFO] [stderr] 14 | q-engine = { path = "../q-engine" }
[INFO] [stderr]    | ^^^^^^^^^^^^^^^^^^^^^^^^^^^^^^^^^^^
[INFO] [stderr]    |
[INFO] [stderr]    = note: `cargo::unused_dependencies` is set to `warn` by default
[INFO] [stderr] help: consider removing the dependency on `q-engine`
[INFO] [stderr] warning: unused dependency `q-io`
[INFO] [stderr]   --> crates/q-py/Cargo.toml:15:1
[INFO] [stderr]    |
[INFO] [stderr] 15 | q-io = { path = "../q-io" }
[INFO] [stderr]    | ^^^^^^^^^^^^^^^^^^^^^^^^^^^
[INFO] [stderr]    |
[INFO] [stderr] help: consider removing the dependency on `q-io`
[INFO] [stderr] warning: `q-py` (manifest) generated 2 warnings
[INFO] running `Command { std: "docker" "inspect" "72a5941bb2ac135b528beaecb7ad0b371bb265d367832a2058b6c4b1a54847c6", kill_on_drop: false }`
[INFO] running `Command { std: "docker" "rm" "-f" "72a5941bb2ac135b528beaecb7ad0b371bb265d367832a2058b6c4b1a54847c6", kill_on_drop: false }`
[INFO] [stdout] 72a5941bb2ac135b528beaecb7ad0b371bb265d367832a2058b6c4b1a54847c6
