[INFO] cloning repository https://github.com/GuilhermeFigueira/bestls
[INFO] running `Command { std: "git" "-c" "credential.helper=" "-c" "credential.helper=/workspace/cargo-home/bin/git-credential-null" "clone" "--bare" "https://github.com/GuilhermeFigueira/bestls" "/workspace/cache/git-repos/https%3A%2F%2Fgithub.com%2FGuilhermeFigueira%2Fbestls", kill_on_drop: false }`
[INFO] [stderr] Cloning into bare repository '/workspace/cache/git-repos/https%3A%2F%2Fgithub.com%2FGuilhermeFigueira%2Fbestls'...
[INFO] running `Command { std: "git" "rev-parse" "HEAD", kill_on_drop: false }`
[INFO] [stdout] 6b8ab25dae1a37b8b0043351116a42921f577528
[INFO] checking GuilhermeFigueira/bestls against 3154cc1a3e6424e44f438a95007d043ed5ceaaf6+rustflags=-Znext-solver=coherence for pr-133502-30
[INFO] running `Command { std: "git" "clone" "/workspace/cache/git-repos/https%3A%2F%2Fgithub.com%2FGuilhermeFigueira%2Fbestls" "/workspace/builds/worker-1-tc1/source", kill_on_drop: false }`
[INFO] [stderr] Cloning into '/workspace/builds/worker-1-tc1/source'...
[INFO] [stderr] done.
[INFO] started tweaking git repo https://github.com/GuilhermeFigueira/bestls
[INFO] finished tweaking git repo https://github.com/GuilhermeFigueira/bestls
[INFO] tweaked toml for git repo https://github.com/GuilhermeFigueira/bestls written to /workspace/builds/worker-1-tc1/source/Cargo.toml
[INFO] validating manifest of git repo https://github.com/GuilhermeFigueira/bestls on toolchain 3154cc1a3e6424e44f438a95007d043ed5ceaaf6
[INFO] running `Command { std: CARGO_HOME="/workspace/cargo-home" RUSTUP_HOME="/workspace/rustup-home" "/workspace/cargo-home/bin/cargo" "+3154cc1a3e6424e44f438a95007d043ed5ceaaf6" "metadata" "--manifest-path" "Cargo.toml" "--no-deps", kill_on_drop: false }`
[INFO] crate git repo https://github.com/GuilhermeFigueira/bestls already has a lockfile, it will not be regenerated
[INFO] running `Command { std: CARGO_HOME="/workspace/cargo-home" RUSTUP_HOME="/workspace/rustup-home" "/workspace/cargo-home/bin/cargo" "+3154cc1a3e6424e44f438a95007d043ed5ceaaf6" "fetch" "--manifest-path" "Cargo.toml", kill_on_drop: false }`
[INFO] [stderr]     Updating crates.io index
[INFO] [stderr]  Downloading crates ...
[INFO] [stderr]   Downloaded unicode-ellipsis v0.6.0
[INFO] [stderr]   Downloaded tabled_derive v0.11.0
[INFO] [stderr]   Downloaded papergrid v0.18.0
[INFO] [stderr]   Downloaded testing_table v0.3.0
[INFO] [stderr]   Downloaded osc8 v0.1.0
[INFO] [stderr]   Downloaded human_bytes v0.4.3
[INFO] [stderr]   Downloaded dir-size v0.1.1
[INFO] [stderr]   Downloaded tabled v0.21.0
[INFO] running `Command { std: "docker" "create" "-v" "/var/lib/crater-agent-workspace/builds/worker-1-tc1/source:/opt/rustwide/workdir:ro,Z" "-v" "/var/lib/crater-agent-workspace/builds/worker-1-tc1/target:/opt/rustwide/target:rw,Z" "-v" "/var/lib/crater-agent-workspace/cargo-home:/opt/rustwide/cargo-home:ro,Z" "-v" "/var/lib/crater-agent-workspace/rustup-home:/opt/rustwide/rustup-home:ro,Z" "-m" "1610612736" "--network" "none" "ghcr.io/rust-lang/crates-build-env/linux@sha256:77db811e55d90add9212f6832c23229e3de5f1c1f9905e8cb07319ea15df73ac" "sleep" "infinity", kill_on_drop: false }`
[INFO] [stdout] e9ef3766def3e0d35f596cbdc71b15e714ae2e60596c90ce78e584a4e8718a70
[INFO] running `Command { std: "docker" "start" "e9ef3766def3e0d35f596cbdc71b15e714ae2e60596c90ce78e584a4e8718a70", kill_on_drop: false }`
[INFO] running `Command { std: "docker" "inspect" "e9ef3766def3e0d35f596cbdc71b15e714ae2e60596c90ce78e584a4e8718a70", kill_on_drop: false }`
[INFO] running `Command { std: "docker" "exec" "-e" "SOURCE_DIR=/opt/rustwide/workdir" "-e" "CARGO_HOME=/opt/rustwide/cargo-home" "-e" "RUSTUP_HOME=/opt/rustwide/rustup-home" "-e" "CARGO_TARGET_DIR=/opt/rustwide/target" "-w" "/opt/rustwide/workdir" "--user" "0:0" "e9ef3766def3e0d35f596cbdc71b15e714ae2e60596c90ce78e584a4e8718a70" "/opt/rustwide/cargo-home/bin/cargo" "+3154cc1a3e6424e44f438a95007d043ed5ceaaf6" "metadata" "--no-deps" "--format-version=1", kill_on_drop: false }`
[INFO] running `Command { std: "docker" "inspect" "e9ef3766def3e0d35f596cbdc71b15e714ae2e60596c90ce78e584a4e8718a70", kill_on_drop: false }`
[INFO] running `Command { std: "docker" "exec" "-e" "SOURCE_DIR=/opt/rustwide/workdir" "-e" "CARGO_HOME=/opt/rustwide/cargo-home" "-e" "RUSTUP_HOME=/opt/rustwide/rustup-home" "-e" "CARGO_TARGET_DIR=/opt/rustwide/target" "-e" "CARGO_INCREMENTAL=0" "-e" "RUST_BACKTRACE=full" "-e" "RUSTFLAGS=--cap-lints=forbid -Znext-solver=coherence" "-e" "RUSTDOCFLAGS=--cap-lints=forbid" "-w" "/opt/rustwide/workdir" "--user" "0:0" "e9ef3766def3e0d35f596cbdc71b15e714ae2e60596c90ce78e584a4e8718a70" "/opt/rustwide/cargo-home/bin/cargo" "+3154cc1a3e6424e44f438a95007d043ed5ceaaf6" "check" "--frozen" "--all" "--all-targets" "--message-format=json", kill_on_drop: false }`
[INFO] [stderr]    Compiling crossbeam-utils v0.8.22
[INFO] [stderr]    Compiling crossbeam-epoch v0.9.20
[INFO] [stderr]    Compiling crossbeam-deque v0.8.7
[INFO] [stderr]    Compiling serde_core v1.0.229
[INFO] [stderr]    Compiling rayon-core v1.13.0
[INFO] [stderr]     Checking unicode-width v0.2.2
[INFO] [stderr]    Compiling syn v2.0.119
[INFO] [stderr]    Compiling syn v3.0.3
[INFO] [stderr]    Compiling libc v0.2.189
[INFO] [stderr]     Checking anstyle-parse v1.0.0
[INFO] [stderr]    Compiling proc-macro-error-attr2 v2.0.0
[INFO] [stderr]    Compiling num-traits v0.2.19
[INFO] [stderr]     Checking anstyle v1.0.14
[INFO] [stderr]     Checking colorchoice v1.0.5
[INFO] [stderr]     Checking anstyle-query v1.1.5
[INFO] [stderr]     Checking is_terminal_polyfill v1.70.2
[INFO] [stderr]     Checking option-ext v0.2.0
[INFO] [stderr]     Checking anstream v1.0.0
[INFO] [stderr]     Checking either v1.17.0
[INFO] [stderr]    Compiling serde v1.0.229
[INFO] [stderr]    Compiling owo-colors v4.3.0
[INFO] [stderr]     Checking clap_lex v1.1.0
[INFO] [stderr]     Checking winnow v1.0.4
[INFO] [stderr]    Compiling serde_json v1.0.151
[INFO] [stderr]     Checking bytecount v0.6.9
[INFO] [stderr]     Checking papergrid v0.18.0
[INFO] [stderr]     Checking clap_builder v4.6.5
[INFO] [stderr]     Checking toml_parser v1.1.3+spec-1.1.0
[INFO] [stderr]    Compiling anyhow v1.0.104
[INFO] [stderr]     Checking rayon v1.12.0
[INFO] [stderr]     Checking dirs-sys v0.5.0
[INFO] [stderr]     Checking testing_table v0.3.0
[INFO] [stderr]     Checking toml_writer v1.1.2+spec-1.1.0
[INFO] [stderr]     Checking unicode-segmentation v1.13.3
[INFO] [stderr]     Checking directories v6.0.0
[INFO] [stderr]     Checking chrono v0.4.45
[INFO] [stderr]     Checking unicode-ellipsis v0.6.0
[INFO] [stderr]     Checking human_bytes v0.4.3
[INFO] [stderr]     Checking supports-hyperlinks v3.2.0
[INFO] [stderr]     Checking dunce v1.0.5
[INFO] [stderr]     Checking osc8 v0.1.0
[INFO] [stderr]     Checking toml_datetime v1.1.1+spec-1.1.0
[INFO] [stderr]     Checking serde_spanned v1.1.1
[INFO] [stderr]     Checking toml v1.1.4+spec-1.1.0
[INFO] [stderr]    Compiling clap_derive v4.6.4
[INFO] [stderr]    Compiling serde_derive v1.0.229
[INFO] [stderr]     Checking dir-size v0.1.1
[INFO] [stderr]    Compiling proc-macro-error2 v2.0.1
[INFO] [stderr]    Compiling strum_macros v0.28.0
[INFO] [stderr]    Compiling tabled_derive v0.11.0
[INFO] [stderr]     Checking clap v4.6.5
[INFO] [stderr]     Checking tabled v0.21.0
[INFO] [stderr]     Checking strum v0.28.0
[INFO] [stderr]     Checking bestls v0.4.0 (/opt/rustwide/workdir)
[INFO] [stdout] error[E0433]: cannot find `windows` in `os`
[INFO] [stdout]  --> src/entry.rs:6:9
[INFO] [stdout]   |
[INFO] [stdout] 6 |     os::windows::prelude::*,
[INFO] [stdout]   |         ^^^^^^^ could not find `windows` in `os`
[INFO] [stdout]   |
[INFO] [stdout] note: found an item that was configured out
[INFO] [stdout]  --> /rustc/3154cc1a3e6424e44f438a95007d043ed5ceaaf6/library/std/src/os/mod.rs:62:4
[INFO] [stdout]   |
[INFO] [stdout]   = note: the item is gated behind the `windows` feature
[INFO] [stdout] 
[INFO] [stdout] 
[INFO] [stdout] error[E0433]: cannot find `windows` in `os`
[INFO] [stdout]  --> src/entry.rs:6:9
[INFO] [stdout]   |
[INFO] [stdout] 6 |     os::windows::prelude::*,
[INFO] [stdout]   |         ^^^^^^^ could not find `windows` in `os`
[INFO] [stdout]   |
[INFO] [stdout] note: found an item that was configured out
[INFO] [stdout]  --> /rustc/3154cc1a3e6424e44f438a95007d043ed5ceaaf6/library/std/src/os/mod.rs:62:4
[INFO] [stdout]   |
[INFO] [stdout]   = note: the item is gated behind the `windows` feature
[INFO] [stdout] 
[INFO] [stdout] 
[INFO] [stdout] error[E0599]: no method named `file_attributes` found for reference `&Metadata` in the current scope
[INFO] [stdout]   --> src/entry.rs:18:31
[INFO] [stdout]    |
[INFO] [stdout] 18 |     let attributes = metadata.file_attributes();
[INFO] [stdout]    |                               ^^^^^^^^^^^^^^^
[INFO] [stdout]    |
[INFO] [stdout] help: there is a method `file_type` with a similar name
[INFO] [stdout]    |
[INFO] [stdout] 18 -     let attributes = metadata.file_attributes();
[INFO] [stdout] 18 +     let attributes = metadata.file_type();
[INFO] [stdout]    |
[INFO] [stdout] 
[INFO] [stdout] 
[INFO] [stdout] error[E0599]: no method named `file_attributes` found for reference `&Metadata` in the current scope
[INFO] [stdout]   --> src/entry.rs:18:31
[INFO] [stdout]    |
[INFO] [stdout] 18 |     let attributes = metadata.file_attributes();
[INFO] [stdout]    |                               ^^^^^^^^^^^^^^^
[INFO] [stdout]    |
[INFO] [stdout] help: there is a method `file_type` with a similar name
[INFO] [stdout]    |
[INFO] [stdout] 18 -     let attributes = metadata.file_attributes();
[INFO] [stdout] 18 +     let attributes = metadata.file_type();
[INFO] [stdout]    |
[INFO] [stdout] 
[INFO] [stdout] 
[INFO] [stdout] Some errors have detailed explanations: E0433, E0599.
[INFO] [stdout] 
[INFO] [stdout] For more information about an error, try `rustc --explain E0433`.
[INFO] [stdout] 
[INFO] [stdout] Some errors have detailed explanations: E0433, E0599.
[INFO] [stdout] 
[INFO] [stdout] For more information about an error, try `rustc --explain E0433`.
[INFO] [stdout] 
[INFO] [stderr] error: could not compile `bestls` (bin "bls" test) due to 2 previous errors
[INFO] [stderr] warning: build failed, waiting for other jobs to finish...
[INFO] [stderr] error: could not compile `bestls` (bin "bls") due to 2 previous errors
[INFO] [stderr] warning: unused dependency `strum`
[INFO] [stderr]   --> Cargo.toml:29:15
[INFO] [stderr]    |
[INFO] [stderr] 29 | [dependencies.strum]
[INFO] [stderr]    |               ^^^^^^
[INFO] [stderr]    |
[INFO] [stderr]    = note: `cargo::unused_dependencies` is set to `warn` by default
[INFO] [stderr] help: consider removing the dependency on `strum`
[INFO] [stderr] warning: `bestls` (manifest) generated 1 warning
[INFO] running `Command { std: "docker" "inspect" "e9ef3766def3e0d35f596cbdc71b15e714ae2e60596c90ce78e584a4e8718a70", kill_on_drop: false }`
[INFO] running `Command { std: "docker" "rm" "-f" "e9ef3766def3e0d35f596cbdc71b15e714ae2e60596c90ce78e584a4e8718a70", kill_on_drop: false }`
[INFO] [stdout] e9ef3766def3e0d35f596cbdc71b15e714ae2e60596c90ce78e584a4e8718a70
