[INFO] cloning repository https://github.com/Guesty3dhbj/SiSytem
[INFO] running `Command { std: "git" "-c" "credential.helper=" "-c" "credential.helper=/workspace/cargo-home/bin/git-credential-null" "clone" "--bare" "https://github.com/Guesty3dhbj/SiSytem" "/workspace/cache/git-repos/https%3A%2F%2Fgithub.com%2FGuesty3dhbj%2FSiSytem", kill_on_drop: false }`
[INFO] [stderr] Cloning into bare repository '/workspace/cache/git-repos/https%3A%2F%2Fgithub.com%2FGuesty3dhbj%2FSiSytem'...
[INFO] running `Command { std: "git" "rev-parse" "HEAD", kill_on_drop: false }`
[INFO] [stdout] 2e7be948fc435d0e4cfdd287e001b17548e0fe96
[INFO] checking Guesty3dhbj/SiSytem against 3154cc1a3e6424e44f438a95007d043ed5ceaaf6 for pr-133502-30
[INFO] running `Command { std: "git" "clone" "/workspace/cache/git-repos/https%3A%2F%2Fgithub.com%2FGuesty3dhbj%2FSiSytem" "/workspace/builds/worker-3-tc2/source", kill_on_drop: false }`
[INFO] [stderr] Cloning into '/workspace/builds/worker-3-tc2/source'...
[INFO] [stderr] done.
[INFO] started tweaking git repo https://github.com/Guesty3dhbj/SiSytem
[INFO] finished tweaking git repo https://github.com/Guesty3dhbj/SiSytem
[INFO] tweaked toml for git repo https://github.com/Guesty3dhbj/SiSytem written to /workspace/builds/worker-3-tc2/source/Cargo.toml
[INFO] validating manifest of git repo https://github.com/Guesty3dhbj/SiSytem on toolchain 3154cc1a3e6424e44f438a95007d043ed5ceaaf6
[INFO] running `Command { std: CARGO_HOME="/workspace/cargo-home" RUSTUP_HOME="/workspace/rustup-home" "/workspace/cargo-home/bin/cargo" "+3154cc1a3e6424e44f438a95007d043ed5ceaaf6" "metadata" "--manifest-path" "Cargo.toml" "--no-deps", kill_on_drop: false }`
[INFO] crate git repo https://github.com/Guesty3dhbj/SiSytem already has a lockfile, it will not be regenerated
[INFO] running `Command { std: CARGO_HOME="/workspace/cargo-home" RUSTUP_HOME="/workspace/rustup-home" "/workspace/cargo-home/bin/cargo" "+3154cc1a3e6424e44f438a95007d043ed5ceaaf6" "fetch" "--manifest-path" "Cargo.toml", kill_on_drop: false }`
[INFO] running `Command { std: "docker" "create" "-v" "/var/lib/crater-agent-workspace/builds/worker-3-tc2/source:/opt/rustwide/workdir:ro,Z" "-v" "/var/lib/crater-agent-workspace/builds/worker-3-tc2/target:/opt/rustwide/target:rw,Z" "-v" "/var/lib/crater-agent-workspace/cargo-home:/opt/rustwide/cargo-home:ro,Z" "-v" "/var/lib/crater-agent-workspace/rustup-home:/opt/rustwide/rustup-home:ro,Z" "-m" "1610612736" "--network" "none" "ghcr.io/rust-lang/crates-build-env/linux@sha256:77db811e55d90add9212f6832c23229e3de5f1c1f9905e8cb07319ea15df73ac" "sleep" "infinity", kill_on_drop: false }`
[INFO] [stdout] db24270ad3b94823172f5a85c016056fb9eadaab7d1c489c4f182d938d08b40f
[INFO] running `Command { std: "docker" "start" "db24270ad3b94823172f5a85c016056fb9eadaab7d1c489c4f182d938d08b40f", kill_on_drop: false }`
[INFO] running `Command { std: "docker" "inspect" "db24270ad3b94823172f5a85c016056fb9eadaab7d1c489c4f182d938d08b40f", kill_on_drop: false }`
[INFO] running `Command { std: "docker" "exec" "-e" "SOURCE_DIR=/opt/rustwide/workdir" "-e" "CARGO_HOME=/opt/rustwide/cargo-home" "-e" "RUSTUP_HOME=/opt/rustwide/rustup-home" "-e" "CARGO_TARGET_DIR=/opt/rustwide/target" "-w" "/opt/rustwide/workdir" "--user" "0:0" "db24270ad3b94823172f5a85c016056fb9eadaab7d1c489c4f182d938d08b40f" "/opt/rustwide/cargo-home/bin/cargo" "+3154cc1a3e6424e44f438a95007d043ed5ceaaf6" "metadata" "--no-deps" "--format-version=1", kill_on_drop: false }`
[INFO] running `Command { std: "docker" "inspect" "db24270ad3b94823172f5a85c016056fb9eadaab7d1c489c4f182d938d08b40f", kill_on_drop: false }`
[INFO] running `Command { std: "docker" "exec" "-e" "SOURCE_DIR=/opt/rustwide/workdir" "-e" "CARGO_HOME=/opt/rustwide/cargo-home" "-e" "RUSTUP_HOME=/opt/rustwide/rustup-home" "-e" "CARGO_TARGET_DIR=/opt/rustwide/target" "-e" "CARGO_INCREMENTAL=0" "-e" "RUST_BACKTRACE=full" "-e" "RUSTFLAGS=--cap-lints=forbid" "-e" "RUSTDOCFLAGS=--cap-lints=forbid" "-w" "/opt/rustwide/workdir" "--user" "0:0" "db24270ad3b94823172f5a85c016056fb9eadaab7d1c489c4f182d938d08b40f" "/opt/rustwide/cargo-home/bin/cargo" "+3154cc1a3e6424e44f438a95007d043ed5ceaaf6" "check" "--frozen" "--all" "--all-targets" "--message-format=json", kill_on_drop: false }`
[INFO] [stderr]    Compiling syn v2.0.119
[INFO] [stderr]    Compiling libc v0.2.189
[INFO] [stderr]    Compiling syn v3.0.4
[INFO] [stderr]    Compiling crossbeam-epoch v0.9.20
[INFO] [stderr]    Compiling crossbeam-deque v0.8.7
[INFO] [stderr]    Compiling nix v0.31.3
[INFO] [stderr]     Checking either v1.18.0
[INFO] [stderr]     Checking nvml-wrapper-sys v0.8.0
[INFO] [stderr]     Checking clap_builder v4.6.6
[INFO] [stderr]     Checking rayon-core v1.13.0
[INFO] [stderr]     Checking rayon v1.12.0
[INFO] [stderr]     Checking atty v0.2.14
[INFO] [stderr]     Checking sysinfo v0.39.6
[INFO] [stderr]     Checking sysinfo v0.32.1
[INFO] [stderr]    Compiling darling_core v0.20.11
[INFO] [stderr]    Compiling serde_derive v1.0.229
[INFO] [stderr]    Compiling clap_derive v4.6.4
[INFO] [stderr]    Compiling thiserror-impl v1.0.69
[INFO] [stderr]     Checking thiserror v1.0.69
[INFO] [stderr]     Checking clap v4.6.6
[INFO] [stderr]    Compiling darling_macro v0.20.11
[INFO] [stderr]    Compiling darling v0.20.11
[INFO] [stderr]    Compiling wrapcenum-derive v0.4.1
[INFO] [stderr]     Checking nvml-wrapper v0.10.0
[INFO] [stderr]     Checking serde v1.0.229
[INFO] [stderr]     Checking os_info v3.15.0
[INFO] [stderr]     Checking gpuinfo v0.2.0
[INFO] [stderr]     Checking SiSytem v0.1.0 (/opt/rustwide/workdir)
[INFO] [stdout] error[E0432]: unresolved import `Whoami`
[INFO] [stdout]  --> src/other.rs:1:5
[INFO] [stdout]   |
[INFO] [stdout] 1 | use Whoami::Whoami;
[INFO] [stdout]   |     ^^^^^^ use of undeclared type `Whoami`
[INFO] [stdout] 
[INFO] [stdout] 
[INFO] [stdout] error[E0432]: unresolved import `os_detect`
[INFO] [stdout]  --> src/os.rs:3:5
[INFO] [stdout]   |
[INFO] [stdout] 3 | use os_detect::OperatingSystem;
[INFO] [stdout]   |     ^^^^^^^^^ use of unresolved module or unlinked crate `os_detect`
[INFO] [stdout]   |
[INFO] [stdout]   = help: if you wanted to use a crate named `os_detect`, use `cargo add os_detect` to add it to your `Cargo.toml`
[INFO] [stdout] 
[INFO] [stdout] 
[INFO] [stdout] error[E0432]: unresolved import `gpuinfo::GPUInfo`
[INFO] [stdout]  --> src/gpu.rs:1:5
[INFO] [stdout]   |
[INFO] [stdout] 1 | use gpuinfo::GPUInfo;
[INFO] [stdout]   |     ^^^^^^^^^-------
[INFO] [stdout]   |              |
[INFO] [stdout]   |              no `GPUInfo` in the root
[INFO] [stdout] 
[INFO] [stdout] 
[INFO] [stdout] error[E0425]: cannot find function `gpu_driver` in module `gpu`
[INFO] [stdout]   --> src/main.rs:37:10
[INFO] [stdout]    |
[INFO] [stdout] 37 |     gpu::gpu_driver();
[INFO] [stdout]    |          ^^^^^^^^^^ not found in `gpu`
[INFO] [stdout] 
[INFO] [stdout] 
[INFO] [stdout] warning: unused import: `RefreshKind`
[INFO] [stdout]  --> src/cpu.rs:1:39
[INFO] [stdout]   |
[INFO] [stdout] 1 | use sysinfo::{System, CpuRefreshKind, RefreshKind};
[INFO] [stdout]   |                                       ^^^^^^^^^^^
[INFO] [stdout]   |
[INFO] [stdout]   = note: `#[warn(unused_imports)]` (part of `#[warn(unused)]`) on by default
[INFO] [stdout] 
[INFO] [stdout] 
[INFO] [stdout] error[E0432]: unresolved import `Whoami`
[INFO] [stdout]  --> src/other.rs:1:5
[INFO] [stdout]   |
[INFO] [stdout] 1 | use Whoami::Whoami;
[INFO] [stdout]   |     ^^^^^^ use of undeclared type `Whoami`
[INFO] [stdout] 
[INFO] [stdout] 
[INFO] [stdout] error[E0432]: unresolved import `os_detect`
[INFO] [stdout]  --> src/os.rs:3:5
[INFO] [stdout]   |
[INFO] [stdout] 3 | use os_detect::OperatingSystem;
[INFO] [stdout]   |     ^^^^^^^^^ use of unresolved module or unlinked crate `os_detect`
[INFO] [stdout]   |
[INFO] [stdout]   = help: if you wanted to use a crate named `os_detect`, use `cargo add os_detect` to add it to your `Cargo.toml`
[INFO] [stdout] 
[INFO] [stdout] 
[INFO] [stdout] error[E0432]: unresolved import `gpuinfo::GPUInfo`
[INFO] [stdout]  --> src/gpu.rs:1:5
[INFO] [stdout]   |
[INFO] [stdout] 1 | use gpuinfo::GPUInfo;
[INFO] [stdout]   |     ^^^^^^^^^-------
[INFO] [stdout]   |              |
[INFO] [stdout]   |              no `GPUInfo` in the root
[INFO] [stdout] 
[INFO] [stdout] 
[INFO] [stdout] error[E0425]: cannot find function `gpu_driver` in module `gpu`
[INFO] [stdout]   --> src/main.rs:37:10
[INFO] [stdout]    |
[INFO] [stdout] 37 |     gpu::gpu_driver();
[INFO] [stdout]    |          ^^^^^^^^^^ not found in `gpu`
[INFO] [stdout] 
[INFO] [stdout] 
[INFO] [stdout] warning: unused import: `RefreshKind`
[INFO] [stdout]  --> src/cpu.rs:1:39
[INFO] [stdout]   |
[INFO] [stdout] 1 | use sysinfo::{System, CpuRefreshKind, RefreshKind};
[INFO] [stdout]   |                                       ^^^^^^^^^^^
[INFO] [stdout]   |
[INFO] [stdout]   = note: `#[warn(unused_imports)]` (part of `#[warn(unused)]`) on by default
[INFO] [stdout] 
[INFO] [stdout] 
[INFO] [stdout] error[E0599]: no method named `temperature` found for struct `Cpu` in the current scope
[INFO] [stdout]   --> src/cpu.rs:61:30
[INFO] [stdout]    |
[INFO] [stdout] 61 |     let temp = sys.cpus()[0].temperature();
[INFO] [stdout]    |                              ^^^^^^^^^^^ method not found in `Cpu`
[INFO] [stdout] 
[INFO] [stdout] 
[INFO] [stdout] error[E0599]: no method named `temperature` found for struct `Cpu` in the current scope
[INFO] [stdout]   --> src/cpu.rs:61:30
[INFO] [stdout]    |
[INFO] [stdout] 61 |     let temp = sys.cpus()[0].temperature();
[INFO] [stdout]    |                              ^^^^^^^^^^^ method not found in `Cpu`
[INFO] [stdout] 
[INFO] [stdout] 
[INFO] [stdout] error[E0599]: no method named `disks` found for struct `sysinfo::System` in the current scope
[INFO] [stdout]  --> src/disk.rs:5:30
[INFO] [stdout]   |
[INFO] [stdout] 5 |     let name = System::new().disks()[0].name().to_string_lossy().to_string();
[INFO] [stdout]   |                              ^^^^^ method not found in `sysinfo::System`
[INFO] [stdout] 
[INFO] [stdout] 
[INFO] [stdout] error[E0599]: no method named `disks` found for struct `sysinfo::System` in the current scope
[INFO] [stdout]   --> src/disk.rs:12:35
[INFO] [stdout]    |
[INFO] [stdout] 12 |     let disk_type = System::new().disks()[0].file_system().to_string_lossy().to_string();
[INFO] [stdout]    |                                   ^^^^^ method not found in `sysinfo::System`
[INFO] [stdout] 
[INFO] [stdout] 
[INFO] [stdout] error[E0599]: no method named `available_space` found for struct `sysinfo::System` in the current scope
[INFO] [stdout]   --> src/disk.rs:19:35
[INFO] [stdout]    |
[INFO] [stdout] 19 |     let free: u64 = System::new().available_space() / 1024 / 1024 / 1024;
[INFO] [stdout]    |                                   ^^^^^^^^^^^^^^^ method not found in `sysinfo::System`
[INFO] [stdout] 
[INFO] [stdout] 
[INFO] [stdout] error[E0599]: no method named `disks` found for struct `sysinfo::System` in the current scope
[INFO] [stdout]  --> src/disk.rs:5:30
[INFO] [stdout]   |
[INFO] [stdout] 5 |     let name = System::new().disks()[0].name().to_string_lossy().to_string();
[INFO] [stdout]   |                              ^^^^^ method not found in `sysinfo::System`
[INFO] [stdout] 
[INFO] [stdout] 
[INFO] [stdout] error[E0599]: no method named `total_space` found for struct `sysinfo::System` in the current scope
[INFO] [stdout]   --> src/disk.rs:26:36
[INFO] [stdout]    |
[INFO] [stdout] 26 |     let total: u64 = System::new().total_space() / 1024 / 1024 / 1024;
[INFO] [stdout]    |                                    ^^^^^^^^^^^
[INFO] [stdout]    |
[INFO] [stdout] help: there is a method `total_swap` with a similar name
[INFO] [stdout]    |
[INFO] [stdout] 26 -     let total: u64 = System::new().total_space() / 1024 / 1024 / 1024;
[INFO] [stdout] 26 +     let total: u64 = System::new().total_swap() / 1024 / 1024 / 1024;
[INFO] [stdout]    |
[INFO] [stdout] 
[INFO] [stdout] 
[INFO] [stdout] error[E0599]: no method named `disks` found for struct `sysinfo::System` in the current scope
[INFO] [stdout]   --> src/disk.rs:12:35
[INFO] [stdout]    |
[INFO] [stdout] 12 |     let disk_type = System::new().disks()[0].file_system().to_string_lossy().to_string();
[INFO] [stdout]    |                                   ^^^^^ method not found in `sysinfo::System`
[INFO] [stdout] 
[INFO] [stdout] 
[INFO] [stdout] error[E0599]: no method named `used_space` found for struct `sysinfo::System` in the current scope
[INFO] [stdout]   --> src/disk.rs:33:35
[INFO] [stdout]    |
[INFO] [stdout] 33 |     let used: u64 = System::new().used_space() / 1024 / 1024 / 1024;
[INFO] [stdout]    |                                   ^^^^^^^^^^
[INFO] [stdout]    |
[INFO] [stdout] help: there is a method `used_swap` with a similar name
[INFO] [stdout]    |
[INFO] [stdout] 33 -     let used: u64 = System::new().used_space() / 1024 / 1024 / 1024;
[INFO] [stdout] 33 +     let used: u64 = System::new().used_swap() / 1024 / 1024 / 1024;
[INFO] [stdout]    |
[INFO] [stdout] 
[INFO] [stdout] 
[INFO] [stdout] Some errors have detailed explanations: E0425, E0432, E0599.
[INFO] [stdout] 
[INFO] [stdout] For more information about an error, try `rustc --explain E0425`.
[INFO] [stdout] 
[INFO] [stdout] error[E0599]: no method named `available_space` found for struct `sysinfo::System` in the current scope
[INFO] [stdout]   --> src/disk.rs:19:35
[INFO] [stdout]    |
[INFO] [stdout] 19 |     let free: u64 = System::new().available_space() / 1024 / 1024 / 1024;
[INFO] [stdout]    |                                   ^^^^^^^^^^^^^^^ method not found in `sysinfo::System`
[INFO] [stdout] 
[INFO] [stdout] 
[INFO] [stderr] error: could not compile `SiSytem` (bin "SiSytem" test) due to 10 previous errors; 1 warning emitted
[INFO] [stderr] warning: build failed, waiting for other jobs to finish...
[INFO] [stdout] error[E0599]: no method named `total_space` found for struct `sysinfo::System` in the current scope
[INFO] [stdout]   --> src/disk.rs:26:36
[INFO] [stdout]    |
[INFO] [stdout] 26 |     let total: u64 = System::new().total_space() / 1024 / 1024 / 1024;
[INFO] [stdout]    |                                    ^^^^^^^^^^^
[INFO] [stdout]    |
[INFO] [stdout] help: there is a method `total_swap` with a similar name
[INFO] [stdout]    |
[INFO] [stdout] 26 -     let total: u64 = System::new().total_space() / 1024 / 1024 / 1024;
[INFO] [stdout] 26 +     let total: u64 = System::new().total_swap() / 1024 / 1024 / 1024;
[INFO] [stdout]    |
[INFO] [stdout] 
[INFO] [stdout] 
[INFO] [stdout] error[E0599]: no method named `used_space` found for struct `sysinfo::System` in the current scope
[INFO] [stdout]   --> src/disk.rs:33:35
[INFO] [stdout]    |
[INFO] [stdout] 33 |     let used: u64 = System::new().used_space() / 1024 / 1024 / 1024;
[INFO] [stdout]    |                                   ^^^^^^^^^^
[INFO] [stdout]    |
[INFO] [stdout] help: there is a method `used_swap` with a similar name
[INFO] [stdout]    |
[INFO] [stdout] 33 -     let used: u64 = System::new().used_space() / 1024 / 1024 / 1024;
[INFO] [stdout] 33 +     let used: u64 = System::new().used_swap() / 1024 / 1024 / 1024;
[INFO] [stdout]    |
[INFO] [stdout] 
[INFO] [stdout] 
[INFO] [stdout] Some errors have detailed explanations: E0425, E0432, E0599.
[INFO] [stdout] 
[INFO] [stdout] For more information about an error, try `rustc --explain E0425`.
[INFO] [stdout] 
[INFO] [stderr] error: could not compile `SiSytem` (bin "SiSytem") due to 10 previous errors; 1 warning emitted
[INFO] running `Command { std: "docker" "inspect" "db24270ad3b94823172f5a85c016056fb9eadaab7d1c489c4f182d938d08b40f", kill_on_drop: false }`
[INFO] running `Command { std: "docker" "rm" "-f" "db24270ad3b94823172f5a85c016056fb9eadaab7d1c489c4f182d938d08b40f", kill_on_drop: false }`
[INFO] [stdout] db24270ad3b94823172f5a85c016056fb9eadaab7d1c489c4f182d938d08b40f
