[INFO] cloning repository https://github.com/GreeFine/osm-roadtrip
[INFO] running `Command { std: "git" "-c" "credential.helper=" "-c" "credential.helper=/workspace/cargo-home/bin/git-credential-null" "clone" "--bare" "https://github.com/GreeFine/osm-roadtrip" "/workspace/cache/git-repos/https%3A%2F%2Fgithub.com%2FGreeFine%2Fosm-roadtrip", kill_on_drop: false }`
[INFO] [stderr] Cloning into bare repository '/workspace/cache/git-repos/https%3A%2F%2Fgithub.com%2FGreeFine%2Fosm-roadtrip'...
[INFO] running `Command { std: "git" "rev-parse" "HEAD", kill_on_drop: false }`
[INFO] [stdout] 9555042151b5ec732ce127e97204ead441c04924
[INFO] checking GreeFine/osm-roadtrip against 3154cc1a3e6424e44f438a95007d043ed5ceaaf6+rustflags=-Znext-solver=coherence for pr-133502-30
[INFO] running `Command { std: "git" "clone" "/workspace/cache/git-repos/https%3A%2F%2Fgithub.com%2FGreeFine%2Fosm-roadtrip" "/workspace/builds/worker-3-tc1/source", kill_on_drop: false }`
[INFO] [stderr] Cloning into '/workspace/builds/worker-3-tc1/source'...
[INFO] [stderr] done.
[INFO] started tweaking git repo https://github.com/GreeFine/osm-roadtrip
[INFO] finished tweaking git repo https://github.com/GreeFine/osm-roadtrip
[INFO] tweaked toml for git repo https://github.com/GreeFine/osm-roadtrip written to /workspace/builds/worker-3-tc1/source/Cargo.toml
[INFO] validating manifest of git repo https://github.com/GreeFine/osm-roadtrip on toolchain 3154cc1a3e6424e44f438a95007d043ed5ceaaf6
[INFO] running `Command { std: CARGO_HOME="/workspace/cargo-home" RUSTUP_HOME="/workspace/rustup-home" "/workspace/cargo-home/bin/cargo" "+3154cc1a3e6424e44f438a95007d043ed5ceaaf6" "metadata" "--manifest-path" "Cargo.toml" "--no-deps", kill_on_drop: false }`
[INFO] crate git repo https://github.com/GreeFine/osm-roadtrip already has a lockfile, it will not be regenerated
[INFO] running `Command { std: CARGO_HOME="/workspace/cargo-home" RUSTUP_HOME="/workspace/rustup-home" "/workspace/cargo-home/bin/cargo" "+3154cc1a3e6424e44f438a95007d043ed5ceaaf6" "fetch" "--manifest-path" "Cargo.toml", kill_on_drop: false }`
[INFO] [stderr]     Updating crates.io index
[INFO] [stderr]  Downloading crates ...
[INFO] [stderr]   Downloaded separator v0.4.1
[INFO] [stderr]   Downloaded serde_json v1.0.135
[INFO] [stderr]   Downloaded i_key_sort v0.2.0
[INFO] [stderr]   Downloaded i_float v1.6.0
[INFO] [stderr]   Downloaded i_tree v0.8.3
[INFO] [stderr]   Downloaded i_shape v1.6.0
[INFO] [stderr]   Downloaded thiserror-impl v2.0.11
[INFO] [stderr]   Downloaded data-encoding v2.7.0
[INFO] [stderr]   Downloaded iter-progress v0.8.0
[INFO] [stderr]   Downloaded thiserror v2.0.11
[INFO] [stderr]   Downloaded tokio-tungstenite v0.26.1
[INFO] [stderr]   Downloaded console v0.15.10
[INFO] [stderr]   Downloaded rstar v0.12.2
[INFO] [stderr]   Downloaded geo-types v0.7.14
[INFO] [stderr]   Downloaded axum-core v0.5.0
[INFO] [stderr]   Downloaded anyhow v1.0.94
[INFO] [stderr]   Downloaded geographiclib-rs v0.2.4
[INFO] [stderr]   Downloaded indicatif v0.17.9
[INFO] [stderr]   Downloaded tungstenite v0.26.1
[INFO] [stderr]   Downloaded osmio v0.14.0
[INFO] [stderr]   Downloaded axum-extra v0.10.0
[INFO] [stderr]   Downloaded cc v1.2.4
[INFO] [stderr]   Downloaded quick-xml v0.33.0
[INFO] [stderr]   Downloaded protobuf v2.8.2
[INFO] [stderr]   Downloaded axum v0.8.1
[INFO] [stderr]   Downloaded i_overlay v1.9.3
[INFO] [stderr]   Downloaded chrono v0.4.39
[INFO] [stderr]   Downloaded geo v0.29.3
[INFO] [stderr]   Downloaded spade v2.12.1
[INFO] [stderr]   Downloaded robust v1.1.0
[INFO] [stderr]   Downloaded earcutr v0.4.3
[INFO] [stderr]   Downloaded libc v0.2.168
[INFO] running `Command { std: "docker" "create" "-v" "/var/lib/crater-agent-workspace/builds/worker-3-tc1/source:/opt/rustwide/workdir:ro,Z" "-v" "/var/lib/crater-agent-workspace/builds/worker-3-tc1/target:/opt/rustwide/target:rw,Z" "-v" "/var/lib/crater-agent-workspace/cargo-home:/opt/rustwide/cargo-home:ro,Z" "-v" "/var/lib/crater-agent-workspace/rustup-home:/opt/rustwide/rustup-home:ro,Z" "-m" "1610612736" "--network" "none" "ghcr.io/rust-lang/crates-build-env/linux@sha256:77db811e55d90add9212f6832c23229e3de5f1c1f9905e8cb07319ea15df73ac" "sleep" "infinity", kill_on_drop: false }`
[INFO] [stdout] 4b69c11031a8248340b347e7a1fe277e01681085f2ab1f978870bb90d928d78f
[INFO] running `Command { std: "docker" "start" "4b69c11031a8248340b347e7a1fe277e01681085f2ab1f978870bb90d928d78f", kill_on_drop: false }`
[INFO] running `Command { std: "docker" "inspect" "4b69c11031a8248340b347e7a1fe277e01681085f2ab1f978870bb90d928d78f", kill_on_drop: false }`
[INFO] running `Command { std: "docker" "exec" "-e" "SOURCE_DIR=/opt/rustwide/workdir" "-e" "CARGO_HOME=/opt/rustwide/cargo-home" "-e" "RUSTUP_HOME=/opt/rustwide/rustup-home" "-e" "CARGO_TARGET_DIR=/opt/rustwide/target" "-w" "/opt/rustwide/workdir" "--user" "0:0" "4b69c11031a8248340b347e7a1fe277e01681085f2ab1f978870bb90d928d78f" "/opt/rustwide/cargo-home/bin/cargo" "+3154cc1a3e6424e44f438a95007d043ed5ceaaf6" "metadata" "--no-deps" "--format-version=1", kill_on_drop: false }`
[INFO] running `Command { std: "docker" "inspect" "4b69c11031a8248340b347e7a1fe277e01681085f2ab1f978870bb90d928d78f", kill_on_drop: false }`
[INFO] running `Command { std: "docker" "exec" "-e" "SOURCE_DIR=/opt/rustwide/workdir" "-e" "CARGO_HOME=/opt/rustwide/cargo-home" "-e" "RUSTUP_HOME=/opt/rustwide/rustup-home" "-e" "CARGO_TARGET_DIR=/opt/rustwide/target" "-e" "CARGO_INCREMENTAL=0" "-e" "RUST_BACKTRACE=full" "-e" "RUSTFLAGS=--cap-lints=forbid -Znext-solver=coherence" "-e" "RUSTDOCFLAGS=--cap-lints=forbid" "-w" "/opt/rustwide/workdir" "--user" "0:0" "4b69c11031a8248340b347e7a1fe277e01681085f2ab1f978870bb90d928d78f" "/opt/rustwide/cargo-home/bin/cargo" "+3154cc1a3e6424e44f438a95007d043ed5ceaaf6" "check" "--frozen" "--all" "--all-targets" "--message-format=json", kill_on_drop: false }`
[INFO] [stderr]    Compiling proc-macro2 v1.0.92
[INFO] [stderr]    Compiling unicode-ident v1.0.14
[INFO] [stderr]    Compiling libc v0.2.168
[INFO] [stderr]    Compiling serde v1.0.216
[INFO] [stderr]     Checking byteorder v1.5.0
[INFO] [stderr]    Compiling libm v0.2.11
[INFO] [stderr]     Checking log v0.4.22
[INFO] [stderr]    Compiling num-traits v0.2.19
[INFO] [stderr]     Checking tracing-core v0.1.33
[INFO] [stderr]     Checking futures-util v0.3.31
[INFO] [stderr]    Compiling ahash v0.8.11
[INFO] [stderr]     Checking http-body v1.0.1
[INFO] [stderr]     Checking either v1.13.0
[INFO] [stderr]    Compiling rayon-core v1.12.1
[INFO] [stderr]    Compiling thiserror v2.0.11
[INFO] [stderr]    Compiling cc v1.2.4
[INFO] [stderr]    Compiling heapless v0.8.0
[INFO] [stderr]    Compiling rustversion v1.0.18
[INFO] [stderr]    Compiling serde_json v1.0.135
[INFO] [stderr]    Compiling libsqlite3-sys v0.30.1
[INFO] [stderr]     Checking futures-channel v0.3.31
[INFO] [stderr]     Checking stable_deref_trait v1.2.0
[INFO] [stderr]     Checking hash32 v0.3.1
[INFO] [stderr]     Checking utf-8 v0.7.6
[INFO] [stderr]     Checking data-encoding v2.7.0
[INFO] [stderr]    Compiling portable-atomic v1.10.0
[INFO] [stderr]    Compiling anyhow v1.0.94
[INFO] [stderr]    Compiling protobuf v2.8.2
[INFO] [stderr]     Checking miniz_oxide v0.8.2
[INFO] [stderr]     Checking itertools v0.11.0
[INFO] [stderr]     Checking headers-core v0.3.0
[INFO] [stderr]     Checking iana-time-zone v0.1.61
[INFO] [stderr]     Checking i_tree v0.8.3
[INFO] [stderr]     Checking robust v1.1.0
[INFO] [stderr]     Checking unicode-width v0.2.0
[INFO] [stderr]     Checking i_key_sort v0.2.0
[INFO] [stderr]     Checking matchit v0.8.4
[INFO] [stderr]     Checking rayon v1.10.0
[INFO] [stderr]     Checking geographiclib-rs v0.2.4
[INFO] [stderr]     Checking headers v0.4.0
[INFO] [stderr]     Checking mio v1.0.3
[INFO] [stderr]     Checking socket2 v0.5.8
[INFO] [stderr]     Checking getrandom v0.2.15
[INFO] [stderr]     Checking signal-hook-registry v1.4.2
[INFO] [stderr]     Checking iovec v0.1.4
[INFO] [stderr]     Checking console v0.15.10
[INFO] [stderr]     Checking tracing-log v0.2.0
[INFO] [stderr]     Checking rand_core v0.6.4
[INFO] [stderr]     Checking bytes v0.4.12
[INFO] [stderr]     Checking quick-xml v0.33.0
[INFO] [stderr]     Checking thread_local v1.1.8
[INFO] [stderr]     Checking flate2 v1.0.35
[INFO] [stderr]     Checking number_prefix v0.4.0
[INFO] [stderr]    Compiling quote v1.0.37
[INFO] [stderr]     Checking float_next_after v1.0.0
[INFO] [stderr]     Checking iter-progress v0.8.0
[INFO] [stderr]     Checking separator v0.4.1
[INFO] [stderr]     Checking xml-rs v0.8.24
[INFO] [stderr]    Compiling syn v2.0.90
[INFO] [stderr]    Compiling bzip2-sys v0.1.11+1.0.8
[INFO] [stderr]     Checking bzip2 v0.4.4
[INFO] [stderr]     Checking approx v0.5.1
[INFO] [stderr]     Checking earcutr v0.4.3
[INFO] [stderr]     Checking chrono v0.4.39
[INFO] [stderr]     Checking indicatif v0.17.9
[INFO] [stderr]     Checking http-body-util v0.1.2
[INFO] [stderr]    Compiling darling_core v0.20.10
[INFO] [stderr]    Compiling serde_derive v1.0.216
[INFO] [stderr]    Compiling zerocopy-derive v0.7.35
[INFO] [stderr]    Compiling tokio-macros v2.5.0
[INFO] [stderr]    Compiling tracing-attributes v0.1.28
[INFO] [stderr]    Compiling thiserror-impl v2.0.11
[INFO] [stderr]    Compiling axum-macros v0.5.0
[INFO] [stderr]     Checking zerocopy v0.7.35
[INFO] [stderr]     Checking tracing v0.1.41
[INFO] [stderr]     Checking axum-core v0.5.0
[INFO] [stderr]     Checking tower-http v0.6.2
[INFO] [stderr]     Checking ppv-lite86 v0.2.20
[INFO] [stderr]     Checking hashbrown v0.14.5
[INFO] [stderr]     Checking rand_chacha v0.3.1
[INFO] [stderr]    Compiling darling_macro v0.20.10
[INFO] [stderr]     Checking rand v0.8.5
[INFO] [stderr]    Compiling darling v0.20.10
[INFO] [stderr]    Compiling derive_builder_core v0.20.2
[INFO] [stderr]     Checking hashlink v0.9.1
[INFO] [stderr]     Checking tungstenite v0.26.1
[INFO] [stderr]    Compiling derive_builder_macro v0.20.2
[INFO] [stderr]     Checking derive_builder v0.20.2
[INFO] [stderr]     Checking smallvec v1.13.2
[INFO] [stderr]     Checking i_float v1.6.0
[INFO] [stderr]     Checking serde_urlencoded v0.7.1
[INFO] [stderr]     Checking serde_path_to_error v0.1.16
[INFO] [stderr]     Checking smol_str v0.3.2
[INFO] [stderr]     Checking bincode v1.3.3
[INFO] [stderr]     Checking parking_lot_core v0.9.10
[INFO] [stderr]     Checking rstar v0.12.2
[INFO] [stderr]     Checking spade v2.12.1
[INFO] [stderr]     Checking rusqlite v0.32.1
[INFO] [stderr]     Checking tracing-subscriber v0.3.19
[INFO] [stderr]     Checking i_shape v1.6.0
[INFO] [stderr]     Checking parking_lot v0.12.3
[INFO] [stderr]     Checking i_overlay v1.9.3
[INFO] [stderr]     Checking tokio v1.43.0
[INFO] [stderr]     Checking geo-types v0.7.14
[INFO] [stderr]     Checking osmio v0.14.0
[INFO] [stderr]     Checking geo v0.29.3
[INFO] [stderr]     Checking hyper v1.5.2
[INFO] [stderr]     Checking tower v0.5.2
[INFO] [stderr]     Checking tokio-tungstenite v0.26.1
[INFO] [stderr]     Checking hyper-util v0.1.10
[INFO] [stderr]     Checking axum v0.8.1
[INFO] [stderr]     Checking axum-extra v0.10.0
[INFO] [stderr]     Checking osm-viewver v0.1.0 (/opt/rustwide/workdir)
[INFO] [stdout] error[E0425]: cannot find function `highways` in module `cache`
[INFO] [stdout]    --> src/api.rs:447:29
[INFO] [stdout]     |
[INFO] [stdout] 447 |     LazyLock::new(|| cache::highways(OSM_FILENAME).expect("Failed to read highways files"));
[INFO] [stdout]     |                             ^^^^^^^^ not found in `cache`
[INFO] [stdout] 
[INFO] [stdout] 
[INFO] [stdout] error[E0425]: cannot find value `nodes` in this scope
[INFO] [stdout]    --> src/cache.rs:109:56
[INFO] [stdout]     |
[INFO] [stdout] 109 |             highway_buff.push(Highway::from((way, &mut nodes)));
[INFO] [stdout]     |                                                        ^^^^^ not found in this scope
[INFO] [stdout] 
[INFO] [stdout] 
[INFO] [stdout] error[E0425]: cannot find value `highway` in this scope
[INFO] [stdout]    --> src/cache.rs:122:49
[INFO] [stdout]     |
[INFO] [stdout] 122 |         info!("Number of highway in file : {}", highway.len());
[INFO] [stdout]     |                                                 ^^^^^^^ not found in this scope
[INFO] [stdout] 
[INFO] [stdout] 
[INFO] [stdout] error[E0425]: cannot find value `highway` in this scope
[INFO] [stdout]    --> src/cache.rs:180:47
[INFO] [stdout]     |
[INFO] [stdout] 180 |         info!("Number of nodes in file : {}", highway.len());
[INFO] [stdout]     |                                               ^^^^^^^ not found in this scope
[INFO] [stdout] 
[INFO] [stdout] 
[INFO] [stdout] error[E0425]: cannot find function `highways` in module `cache`
[INFO] [stdout]    --> src/api.rs:447:29
[INFO] [stdout]     |
[INFO] [stdout] 447 |     LazyLock::new(|| cache::highways(OSM_FILENAME).expect("Failed to read highways files"));
[INFO] [stdout]     |                             ^^^^^^^^ not found in `cache`
[INFO] [stdout] 
[INFO] [stdout] 
[INFO] [stdout] error[E0425]: cannot find value `nodes` in this scope
[INFO] [stdout]    --> src/cache.rs:109:56
[INFO] [stdout]     |
[INFO] [stdout] 109 |             highway_buff.push(Highway::from((way, &mut nodes)));
[INFO] [stdout]     |                                                        ^^^^^ not found in this scope
[INFO] [stdout] 
[INFO] [stdout] 
[INFO] [stdout] error[E0425]: cannot find value `highway` in this scope
[INFO] [stdout]    --> src/cache.rs:122:49
[INFO] [stdout]     |
[INFO] [stdout] 122 |         info!("Number of highway in file : {}", highway.len());
[INFO] [stdout]     |                                                 ^^^^^^^ not found in this scope
[INFO] [stdout] 
[INFO] [stdout] 
[INFO] [stdout] error[E0425]: cannot find value `highway` in this scope
[INFO] [stdout]    --> src/cache.rs:180:47
[INFO] [stdout]     |
[INFO] [stdout] 180 |         info!("Number of nodes in file : {}", highway.len());
[INFO] [stdout]     |                                               ^^^^^^^ not found in this scope
[INFO] [stdout] 
[INFO] [stdout] 
[INFO] [stdout] error[E0282]: type annotations needed
[INFO] [stdout]    --> src/cache.rs:159:43
[INFO] [stdout]     |
[INFO] [stdout] 159 |             let cache_filepath = filepath.as_ref().to_path_buf().with_file_name(format!(
[INFO] [stdout]     |                                           ^^^^^^
[INFO] [stdout]     |
[INFO] [stdout] help: try using a fully qualified path to specify the expected types
[INFO] [stdout]     |
[INFO] [stdout] 159 -             let cache_filepath = filepath.as_ref().to_path_buf().with_file_name(format!(
[INFO] [stdout] 159 +             let cache_filepath = <PathBuf as AsRef<T>>::as_ref(&filepath).to_path_buf().with_file_name(format!(
[INFO] [stdout]     |
[INFO] [stdout] 
[INFO] [stdout] 
[INFO] [stdout] warning: unused variable: `id`
[INFO] [stdout]    --> src/cache.rs:126:12
[INFO] [stdout]     |
[INFO] [stdout] 126 |     fn get(id: i64) {
[INFO] [stdout]     |            ^^ help: if this is intentional, prefix it with an underscore: `_id`
[INFO] [stdout]     |
[INFO] [stdout]     = note: `#[warn(unused_variables)]` (part of `#[warn(unused)]`) on by default
[INFO] [stdout] 
[INFO] [stdout] 
[INFO] [stdout] Some errors have detailed explanations: E0282, E0425.
[INFO] [stdout] 
[INFO] [stdout] For more information about an error, try `rustc --explain E0282`.
[INFO] [stdout] 
[INFO] [stderr] error: could not compile `osm-viewver` (bin "osm-viewver" test) due to 5 previous errors; 1 warning emitted
[INFO] [stdout] error[E0282]: type annotations needed
[INFO] [stdout]    --> src/cache.rs:159:43
[INFO] [stdout]     |
[INFO] [stdout] 159 |             let cache_filepath = filepath.as_ref().to_path_buf().with_file_name(format!(
[INFO] [stdout]     |                                           ^^^^^^
[INFO] [stdout]     |
[INFO] [stdout] help: try using a fully qualified path to specify the expected types
[INFO] [stdout]     |
[INFO] [stdout] 159 -             let cache_filepath = filepath.as_ref().to_path_buf().with_file_name(format!(
[INFO] [stdout] 159 +             let cache_filepath = <PathBuf as AsRef<T>>::as_ref(&filepath).to_path_buf().with_file_name(format!(
[INFO] [stdout]     |
[INFO] [stdout] 
[INFO] [stdout] 
[INFO] [stderr] warning: build failed, waiting for other jobs to finish...
[INFO] [stdout] warning: unused variable: `id`
[INFO] [stdout]    --> src/cache.rs:126:12
[INFO] [stdout]     |
[INFO] [stdout] 126 |     fn get(id: i64) {
[INFO] [stdout]     |            ^^ help: if this is intentional, prefix it with an underscore: `_id`
[INFO] [stdout]     |
[INFO] [stdout]     = note: `#[warn(unused_variables)]` (part of `#[warn(unused)]`) on by default
[INFO] [stdout] 
[INFO] [stdout] 
[INFO] [stdout] Some errors have detailed explanations: E0282, E0425.
[INFO] [stdout] 
[INFO] [stdout] For more information about an error, try `rustc --explain E0282`.
[INFO] [stdout] 
[INFO] [stderr] error: could not compile `osm-viewver` (bin "osm-viewver") due to 5 previous errors; 1 warning emitted
[INFO] [stderr] warning: unused dependency `geo`
[INFO] [stderr]   --> Cargo.toml:17:15
[INFO] [stderr]    |
[INFO] [stderr] 17 | [dependencies.geo]
[INFO] [stderr]    |               ^^^^
[INFO] [stderr]    |
[INFO] [stderr]    = note: `cargo::unused_dependencies` is set to `warn` by default
[INFO] [stderr] help: consider removing the dependency on `geo`
[INFO] [stderr] warning: `osm-viewver` (manifest) generated 1 warning
[INFO] running `Command { std: "docker" "inspect" "4b69c11031a8248340b347e7a1fe277e01681085f2ab1f978870bb90d928d78f", kill_on_drop: false }`
[INFO] running `Command { std: "docker" "rm" "-f" "4b69c11031a8248340b347e7a1fe277e01681085f2ab1f978870bb90d928d78f", kill_on_drop: false }`
[INFO] [stdout] 4b69c11031a8248340b347e7a1fe277e01681085f2ab1f978870bb90d928d78f
