[INFO] cloning repository https://github.com/GongSunFangYun/ZombiesWeaponTool
[INFO] running `Command { std: "git" "-c" "credential.helper=" "-c" "credential.helper=/workspace/cargo-home/bin/git-credential-null" "clone" "--bare" "https://github.com/GongSunFangYun/ZombiesWeaponTool" "/workspace/cache/git-repos/https%3A%2F%2Fgithub.com%2FGongSunFangYun%2FZombiesWeaponTool", kill_on_drop: false }`
[INFO] [stderr] Cloning into bare repository '/workspace/cache/git-repos/https%3A%2F%2Fgithub.com%2FGongSunFangYun%2FZombiesWeaponTool'...
[INFO] running `Command { std: "git" "rev-parse" "HEAD", kill_on_drop: false }`
[INFO] [stdout] 273e166254c1e1c864de107daa09af14c53c7b02
[INFO] checking GongSunFangYun/ZombiesWeaponTool against 3154cc1a3e6424e44f438a95007d043ed5ceaaf6 for pr-133502-30
[INFO] running `Command { std: "git" "clone" "/workspace/cache/git-repos/https%3A%2F%2Fgithub.com%2FGongSunFangYun%2FZombiesWeaponTool" "/workspace/builds/worker-4-tc2/source", kill_on_drop: false }`
[INFO] [stderr] Cloning into '/workspace/builds/worker-4-tc2/source'...
[INFO] [stderr] done.
[INFO] started tweaking git repo https://github.com/GongSunFangYun/ZombiesWeaponTool
[INFO] finished tweaking git repo https://github.com/GongSunFangYun/ZombiesWeaponTool
[INFO] tweaked toml for git repo https://github.com/GongSunFangYun/ZombiesWeaponTool written to /workspace/builds/worker-4-tc2/source/Cargo.toml
[INFO] validating manifest of git repo https://github.com/GongSunFangYun/ZombiesWeaponTool on toolchain 3154cc1a3e6424e44f438a95007d043ed5ceaaf6
[INFO] running `Command { std: CARGO_HOME="/workspace/cargo-home" RUSTUP_HOME="/workspace/rustup-home" "/workspace/cargo-home/bin/cargo" "+3154cc1a3e6424e44f438a95007d043ed5ceaaf6" "metadata" "--manifest-path" "Cargo.toml" "--no-deps", kill_on_drop: false }`
[INFO] crate git repo https://github.com/GongSunFangYun/ZombiesWeaponTool already has a lockfile, it will not be regenerated
[INFO] running `Command { std: CARGO_HOME="/workspace/cargo-home" RUSTUP_HOME="/workspace/rustup-home" "/workspace/cargo-home/bin/cargo" "+3154cc1a3e6424e44f438a95007d043ed5ceaaf6" "fetch" "--manifest-path" "Cargo.toml", kill_on_drop: false }`
[INFO] running `Command { std: "docker" "create" "-v" "/var/lib/crater-agent-workspace/builds/worker-4-tc2/source:/opt/rustwide/workdir:ro,Z" "-v" "/var/lib/crater-agent-workspace/builds/worker-4-tc2/target:/opt/rustwide/target:rw,Z" "-v" "/var/lib/crater-agent-workspace/cargo-home:/opt/rustwide/cargo-home:ro,Z" "-v" "/var/lib/crater-agent-workspace/rustup-home:/opt/rustwide/rustup-home:ro,Z" "-m" "1610612736" "--network" "none" "ghcr.io/rust-lang/crates-build-env/linux@sha256:77db811e55d90add9212f6832c23229e3de5f1c1f9905e8cb07319ea15df73ac" "sleep" "infinity", kill_on_drop: false }`
[INFO] [stdout] ed32489ad4f57f09fa8dff3a6338c79c2dde23be415f77d1544c6bdfd79a747f
[INFO] running `Command { std: "docker" "start" "ed32489ad4f57f09fa8dff3a6338c79c2dde23be415f77d1544c6bdfd79a747f", kill_on_drop: false }`
[INFO] running `Command { std: "docker" "inspect" "ed32489ad4f57f09fa8dff3a6338c79c2dde23be415f77d1544c6bdfd79a747f", kill_on_drop: false }`
[INFO] running `Command { std: "docker" "exec" "-e" "SOURCE_DIR=/opt/rustwide/workdir" "-e" "CARGO_HOME=/opt/rustwide/cargo-home" "-e" "RUSTUP_HOME=/opt/rustwide/rustup-home" "-e" "CARGO_TARGET_DIR=/opt/rustwide/target" "-w" "/opt/rustwide/workdir" "--user" "0:0" "ed32489ad4f57f09fa8dff3a6338c79c2dde23be415f77d1544c6bdfd79a747f" "/opt/rustwide/cargo-home/bin/cargo" "+3154cc1a3e6424e44f438a95007d043ed5ceaaf6" "metadata" "--no-deps" "--format-version=1", kill_on_drop: false }`
[INFO] running `Command { std: "docker" "inspect" "ed32489ad4f57f09fa8dff3a6338c79c2dde23be415f77d1544c6bdfd79a747f", kill_on_drop: false }`
[INFO] running `Command { std: "docker" "exec" "-e" "SOURCE_DIR=/opt/rustwide/workdir" "-e" "CARGO_HOME=/opt/rustwide/cargo-home" "-e" "RUSTUP_HOME=/opt/rustwide/rustup-home" "-e" "CARGO_TARGET_DIR=/opt/rustwide/target" "-e" "CARGO_INCREMENTAL=0" "-e" "RUST_BACKTRACE=full" "-e" "RUSTFLAGS=--cap-lints=forbid" "-e" "RUSTDOCFLAGS=--cap-lints=forbid" "-w" "/opt/rustwide/workdir" "--user" "0:0" "ed32489ad4f57f09fa8dff3a6338c79c2dde23be415f77d1544c6bdfd79a747f" "/opt/rustwide/cargo-home/bin/cargo" "+3154cc1a3e6424e44f438a95007d043ed5ceaaf6" "check" "--frozen" "--all" "--all-targets" "--message-format=json", kill_on_drop: false }`
[INFO] [stderr]    Compiling proc-macro2 v1.0.107
[INFO] [stderr]    Compiling quote v1.0.47
[INFO] [stderr]    Compiling libc v0.2.189
[INFO] [stderr]     Checking bitflags v2.13.1
[INFO] [stderr]    Compiling pkg-config v0.3.33
[INFO] [stderr]    Compiling serde_core v1.0.229
[INFO] [stderr]     Checking log v0.4.33
[INFO] [stderr]     Checking foldhash v0.2.0
[INFO] [stderr]     Checking smallvec v1.15.2
[INFO] [stderr]    Compiling rustix v1.1.4
[INFO] [stderr]    Compiling strsim v0.11.1
[INFO] [stderr]    Compiling thiserror v2.0.19
[INFO] [stderr]    Compiling ident_case v1.0.1
[INFO] [stderr]     Checking linux-raw-sys v0.12.1
[INFO] [stderr]    Compiling heck v0.5.0
[INFO] [stderr]     Checking either v1.17.0
[INFO] [stderr]    Compiling cc v1.4.0
[INFO] [stderr]     Checking castaway v0.2.4
[INFO] [stderr]     Checking hashbrown v0.17.1
[INFO] [stderr]     Checking hashbrown v0.16.1
[INFO] [stderr]     Checking itertools v0.14.0
[INFO] [stderr]    Compiling wayland-sys v0.31.11
[INFO] [stderr]     Checking libloading v0.8.9
[INFO] [stderr]    Compiling serde v1.0.229
[INFO] [stderr]    Compiling syn v2.0.119
[INFO] [stderr]    Compiling syn v3.0.3
[INFO] [stderr]    Compiling unicode-segmentation v1.13.3
[INFO] [stderr]    Compiling instability v0.3.12
[INFO] [stderr]    Compiling signal-hook v0.3.18
[INFO] [stderr]     Checking unicode-width v0.2.0
[INFO] [stderr]     Checking errno v0.3.14
[INFO] [stderr]     Checking signal-hook-registry v1.4.8
[INFO] [stderr]    Compiling convert_case v0.10.0
[INFO] [stderr]     Checking compact_str v0.9.1
[INFO] [stderr]     Checking lru v0.18.1
[INFO] [stderr]    Compiling wayland-backend v0.3.16
[INFO] [stderr]     Checking dlib v0.5.3
[INFO] [stderr]    Compiling indoc v2.0.7
[INFO] [stderr]     Checking critical-section v1.2.0
[INFO] [stderr]    Compiling quick-xml v0.41.0
[INFO] [stderr]     Checking parking_lot_core v0.9.12
[INFO] [stderr]     Checking mio v1.2.2
[INFO] [stderr]     Checking unicode-truncate v2.0.1
[INFO] [stderr]     Checking num_threads v0.1.7
[INFO] [stderr]     Checking time-core v0.1.9
[INFO] [stderr]    Compiling litrs v1.0.0
[INFO] [stderr]     Checking deranged v0.5.8
[INFO] [stderr]    Compiling wayland-client v0.31.15
[INFO] [stderr]     Checking num-conv v0.2.2
[INFO] [stderr]     Checking signal-hook-mio v0.2.5
[INFO] [stderr]     Checking parking_lot v0.12.5
[INFO] [stderr]    Compiling x11 v2.21.0
[INFO] [stderr]     Checking line-clipping v0.3.7
[INFO] [stderr]    Compiling document-features v0.2.12
[INFO] [stderr]     Checking rand_core v0.10.1
[INFO] [stderr]    Compiling wayland-scanner v0.31.11
[INFO] [stderr]    Compiling getrandom v0.4.3
[INFO] [stderr]    Compiling zmij v1.0.23
[INFO] [stderr]    Compiling winapi v0.3.9
[INFO] [stderr]     Checking time v0.3.55
[INFO] [stderr]    Compiling thiserror-impl v2.0.19
[INFO] [stderr]    Compiling serde_json v1.0.151
[INFO] [stderr]    Compiling rfd v0.17.2
[INFO] [stderr]     Checking cpufeatures v0.3.0
[INFO] [stderr]     Checking chacha20 v0.10.1
[INFO] [stderr]    Compiling serde_derive v1.0.229
[INFO] [stderr]    Compiling darling_core v0.23.0
[INFO] [stderr]     Checking kasuari v0.4.12
[INFO] [stderr]     Checking raw-window-handle v0.6.2
[INFO] [stderr]     Checking memchr v2.8.3
[INFO] [stderr]    Compiling toml v0.5.11
[INFO] [stderr]     Checking pollster v0.4.0
[INFO] [stderr]     Checking rand v0.10.2
[INFO] [stderr]     Checking rdev v0.5.3 (/opt/rustwide/workdir/vendor/rdev)
[INFO] [stdout] warning: use of deprecated associated function `core::num::<impl i32>::max_value`: replaced by the `MAX` associated constant on this type
[INFO] [stdout]   --> vendor/rdev/src/linux/simulate.rs:39:30
[INFO] [stdout]    |
[INFO] [stdout] 39 |                 x.min(c_int::max_value().into())
[INFO] [stdout]    |                              ^^^^^^^^^
[INFO] [stdout]    |
[INFO] [stdout]    = note: `#[warn(deprecated)]` on by default
[INFO] [stdout] 
[INFO] [stdout] 
[INFO] [stdout] warning: use of deprecated associated function `core::num::<impl i32>::min_value`: replaced by the `MIN` associated constant on this type
[INFO] [stdout]   --> vendor/rdev/src/linux/simulate.rs:40:33
[INFO] [stdout]    |
[INFO] [stdout] 40 |                     .max(c_int::min_value().into())
[INFO] [stdout]    |                                 ^^^^^^^^^
[INFO] [stdout] 
[INFO] [stdout] 
[INFO] [stdout] warning: use of deprecated associated function `core::num::<impl i32>::max_value`: replaced by the `MAX` associated constant on this type
[INFO] [stdout]   --> vendor/rdev/src/linux/simulate.rs:46:30
[INFO] [stdout]    |
[INFO] [stdout] 46 |                 y.min(c_int::max_value().into())
[INFO] [stdout]    |                              ^^^^^^^^^
[INFO] [stdout] 
[INFO] [stdout] 
[INFO] [stdout] warning: use of deprecated associated function `core::num::<impl i32>::min_value`: replaced by the `MIN` associated constant on this type
[INFO] [stdout]   --> vendor/rdev/src/linux/simulate.rs:47:33
[INFO] [stdout]    |
[INFO] [stdout] 47 |                     .max(c_int::min_value().into())
[INFO] [stdout]    |                                 ^^^^^^^^^
[INFO] [stdout] 
[INFO] [stdout] 
[INFO] [stderr]    Compiling strum_macros v0.28.0
[INFO] [stderr]    Compiling derive_more-impl v2.1.1
[INFO] [stderr]    Compiling winres v0.1.12
[INFO] [stderr]    Compiling ZombiesWeaponTool v1.2.5 (/opt/rustwide/workdir)
[INFO] [stderr]     Checking derive_more v2.1.1
[INFO] [stderr]     Checking crossterm v0.29.0
[INFO] [stderr]    Compiling darling_macro v0.23.0
[INFO] [stderr]    Compiling darling v0.23.0
[INFO] [stderr]     Checking strum v0.28.0
[INFO] [stderr]     Checking ratatui-core v0.1.2
[INFO] [stderr]     Checking wayland-protocols v0.32.13
[INFO] [stderr]     Checking ratatui-widgets v0.3.2
[INFO] [stderr]     Checking ratatui-crossterm v0.1.2
[INFO] [stderr]     Checking ratatui-macros v0.7.2
[INFO] [stderr]     Checking ratatui v0.30.2
[INFO] [stdout] error[E0433]: cannot find `um` in `winapi`
[INFO] [stdout]    --> src/engine.rs:252:21
[INFO] [stdout]     |
[INFO] [stdout] 252 |             winapi::um::timeapi::timeBeginPeriod(1);
[INFO] [stdout]     |                     ^^ could not find `um` in `winapi`
[INFO] [stdout] 
[INFO] [stdout] 
[INFO] [stdout] error[E0433]: cannot find `um` in `winapi`
[INFO] [stdout]    --> src/engine.rs:261:21
[INFO] [stdout]     |
[INFO] [stdout] 261 |             winapi::um::timeapi::timeEndPeriod(1);
[INFO] [stdout]     |                     ^^ could not find `um` in `winapi`
[INFO] [stdout] 
[INFO] [stdout] 
[INFO] [stdout] error[E0433]: cannot find `um` in `winapi`
[INFO] [stdout]    --> src/engine.rs:252:21
[INFO] [stdout]     |
[INFO] [stdout] 252 |             winapi::um::timeapi::timeBeginPeriod(1);
[INFO] [stdout]     |                     ^^ could not find `um` in `winapi`
[INFO] [stdout] 
[INFO] [stdout] 
[INFO] [stdout] error[E0433]: cannot find `um` in `winapi`
[INFO] [stdout]    --> src/engine.rs:261:21
[INFO] [stdout]     |
[INFO] [stdout] 261 |             winapi::um::timeapi::timeEndPeriod(1);
[INFO] [stdout]     |                     ^^ could not find `um` in `winapi`
[INFO] [stdout] 
[INFO] [stdout] 
[INFO] [stdout] For more information about this error, try `rustc --explain E0433`.
[INFO] [stdout] 
[INFO] [stderr] error: could not compile `ZombiesWeaponTool` (bin "ZombiesWeaponTool") due to 2 previous errors
[INFO] [stderr] warning: build failed, waiting for other jobs to finish...
[INFO] [stdout] For more information about this error, try `rustc --explain E0433`.
[INFO] [stdout] 
[INFO] [stderr] error: could not compile `ZombiesWeaponTool` (bin "ZombiesWeaponTool" test) due to 2 previous errors
[INFO] running `Command { std: "docker" "inspect" "ed32489ad4f57f09fa8dff3a6338c79c2dde23be415f77d1544c6bdfd79a747f", kill_on_drop: false }`
[INFO] running `Command { std: "docker" "rm" "-f" "ed32489ad4f57f09fa8dff3a6338c79c2dde23be415f77d1544c6bdfd79a747f", kill_on_drop: false }`
[INFO] [stdout] ed32489ad4f57f09fa8dff3a6338c79c2dde23be415f77d1544c6bdfd79a747f
