[INFO] cloning repository https://github.com/Goldziher/scythe
[INFO] running `Command { std: "git" "-c" "credential.helper=" "-c" "credential.helper=/workspace/cargo-home/bin/git-credential-null" "clone" "--bare" "https://github.com/Goldziher/scythe" "/workspace/cache/git-repos/https%3A%2F%2Fgithub.com%2FGoldziher%2Fscythe", kill_on_drop: false }`
[INFO] [stderr] Cloning into bare repository '/workspace/cache/git-repos/https%3A%2F%2Fgithub.com%2FGoldziher%2Fscythe'...
[INFO] running `Command { std: "git" "rev-parse" "HEAD", kill_on_drop: false }`
[INFO] [stdout] 12eaed3c68c0a2d86a2de3cacd3f42ae4d4b4ce9
[INFO] checking Goldziher/scythe against 3154cc1a3e6424e44f438a95007d043ed5ceaaf6+rustflags=-Znext-solver=coherence for pr-133502-30
[INFO] running `Command { std: "git" "clone" "/workspace/cache/git-repos/https%3A%2F%2Fgithub.com%2FGoldziher%2Fscythe" "/workspace/builds/worker-2-tc1/source", kill_on_drop: false }`
[INFO] [stderr] Cloning into '/workspace/builds/worker-2-tc1/source'...
[INFO] [stderr] done.
[INFO] removed /workspace/builds/worker-2-tc1/source/rust-toolchain.toml
[INFO] started tweaking git repo https://github.com/Goldziher/scythe
[INFO] finished tweaking git repo https://github.com/Goldziher/scythe
[INFO] tweaked toml for git repo https://github.com/Goldziher/scythe written to /workspace/builds/worker-2-tc1/source/Cargo.toml
[INFO] validating manifest of git repo https://github.com/Goldziher/scythe on toolchain 3154cc1a3e6424e44f438a95007d043ed5ceaaf6
[INFO] running `Command { std: CARGO_HOME="/workspace/cargo-home" RUSTUP_HOME="/workspace/rustup-home" "/workspace/cargo-home/bin/cargo" "+3154cc1a3e6424e44f438a95007d043ed5ceaaf6" "metadata" "--manifest-path" "Cargo.toml" "--no-deps", kill_on_drop: false }`
[INFO] crate git repo https://github.com/Goldziher/scythe already has a lockfile, it will not be regenerated
[INFO] running `Command { std: CARGO_HOME="/workspace/cargo-home" RUSTUP_HOME="/workspace/rustup-home" "/workspace/cargo-home/bin/cargo" "+3154cc1a3e6424e44f438a95007d043ed5ceaaf6" "fetch" "--manifest-path" "Cargo.toml", kill_on_drop: false }`
[INFO] [stderr] warning: `package.homepage` is redundant with `package.documentation`
[INFO] [stderr]  --> crates/scythe-backend/Cargo.toml:8:12
[INFO] [stderr]   |
[INFO] [stderr] 8 | homepage = "https://goldziher.github.io/scythe"
[INFO] [stderr]   |            ^^^^^^^^^^^^^^^^^^^^^^^^^^^^^^^^^^^^
[INFO] [stderr] 9 | documentation = "https://goldziher.github.io/scythe"
[INFO] [stderr]   |                 ------------------------------------
[INFO] [stderr]   |
[INFO] [stderr]   = note: `cargo::redundant_homepage` is set to `warn` by default
[INFO] [stderr] help: consider removing `package.homepage`
[INFO] [stderr] warning: `scythe-backend` (manifest) generated 1 warning
[INFO] [stderr] warning: `package.homepage` is redundant with `package.documentation`
[INFO] [stderr]  --> crates/scythe-cli/Cargo.toml:8:12
[INFO] [stderr]   |
[INFO] [stderr] 8 | homepage = "https://goldziher.github.io/scythe"
[INFO] [stderr]   |            ^^^^^^^^^^^^^^^^^^^^^^^^^^^^^^^^^^^^
[INFO] [stderr] 9 | documentation = "https://goldziher.github.io/scythe"
[INFO] [stderr]   |                 ------------------------------------
[INFO] [stderr]   |
[INFO] [stderr]   = note: `cargo::redundant_homepage` is set to `warn` by default
[INFO] [stderr] help: consider removing `package.homepage`
[INFO] [stderr] warning: `scythe-cli` (manifest) generated 1 warning
[INFO] [stderr] warning: `package.homepage` is redundant with `package.documentation`
[INFO] [stderr]  --> crates/scythe-codegen/Cargo.toml:8:12
[INFO] [stderr]   |
[INFO] [stderr] 8 | homepage = "https://goldziher.github.io/scythe"
[INFO] [stderr]   |            ^^^^^^^^^^^^^^^^^^^^^^^^^^^^^^^^^^^^
[INFO] [stderr] 9 | documentation = "https://goldziher.github.io/scythe"
[INFO] [stderr]   |                 ------------------------------------
[INFO] [stderr]   |
[INFO] [stderr]   = note: `cargo::redundant_homepage` is set to `warn` by default
[INFO] [stderr] help: consider removing `package.homepage`
[INFO] [stderr] warning: `scythe-codegen` (manifest) generated 1 warning
[INFO] [stderr] warning: `package.homepage` is redundant with `package.documentation`
[INFO] [stderr]  --> crates/scythe-core/Cargo.toml:8:12
[INFO] [stderr]   |
[INFO] [stderr] 8 | homepage = "https://goldziher.github.io/scythe"
[INFO] [stderr]   |            ^^^^^^^^^^^^^^^^^^^^^^^^^^^^^^^^^^^^
[INFO] [stderr] 9 | documentation = "https://goldziher.github.io/scythe"
[INFO] [stderr]   |                 ------------------------------------
[INFO] [stderr]   |
[INFO] [stderr]   = note: `cargo::redundant_homepage` is set to `warn` by default
[INFO] [stderr] help: consider removing `package.homepage`
[INFO] [stderr] warning: `scythe-core` (manifest) generated 1 warning
[INFO] [stderr] warning: `package.homepage` is redundant with `package.documentation`
[INFO] [stderr]  --> crates/scythe-inspect/Cargo.toml:8:12
[INFO] [stderr]   |
[INFO] [stderr] 8 | homepage = "https://goldziher.github.io/scythe"
[INFO] [stderr]   |            ^^^^^^^^^^^^^^^^^^^^^^^^^^^^^^^^^^^^
[INFO] [stderr] 9 | documentation = "https://goldziher.github.io/scythe"
[INFO] [stderr]   |                 ------------------------------------
[INFO] [stderr]   |
[INFO] [stderr]   = note: `cargo::redundant_homepage` is set to `warn` by default
[INFO] [stderr] help: consider removing `package.homepage`
[INFO] [stderr] warning: `scythe-inspect` (manifest) generated 1 warning
[INFO] [stderr] warning: `package.homepage` is redundant with `package.documentation`
[INFO] [stderr]  --> crates/scythe-lint/Cargo.toml:8:12
[INFO] [stderr]   |
[INFO] [stderr] 8 | homepage = "https://goldziher.github.io/scythe"
[INFO] [stderr]   |            ^^^^^^^^^^^^^^^^^^^^^^^^^^^^^^^^^^^^
[INFO] [stderr] 9 | documentation = "https://goldziher.github.io/scythe"
[INFO] [stderr]   |                 ------------------------------------
[INFO] [stderr]   |
[INFO] [stderr]   = note: `cargo::redundant_homepage` is set to `warn` by default
[INFO] [stderr] help: consider removing `package.homepage`
[INFO] [stderr] warning: `scythe-lint` (manifest) generated 1 warning
[INFO] [stderr]     Updating crates.io index
[INFO] [stderr]  Downloading crates ...
[INFO] [stderr]   Downloaded toml_parser v1.1.4+spec-1.1.0
[INFO] [stderr]   Downloaded toml_datetime v1.1.2+spec-1.1.0
[INFO] [stderr]   Downloaded recursive-proc-macro-impl v0.1.1
[INFO] [stderr]   Downloaded lazy-regex v3.6.2
[INFO] [stderr]   Downloaded sqlparser_derive v0.6.0
[INFO] [stderr]   Downloaded recursive v0.1.1
[INFO] [stderr]   Downloaded which v8.0.6
[INFO] [stderr]   Downloaded rsqlite-vfs v0.1.1
[INFO] [stderr]   Downloaded mysql-common-derive v0.32.2
[INFO] [stderr]   Downloaded manyhow-macros v0.11.4
[INFO] [stderr]   Downloaded keyed_priority_queue v0.4.2
[INFO] [stderr]   Downloaded toml_writer v1.1.3+spec-1.1.0
[INFO] [stderr]   Downloaded serde_spanned v1.1.2
[INFO] [stderr]   Downloaded enum_dispatch v0.3.13
[INFO] [stderr]   Downloaded wasm-bindgen-shared v0.2.129
[INFO] [stderr]   Downloaded wasm-bindgen-macro v0.2.129
[INFO] [stderr]   Downloaded tiberius-macros v0.1.0
[INFO] [stderr]   Downloaded lazy-regex-proc_macros v3.6.2
[INFO] [stderr]   Downloaded memo-map v0.3.4
[INFO] [stderr]   Downloaded configparser v3.3.0
[INFO] [stderr]   Downloaded wasite v1.0.2
[INFO] [stderr]   Downloaded multiversion_no_op v1.0.0
[INFO] [stderr]   Downloaded btoi v0.5.0
[INFO] [stderr]   Downloaded toml v1.1.7+spec-1.1.0
[INFO] [stderr]   Downloaded proc-macro-utils v0.10.0
[INFO] [stderr]   Downloaded crossbeam-queue v0.3.14
[INFO] [stderr]   Downloaded either v1.19.0
[INFO] [stderr]   Downloaded thiserror-impl v2.0.21
[INFO] [stderr]   Downloaded async-once-cell v0.5.4
[INFO] [stderr]   Downloaded whoami v2.1.3
[INFO] [stderr]   Downloaded core_detect v1.0.0
[INFO] [stderr]   Downloaded manyhow v0.11.4
[INFO] [stderr]   Downloaded smallvec v1.16.2
[INFO] [stderr]   Downloaded hashlink v0.12.2
[INFO] [stderr]   Downloaded lru v0.18.5
[INFO] [stderr]   Downloaded objc2-system-configuration v0.3.2
[INFO] [stderr]   Downloaded thiserror v2.0.21
[INFO] [stderr]   Downloaded postgres-protocol v0.6.12
[INFO] [stderr]   Downloaded postgres-types v0.2.14
[INFO] [stderr]   Downloaded async-native-tls v0.6.0
[INFO] [stderr]   Downloaded arrow-string v58.4.0
[INFO] [stderr]   Downloaded arrow-row v58.4.0
[INFO] [stderr]   Downloaded arrow-arith v58.4.0
[INFO] [stderr]   Downloaded arrow-data v58.4.0
[INFO] [stderr]   Downloaded comfy-table v7.1.4
[INFO] [stderr]   Downloaded wasm-bindgen v0.2.129
[INFO] [stderr]   Downloaded arrow-schema v58.4.0
[INFO] [stderr]   Downloaded arrow-ord v58.4.0
[INFO] [stderr]   Downloaded js-sys v0.3.106
[INFO] [stderr]   Downloaded cc v1.6.0
[INFO] [stderr]   Downloaded sqruff-lib-core v0.41.0
[INFO] [stderr]   Downloaded tokio-postgres v0.7.18
[INFO] [stderr]   Downloaded mio v1.2.4
[INFO] [stderr]   Downloaded arrow v58.4.0
[INFO] [stderr]   Downloaded arrow-buffer v58.4.0
[INFO] [stderr]   Downloaded arrow-select v58.4.0
[INFO] [stderr]   Downloaded wasm-bindgen-macro-support v0.2.129
[INFO] [stderr]   Downloaded zerocopy-derive v0.8.59
[INFO] [stderr]   Downloaded crossterm v0.28.1
[INFO] [stderr]   Downloaded mysql_async v0.37.1
[INFO] [stderr]   Downloaded arrow-cast v58.4.0
[INFO] [stderr]   Downloaded sibyl v0.7.1
[INFO] [stderr]   Downloaded rusqlite v0.40.2
[INFO] [stderr]   Downloaded duckdb v1.10506.0
[INFO] [stderr]   Downloaded minijinja v2.24.0
[INFO] [stderr]   Downloaded mysql_common v0.37.3
[INFO] [stderr]   Downloaded zerocopy v0.8.59
[INFO] [stderr]   Downloaded arrow-array v58.4.0
[INFO] [stderr]   Downloaded tiberius v0.13.0
[INFO] [stderr]   Downloaded sqruff-lib v0.41.0
[INFO] [stderr]   Downloaded sqlparser v0.63.0
[INFO] [stderr]   Downloaded encoding_rs v0.8.42
[INFO] [stderr]   Downloaded web-sys v0.3.106
[INFO] [stderr]   Downloaded libc v0.2.190
[INFO] [stderr]   Downloaded sqruff-lib-dialects v0.41.0
[INFO] [stderr]   Downloaded libsqlite3-sys v0.38.2
[INFO] [stderr]   Downloaded sqlite-wasm-rs v0.5.5
[INFO] [stderr]   Downloaded libduckdb-sys v1.10506.0
[INFO] running `Command { std: "docker" "create" "-v" "/var/lib/crater-agent-workspace/builds/worker-2-tc1/source:/opt/rustwide/workdir:ro,Z" "-v" "/var/lib/crater-agent-workspace/builds/worker-2-tc1/target:/opt/rustwide/target:rw,Z" "-v" "/var/lib/crater-agent-workspace/cargo-home:/opt/rustwide/cargo-home:ro,Z" "-v" "/var/lib/crater-agent-workspace/rustup-home:/opt/rustwide/rustup-home:ro,Z" "-m" "1610612736" "--network" "none" "ghcr.io/rust-lang/crates-build-env/linux@sha256:77db811e55d90add9212f6832c23229e3de5f1c1f9905e8cb07319ea15df73ac" "sleep" "infinity", kill_on_drop: false }`
[INFO] [stdout] 551e099872cc1d9bf23ab9898a4ce0a2130cad7a9b47876bf59f023c945772d9
[INFO] running `Command { std: "docker" "start" "551e099872cc1d9bf23ab9898a4ce0a2130cad7a9b47876bf59f023c945772d9", kill_on_drop: false }`
[INFO] running `Command { std: "docker" "inspect" "551e099872cc1d9bf23ab9898a4ce0a2130cad7a9b47876bf59f023c945772d9", kill_on_drop: false }`
[INFO] running `Command { std: "docker" "exec" "-e" "SOURCE_DIR=/opt/rustwide/workdir" "-e" "CARGO_HOME=/opt/rustwide/cargo-home" "-e" "RUSTUP_HOME=/opt/rustwide/rustup-home" "-e" "CARGO_TARGET_DIR=/opt/rustwide/target" "-w" "/opt/rustwide/workdir" "--user" "0:0" "551e099872cc1d9bf23ab9898a4ce0a2130cad7a9b47876bf59f023c945772d9" "/opt/rustwide/cargo-home/bin/cargo" "+3154cc1a3e6424e44f438a95007d043ed5ceaaf6" "metadata" "--no-deps" "--format-version=1", kill_on_drop: false }`
[INFO] running `Command { std: "docker" "inspect" "551e099872cc1d9bf23ab9898a4ce0a2130cad7a9b47876bf59f023c945772d9", kill_on_drop: false }`
[INFO] running `Command { std: "docker" "exec" "-e" "SOURCE_DIR=/opt/rustwide/workdir" "-e" "CARGO_HOME=/opt/rustwide/cargo-home" "-e" "RUSTUP_HOME=/opt/rustwide/rustup-home" "-e" "CARGO_TARGET_DIR=/opt/rustwide/target" "-e" "CARGO_INCREMENTAL=0" "-e" "RUST_BACKTRACE=full" "-e" "RUSTFLAGS=--cap-lints=forbid -Znext-solver=coherence" "-e" "RUSTDOCFLAGS=--cap-lints=forbid" "-w" "/opt/rustwide/workdir" "--user" "0:0" "551e099872cc1d9bf23ab9898a4ce0a2130cad7a9b47876bf59f023c945772d9" "/opt/rustwide/cargo-home/bin/cargo" "+3154cc1a3e6424e44f438a95007d043ed5ceaaf6" "check" "--frozen" "--all" "--all-targets" "--message-format=json", kill_on_drop: false }`
[INFO] [stderr] warning: `package.homepage` is redundant with `package.documentation`
[INFO] [stderr]  --> crates/scythe-backend/Cargo.toml:8:12
[INFO] [stderr]   |
[INFO] [stderr] 8 | homepage = "https://goldziher.github.io/scythe"
[INFO] [stderr]   |            ^^^^^^^^^^^^^^^^^^^^^^^^^^^^^^^^^^^^
[INFO] [stderr] 9 | documentation = "https://goldziher.github.io/scythe"
[INFO] [stderr]   |                 ------------------------------------
[INFO] [stderr]   |
[INFO] [stderr]   = note: `cargo::redundant_homepage` is set to `warn` by default
[INFO] [stderr] help: consider removing `package.homepage`
[INFO] [stderr] warning: `scythe-backend` (manifest) generated 1 warning
[INFO] [stderr] warning: `package.homepage` is redundant with `package.documentation`
[INFO] [stderr]  --> crates/scythe-cli/Cargo.toml:8:12
[INFO] [stderr]   |
[INFO] [stderr] 8 | homepage = "https://goldziher.github.io/scythe"
[INFO] [stderr]   |            ^^^^^^^^^^^^^^^^^^^^^^^^^^^^^^^^^^^^
[INFO] [stderr] 9 | documentation = "https://goldziher.github.io/scythe"
[INFO] [stderr]   |                 ------------------------------------
[INFO] [stderr]   |
[INFO] [stderr]   = note: `cargo::redundant_homepage` is set to `warn` by default
[INFO] [stderr] help: consider removing `package.homepage`
[INFO] [stderr] warning: `scythe-cli` (manifest) generated 1 warning
[INFO] [stderr] warning: `package.homepage` is redundant with `package.documentation`
[INFO] [stderr]  --> crates/scythe-codegen/Cargo.toml:8:12
[INFO] [stderr]   |
[INFO] [stderr] 8 | homepage = "https://goldziher.github.io/scythe"
[INFO] [stderr]   |            ^^^^^^^^^^^^^^^^^^^^^^^^^^^^^^^^^^^^
[INFO] [stderr] 9 | documentation = "https://goldziher.github.io/scythe"
[INFO] [stderr]   |                 ------------------------------------
[INFO] [stderr]   |
[INFO] [stderr]   = note: `cargo::redundant_homepage` is set to `warn` by default
[INFO] [stderr] help: consider removing `package.homepage`
[INFO] [stderr] warning: `scythe-codegen` (manifest) generated 1 warning
[INFO] [stderr] warning: `package.homepage` is redundant with `package.documentation`
[INFO] [stderr]  --> crates/scythe-core/Cargo.toml:8:12
[INFO] [stderr]   |
[INFO] [stderr] 8 | homepage = "https://goldziher.github.io/scythe"
[INFO] [stderr]   |            ^^^^^^^^^^^^^^^^^^^^^^^^^^^^^^^^^^^^
[INFO] [stderr] 9 | documentation = "https://goldziher.github.io/scythe"
[INFO] [stderr]   |                 ------------------------------------
[INFO] [stderr]   |
[INFO] [stderr]   = note: `cargo::redundant_homepage` is set to `warn` by default
[INFO] [stderr] help: consider removing `package.homepage`
[INFO] [stderr] warning: `scythe-core` (manifest) generated 1 warning
[INFO] [stderr] warning: `package.homepage` is redundant with `package.documentation`
[INFO] [stderr]  --> crates/scythe-inspect/Cargo.toml:8:12
[INFO] [stderr]   |
[INFO] [stderr] 8 | homepage = "https://goldziher.github.io/scythe"
[INFO] [stderr]   |            ^^^^^^^^^^^^^^^^^^^^^^^^^^^^^^^^^^^^
[INFO] [stderr] 9 | documentation = "https://goldziher.github.io/scythe"
[INFO] [stderr]   |                 ------------------------------------
[INFO] [stderr]   |
[INFO] [stderr]   = note: `cargo::redundant_homepage` is set to `warn` by default
[INFO] [stderr] help: consider removing `package.homepage`
[INFO] [stderr] warning: `scythe-inspect` (manifest) generated 1 warning
[INFO] [stderr] warning: `package.homepage` is redundant with `package.documentation`
[INFO] [stderr]  --> crates/scythe-lint/Cargo.toml:8:12
[INFO] [stderr]   |
[INFO] [stderr] 8 | homepage = "https://goldziher.github.io/scythe"
[INFO] [stderr]   |            ^^^^^^^^^^^^^^^^^^^^^^^^^^^^^^^^^^^^
[INFO] [stderr] 9 | documentation = "https://goldziher.github.io/scythe"
[INFO] [stderr]   |                 ------------------------------------
[INFO] [stderr]   |
[INFO] [stderr]   = note: `cargo::redundant_homepage` is set to `warn` by default
[INFO] [stderr] help: consider removing `package.homepage`
[INFO] [stderr] warning: `scythe-lint` (manifest) generated 1 warning
[INFO] [stderr]    Compiling unicode-ident v1.0.26
[INFO] [stderr]    Compiling libc v0.2.190
[INFO] [stderr]     Checking cfg-if v1.0.5
[INFO] [stderr]    Compiling find-msvc-tools v0.1.14
[INFO] [stderr]    Compiling zerocopy v0.8.59
[INFO] [stderr]     Checking typenum v1.20.1
[INFO] [stderr]    Compiling thiserror v2.0.21
[INFO] [stderr]    Compiling serde_json v1.0.151
[INFO] [stderr]    Compiling object v0.39.1
[INFO] [stderr]    Compiling proc-macro2 v1.0.107
[INFO] [stderr]     Checking cmov v0.5.4
[INFO] [stderr]     Checking cpufeatures v0.3.1
[INFO] [stderr]     Checking log v0.4.34
[INFO] [stderr]     Checking winnow v1.0.4
[INFO] [stderr]     Checking ctutils v0.4.2
[INFO] [stderr]     Checking toml_datetime v1.1.2+spec-1.1.0
[INFO] [stderr]     Checking serde_spanned v1.1.2
[INFO] [stderr]     Checking toml_parser v1.1.4+spec-1.1.0
[INFO] [stderr]     Checking smallvec v1.16.2
[INFO] [stderr]     Checking toml_writer v1.1.3+spec-1.1.0
[INFO] [stderr]    Compiling quote v1.0.47
[INFO] [stderr]     Checking foldhash v0.2.0
[INFO] [stderr]     Checking hashbrown v0.17.1
[INFO] [stderr]    Compiling syn v3.0.6
[INFO] [stderr]    Compiling syn v2.0.119
[INFO] [stderr]     Checking hybrid-array v0.4.15
[INFO] [stderr]     Checking toml v1.1.7+spec-1.1.0
[INFO] [stderr]    Compiling crossbeam-utils v0.8.23
[INFO] [stderr]     Checking crypto-common v0.2.2
[INFO] [stderr]     Checking getrandom v0.3.4
[INFO] [stderr]     Checking block-buffer v0.12.1
[INFO] [stderr]    Compiling jobserver v0.1.35
[INFO] [stderr]    Compiling crossbeam-epoch v0.9.21
[INFO] [stderr]    Compiling cc v1.6.0
[INFO] [stderr]     Checking either v1.19.0
[INFO] [stderr]    Compiling crossbeam-deque v0.8.8
[INFO] [stderr]     Checking glob v0.3.4
[INFO] [stderr]     Checking indexmap v2.14.2
[INFO] [stderr]    Compiling aho-corasick v1.1.5
[INFO] [stderr]     Checking rayon-core v1.13.0
[INFO] [stderr]     Checking digest v0.11.3
[INFO] [stderr]     Checking sha2 v0.11.0
[INFO] [stderr]     Checking rayon v1.12.0
[INFO] [stderr]    Compiling regex-syntax v0.8.11
[INFO] [stderr]     Checking bit-set v0.8.0
[INFO] [stderr]     Checking diff v0.1.13
[INFO] [stderr]     Checking colorchoice v1.0.5
[INFO] [stderr]     Checking yansi v1.0.1
[INFO] [stderr]     Checking pretty_assertions v1.4.1
[INFO] [stderr]     Checking anstream v1.0.0
[INFO] [stderr]     Checking fancy-regex v0.19.2
[INFO] [stderr]    Compiling stacker v0.1.25
[INFO] [stderr]     Checking itertools v0.15.0
[INFO] [stderr]     Checking strum v0.28.0
[INFO] [stderr]     Checking unsafe-libyaml v0.2.11
[INFO] [stderr]    Compiling ar_archive_writer v0.5.3
[INFO] [stderr]     Checking nohash-hasher v0.2.0
[INFO] [stderr]     Checking clap_lex v1.1.1
[INFO] [stderr]    Compiling regex-automata v0.4.18
[INFO] [stderr]     Checking smol_str v0.3.6
[INFO] [stderr]     Checking clap_builder v4.6.7
[INFO] [stderr]     Checking globset v0.4.20
[INFO] [stderr]     Checking ignore v0.4.33
[INFO] [stderr]    Compiling psm v0.1.32
[INFO] [stderr]     Checking common-path v1.0.0
[INFO] [stderr]     Checking configparser v3.3.0
[INFO] [stderr]     Checking cast v0.3.0
[INFO] [stderr]     Checking bitflags v2.13.2
[INFO] [stderr]    Compiling alloca v0.4.0
[INFO] [stderr]     Checking plotters-backend v0.3.7
[INFO] [stderr]     Checking ciborium-io v0.2.2
[INFO] [stderr]     Checking itertools v0.13.0
[INFO] [stderr]     Checking plotters-svg v0.3.7
[INFO] [stderr]    Compiling zerocopy-derive v0.8.59
[INFO] [stderr]    Compiling recursive-proc-macro-impl v0.1.1
[INFO] [stderr]    Compiling strum_macros v0.28.0
[INFO] [stderr]     Checking recursive v0.1.1
[INFO] [stderr]    Compiling enum_dispatch v0.3.13
[INFO] [stderr]     Checking plotters v0.3.7
[INFO] [stderr]     Checking page_size v0.6.0
[INFO] [stderr]     Checking anes v0.1.6
[INFO] [stderr]     Checking oorandom v11.1.5
[INFO] [stderr]    Compiling synstructure v0.14.0
[INFO] [stderr]    Compiling serde_derive v1.0.229
[INFO] [stderr]    Compiling thiserror-impl v2.0.21
[INFO] [stderr]    Compiling sqlparser_derive v0.6.0
[INFO] [stderr]    Compiling regex v1.13.1
[INFO] [stderr]     Checking sqlparser v0.63.0
[INFO] [stderr]    Compiling clap_derive v4.6.7
[INFO] [stderr]     Checking criterion-plot v0.8.2
[INFO] [stderr]    Compiling zerofrom-derive v0.1.8
[INFO] [stderr]    Compiling lazy-regex-proc_macros v3.6.2
[INFO] [stderr]     Checking rand_core v0.10.1
[INFO] [stderr]    Compiling getrandom v0.4.3
[INFO] [stderr]     Checking sqruff-lib-core v0.41.0
[INFO] [stderr]    Compiling yoke-derive v0.8.4
[INFO] [stderr]     Checking lazy-regex v3.6.2
[INFO] [stderr]     Checking num-integer v0.1.47
[INFO] [stderr]     Checking num-bigint v0.4.8
[INFO] [stderr]     Checking zerofrom v0.1.8
[INFO] [stderr]    Compiling crc32fast v1.5.2
[INFO] [stderr]     Checking yoke v0.8.3
[INFO] [stderr]     Checking clap v4.6.7
[INFO] [stderr]     Checking parking_lot_core v0.9.12
[INFO] [stderr]    Compiling zerovec-derive v0.11.6
[INFO] [stderr]    Compiling displaydoc v0.2.7
[INFO] [stderr]     Checking parking_lot v0.12.5
[INFO] [stderr]     Checking arrow-schema v58.4.0
[INFO] [stderr]    Compiling ring v0.17.14
[INFO] [stderr]     Checking chrono v0.4.45
[INFO] [stderr]     Checking serde v1.0.229
[INFO] [stderr]     Checking num-complex v0.4.6
[INFO] [stderr]     Checking zerovec v0.11.8
[INFO] [stderr]     Checking serde_yaml v0.9.34+deprecated
[INFO] [stderr]     Checking tinytemplate v1.2.1
[INFO] [stderr]    Compiling rustls-pki-types v1.15.1
[INFO] [stderr]    Compiling getrandom v0.2.17
[INFO] [stderr]    Compiling serde_core v1.0.229
[INFO] [stderr]     Checking tinystr v0.8.4
[INFO] [stderr]    Compiling rustix v1.1.5
[INFO] [stderr]    Compiling simd-adler32 v0.3.10
[INFO] [stderr]     Checking lexical-util v1.0.7
[INFO] [stderr]     Checking icu_locale_core v2.3.0
[INFO] [stderr]     Checking potential_utf v0.1.6
[INFO] [stderr]     Checking sqruff-lib-dialects v0.41.0
[INFO] [stderr]     Checking generic-array v0.14.7
[INFO] [stderr]     Checking zerotrie v0.2.5
[INFO] [stderr]     Checking ahash v0.8.12
[INFO] [stderr]     Checking half v2.7.1
[INFO] [stderr]     Checking scythe-backend v0.20.0 (/opt/rustwide/workdir/crates/scythe-backend)
[INFO] [stderr]     Checking errno v0.3.14
[INFO] [stderr]     Checking ciborium-ll v0.2.2
[INFO] [stderr]     Checking arrow-buffer v58.4.0
[INFO] [stderr]    Compiling num-traits v0.2.19
[INFO] [stderr]     Checking ciborium v0.2.2
[INFO] [stderr]    Compiling linux-raw-sys v0.12.1
[INFO] [stderr]    Compiling rustix v0.38.44
[INFO] [stderr]    Compiling adler2 v2.0.1
[INFO] [stderr]    Compiling rustls v0.23.45
[INFO] [stderr]    Compiling miniz_oxide v0.9.1
[INFO] [stderr]     Checking arrow-data v58.4.0
[INFO] [stderr]     Checking criterion v0.8.2
[INFO] [stderr]     Checking arrow-array v58.4.0
[INFO] [stderr]     Checking icu_collections v2.3.0
[INFO] [stderr]     Checking icu_provider v2.3.1
[INFO] [stderr]     Checking signal-hook-registry v1.4.8
[INFO] [stderr]    Compiling tokio-macros v2.7.2
[INFO] [stderr]     Checking mio v1.2.4
[INFO] [stderr]     Checking socket2 v0.6.5
[INFO] [stderr]    Compiling bumpalo v3.20.3
[INFO] [stderr]    Compiling rustls-webpki v0.103.15
[INFO] [stderr]    Compiling zlib-rs v0.6.8
[INFO] [stderr]    Compiling proc-macro-utils v0.10.0
[INFO] [stderr]    Compiling darling_core v0.23.0
[INFO] [stderr]    Compiling ureq-proto v0.6.4
[INFO] [stderr]    Compiling zopfli v0.8.3
[INFO] [stderr]     Checking tokio v1.53.2
[INFO] [stderr]     Checking arrow-select v58.4.0
[INFO] [stderr]     Checking tempfile v3.27.0
[INFO] [stderr]    Compiling xattr v1.6.1
[INFO] [stderr]     Checking crypto-common v0.1.7
[INFO] [stderr]     Checking block-buffer v0.10.4
[INFO] [stderr]     Checking lexical-write-integer v1.0.6
[INFO] [stderr]     Checking lexical-parse-integer v1.0.6
[INFO] [stderr]    Compiling webpki-roots v1.0.9
[INFO] [stderr]    Compiling libz-sys v1.1.29
[INFO] [stderr]     Checking chacha20 v0.10.2
[INFO] [stderr]    Compiling filetime v0.2.29
[INFO] [stderr]     Checking tinyvec v1.13.3
[INFO] [stderr]    Compiling tar v0.4.46
[INFO] [stderr]    Compiling toml_edit v0.25.15+spec-1.1.0
[INFO] [stderr]     Checking unicode-normalization v0.1.25
[INFO] [stderr]    Compiling flate2 v1.1.10
[INFO] [stderr]     Checking rand v0.10.3
[INFO] [stderr]    Compiling zip v6.0.0
[INFO] [stderr]    Compiling ureq v3.4.2
[INFO] [stderr]    Compiling darling_macro v0.23.0
[INFO] [stderr]     Checking lexical-parse-float v1.0.6
[INFO] [stderr]     Checking lexical-write-float v1.0.6
[INFO] [stderr]     Checking digest v0.10.7
[INFO] [stderr]     Checking icu_properties v2.3.0
[INFO] [stderr]     Checking icu_normalizer v2.3.0
[INFO] [stderr]     Checking crossterm v0.28.1
[INFO] [stderr]    Compiling manyhow-macros v0.11.4
[INFO] [stderr]     Checking unicode-segmentation v1.13.3
[INFO] [stderr]     Checking stringprep v0.1.5
[INFO] [stderr]    Compiling manyhow v0.11.4
[INFO] [stderr]     Checking comfy-table v7.1.4
[INFO] [stderr]     Checking lexical-core v1.0.6
[INFO] [stderr]    Compiling darling v0.23.0
[INFO] [stderr]    Compiling proc-macro-crate v3.5.0
[INFO] [stderr]     Checking arrow-ord v58.4.0
[INFO] [stderr]    Compiling libduckdb-sys v1.10506.0
[INFO] [stderr]     Checking idna_adapter v1.2.2
[INFO] [stderr]    Compiling libsqlite3-sys v0.38.2
[INFO] [stderr]    Compiling futures-macro v0.3.34
[INFO] [stderr]     Checking md-5 v0.11.0
[INFO] [stderr]     Checking hmac v0.13.0
[INFO] [stderr]     Checking atoi v2.0.0
[INFO] [stderr]    Compiling mysql_common v0.37.3
[INFO] [stderr]     Checking siphasher v1.0.4
[INFO] [stderr]    Compiling termcolor v1.4.1
[INFO] [stderr]     Checking postgres-protocol v0.6.12
[INFO] [stderr]     Checking phf_shared v0.13.1
[INFO] [stderr]     Checking arrow-cast v58.4.0
[INFO] [stderr]     Checking hashbrown v0.15.5
[INFO] [stderr]     Checking futures-util v0.3.34
[INFO] [stderr]     Checking idna v1.1.0
[INFO] [stderr]    Compiling mysql-common-derive v0.32.2
[INFO] [stderr]     Checking sha1 v0.10.7
[INFO] [stderr]     Checking sha2 v0.10.9
[INFO] [stderr]     Checking form_urlencoded v1.2.2
[INFO] [stderr]     Checking tokio-util v0.7.19
[INFO] [stderr]     Checking scythe-core v0.20.0 (/opt/rustwide/workdir/crates/scythe-core)
[INFO] [stderr]     Checking arrow-string v58.4.0
[INFO] [stderr]     Checking sqruff-lib v0.41.0
[INFO] [stderr]     Checking arrow-row v58.4.0
[INFO] [stderr]     Checking arrow-arith v58.4.0
[INFO] [stderr]    Compiling strum_macros v0.27.2
[INFO] [stderr]     Checking btoi v0.5.0
[INFO] [stderr]     Checking saturating v0.1.0
[INFO] [stderr]     Checking uuid v1.27.0
[INFO] [stderr]     Checking url v2.5.8
[INFO] [stderr]     Checking scythe-codegen v0.20.0 (/opt/rustwide/workdir/crates/scythe-codegen)
[INFO] [stderr]     Checking arrow v58.4.0
[INFO] [stderr]     Checking hashlink v0.10.0
[INFO] [stderr]     Checking postgres-types v0.2.14
[INFO] [stderr]     Checking phf v0.13.1
[INFO] [stderr]     Checking futures-channel v0.3.34
[INFO] [stderr]    Compiling async-trait v0.1.92
[INFO] [stderr]    Compiling tracing-attributes v0.1.31
[INFO] [stderr]     Checking strum v0.27.2
[INFO] [stderr]     Checking keyed_priority_queue v0.4.2
[INFO] [stderr]     Checking crossbeam-queue v0.3.14
[INFO] [stderr]     Checking whoami v2.1.3
[INFO] [stderr]     Checking lru v0.18.5
[INFO] [stderr]     Checking hashlink v0.12.2
[INFO] [stderr]     Checking twox-hash v2.1.4
[INFO] [stderr]     Checking tokio-postgres v0.7.18
[INFO] [stderr]     Checking predicates-core v1.0.10
[INFO] [stderr]     Checking difflib v0.4.0
[INFO] [stderr]     Checking tracing v0.1.44
[INFO] [stderr]     Checking termtree v0.5.1
[INFO] [stderr]    Compiling assert_cmd v2.2.2
[INFO] [stderr]     Checking predicates-tree v1.0.13
[INFO] [stderr]     Checking predicates v3.1.4
[INFO] [stderr]     Checking wait-timeout v0.2.1
[INFO] [stderr]     Checking scythe-lint v0.20.0 (/opt/rustwide/workdir/crates/scythe-lint)
[INFO] [stderr]     Checking memo-map v0.3.4
[INFO] [stderr]     Checking minijinja v2.24.0
[INFO] [stderr]     Checking which v8.0.6
[INFO] [stderr]     Checking mysql_async v0.37.1
[INFO] [stderr]     Checking snippet-runner v0.1.0 (/opt/rustwide/workdir/tools/snippet-runner)
[INFO] [stderr] warning: libsqlite3-sys@0.38.2: cc: fatal error: Killed signal terminated program cc1
[INFO] [stderr] warning: libsqlite3-sys@0.38.2: compilation terminated.
[INFO] [stderr] error: failed to run custom build command for `libsqlite3-sys v0.38.2`
[INFO] [stderr] note: To improve backtraces for build dependencies, set the CARGO_PROFILE_DEV_BUILD_OVERRIDE_DEBUG=true environment variable to enable debug information generation.
[INFO] [stderr] 
[INFO] [stderr] Caused by:
[INFO] [stderr]   process didn't exit successfully: `/opt/rustwide/target/debug/build/libsqlite3-sys/f827de5a7730550f/out/build_script_build` (exit status: 1)
[INFO] [stderr]   --- stdout
[INFO] [stderr]   cargo:rerun-if-env-changed=LIBSQLITE3_SYS_USE_PKG_CONFIG
[INFO] [stderr]   cargo:include=/opt/rustwide/cargo-home/registry/src/index.crates.io-1949cf8c6b5b557f/libsqlite3-sys-0.38.2/sqlite3
[INFO] [stderr]   cargo:rerun-if-changed=sqlite3/sqlite3.c
[INFO] [stderr]   cargo:rerun-if-changed=sqlite3/wasm32-wasi-vfs.c
[INFO] [stderr]   cargo:rerun-if-env-changed=SQLITE_MAX_VARIABLE_NUMBER
[INFO] [stderr]   cargo:rerun-if-env-changed=SQLITE_MAX_EXPR_DEPTH
[INFO] [stderr]   cargo:rerun-if-env-changed=SQLITE_MAX_COLUMN
[INFO] [stderr]   cargo:rerun-if-env-changed=LIBSQLITE3_FLAGS
[INFO] [stderr]   cargo:rerun-if-env-changed=CC_FORCE_DISABLE
[INFO] [stderr]   CC_FORCE_DISABLE = None
[INFO] [stderr]   cargo:rerun-if-env-changed=CC_x86_64-unknown-linux-gnu
[INFO] [stderr]   CC_x86_64-unknown-linux-gnu = None
[INFO] [stderr]   cargo:rerun-if-env-changed=CC_x86_64_unknown_linux_gnu
[INFO] [stderr]   CC_x86_64_unknown_linux_gnu = None
[INFO] [stderr]   cargo:rerun-if-env-changed=HOST_CC
[INFO] [stderr]   HOST_CC = None
[INFO] [stderr]   cargo:rerun-if-env-changed=CC
[INFO] [stderr]   CC = None
[INFO] [stderr]   cargo:rerun-if-env-changed=CC_ENABLE_DEBUG_OUTPUT
[INFO] [stderr]   cargo:rerun-if-env-changed=CRATE_CC_NO_DEFAULTS
[INFO] [stderr]   CRATE_CC_NO_DEFAULTS = None
[INFO] [stderr]   cargo:rerun-if-env-changed=CRATE_CC_NO_DEFAULTS
[INFO] [stderr]   CRATE_CC_NO_DEFAULTS = None
[INFO] [stderr]   cargo:rerun-if-env-changed=CFLAGS
[INFO] [stderr]   CFLAGS = None
[INFO] [stderr]   cargo:rerun-if-env-changed=HOST_CFLAGS
[INFO] [stderr]   HOST_CFLAGS = None
[INFO] [stderr]   cargo:rerun-if-env-changed=CFLAGS_x86_64_unknown_linux_gnu
[INFO] [stderr]   CFLAGS_x86_64_unknown_linux_gnu = None
[INFO] [stderr]   cargo:rerun-if-env-changed=CFLAGS_x86_64-unknown-linux-gnu
[INFO] [stderr]   CFLAGS_x86_64-unknown-linux-gnu = None
[INFO] [stderr]   cargo:rerun-if-env-changed=CFLAGS
[INFO] [stderr]   CFLAGS = None
[INFO] [stderr]   cargo:rerun-if-env-changed=HOST_CFLAGS
[INFO] [stderr]   HOST_CFLAGS = None
[INFO] [stderr]   cargo:rerun-if-env-changed=CFLAGS_x86_64_unknown_linux_gnu
[INFO] [stderr]   CFLAGS_x86_64_unknown_linux_gnu = None
[INFO] [stderr]   cargo:rerun-if-env-changed=CFLAGS_x86_64-unknown-linux-gnu
[INFO] [stderr]   CFLAGS_x86_64-unknown-linux-gnu = None
[INFO] [stderr]   cargo:warning=cc: fatal error: Killed signal terminated program cc1
[INFO] [stderr]   cargo:warning=compilation terminated.
[INFO] [stderr] 
[INFO] [stderr]   --- stderr
[INFO] [stderr] 
[INFO] [stderr] 
[INFO] [stderr]   error occurred in cc-rs: command did not execute successfully (status code exit status: 1): "cc" "-O0" "-ffunction-sections" "-fdata-sections" "-fPIC" "-g" "-gdwarf-4" "-fno-omit-frame-pointer" "-mno-omit-leaf-frame-pointer" "-m64" "-w" "-DSQLITE_CORE" "-DSQLITE_DEFAULT_FOREIGN_KEYS=1" "-DSQLITE_ENABLE_API_ARMOR" "-DSQLITE_ENABLE_COLUMN_METADATA" "-DSQLITE_ENABLE_DBSTAT_VTAB" "-DSQLITE_ENABLE_FTS3" "-DSQLITE_ENABLE_FTS3_PARENTHESIS" "-DSQLITE_ENABLE_FTS5" "-DSQLITE_ENABLE_JSON1" "-DSQLITE_ENABLE_LOAD_EXTENSION=1" "-DSQLITE_ENABLE_MEMORY_MANAGEMENT" "-DSQLITE_ENABLE_RTREE" "-DSQLITE_ENABLE_STAT4" "-DSQLITE_SOUNDEX" "-DSQLITE_THREADSAFE=1" "-DSQLITE_USE_URI" "-DHAVE_USLEEP=1" "-DHAVE_ISNAN" "-D_POSIX_THREAD_SAFE_FUNCTIONS" "-DHAVE_LOCALTIME_R" "-o" "/opt/rustwide/target/debug/build/libsqlite3-sys/55ad209a76b364f0/out/c877a2978823c39d-sqlite3.o" "-c" "sqlite3/sqlite3.c"
[INFO] [stderr] 
[INFO] [stderr] 
[INFO] [stderr] warning: build failed, waiting for other jobs to finish...
[INFO] [stderr] error: could not compile `scythe-codegen` (lib)
[INFO] [stderr] 
[INFO] [stderr] Caused by:
[INFO] [stderr]   process didn't exit successfully: `/opt/rustwide/rustup-home/toolchains/3154cc1a3e6424e44f438a95007d043ed5ceaaf6/bin/rustc --crate-name scythe_codegen --edition=2024 crates/scythe-codegen/src/lib.rs --error-format=json --json=diagnostic-rendered-ansi,artifacts,future-incompat,unused-externs-silent --crate-type lib --emit=dep-info,metadata -C embed-bitcode=no -C debuginfo=2 --check-cfg 'cfg(docsrs,test)' --check-cfg 'cfg(feature, values())' -C metadata=2a210c7050b3b1b6 -C extra-filename=-0f8b725852f43a4a --out-dir /opt/rustwide/target/debug/build/scythe-codegen/0f8b725852f43a4a/out -L dependency=/opt/rustwide/target/debug/build/ahash/8d7fc5076a817867/out -L dependency=/opt/rustwide/target/debug/build/block-buffer/1446e5c71e4a6fb0/out -L dependency=/opt/rustwide/target/debug/build/cfg-if/54e253622f068d0a/out -L dependency=/opt/rustwide/target/debug/build/cmov/8237b69c459333ea/out -L dependency=/opt/rustwide/target/debug/build/const-oid/9eee41587642210e/out -L dependency=/opt/rustwide/target/debug/build/cpufeatures/8b1bfbaa12a9a21a/out -L dependency=/opt/rustwide/target/debug/build/crypto-common/57a4b503925f64cc/out -L dependency=/opt/rustwide/target/debug/build/ctutils/7636292f23b98692/out -L dependency=/opt/rustwide/target/debug/build/digest/eee9a7d42558f6a0/out -L dependency=/opt/rustwide/target/debug/build/getrandom/fae72b8a65059faa/out -L dependency=/opt/rustwide/target/debug/build/hybrid-array/191ac62ccf6e1398/out -L dependency=/opt/rustwide/target/debug/build/libc/c4f97a6f473a0c05/out -L dependency=/opt/rustwide/target/debug/build/log/c826297b9ddf0ef8/out -L dependency=/opt/rustwide/target/debug/build/once_cell/c3517054d55a7dff/out -L dependency=/opt/rustwide/target/debug/build/psm/b4afa2835a129b3c/out -L dependency=/opt/rustwide/target/debug/build/recursive-proc-macro-impl/5f0a8adc0167daa5/out -L dependency=/opt/rustwide/target/debug/build/recursive/fb95149c78fafcba/out -L dependency=/opt/rustwide/target/debug/build/serde/d10f89de36c108e1/out -L dependency=/opt/rustwide/target/debug/build/serde_core/ae61b85b9f07edfc/out -L dependency=/opt/rustwide/target/debug/build/serde_derive/97eb5c6592534533/out -L dependency=/opt/rustwide/target/debug/build/serde_spanned/5d311df5254c8774/out -L dependency=/opt/rustwide/target/debug/build/sha2/765f2e6050789ebc/out -L dependency=/opt/rustwide/target/debug/build/sqlparser/f19d442f51fb20ef/out -L dependency=/opt/rustwide/target/debug/build/sqlparser_derive/990cdf4bd5f8211f/out -L dependency=/opt/rustwide/target/debug/build/stacker/d1ff7fe3d2b3dc01/out -L dependency=/opt/rustwide/target/debug/build/thiserror-impl/afce060c383ecbcb/out -L dependency=/opt/rustwide/target/debug/build/thiserror/d884a30333b364f0/out -L dependency=/opt/rustwide/target/debug/build/toml/27211bbfd61b7a56/out -L dependency=/opt/rustwide/target/debug/build/toml_datetime/315b790cfbb6f62f/out -L dependency=/opt/rustwide/target/debug/build/toml_parser/3efdf30a30f0302e/out -L dependency=/opt/rustwide/target/debug/build/toml_writer/34d7f3802e5426ad/out -L dependency=/opt/rustwide/target/debug/build/typenum/b4ecb8bd4c48de35/out -L dependency=/opt/rustwide/target/debug/build/winnow/d8322da08f17fa22/out -L dependency=/opt/rustwide/target/debug/build/zerocopy-derive/1dc8e5c1b5319c96/out -L dependency=/opt/rustwide/target/debug/build/zerocopy/e85b42899e903640/out --extern ahash=/opt/rustwide/target/debug/build/ahash/8d7fc5076a817867/out/libahash-8d7fc5076a817867.rmeta --extern scythe_backend=/opt/rustwide/target/debug/build/scythe-backend/2bf58882148e89f4/out/libscythe_backend-2bf58882148e89f4.rmeta --extern scythe_core=/opt/rustwide/target/debug/build/scythe-core/b2c4ac8e7e0c1966/out/libscythe_core-b2c4ac8e7e0c1966.rmeta --extern toml=/opt/rustwide/target/debug/build/toml/27211bbfd61b7a56/out/libtoml-27211bbfd61b7a56.rmeta --cap-lints=forbid -Znext-solver=coherence --force-warn=unused_crate_dependencies -L native=/opt/rustwide/target/debug/build/psm/6684facbea89b5f4/out` (signal: 9, SIGKILL: kill)
[INFO] [stderr] error: could not compile `scythe-codegen` (lib test)
[INFO] [stderr] 
[INFO] [stderr] Caused by:
[INFO] [stderr]   process didn't exit successfully: `/opt/rustwide/rustup-home/toolchains/3154cc1a3e6424e44f438a95007d043ed5ceaaf6/bin/rustc --crate-name scythe_codegen --edition=2024 crates/scythe-codegen/src/lib.rs --error-format=json --json=diagnostic-rendered-ansi,artifacts,future-incompat,unused-externs-silent --emit=dep-info,metadata -C embed-bitcode=no -C debuginfo=2 --test --check-cfg 'cfg(docsrs,test)' --check-cfg 'cfg(feature, values())' -C metadata=e94894485d414f8c -C extra-filename=-e7299bf04f29c8f9 --out-dir /opt/rustwide/target/debug/build/scythe-codegen/e7299bf04f29c8f9/out -L dependency=/opt/rustwide/target/debug/build/ahash/8d7fc5076a817867/out -L dependency=/opt/rustwide/target/debug/build/aho-corasick/163d7e9d08d0cc94/out -L dependency=/opt/rustwide/target/debug/build/alloca/e71fc727a95ccbde/out -L dependency=/opt/rustwide/target/debug/build/allocator-api2/320a7223f6faf4b8/out -L dependency=/opt/rustwide/target/debug/build/anes/60c45e5e449fbb3f/out -L dependency=/opt/rustwide/target/debug/build/anstream/8d07e74e57721329/out -L dependency=/opt/rustwide/target/debug/build/anstyle-parse/e1ac79ef6a069817/out -L dependency=/opt/rustwide/target/debug/build/anstyle-query/d7fe99310e29d523/out -L dependency=/opt/rustwide/target/debug/build/anstyle/c817f3fd9a811ac3/out -L dependency=/opt/rustwide/target/debug/build/bit-set/45bc8a1922bd161f/out -L dependency=/opt/rustwide/target/debug/build/bit-vec/fb971a3339b10ba4/out -L dependency=/opt/rustwide/target/debug/build/block-buffer/1446e5c71e4a6fb0/out -L dependency=/opt/rustwide/target/debug/build/bstr/f0105cb126becf23/out -L dependency=/opt/rustwide/target/debug/build/cast/37f2b2b4ab50d663/out -L dependency=/opt/rustwide/target/debug/build/cfg-if/54e253622f068d0a/out -L dependency=/opt/rustwide/target/debug/build/ciborium-io/2e9c3e4ad6801b04/out -L dependency=/opt/rustwide/target/debug/build/ciborium-ll/55364f10f362c17f/out -L dependency=/opt/rustwide/target/debug/build/ciborium/3d52fbb2dda7ed51/out -L dependency=/opt/rustwide/target/debug/build/clap/99cf308daef02cfe/out -L dependency=/opt/rustwide/target/debug/build/clap_builder/9e773db8d0811b3f/out -L dependency=/opt/rustwide/target/debug/build/clap_derive/dea9575aa74a8c30/out -L dependency=/opt/rustwide/target/debug/build/clap_lex/b42852c8af498bcd/out -L dependency=/opt/rustwide/target/debug/build/cmov/8237b69c459333ea/out -L dependency=/opt/rustwide/target/debug/build/colorchoice/57f0573723623dca/out -L dependency=/opt/rustwide/target/debug/build/common-path/4db54e4c24f0fb24/out -L dependency=/opt/rustwide/target/debug/build/configparser/944eae7d83ec9f72/out -L dependency=/opt/rustwide/target/debug/build/const-oid/9eee41587642210e/out -L dependency=/opt/rustwide/target/debug/build/cpufeatures/8b1bfbaa12a9a21a/out -L dependency=/opt/rustwide/target/debug/build/criterion-plot/78ec7337fb140d99/out -L dependency=/opt/rustwide/target/debug/build/crossbeam-deque/cd632badcd09c3db/out -L dependency=/opt/rustwide/target/debug/build/crossbeam-epoch/2e42259300c9aa75/out -L dependency=/opt/rustwide/target/debug/build/crossbeam-utils/a8175890c8658527/out -L dependency=/opt/rustwide/target/debug/build/crypto-common/57a4b503925f64cc/out -L dependency=/opt/rustwide/target/debug/build/ctutils/7636292f23b98692/out -L dependency=/opt/rustwide/target/debug/build/diff/b8e0798c8a3e18f2/out -L dependency=/opt/rustwide/target/debug/build/digest/eee9a7d42558f6a0/out -L dependency=/opt/rustwide/target/debug/build/either/2001bccec4eaa007/out -L dependency=/opt/rustwide/target/debug/build/enum_dispatch/dd8d66c56573fa51/out -L dependency=/opt/rustwide/target/debug/build/equivalent/53277b141c879f87/out -L dependency=/opt/rustwide/target/debug/build/fancy-regex/ac66682d94cb6a47/out -L dependency=/opt/rustwide/target/debug/build/foldhash/d794f8647a7c5183/out -L dependency=/opt/rustwide/target/debug/build/getrandom/fae72b8a65059faa/out -L dependency=/opt/rustwide/target/debug/build/glob/bf06e3b7d8a2b2a4/out -L dependency=/opt/rustwide/target/debug/build/globset/0388e4b3404daf8d/out -L dependency=/opt/rustwide/target/debug/build/half/08f243deecec924d/out -L dependency=/opt/rustwide/target/debug/build/hashbrown/5a411c25e39b1acf/out -L dependency=/opt/rustwide/target/debug/build/hybrid-array/191ac62ccf6e1398/out -L dependency=/opt/rustwide/target/debug/build/ignore/f095bb45c06d388c/out -L dependency=/opt/rustwide/target/debug/build/indexmap/d7a3eba88abf078d/out -L dependency=/opt/rustwide/target/debug/build/is_terminal_polyfill/ad905bc293a87b7f/out -L dependency=/opt/rustwide/target/debug/build/itertools/18e4a8db51ac05dd/out -L dependency=/opt/rustwide/target/debug/build/itertools/1b1726fcae14b81e/out -L dependency=/opt/rustwide/target/debug/build/itoa/9757112bd9972718/out -L dependency=/opt/rustwide/target/debug/build/lazy-regex-proc_macros/259a424f085dd0ee/out -L dependency=/opt/rustwide/target/debug/build/lazy-regex/77b9efbdcbf4ffd4/out -L dependency=/opt/rustwide/target/debug/build/libc/c4f97a6f473a0c05/out -L dependency=/opt/rustwide/target/debug/build/libm/2e0fe817bf4c866c/out -L dependency=/opt/rustwide/target/debug/build/log/c826297b9ddf0ef8/out -L dependency=/opt/rustwide/target/debug/build/memchr/1dee75255e878028/out -L dependency=/opt/rustwide/target/debug/build/nohash-hasher/8da11dd23ac165ba/out -L dependency=/opt/rustwide/target/debug/build/num-traits/b1d7c630e2f033f6/out -L dependency=/opt/rustwide/target/debug/build/once_cell/c3517054d55a7dff/out -L dependency=/opt/rustwide/target/debug/build/oorandom/b29d6c723585fcb1/out -L dependency=/opt/rustwide/target/debug/build/page_size/206cf8a3884aa0b4/out -L dependency=/opt/rustwide/target/debug/build/plotters-backend/d9f67dad64e82550/out -L dependency=/opt/rustwide/target/debug/build/plotters-svg/397cb53a8c86d323/out -L dependency=/opt/rustwide/target/debug/build/plotters/c0c038e0772aa88b/out -L dependency=/opt/rustwide/target/debug/build/pretty_assertions/75e856f2e4038a1c/out -L dependency=/opt/rustwide/target/debug/build/proc-macro2/d0935b6db5985f15/out -L dependency=/opt/rustwide/target/debug/build/psm/b4afa2835a129b3c/out -L dependency=/opt/rustwide/target/debug/build/quote/aa7141088ff2f6d9/out -L dependency=/opt/rustwide/target/debug/build/rayon-core/05347a2af01f06f0/out -L dependency=/opt/rustwide/target/debug/build/rayon/3c5f16b997fae166/out -L dependency=/opt/rustwide/target/debug/build/recursive-proc-macro-impl/5f0a8adc0167daa5/out -L dependency=/opt/rustwide/target/debug/build/recursive/fb95149c78fafcba/out -L dependency=/opt/rustwide/target/debug/build/regex-automata/e01766a83c441497/out -L dependency=/opt/rustwide/target/debug/build/regex-syntax/8191e3a61fa341b7/out -L dependency=/opt/rustwide/target/debug/build/regex/1277c3df83025ff4/out -L dependency=/opt/rustwide/target/debug/build/ryu/659b25542bb7dde0/out -L dependency=/opt/rustwide/target/debug/build/same-file/dcdb966383785818/out -L dependency=/opt/rustwide/target/debug/build/scythe-core/b2c4ac8e7e0c1966/out -L dependency=/opt/rustwide/target/debug/build/serde/d10f89de36c108e1/out -L dependency=/opt/rustwide/target/debug/build/serde_core/ae61b85b9f07edfc/out -L dependency=/opt/rustwide/target/debug/build/serde_derive/97eb5c6592534533/out -L dependency=/opt/rustwide/target/debug/build/serde_json/7a6212f05d4313e0/out -L dependency=/opt/rustwide/target/debug/build/serde_spanned/5d311df5254c8774/out -L dependency=/opt/rustwide/target/debug/build/serde_yaml/debf01ad336a2227/out -L dependency=/opt/rustwide/target/debug/build/sha2/765f2e6050789ebc/out -L dependency=/opt/rustwide/target/debug/build/smallvec/3551de4b3552981e/out -L dependency=/opt/rustwide/target/debug/build/smol_str/23f5b8fafa7134ee/out -L dependency=/opt/rustwide/target/debug/build/sqlparser/f19d442f51fb20ef/out -L dependency=/opt/rustwide/target/debug/build/sqlparser_derive/990cdf4bd5f8211f/out -L dependency=/opt/rustwide/target/debug/build/sqruff-lib-core/13e820a90064d21c/out -L dependency=/opt/rustwide/target/debug/build/sqruff-lib-dialects/e449db7f0f0ddd58/out -L dependency=/opt/rustwide/target/debug/build/sqruff-lib/09896b20b6ada95e/out -L dependency=/opt/rustwide/target/debug/build/stacker/d1ff7fe3d2b3dc01/out -L dependency=/opt/rustwide/target/debug/build/strsim/8ef4eec82bb5cc1e/out -L dependency=/opt/rustwide/target/debug/build/strum/36af14299205380f/out -L dependency=/opt/rustwide/target/debug/build/strum_macros/a9952c71fb8ef512/out -L dependency=/opt/rustwide/target/debug/build/thiserror-impl/afce060c383ecbcb/out -L dependency=/opt/rustwide/target/debug/build/thiserror/d884a30333b364f0/out -L dependency=/opt/rustwide/target/debug/build/tinytemplate/2f78f6d868cf183a/out -L dependency=/opt/rustwide/target/debug/build/toml/27211bbfd61b7a56/out -L dependency=/opt/rustwide/target/debug/build/toml_datetime/315b790cfbb6f62f/out -L dependency=/opt/rustwide/target/debug/build/toml_parser/3efdf30a30f0302e/out -L dependency=/opt/rustwide/target/debug/build/toml_writer/34d7f3802e5426ad/out -L dependency=/opt/rustwide/target/debug/build/typenum/b4ecb8bd4c48de35/out -L dependency=/opt/rustwide/target/debug/build/unicode-ident/afa9f8ec49faf16e/out -L dependency=/opt/rustwide/target/debug/build/unsafe-libyaml/2532ab1ba345d0f9/out -L dependency=/opt/rustwide/target/debug/build/utf8parse/22c8bfc04b871790/out -L dependency=/opt/rustwide/target/debug/build/walkdir/9cf77ea4ba6f40cd/out -L dependency=/opt/rustwide/target/debug/build/winnow/d8322da08f17fa22/out -L dependency=/opt/rustwide/target/debug/build/yansi/3b553b5b60441f81/out -L dependency=/opt/rustwide/target/debug/build/zerocopy-derive/1dc8e5c1b5319c96/out -L dependency=/opt/rustwide/target/debug/build/zerocopy/e85b42899e903640/out -L dependency=/opt/rustwide/target/debug/build/zmij/7db290db90de1c50/out --extern ahash=/opt/rustwide/target/debug/build/ahash/8d7fc5076a817867/out/libahash-8d7fc5076a817867.rmeta --extern criterion=/opt/rustwide/target/debug/build/criterion/a012000655d121ad/out/libcriterion-a012000655d121ad.rmeta --extern scythe_backend=/opt/rustwide/target/debug/build/scythe-backend/2bf58882148e89f4/out/libscythe_backend-2bf58882148e89f4.rmeta --extern scythe_core=/opt/rustwide/target/debug/build/scythe-core/b2c4ac8e7e0c1966/out/libscythe_core-b2c4ac8e7e0c1966.rmeta --extern scythe_lint=/opt/rustwide/target/debug/build/scythe-lint/f0aead01588ae6cd/out/libscythe_lint-f0aead01588ae6cd.rmeta --extern syn=/opt/rustwide/target/debug/build/syn/62a35d087d8083e9/out/libsyn-62a35d087d8083e9.rmeta --extern toml=/opt/rustwide/target/debug/build/toml/27211bbfd61b7a56/out/libtoml-27211bbfd61b7a56.rmeta --cap-lints=forbid -Znext-solver=coherence --force-warn=unused_crate_dependencies -L native=/opt/rustwide/target/debug/build/alloca/8750d86e5f0640b4/out -L native=/opt/rustwide/target/debug/build/psm/6684facbea89b5f4/out` (signal: 9, SIGKILL: kill)
[ERROR] error running command: no output for 300 seconds
[INFO] running `Command { std: "docker" "inspect" "551e099872cc1d9bf23ab9898a4ce0a2130cad7a9b47876bf59f023c945772d9", kill_on_drop: false }`
[INFO] running `Command { std: "docker" "rm" "-f" "551e099872cc1d9bf23ab9898a4ce0a2130cad7a9b47876bf59f023c945772d9", kill_on_drop: false }`
[INFO] [stdout] 551e099872cc1d9bf23ab9898a4ce0a2130cad7a9b47876bf59f023c945772d9
