[INFO] cloning repository https://github.com/GhostlyBlob/carteira-de-investimento-inteligente
[INFO] running `Command { std: "git" "-c" "credential.helper=" "-c" "credential.helper=/workspace/cargo-home/bin/git-credential-null" "clone" "--bare" "https://github.com/GhostlyBlob/carteira-de-investimento-inteligente" "/workspace/cache/git-repos/https%3A%2F%2Fgithub.com%2FGhostlyBlob%2Fcarteira-de-investimento-inteligente", kill_on_drop: false }`
[INFO] [stderr] Cloning into bare repository '/workspace/cache/git-repos/https%3A%2F%2Fgithub.com%2FGhostlyBlob%2Fcarteira-de-investimento-inteligente'...
[INFO] running `Command { std: "git" "rev-parse" "HEAD", kill_on_drop: false }`
[INFO] [stdout] db7f8ccdb09a6231fdb307b66e7f91a70ed24acc
[INFO] checking GhostlyBlob/carteira-de-investimento-inteligente against 3154cc1a3e6424e44f438a95007d043ed5ceaaf6+rustflags=-Znext-solver=coherence for pr-133502-30
[INFO] running `Command { std: "git" "clone" "/workspace/cache/git-repos/https%3A%2F%2Fgithub.com%2FGhostlyBlob%2Fcarteira-de-investimento-inteligente" "/workspace/builds/worker-6-tc1/source", kill_on_drop: false }`
[INFO] [stderr] Cloning into '/workspace/builds/worker-6-tc1/source'...
[INFO] [stderr] done.
[INFO] started tweaking git repo https://github.com/GhostlyBlob/carteira-de-investimento-inteligente
[INFO] finished tweaking git repo https://github.com/GhostlyBlob/carteira-de-investimento-inteligente
[INFO] tweaked toml for git repo https://github.com/GhostlyBlob/carteira-de-investimento-inteligente written to /workspace/builds/worker-6-tc1/source/Cargo.toml
[INFO] validating manifest of git repo https://github.com/GhostlyBlob/carteira-de-investimento-inteligente on toolchain 3154cc1a3e6424e44f438a95007d043ed5ceaaf6
[INFO] running `Command { std: CARGO_HOME="/workspace/cargo-home" RUSTUP_HOME="/workspace/rustup-home" "/workspace/cargo-home/bin/cargo" "+3154cc1a3e6424e44f438a95007d043ed5ceaaf6" "metadata" "--manifest-path" "Cargo.toml" "--no-deps", kill_on_drop: false }`
[INFO] crate git repo https://github.com/GhostlyBlob/carteira-de-investimento-inteligente already has a lockfile, it will not be regenerated
[INFO] running `Command { std: CARGO_HOME="/workspace/cargo-home" RUSTUP_HOME="/workspace/rustup-home" "/workspace/cargo-home/bin/cargo" "+3154cc1a3e6424e44f438a95007d043ed5ceaaf6" "fetch" "--manifest-path" "Cargo.toml", kill_on_drop: false }`
[INFO] [stderr]  Downloading crates ...
[INFO] [stderr]   Downloaded axum-extra v0.12.6
[INFO] [stderr]   Downloaded askama_macros v0.15.6
[INFO] [stderr]   Downloaded askama v0.15.6
[INFO] [stderr]   Downloaded askama_parser v0.15.6
[INFO] [stderr]   Downloaded askama_derive v0.15.6
[INFO] running `Command { std: "docker" "create" "-v" "/var/lib/crater-agent-workspace/builds/worker-6-tc1/source:/opt/rustwide/workdir:ro,Z" "-v" "/var/lib/crater-agent-workspace/builds/worker-6-tc1/target:/opt/rustwide/target:rw,Z" "-v" "/var/lib/crater-agent-workspace/cargo-home:/opt/rustwide/cargo-home:ro,Z" "-v" "/var/lib/crater-agent-workspace/rustup-home:/opt/rustwide/rustup-home:ro,Z" "-m" "1610612736" "--network" "none" "ghcr.io/rust-lang/crates-build-env/linux@sha256:77db811e55d90add9212f6832c23229e3de5f1c1f9905e8cb07319ea15df73ac" "sleep" "infinity", kill_on_drop: false }`
[INFO] [stdout] 0a5452f2d5d50a3a2dd91e601e0eed03dfff935009c95560a1f1e2d098fe0d3c
[INFO] running `Command { std: "docker" "start" "0a5452f2d5d50a3a2dd91e601e0eed03dfff935009c95560a1f1e2d098fe0d3c", kill_on_drop: false }`
[INFO] running `Command { std: "docker" "inspect" "0a5452f2d5d50a3a2dd91e601e0eed03dfff935009c95560a1f1e2d098fe0d3c", kill_on_drop: false }`
[INFO] running `Command { std: "docker" "exec" "-e" "SOURCE_DIR=/opt/rustwide/workdir" "-e" "CARGO_HOME=/opt/rustwide/cargo-home" "-e" "RUSTUP_HOME=/opt/rustwide/rustup-home" "-e" "CARGO_TARGET_DIR=/opt/rustwide/target" "-w" "/opt/rustwide/workdir" "--user" "0:0" "0a5452f2d5d50a3a2dd91e601e0eed03dfff935009c95560a1f1e2d098fe0d3c" "/opt/rustwide/cargo-home/bin/cargo" "+3154cc1a3e6424e44f438a95007d043ed5ceaaf6" "metadata" "--no-deps" "--format-version=1", kill_on_drop: false }`
[INFO] running `Command { std: "docker" "inspect" "0a5452f2d5d50a3a2dd91e601e0eed03dfff935009c95560a1f1e2d098fe0d3c", kill_on_drop: false }`
[INFO] running `Command { std: "docker" "exec" "-e" "SOURCE_DIR=/opt/rustwide/workdir" "-e" "CARGO_HOME=/opt/rustwide/cargo-home" "-e" "RUSTUP_HOME=/opt/rustwide/rustup-home" "-e" "CARGO_TARGET_DIR=/opt/rustwide/target" "-e" "CARGO_INCREMENTAL=0" "-e" "RUST_BACKTRACE=full" "-e" "RUSTFLAGS=--cap-lints=forbid -Znext-solver=coherence" "-e" "RUSTDOCFLAGS=--cap-lints=forbid" "-w" "/opt/rustwide/workdir" "--user" "0:0" "0a5452f2d5d50a3a2dd91e601e0eed03dfff935009c95560a1f1e2d098fe0d3c" "/opt/rustwide/cargo-home/bin/cargo" "+3154cc1a3e6424e44f438a95007d043ed5ceaaf6" "check" "--frozen" "--all" "--all-targets" "--message-format=json", kill_on_drop: false }`
[INFO] [stderr]    Compiling zerocopy v0.8.56
[INFO] [stderr]    Compiling serde_json v1.0.151
[INFO] [stderr]    Compiling syn v3.0.3
[INFO] [stderr]    Compiling generic-array v0.14.9
[INFO] [stderr]     Checking crypto-common v0.1.6
[INFO] [stderr]     Checking tracing v0.1.44
[INFO] [stderr]    Compiling zerofrom v0.1.8
[INFO] [stderr]    Compiling getrandom v0.2.17
[INFO] [stderr]    Compiling mio v1.2.2
[INFO] [stderr]    Compiling num-traits v0.2.19
[INFO] [stderr]    Compiling tinyvec v1.12.0
[INFO] [stderr]    Compiling crossbeam-utils v0.8.22
[INFO] [stderr]    Compiling time-core v0.1.9
[INFO] [stderr]    Compiling num-conv v0.2.2
[INFO] [stderr]    Compiling indexmap v2.14.0
[INFO] [stderr]    Compiling yoke v0.8.3
[INFO] [stderr]     Checking digest v0.10.7
[INFO] [stderr]    Compiling rand_core v0.6.4
[INFO] [stderr]    Compiling time-macros v0.2.32
[INFO] [stderr]    Compiling cc v1.4.4
[INFO] [stderr]     Checking sha2 v0.10.9
[INFO] [stderr]     Checking hmac v0.12.1
[INFO] [stderr]    Compiling winnow v1.0.4
[INFO] [stderr]    Compiling tokio v1.53.1
[INFO] [stderr]    Compiling crossbeam-queue v0.3.13
[INFO] [stderr]    Compiling unicode-normalization v0.1.25
[INFO] [stderr]     Checking tracing-log v0.2.0
[INFO] [stderr]    Compiling rustc-hash v2.1.3
[INFO] [stderr]    Compiling bitflags v2.13.1
[INFO] [stderr]    Compiling owo-colors v4.3.0
[INFO] [stderr]    Compiling object v0.37.3
[INFO] [stderr]    Compiling stringprep v0.1.5
[INFO] [stderr]     Checking num-integer v0.1.47
[INFO] [stderr]    Compiling cookie v0.18.2
[INFO] [stderr]    Compiling block-buffer v0.10.4
[INFO] [stderr]    Compiling eyre v0.6.14
[INFO] [stderr]    Compiling atoi v2.0.0
[INFO] [stderr]     Checking gimli v0.32.3
[INFO] [stderr]     Checking base64ct v1.8.3
[INFO] [stderr]    Compiling color-spantrace v0.3.0
[INFO] [stderr]     Checking time v0.3.55
[INFO] [stderr]    Compiling md-5 v0.10.6
[INFO] [stderr]     Checking num-bigint v0.4.8
[INFO] [stderr]    Compiling hkdf v0.12.4
[INFO] [stderr]     Checking miniz_oxide v0.8.9
[INFO] [stderr]     Checking axum-core v0.5.6
[INFO] [stderr]     Checking blake2 v0.10.6
[INFO] [stderr]     Checking password-hash v0.5.0
[INFO] [stderr]    Compiling axum-macros v0.5.1
[INFO] [stderr]     Checking serde_path_to_error v0.1.20
[INFO] [stderr]     Checking indenter v0.3.4
[INFO] [stderr]     Checking rustc-demangle v0.1.28
[INFO] [stderr]     Checking argon2 v0.5.3
[INFO] [stderr]     Checking pem v3.0.6
[INFO] [stderr]     Checking chrono v0.4.45
[INFO] [stderr]     Checking console v0.16.4
[INFO] [stderr]     Checking similar v2.7.0
[INFO] [stderr]     Checking password-auth v1.0.0
[INFO] [stderr]    Compiling ring v0.17.14
[INFO] [stderr]     Checking addr2line v0.25.1
[INFO] [stderr]    Compiling serde_derive v1.0.229
[INFO] [stderr]    Compiling zerovec-derive v0.11.6
[INFO] [stderr]    Compiling displaydoc v0.2.7
[INFO] [stderr]    Compiling thiserror-impl v2.0.20
[INFO] [stderr]    Compiling tokio-macros v2.7.2
[INFO] [stderr]    Compiling zerotrie v0.2.5
[INFO] [stderr]    Compiling thiserror v2.0.20
[INFO] [stderr]     Checking simple_asn1 v0.6.4
[INFO] [stderr]    Compiling zerovec v0.11.8
[INFO] [stderr]     Checking backtrace v0.3.76
[INFO] [stderr]     Checking ppv-lite86 v0.2.21
[INFO] [stderr]     Checking tinystr v0.8.4
[INFO] [stderr]     Checking potential_utf v0.1.6
[INFO] [stderr]     Checking icu_collections v2.3.0
[INFO] [stderr]     Checking icu_locale_core v2.3.0
[INFO] [stderr]     Checking rand_chacha v0.3.1
[INFO] [stderr]     Checking rand v0.8.7
[INFO] [stderr]    Compiling tokio-stream v0.1.19
[INFO] [stderr]     Checking icu_provider v2.3.1
[INFO] [stderr]     Checking serde v1.0.229
[INFO] [stderr]     Checking icu_properties v2.3.0
[INFO] [stderr]     Checking smallvec v1.15.2
[INFO] [stderr]     Checking either v1.18.0
[INFO] [stderr]     Checking serde_urlencoded v0.7.1
[INFO] [stderr]     Checking jsonwebtoken v9.3.1
[INFO] [stderr]     Checking insta v1.48.0
[INFO] [stderr]    Compiling basic-toml v0.1.10
[INFO] [stderr]    Compiling askama_parser v0.15.6
[INFO] [stderr]     Checking icu_normalizer v2.3.0
[INFO] [stderr]     Checking parking_lot_core v0.9.12
[INFO] [stderr]     Checking tracing-subscriber v0.3.23
[INFO] [stderr]     Checking parking_lot v0.12.5
[INFO] [stderr]     Checking futures-intrusive v0.5.0
[INFO] [stderr]     Checking idna_adapter v1.2.2
[INFO] [stderr]     Checking idna v1.1.0
[INFO] [stderr]     Checking url v2.5.8
[INFO] [stderr]     Checking tracing-error v0.2.1
[INFO] [stderr]     Checking color-eyre v0.6.5
[INFO] [stderr]     Checking hyper v1.11.0
[INFO] [stderr]     Checking tower v0.5.3
[INFO] [stderr]    Compiling sqlx-core v0.8.6
[INFO] [stderr]     Checking hyper-util v0.1.20
[INFO] [stderr]     Checking axum v0.8.9
[INFO] [stderr]    Compiling askama_derive v0.15.6
[INFO] [stderr]     Checking sqlx-postgres v0.8.6
[INFO] [stderr]    Compiling askama_macros v0.15.6
[INFO] [stderr]     Checking askama v0.15.6
[INFO] [stderr]     Checking axum-extra v0.12.6
[INFO] [stderr]    Compiling sqlx-macros-core v0.8.6
[INFO] [stderr]    Compiling sqlx-macros v0.8.6
[INFO] [stderr]     Checking sqlx v0.8.6
[INFO] [stderr]     Checking carteira-investimentos v0.1.0 (/opt/rustwide/workdir)
[INFO] [stdout] error: error communicating with database: Connection refused (os error 111)
[INFO] [stdout]   --> src/repository/assets.rs:6:9
[INFO] [stdout]    |
[INFO] [stdout]  6 | /         sqlx::query_as!(
[INFO] [stdout]  7 | |             Asset,
[INFO] [stdout]  8 | |             "SELECT id, name, unit_value
[INFO] [stdout]  9 | |              FROM assets
[INFO] [stdout] 10 | |              ORDER BY name;"
[INFO] [stdout] 11 | |         )
[INFO] [stdout]    | |_________^
[INFO] [stdout]    |
[INFO] [stdout]    = note: this error originates in the macro `$crate::sqlx_macros::expand_query` which comes from the expansion of the macro `sqlx::query_as` (in Nightly builds, run with -Z macro-backtrace for more info)
[INFO] [stdout] 
[INFO] [stdout] 
[INFO] [stdout] error: error communicating with database: Connection refused (os error 111)
[INFO] [stdout]   --> src/repository/assets.rs:17:9
[INFO] [stdout]    |
[INFO] [stdout] 17 | /         sqlx::query_as!(
[INFO] [stdout] 18 | |             Asset,
[INFO] [stdout] 19 | |             "INSERT INTO assets (name, unit_value)
[INFO] [stdout] 20 | |              VALUES ($1, $2)
[INFO] [stdout] ...  |
[INFO] [stdout] 23 | |             unit_value
[INFO] [stdout] 24 | |         )
[INFO] [stdout]    | |_________^
[INFO] [stdout]    |
[INFO] [stdout]    = note: this error originates in the macro `$crate::sqlx_macros::expand_query` which comes from the expansion of the macro `sqlx::query_as` (in Nightly builds, run with -Z macro-backtrace for more info)
[INFO] [stdout] 
[INFO] [stdout] 
[INFO] [stdout] error: error communicating with database: Connection refused (os error 111)
[INFO] [stdout]   --> src/repository/assets.rs:37:9
[INFO] [stdout]    |
[INFO] [stdout] 37 | /         sqlx::query_as!(
[INFO] [stdout] 38 | |             Asset,
[INFO] [stdout] 39 | |             "UPDATE assets
[INFO] [stdout] 40 | |              SET name=COALESCE($2, name),
[INFO] [stdout] ...  |
[INFO] [stdout] 46 | |             unit_value
[INFO] [stdout] 47 | |         )
[INFO] [stdout]    | |_________^
[INFO] [stdout]    |
[INFO] [stdout]    = note: this error originates in the macro `$crate::sqlx_macros::expand_query` which comes from the expansion of the macro `sqlx::query_as` (in Nightly builds, run with -Z macro-backtrace for more info)
[INFO] [stdout] 
[INFO] [stdout] 
[INFO] [stdout] error: error communicating with database: Connection refused (os error 111)
[INFO] [stdout]   --> src/repository/users.rs:6:9
[INFO] [stdout]    |
[INFO] [stdout]  6 | /         sqlx::query_as!(
[INFO] [stdout]  7 | |             UserRecord,
[INFO] [stdout]  8 | |             "INSERT INTO users (username, password_hash)
[INFO] [stdout]  9 | |              VALUES ($1, $2)
[INFO] [stdout] ...  |
[INFO] [stdout] 12 | |             password_hash,
[INFO] [stdout] 13 | |         )
[INFO] [stdout]    | |_________^
[INFO] [stdout]    |
[INFO] [stdout]    = note: this error originates in the macro `$crate::sqlx_macros::expand_query` which comes from the expansion of the macro `sqlx::query_as` (in Nightly builds, run with -Z macro-backtrace for more info)
[INFO] [stdout] 
[INFO] [stdout] 
[INFO] [stdout] error: error communicating with database: Connection refused (os error 111)
[INFO] [stdout]   --> src/repository/users.rs:19:9
[INFO] [stdout]    |
[INFO] [stdout] 19 | /         sqlx::query_as!(
[INFO] [stdout] 20 | |             UserRecord,
[INFO] [stdout] 21 | |             "SELECT id, username, password_hash
[INFO] [stdout] 22 | |              FROM users
[INFO] [stdout] 23 | |              WHERE username = $1;",
[INFO] [stdout] 24 | |             username
[INFO] [stdout] 25 | |         )
[INFO] [stdout]    | |_________^
[INFO] [stdout]    |
[INFO] [stdout]    = note: this error originates in the macro `$crate::sqlx_macros::expand_query` which comes from the expansion of the macro `sqlx::query_as` (in Nightly builds, run with -Z macro-backtrace for more info)
[INFO] [stdout] 
[INFO] [stdout] 
[INFO] [stdout] error: error communicating with database: Connection refused (os error 111)
[INFO] [stdout]   --> src/repository/assets.rs:6:9
[INFO] [stdout]    |
[INFO] [stdout]  6 | /         sqlx::query_as!(
[INFO] [stdout]  7 | |             Asset,
[INFO] [stdout]  8 | |             "SELECT id, name, unit_value
[INFO] [stdout]  9 | |              FROM assets
[INFO] [stdout] 10 | |              ORDER BY name;"
[INFO] [stdout] 11 | |         )
[INFO] [stdout]    | |_________^
[INFO] [stdout]    |
[INFO] [stdout]    = note: this error originates in the macro `$crate::sqlx_macros::expand_query` which comes from the expansion of the macro `sqlx::query_as` (in Nightly builds, run with -Z macro-backtrace for more info)
[INFO] [stdout] 
[INFO] [stdout] 
[INFO] [stdout] error: error communicating with database: Connection refused (os error 111)
[INFO] [stdout]   --> src/repository/assets.rs:17:9
[INFO] [stdout]    |
[INFO] [stdout] 17 | /         sqlx::query_as!(
[INFO] [stdout] 18 | |             Asset,
[INFO] [stdout] 19 | |             "INSERT INTO assets (name, unit_value)
[INFO] [stdout] 20 | |              VALUES ($1, $2)
[INFO] [stdout] ...  |
[INFO] [stdout] 23 | |             unit_value
[INFO] [stdout] 24 | |         )
[INFO] [stdout]    | |_________^
[INFO] [stdout]    |
[INFO] [stdout]    = note: this error originates in the macro `$crate::sqlx_macros::expand_query` which comes from the expansion of the macro `sqlx::query_as` (in Nightly builds, run with -Z macro-backtrace for more info)
[INFO] [stdout] 
[INFO] [stdout] 
[INFO] [stdout] error: error communicating with database: Connection refused (os error 111)
[INFO] [stdout]   --> src/repository/assets.rs:37:9
[INFO] [stdout]    |
[INFO] [stdout] 37 | /         sqlx::query_as!(
[INFO] [stdout] 38 | |             Asset,
[INFO] [stdout] 39 | |             "UPDATE assets
[INFO] [stdout] 40 | |              SET name=COALESCE($2, name),
[INFO] [stdout] ...  |
[INFO] [stdout] 46 | |             unit_value
[INFO] [stdout] 47 | |         )
[INFO] [stdout]    | |_________^
[INFO] [stdout]    |
[INFO] [stdout]    = note: this error originates in the macro `$crate::sqlx_macros::expand_query` which comes from the expansion of the macro `sqlx::query_as` (in Nightly builds, run with -Z macro-backtrace for more info)
[INFO] [stdout] 
[INFO] [stdout] 
[INFO] [stdout] error: error communicating with database: Connection refused (os error 111)
[INFO] [stdout]   --> src/repository/users.rs:6:9
[INFO] [stdout]    |
[INFO] [stdout]  6 | /         sqlx::query_as!(
[INFO] [stdout]  7 | |             UserRecord,
[INFO] [stdout]  8 | |             "INSERT INTO users (username, password_hash)
[INFO] [stdout]  9 | |              VALUES ($1, $2)
[INFO] [stdout] ...  |
[INFO] [stdout] 12 | |             password_hash,
[INFO] [stdout] 13 | |         )
[INFO] [stdout]    | |_________^
[INFO] [stdout]    |
[INFO] [stdout]    = note: this error originates in the macro `$crate::sqlx_macros::expand_query` which comes from the expansion of the macro `sqlx::query_as` (in Nightly builds, run with -Z macro-backtrace for more info)
[INFO] [stdout] 
[INFO] [stdout] 
[INFO] [stdout] error: error communicating with database: Connection refused (os error 111)
[INFO] [stdout]   --> src/repository/users.rs:19:9
[INFO] [stdout]    |
[INFO] [stdout] 19 | /         sqlx::query_as!(
[INFO] [stdout] 20 | |             UserRecord,
[INFO] [stdout] 21 | |             "SELECT id, username, password_hash
[INFO] [stdout] 22 | |              FROM users
[INFO] [stdout] 23 | |              WHERE username = $1;",
[INFO] [stdout] 24 | |             username
[INFO] [stdout] 25 | |         )
[INFO] [stdout]    | |_________^
[INFO] [stdout]    |
[INFO] [stdout]    = note: this error originates in the macro `$crate::sqlx_macros::expand_query` which comes from the expansion of the macro `sqlx::query_as` (in Nightly builds, run with -Z macro-backtrace for more info)
[INFO] [stdout] 
[INFO] [stdout] 
[INFO] [stderr] error: could not compile `carteira-investimentos` (bin "carteira-investimentos") due to 5 previous errors
[INFO] [stderr] warning: build failed, waiting for other jobs to finish...
[INFO] [stderr] error: could not compile `carteira-investimentos` (bin "carteira-investimentos" test) due to 5 previous errors
[INFO] running `Command { std: "docker" "inspect" "0a5452f2d5d50a3a2dd91e601e0eed03dfff935009c95560a1f1e2d098fe0d3c", kill_on_drop: false }`
[INFO] running `Command { std: "docker" "rm" "-f" "0a5452f2d5d50a3a2dd91e601e0eed03dfff935009c95560a1f1e2d098fe0d3c", kill_on_drop: false }`
[INFO] [stdout] 0a5452f2d5d50a3a2dd91e601e0eed03dfff935009c95560a1f1e2d098fe0d3c
