[INFO] cloning repository https://github.com/Gaurav-Wankhede/rustflow
[INFO] running `Command { std: "git" "-c" "credential.helper=" "-c" "credential.helper=/workspace/cargo-home/bin/git-credential-null" "clone" "--bare" "https://github.com/Gaurav-Wankhede/rustflow" "/workspace/cache/git-repos/https%3A%2F%2Fgithub.com%2FGaurav-Wankhede%2Frustflow", kill_on_drop: false }`
[INFO] [stderr] Cloning into bare repository '/workspace/cache/git-repos/https%3A%2F%2Fgithub.com%2FGaurav-Wankhede%2Frustflow'...
[INFO] running `Command { std: "git" "rev-parse" "HEAD", kill_on_drop: false }`
[INFO] [stdout] 6e201c3979332bdd943273fb07d30178503617b7
[INFO] checking Gaurav-Wankhede/rustflow against 3154cc1a3e6424e44f438a95007d043ed5ceaaf6+rustflags=-Znext-solver=coherence for pr-133502-30
[INFO] running `Command { std: "git" "clone" "/workspace/cache/git-repos/https%3A%2F%2Fgithub.com%2FGaurav-Wankhede%2Frustflow" "/workspace/builds/worker-3-tc1/source", kill_on_drop: false }`
[INFO] [stderr] Cloning into '/workspace/builds/worker-3-tc1/source'...
[INFO] [stderr] done.
[INFO] started tweaking git repo https://github.com/Gaurav-Wankhede/rustflow
[INFO] finished tweaking git repo https://github.com/Gaurav-Wankhede/rustflow
[INFO] tweaked toml for git repo https://github.com/Gaurav-Wankhede/rustflow written to /workspace/builds/worker-3-tc1/source/Cargo.toml
[INFO] validating manifest of git repo https://github.com/Gaurav-Wankhede/rustflow on toolchain 3154cc1a3e6424e44f438a95007d043ed5ceaaf6
[INFO] running `Command { std: CARGO_HOME="/workspace/cargo-home" RUSTUP_HOME="/workspace/rustup-home" "/workspace/cargo-home/bin/cargo" "+3154cc1a3e6424e44f438a95007d043ed5ceaaf6" "metadata" "--manifest-path" "Cargo.toml" "--no-deps", kill_on_drop: false }`
[INFO] crate git repo https://github.com/Gaurav-Wankhede/rustflow already has a lockfile, it will not be regenerated
[INFO] running `Command { std: CARGO_HOME="/workspace/cargo-home" RUSTUP_HOME="/workspace/rustup-home" "/workspace/cargo-home/bin/cargo" "+3154cc1a3e6424e44f438a95007d043ed5ceaaf6" "fetch" "--manifest-path" "Cargo.toml", kill_on_drop: false }`
[INFO] [stderr]     Updating crates.io index
[INFO] [stderr]  Downloading crates ...
[INFO] [stderr]   Downloaded serde_stacker v0.1.14
[INFO] [stderr]   Downloaded polars-utils v0.55.2
[INFO] [stderr]   Downloaded tokio-rusqlite v0.6.0
[INFO] [stderr]   Downloaded array-init-cursor v0.2.1
[INFO] [stderr]   Downloaded polars-error v0.55.2
[INFO] [stderr]   Downloaded planus v1.1.1
[INFO] [stderr]   Downloaded polars v0.55.2
[INFO] [stderr]   Downloaded polars-arrow-format v0.2.1
[INFO] [stderr]   Downloaded polars-config v0.55.2
[INFO] [stderr]   Downloaded unicode-reverse v1.0.9
[INFO] [stderr]   Downloaded polars-schema v0.55.2
[INFO] [stderr]   Downloaded polars-json v0.55.2
[INFO] [stderr]   Downloaded halfbrown v0.4.0
[INFO] [stderr]   Downloaded argminmax v0.6.3
[INFO] [stderr]   Downloaded polars-time v0.55.2
[INFO] [stderr]   Downloaded value-trait v0.12.2
[INFO] [stderr]   Downloaded polars-buffer v0.55.2
[INFO] [stderr]   Downloaded debug_unsafe v0.1.4
[INFO] [stderr]   Downloaded atoi_simd v0.18.1
[INFO] [stderr]   Downloaded polars-row v0.55.2
[INFO] [stderr]   Downloaded polars-dtype v0.55.2
[INFO] [stderr]   Downloaded fast-float2 v0.2.4
[INFO] [stderr]   Downloaded polars-ops v0.55.2
[INFO] [stderr]   Downloaded simd-json v0.17.3
[INFO] [stderr]   Downloaded polars-compute v0.55.2
[INFO] [stderr]   Downloaded polars-async v0.55.2
[INFO] [stderr]   Downloaded now v0.1.3
[INFO] [stderr]   Downloaded polars-arrow v0.55.2
[INFO] [stderr]   Downloaded polars-sql v0.55.2
[INFO] [stderr]   Downloaded polars-core v0.55.2
[INFO] [stderr]   Downloaded jsonpath_lib_polars_vendor v0.0.1
[INFO] [stderr]   Downloaded polars-plan v0.55.2
[INFO] [stderr]   Downloaded streaming-decompression v0.1.2
[INFO] [stderr]   Downloaded polars-parquet-format v0.1.0
[INFO] [stderr]   Downloaded polars-parquet v0.55.2
[INFO] [stderr]   Downloaded fs4 v1.1.0
[INFO] [stderr]   Downloaded polars-io v0.55.2
[INFO] [stderr]   Downloaded blake3 v1.8.6
[INFO] [stderr]   Downloaded polars-lazy v0.55.2
[INFO] [stderr]   Downloaded polars-ooc v0.55.2
[INFO] [stderr]   Downloaded polars-expr v0.55.2
[INFO] [stderr]   Downloaded polars-stream v0.55.2
[INFO] [stderr]   Downloaded polars-mem-engine v0.55.2
[INFO] [stderr]   Downloaded libsql v0.10.0-pre.4
[INFO] [stderr]   Downloaded tonic-web v0.11.0
[INFO] [stderr]   Downloaded libsql-sys v0.10.0-pre.4
[INFO] [stderr]   Downloaded libsql-rusqlite v0.10.0-pre.4
[INFO] [stderr]   Downloaded libsql_replication v0.10.0-pre.4
[INFO] [stderr]   Downloaded bindgen v0.66.1
[INFO] [stderr]   Downloaded libsql-sqlite3-parser v0.13.0
[INFO] [stderr]   Downloaded libsql-hrana v0.10.0-pre.4
[INFO] [stderr]   Downloaded hyper-rustls v0.25.0
[INFO] [stderr]   Downloaded dioxus v0.6.3
[INFO] [stderr]   Downloaded manganis v0.6.2
[INFO] [stderr]   Downloaded manganis-macro v0.6.2
[INFO] [stderr]   Downloaded dioxus-cli-config v0.6.3
[INFO] [stderr]   Downloaded dioxus-core-types v0.6.2
[INFO] [stderr]   Downloaded const-serialize-macro v0.6.2
[INFO] [stderr]   Downloaded manganis-core v0.6.2
[INFO] [stderr]   Downloaded serde-wasm-bindgen v0.5.0
[INFO] [stderr]   Downloaded dioxus-signals v0.6.3
[INFO] [stderr]   Downloaded libsql-ffi v0.10.0-pre.4
[INFO] [stderr]   Downloaded const-serialize v0.6.2
[INFO] [stderr]   Downloaded dioxus-web v0.6.3
[INFO] [stderr]   Downloaded lazy-js-bundle v0.6.2
[INFO] [stderr]   Downloaded generational-box v0.6.2
[INFO] [stderr]   Downloaded dioxus-core v0.6.3
[INFO] [stderr]   Downloaded dioxus-interpreter-js v0.6.2
[INFO] [stderr]   Downloaded dioxus-html v0.6.3
[INFO] [stderr]   Downloaded dioxus-html-internal-macro v0.6.2
[INFO] [stderr]   Downloaded dioxus-hooks v0.6.2
[INFO] [stderr]   Downloaded dioxus-core-macro v0.6.3
[INFO] [stderr]   Downloaded dioxus-rsx v0.6.2
[INFO] [stderr]   Downloaded dioxus-history v0.6.2
[INFO] [stderr]   Downloaded dioxus-document v0.6.3
[INFO] [stderr]   Downloaded dioxus-devtools v0.6.2
[INFO] [stderr]   Downloaded tungstenite v0.23.0
[INFO] [stderr]   Downloaded dioxus-devtools-types v0.6.2
[INFO] [stderr]   Downloaded dioxus-logger v0.6.2
[INFO] [stderr]   Downloaded serde_qs v0.12.0
[INFO] [stderr]   Downloaded server_fn_macro v0.6.15
[INFO] [stderr]   Downloaded server_fn v0.6.15
[INFO] [stderr]   Downloaded dioxus-fullstack v0.6.3
[INFO] [stderr]   Downloaded server_fn_macro_default v0.6.15
[INFO] [stderr]   Downloaded dioxus_server_macro v0.6.2
[INFO] [stderr]   Downloaded dioxus-lib v0.6.2
[INFO] [stderr]   Downloaded dioxus-config-macro v0.6.2
[INFO] [stderr]   Downloaded dioxus-desktop v0.6.3
[INFO] [stderr]   Downloaded wry v0.45.0
[INFO] [stderr]   Downloaded webkit2gtk-sys v2.0.1
[INFO] [stderr]   Downloaded webview2-com v0.33.0
[INFO] [stderr]   Downloaded webkit2gtk v2.0.1
[INFO] [stderr]   Downloaded webview2-com-sys v0.33.0
[INFO] [stderr]   Downloaded kuchikiki v0.8.2
[INFO] [stderr]   Downloaded webbrowser v0.8.15
[INFO] [stderr]   Downloaded tray-icon v0.19.3
[INFO] [stderr]   Downloaded muda v0.15.3
[INFO] [stderr]   Downloaded dlopen2 v0.7.0
[INFO] [stderr]   Downloaded tao v0.30.8
[INFO] [stderr]   Downloaded infer v0.11.0
[INFO] [stderr]   Downloaded muda v0.11.5
[INFO] [stderr]   Downloaded global-hotkey v0.5.5
[INFO] running `Command { std: "docker" "create" "-v" "/var/lib/crater-agent-workspace/builds/worker-3-tc1/source:/opt/rustwide/workdir:ro,Z" "-v" "/var/lib/crater-agent-workspace/builds/worker-3-tc1/target:/opt/rustwide/target:rw,Z" "-v" "/var/lib/crater-agent-workspace/cargo-home:/opt/rustwide/cargo-home:ro,Z" "-v" "/var/lib/crater-agent-workspace/rustup-home:/opt/rustwide/rustup-home:ro,Z" "-m" "1610612736" "--network" "none" "ghcr.io/rust-lang/crates-build-env/linux@sha256:77db811e55d90add9212f6832c23229e3de5f1c1f9905e8cb07319ea15df73ac" "sleep" "infinity", kill_on_drop: false }`
[INFO] [stdout] 4ef6ba05ce3aff8ba05e550bbfb5467a45e50b8d78537e84deadc0aa8ec50d6c
[INFO] running `Command { std: "docker" "start" "4ef6ba05ce3aff8ba05e550bbfb5467a45e50b8d78537e84deadc0aa8ec50d6c", kill_on_drop: false }`
[INFO] running `Command { std: "docker" "inspect" "4ef6ba05ce3aff8ba05e550bbfb5467a45e50b8d78537e84deadc0aa8ec50d6c", kill_on_drop: false }`
[INFO] running `Command { std: "docker" "exec" "-e" "SOURCE_DIR=/opt/rustwide/workdir" "-e" "CARGO_HOME=/opt/rustwide/cargo-home" "-e" "RUSTUP_HOME=/opt/rustwide/rustup-home" "-e" "CARGO_TARGET_DIR=/opt/rustwide/target" "-w" "/opt/rustwide/workdir" "--user" "0:0" "4ef6ba05ce3aff8ba05e550bbfb5467a45e50b8d78537e84deadc0aa8ec50d6c" "/opt/rustwide/cargo-home/bin/cargo" "+3154cc1a3e6424e44f438a95007d043ed5ceaaf6" "metadata" "--no-deps" "--format-version=1", kill_on_drop: false }`
[INFO] running `Command { std: "docker" "inspect" "4ef6ba05ce3aff8ba05e550bbfb5467a45e50b8d78537e84deadc0aa8ec50d6c", kill_on_drop: false }`
[INFO] running `Command { std: "docker" "exec" "-e" "SOURCE_DIR=/opt/rustwide/workdir" "-e" "CARGO_HOME=/opt/rustwide/cargo-home" "-e" "RUSTUP_HOME=/opt/rustwide/rustup-home" "-e" "CARGO_TARGET_DIR=/opt/rustwide/target" "-e" "CARGO_INCREMENTAL=0" "-e" "RUST_BACKTRACE=full" "-e" "RUSTFLAGS=--cap-lints=forbid -Znext-solver=coherence" "-e" "RUSTDOCFLAGS=--cap-lints=forbid" "-w" "/opt/rustwide/workdir" "--user" "0:0" "4ef6ba05ce3aff8ba05e550bbfb5467a45e50b8d78537e84deadc0aa8ec50d6c" "/opt/rustwide/cargo-home/bin/cargo" "+3154cc1a3e6424e44f438a95007d043ed5ceaaf6" "check" "--frozen" "--all" "--all-targets" "--message-format=json", kill_on_drop: false }`
[INFO] [stderr]    Compiling proc-macro2 v1.0.107
[INFO] [stderr]    Compiling serde_core v1.0.229
[INFO] [stderr]    Compiling serde v1.0.229
[INFO] [stderr]    Compiling find-msvc-tools v0.1.11
[INFO] [stderr]     Checking bitflags v2.13.1
[INFO] [stderr]     Checking parking_lot_core v0.9.12
[INFO] [stderr]    Compiling smallvec v1.15.2
[INFO] [stderr]    Compiling version-compare v0.2.1
[INFO] [stderr]     Checking mio v1.2.2
[INFO] [stderr]    Compiling cc v1.4.3
[INFO] [stderr]     Checking parking_lot v0.12.5
[INFO] [stderr]     Checking getrandom v0.2.17
[INFO] [stderr]    Compiling cfg-expr v0.15.8
[INFO] [stderr]    Compiling zerocopy v0.8.56
[INFO] [stderr]    Compiling crossbeam-epoch v0.9.20
[INFO] [stderr]    Compiling crossbeam-deque v0.8.7
[INFO] [stderr]     Checking foldhash v0.2.0
[INFO] [stderr]     Checking either v1.17.0
[INFO] [stderr]     Checking rustls-pki-types v1.15.1
[INFO] [stderr]    Compiling serde_json v1.0.151
[INFO] [stderr]    Compiling quote v1.0.47
[INFO] [stderr]    Compiling slotmap v1.1.1
[INFO] [stderr]     Checking rayon-core v1.13.0
[INFO] [stderr]     Checking getrandom v0.4.3
[INFO] [stderr]     Checking aho-corasick v1.1.5
[INFO] [stderr]    Compiling syn v3.0.3
[INFO] [stderr]    Compiling syn v2.0.119
[INFO] [stderr]    Compiling rustls v0.23.43
[INFO] [stderr]    Compiling object v0.39.1
[INFO] [stderr]     Checking rayon v1.12.0
[INFO] [stderr]     Checking uuid v1.24.1
[INFO] [stderr]     Checking regex-automata v0.4.18
[INFO] [stderr]     Checking ipnet v2.12.1
[INFO] [stderr]    Compiling ring v0.17.14
[INFO] [stderr]     Checking rustls-native-certs v0.8.4
[INFO] [stderr]     Checking zlib-rs v0.6.7
[INFO] [stderr]     Checking rand v0.10.2
[INFO] [stderr]    Compiling stacker v0.1.25
[INFO] [stderr]     Checking hashbrown v0.17.1
[INFO] [stderr]    Compiling signal-hook v0.4.4
[INFO] [stderr]    Compiling syn v1.0.109
[INFO] [stderr]     Checking flate2 v1.1.9
[INFO] [stderr]     Checking array-init-cursor v0.2.1
[INFO] [stderr]     Checking planus v1.1.1
[INFO] [stderr]     Checking itertools v0.14.0
[INFO] [stderr]     Checking indexmap v2.14.0
[INFO] [stderr]     Checking simdutf8 v0.1.5
[INFO] [stderr]     Checking humantime v2.4.0
[INFO] [stderr]    Compiling proc-macro-error-attr v1.0.4
[INFO] [stderr]     Checking regex v1.13.1
[INFO] [stderr]    Compiling synstructure v0.13.2
[INFO] [stderr]    Compiling virtue v0.0.18
[INFO] [stderr]    Compiling proc-macro-error v1.0.4
[INFO] [stderr]    Compiling zstd-sys v2.0.16+zstd.1.5.7
[INFO] [stderr]     Checking rmp v0.8.15
[INFO] [stderr]     Checking castaway v0.2.4
[INFO] [stderr]    Compiling ar_archive_writer v0.5.3
[INFO] [stderr]    Compiling polars-utils v0.55.2
[INFO] [stderr]     Checking unty v0.0.4
[INFO] [stderr]     Checking raw-cpuid v11.6.0
[INFO] [stderr]     Checking sysinfo v0.39.6
[INFO] [stderr]    Compiling bincode_derive v2.0.1
[INFO] [stderr]     Checking getrandom v0.3.4
[INFO] [stderr]    Compiling lz4-sys v1.11.1+lz4-1.10.0
[INFO] [stderr]    Compiling psm v0.1.32
[INFO] [stderr]    Compiling serde_derive v1.0.229
[INFO] [stderr]    Compiling futures-macro v0.3.34
[INFO] [stderr]    Compiling tracing-attributes v0.1.31
[INFO] [stderr]    Compiling tokio-macros v2.7.2
[INFO] [stderr]    Compiling zerocopy-derive v0.8.56
[INFO] [stderr]    Compiling zerofrom-derive v0.1.7
[INFO] [stderr]    Compiling yoke-derive v0.8.2
[INFO] [stderr]     Checking futures-util v0.3.34
[INFO] [stderr]    Compiling zerovec-derive v0.11.5
[INFO] [stderr]     Checking tracing v0.1.44
[INFO] [stderr]    Compiling displaydoc v0.2.7
[INFO] [stderr]     Checking zerofrom v0.1.8
[INFO] [stderr]    Compiling async-trait v0.1.92
[INFO] [stderr]     Checking yoke v0.8.3
[INFO] [stderr]     Checking rustls-webpki v0.103.14
[INFO] [stderr]     Checking zerotrie v0.2.5
[INFO] [stderr]    Compiling thiserror-impl v2.0.20
[INFO] [stderr]     Checking zerovec v0.11.7
[INFO] [stderr]    Compiling thiserror-impl v1.0.69
[INFO] [stderr]     Checking tinystr v0.8.4
[INFO] [stderr]     Checking icu_locale_core v2.3.0
[INFO] [stderr]     Checking potential_utf v0.1.6
[INFO] [stderr]     Checking futures-executor v0.3.34
[INFO] [stderr]     Checking icu_collections v2.3.0
[INFO] [stderr]     Checking thiserror v2.0.20
[INFO] [stderr]     Checking thiserror v1.0.69
[INFO] [stderr]    Compiling bytemuck_derive v1.12.0
[INFO] [stderr]     Checking futures v0.3.34
[INFO] [stderr]     Checking serde_stacker v0.1.14
[INFO] [stderr]     Checking icu_provider v2.3.0
[INFO] [stderr]    Compiling num-derive v0.4.2
[INFO] [stderr]     Checking bytes v1.12.1
[INFO] [stderr]    Compiling toml_datetime v0.6.3
[INFO] [stderr]    Compiling serde_spanned v0.6.9
[INFO] [stderr]    Compiling toml_edit v0.20.2
[INFO] [stderr]     Checking icu_normalizer v2.3.0
[INFO] [stderr]     Checking icu_properties v2.3.0
[INFO] [stderr]     Checking tokio v1.53.1
[INFO] [stderr]     Checking http v1.5.0
[INFO] [stderr]     Checking chrono v0.4.45
[INFO] [stderr]     Checking http-body v1.1.0
[INFO] [stderr]     Checking http-body-util v0.1.5
[INFO] [stderr]     Checking serde_urlencoded v0.7.1
[INFO] [stderr]     Checking quick-xml v0.39.4
[INFO] [stderr]     Checking bytemuck v1.25.2
[INFO] [stderr]     Checking polars-arrow-format v0.2.1
[INFO] [stderr]     Checking idna_adapter v1.2.2
[INFO] [stderr]     Checking idna v1.1.0
[INFO] [stderr]     Checking url v2.5.8
[INFO] [stderr]     Checking rmp-serde v1.3.1
[INFO] [stderr]     Checking half v2.7.1
[INFO] [stderr]    Compiling toml v0.8.2
[INFO] [stderr]     Checking argminmax v0.6.3
[INFO] [stderr]    Compiling proc-macro-crate v2.0.2
[INFO] [stderr]     Checking bincode v2.0.1
[INFO] [stderr]    Compiling system-deps v6.2.2
[INFO] [stderr]     Checking compact_str v0.9.1
[INFO] [stderr]    Compiling pin-project-internal v1.1.13
[INFO] [stderr]     Checking crossbeam-channel v0.5.16
[INFO] [stderr]    Compiling glib-macros v0.18.5
[INFO] [stderr]    Compiling glib-sys v0.18.1
[INFO] [stderr]    Compiling gobject-sys v0.18.0
[INFO] [stderr]    Compiling gio-sys v0.18.1
[INFO] [stderr]    Compiling gdk-sys v0.18.2
[INFO] [stderr]    Compiling gdk-pixbuf-sys v0.18.0
[INFO] [stderr]    Compiling pango-sys v0.18.0
[INFO] [stderr]    Compiling cairo-sys-rs v0.18.2
[INFO] [stderr]    Compiling atk-sys v0.18.2
[INFO] [stderr]    Compiling wasm-bindgen-shared v0.2.127
[INFO] [stderr]     Checking ahash v0.8.12
[INFO] [stderr]     Checking pin-project v1.1.13
[INFO] [stderr]     Checking phf_shared v0.12.1
[INFO] [stderr]    Compiling polars-buffer v0.55.2
[INFO] [stderr]    Compiling polars-schema v0.55.2
[INFO] [stderr]    Compiling chrono-tz v0.10.4
[INFO] [stderr]     Checking phf v0.12.1
[INFO] [stderr]    Compiling polars-arrow v0.55.2
[INFO] [stderr]    Compiling gtk-sys v0.18.2
[INFO] [stderr]     Checking ppv-lite86 v0.2.21
[INFO] [stderr]    Compiling strum_macros v0.28.0
[INFO] [stderr]     Checking rand_core v0.6.4
[INFO] [stderr]    Compiling gio v0.18.4
[INFO] [stderr]     Checking tokio-util v0.7.19
[INFO] [stderr]     Checking tokio-rustls v0.26.4
[INFO] [stderr]     Checking tower v0.5.3
[INFO] [stderr]     Checking ethnum v1.5.3
[INFO] [stderr]     Checking h2 v0.4.16
[INFO] [stderr]     Checking tower-http v0.6.11
[INFO] [stderr]     Checking streaming-iterator v0.1.9
[INFO] [stderr]     Checking rand_chacha v0.3.1
[INFO] [stderr]    Compiling polars-compute v0.55.2
[INFO] [stderr]    Compiling rustix v1.1.4
[INFO] [stderr]     Checking debug_unsafe v0.1.4
[INFO] [stderr]    Compiling wasm-bindgen-macro-support v0.2.127
[INFO] [stderr]     Checking atoi_simd v0.18.1
[INFO] [stderr]     Checking rand v0.8.7
[INFO] [stderr]     Checking glib v0.18.5
[INFO] [stderr]     Checking crypto-common v0.1.7
[INFO] [stderr]    Compiling wasm-bindgen v0.2.127
[INFO] [stderr]     Checking fast-float2 v0.2.4
[INFO] [stderr]     Checking strength_reduce v0.2.4
[INFO] [stderr]     Checking linux-raw-sys v0.12.1
[INFO] [stderr]    Compiling async-stream-impl v0.3.6
[INFO] [stderr]     Checking dioxus-core-types v0.6.2
[INFO] [stderr]     Checking konst_macro_rules v0.2.19
[INFO] [stderr]     Checking konst v0.2.20
[INFO] [stderr]    Compiling const_format_proc_macros v0.2.34
[INFO] [stderr]    Compiling zstd-safe v7.2.4
[INFO] [stderr]     Checking zstd v0.13.3
[INFO] [stderr]     Checking async-stream v0.3.6
[INFO] [stderr]    Compiling warnings-macro v0.2.0
[INFO] [stderr]    Compiling x11 v2.21.0
[INFO] [stderr]    Compiling lazy-js-bundle v0.6.2
[INFO] [stderr]     Checking rustc-hash v1.1.0
[INFO] [stderr]     Checking boxcar v0.2.14
[INFO] [stderr]     Checking warnings v0.2.1
[INFO] [stderr]     Checking hyper v1.11.0
[INFO] [stderr]    Compiling hybrid-array v0.4.14
[INFO] [stderr]     Checking const_format v0.2.36
[INFO] [stderr]     Checking crossterm v0.29.0
[INFO] [stderr]    Compiling field-offset v0.3.6
[INFO] [stderr]     Checking http v0.2.12
[INFO] [stderr]    Compiling toml_edit v0.19.15
[INFO] [stderr]     Checking hyper-util v0.1.20
[INFO] [stderr]     Checking generational-box v0.6.2
[INFO] [stderr]     Checking hashbrown v0.16.1
[INFO] [stderr]    Compiling wasm-bindgen-macro v0.2.127
[INFO] [stderr]    Compiling polars-core v0.55.2
[INFO] [stderr]    Compiling glob v0.3.4
[INFO] [stderr]     Checking longest-increasing-subsequence v0.1.0
[INFO] [stderr]     Checking dioxus-core v0.6.3
[INFO] [stderr]    Compiling clang-sys v1.9.1
[INFO] [stderr]     Checking comfy-table v7.2.2
[INFO] [stderr]     Checking halfbrown v0.4.0
[INFO] [stderr]    Compiling proc-macro-crate v1.3.1
[INFO] [stderr]     Checking hyper-rustls v0.27.9
[INFO] [stderr]     Checking reqwest v0.12.28
[INFO] [stderr]    Compiling ref-cast-impl v1.0.27
[INFO] [stderr]     Checking rand_distr v0.6.0
[INFO] [stderr]     Checking float-cmp v0.10.0
[INFO] [stderr]    Compiling gtk v0.18.2
[INFO] [stderr]    Compiling polars-ops v0.55.2
[INFO] [stderr]    Compiling prettyplease v0.2.37
[INFO] [stderr]    Compiling snap v1.1.2
[INFO] [stderr]    Compiling rustix v0.38.44
[INFO] [stderr]     Checking xxhash-rust v0.8.18
[INFO] [stderr]    Compiling darling_core v0.21.3
[INFO] [stderr]    Compiling toml_edit v0.25.13+spec-1.1.0
[INFO] [stderr]     Checking object_store v0.13.2
[INFO] [stderr]    Compiling gtk3-macros v0.18.2
[INFO] [stderr]     Checking cairo-rs v0.18.5
[INFO] [stderr]     Checking atk v0.18.2
[INFO] [stderr]     Checking value-trait v0.12.2
[INFO] [stderr]     Checking ref-cast v1.0.27
[INFO] [stderr]     Checking http-body v0.4.6
[INFO] [stderr]    Compiling block-buffer v0.12.1
[INFO] [stderr]    Compiling crypto-common v0.2.2
[INFO] [stderr]     Checking keyboard-types v0.7.0
[INFO] [stderr]    Compiling blake3 v1.8.6
[INFO] [stderr]    Compiling proc-macro2-diagnostics v0.10.1
[INFO] [stderr]    Compiling regex-syntax v0.8.11
[INFO] [stderr]    Compiling linux-raw-sys v0.4.15
[INFO] [stderr]    Compiling minimal-lexical v0.2.1
[INFO] [stderr]    Compiling digest v0.11.3
[INFO] [stderr]    Compiling nom v7.1.3
[INFO] [stderr]     Checking digest v0.10.7
[INFO] [stderr]     Checking simd-json v0.17.3
[INFO] [stderr]     Checking polars-error v0.55.2
[INFO] [stderr]     Checking polars-config v0.55.2
[INFO] [stderr]    Compiling darling_macro v0.21.3
[INFO] [stderr]    Compiling proc-macro-crate v3.5.0
[INFO] [stderr]     Checking streaming-decompression v0.1.2
[INFO] [stderr]    Compiling libloading v0.8.9
[INFO] [stderr]     Checking now v0.1.3
[INFO] [stderr]     Checking polars-parquet-format v0.1.0
[INFO] [stderr]    Compiling serde_repr v0.1.21
[INFO] [stderr]    Compiling zvariant_utils v2.1.0
[INFO] [stderr]     Checking polars-async v0.55.2
[INFO] [stderr]    Compiling indexmap v1.9.3
[INFO] [stderr]    Compiling cpufeatures v0.3.0
[INFO] [stderr]    Compiling unicode-segmentation v1.13.3
[INFO] [stderr]    Compiling bindgen v0.66.1
[INFO] [stderr]     Checking constant_time_eq v0.4.2
[INFO] [stderr]    Compiling convert_case v0.6.0
[INFO] [stderr]    Compiling which v4.4.2
[INFO] [stderr]    Compiling sha2 v0.11.0
[INFO] [stderr]    Compiling cexpr v0.6.0
[INFO] [stderr]    Compiling darling v0.21.3
[INFO] [stderr]     Checking sha1 v0.10.7
[INFO] [stderr]     Checking dioxus-signals v0.6.3
[INFO] [stderr]     Checking h2 v0.3.27
[INFO] [stderr]     Checking fs4 v1.1.0
[INFO] [stderr]     Checking hashbrown v0.14.5
[INFO] [stderr]    Compiling javascriptcore-rs-sys v1.1.1
[INFO] [stderr]    Compiling soup3-sys v0.5.0
[INFO] [stderr]    Compiling enumflags2_derive v0.7.12
[INFO] [stderr]     Checking crossbeam-queue v0.3.13
[INFO] [stderr]     Checking socket2 v0.5.10
[INFO] [stderr]    Compiling log v0.4.33
[INFO] [stderr]    Compiling lazycell v1.3.0
[INFO] [stderr]    Compiling lazy_static v1.5.0
[INFO] [stderr]    Compiling peeking_take_while v0.1.2
[INFO] [stderr]    Compiling libxdo-sys v0.11.0
[INFO] [stderr]    Compiling polars-plan v0.55.2
[INFO] [stderr]    Compiling nix v0.29.0
[INFO] [stderr]     Checking enumflags2 v0.7.12
[INFO] [stderr]    Compiling dioxus-rsx v0.6.2
[INFO] [stderr]    Compiling enumset_derive v0.15.0
[INFO] [stderr]    Compiling zvariant_derive v4.2.0
[INFO] [stderr]    Compiling anyhow v1.0.104
[INFO] [stderr]     Checking js-sys v0.3.104
[INFO] [stderr]    Compiling uncased v0.9.10
[INFO] [stderr]    Compiling itertools v0.12.1
[INFO] [stderr]    Compiling webkit2gtk-sys v2.0.1
[INFO] [stderr]    Compiling gdkx11-sys v0.18.2
[INFO] [stderr]    Compiling recursive-proc-macro-impl v0.1.1
[INFO] [stderr]    Compiling const-serialize-macro v0.6.2
[INFO] [stderr]    Compiling cmake v0.1.58
[INFO] [stderr]    Compiling axum-core v0.3.4
[INFO] [stderr]    Compiling x11-dl v2.21.0
[INFO] [stderr]     Checking hyper v0.14.32
[INFO] [stderr]    Compiling phf_shared v0.11.3
[INFO] [stderr]     Checking zvariant v4.2.0
[INFO] [stderr]     Checking recursive v0.1.1
[INFO] [stderr]    Compiling dioxus-core-macro v0.6.3
[INFO] [stderr]    Compiling prost-derive v0.12.6
[INFO] [stderr]     Checking enumset v1.1.14
[INFO] [stderr]     Checking digest-io v0.1.0
[INFO] [stderr]     Checking tower v0.4.13
[INFO] [stderr]     Checking dioxus-hooks v0.6.2
[INFO] [stderr]    Compiling dioxus-html-internal-macro v0.6.2
[INFO] [stderr]     Checking dioxus-cli-config v0.6.3
[INFO] [stderr]     Checking euclid v0.22.14
[INFO] [stderr]    Compiling axum v0.6.20
[INFO] [stderr]    Compiling polars-expr v0.55.2
[INFO] [stderr]     Checking dpi v0.1.2
[INFO] [stderr]     Checking gdk-pixbuf v0.18.5
[INFO] [stderr]     Checking lz4 v1.28.1
[INFO] [stderr]     Checking pango v0.18.3
[INFO] [stderr]     Checking dioxus-html v0.6.3
[INFO] [stderr]     Checking libxdo v0.6.0
[INFO] [stderr]    Compiling libsql-ffi v0.10.0-pre.4
[INFO] [stderr]     Checking prost v0.12.6
[INFO] [stderr]     Checking zbus_names v3.0.0
[INFO] [stderr]    Compiling phf_generator v0.11.3
[INFO] [stderr]     Checking gdk v0.18.2
[INFO] [stderr]    Compiling zbus_macros v4.4.0
[INFO] [stderr]    Compiling dioxus-document v0.6.3
[INFO] [stderr]    Compiling dioxus-interpreter-js v0.6.2
[INFO] [stderr]     Checking tokio-io-timeout v1.2.1
[INFO] [stderr]    Compiling sledgehammer_bindgen_macro v0.6.5
[INFO] [stderr]     Checking xdg-home v1.3.0
[INFO] [stderr]     Checking libloading v0.7.4
[INFO] [stderr]     Checking sync_wrapper v0.1.2
[INFO] [stderr]     Checking data-encoding v2.11.1
[INFO] [stderr]     Checking matchit v0.7.3
[INFO] [stderr]    Compiling rustls v0.22.4
[INFO] [stderr]     Checking web-sys v0.3.104
[INFO] [stderr]     Checking sledgehammer_bindgen v0.6.0
[INFO] [stderr]     Checking wasm-bindgen-futures v0.4.77
[INFO] [stderr]     Checking dirs-sys v0.5.0
[INFO] [stderr]     Checking tungstenite v0.23.0
[INFO] [stderr]    Compiling libsqlite3-sys v0.30.1
[INFO] [stderr]     Checking libappindicator-sys v0.9.0
[INFO] [stderr]     Checking hyper-timeout v0.4.1
[INFO] [stderr]    Compiling phf_codegen v0.11.3
[INFO] [stderr]     Checking cipher v0.4.4
[INFO] [stderr]     Checking soup3 v0.5.0
[INFO] [stderr]     Checking javascriptcore-rs v1.1.2
[INFO] [stderr]     Checking zbus v4.4.0
[INFO] [stderr]    Compiling const-serialize v0.6.2
[INFO] [stderr]     Checking hashlink v0.8.4
[INFO] [stderr]     Checking polars-dtype v0.55.2
[INFO] [stderr]     Checking dioxus-devtools-types v0.6.2
[INFO] [stderr]     Checking sledgehammer_utils v0.3.1
[INFO] [stderr]     Checking tokio-stream v0.1.19
[INFO] [stderr]     Checking rustls-webpki v0.102.8
[INFO] [stderr]    Compiling dlopen2_derive v0.4.3
[INFO] [stderr]    Compiling zerocopy-derive v0.7.35
[INFO] [stderr]    Compiling polars-stream v0.55.2
[INFO] [stderr]    Compiling rfd v0.14.1
[INFO] [stderr]    Compiling wry v0.45.0
[INFO] [stderr]     Checking fallible-iterator v0.2.0
[INFO] [stderr]     Checking dlopen2 v0.7.0
[INFO] [stderr]     Checking async-channel v2.5.0
[INFO] [stderr]     Checking png v0.17.16
[INFO] [stderr]     Checking tonic v0.11.0
[INFO] [stderr]     Checking zerocopy v0.7.35
[INFO] [stderr]     Checking dioxus-devtools v0.6.2
[INFO] [stderr]    Compiling manganis-core v0.6.2
[INFO] [stderr]     Checking gdkx11 v0.18.2
[INFO] [stderr]    Compiling libsql-sqlite3-parser v0.13.0
[INFO] [stderr]     Checking polars-row v0.55.2
[INFO] [stderr]     Checking polars-json v0.55.2
[INFO] [stderr]     Checking polars-parquet v0.55.2
[INFO] [stderr]     Checking dirs v6.0.0
[INFO] [stderr]     Checking ashpd v0.8.2
[INFO] [stderr]     Checking dioxus-history v0.6.2
[INFO] [stderr]     Checking cfb v0.7.3
[INFO] [stderr]    Compiling dioxus-desktop v0.6.3
[INFO] [stderr]    Compiling dioxus-web v0.6.3
[INFO] [stderr]     Checking gdkwayland-sys v0.18.2
[INFO] [stderr]     Checking matchers v0.2.0
[INFO] [stderr]     Checking webpki-roots v1.0.9
[INFO] [stderr]     Checking rustls-pemfile v2.2.0
[INFO] [stderr]     Checking tracing-log v0.2.0
[INFO] [stderr]     Checking instant v0.1.13
[INFO] [stderr]    Compiling polars-lazy v0.55.2
[INFO] [stderr]     Checking libsql-rusqlite v0.10.0-pre.4
[INFO] [stderr]     Checking pollster v0.3.0
[INFO] [stderr]     Checking urlencoding v2.1.3
[INFO] [stderr]     Checking raw-window-handle v0.5.2
[INFO] [stderr]     Checking http-range-header v0.3.1
[INFO] [stderr]     Checking rustls-native-certs v0.7.3
[INFO] [stderr]     Checking tower-http v0.4.4
[INFO] [stderr]    Compiling manganis-macro v0.6.2
[INFO] [stderr]     Checking tracing-subscriber v0.3.23
[INFO] [stderr]     Checking libsql-sys v0.10.0-pre.4
[INFO] [stderr]     Checking infer v0.11.0
[INFO] [stderr]     Checking webpki-roots v0.26.11
[INFO] [stderr]     Checking tokio-rustls v0.25.0
[INFO] [stderr]     Checking phf v0.11.3
[INFO] [stderr]     Checking signal-hook v0.3.18
[INFO] [stderr]     Checking aes v0.8.4
[INFO] [stderr]     Checking cbc v0.1.2
[INFO] [stderr]     Checking global-hotkey v0.5.5
[INFO] [stderr]     Checking serde-wasm-bindgen v0.5.0
[INFO] [stderr]     Checking hashlink v0.9.1
[INFO] [stderr]     Checking webbrowser v0.8.15
[INFO] [stderr]    Compiling polars v0.55.2
[INFO] [stderr]     Checking dunce v1.0.5
[INFO] [stderr]     Checking libsql_replication v0.10.0-pre.4
[INFO] [stderr]     Checking dioxus-logger v0.6.2
[INFO] [stderr]     Checking rusqlite v0.32.1
[INFO] [stderr]     Checking hyper-rustls v0.25.0
[INFO] [stderr]     Checking manganis v0.6.2
[INFO] [stderr]     Checking tonic-web v0.11.0
[INFO] [stderr]     Checking libsql-hrana v0.10.0-pre.4
[INFO] [stderr]     Checking bincode v1.3.3
[INFO] [stderr]    Compiling dioxus-config-macro v0.6.2
[INFO] [stderr]    Compiling rustflow v0.1.0 (/opt/rustwide/workdir)
[INFO] [stderr]     Checking tokio-rusqlite v0.6.0
[INFO] [stderr]     Checking libsql v0.10.0-pre.4
[INFO] [stderr]     Checking polars-time v0.55.2
[INFO] [stderr]     Checking polars-io v0.55.2
[INFO] [stderr]     Checking webkit2gtk v2.0.1
[INFO] [stderr]     Checking libappindicator v0.9.0
[INFO] [stderr]     Checking muda v0.15.3
[INFO] [stderr]     Checking muda v0.11.5
[INFO] [stderr]     Checking tao v0.30.8
[INFO] [stderr]     Checking tray-icon v0.19.3
[INFO] [stderr]     Checking polars-ooc v0.55.2
[INFO] [stderr]     Checking dioxus v0.6.3
[INFO] [stderr]     Checking polars-mem-engine v0.55.2
[INFO] [stdout] error[E0433]: cannot find module or crate `tokio_util` in this scope
[INFO] [stdout]  --> src/services/database.rs:8:5
[INFO] [stdout]   |
[INFO] [stdout] 8 | use tokio_util::compat::TokioAsyncWriteCompatExt;
[INFO] [stdout]   |     ^^^^^^^^^^ use of unresolved module or unlinked crate `tokio_util`
[INFO] [stdout]   |
[INFO] [stdout]   = help: if you wanted to use a crate named `tokio_util`, use `cargo add tokio_util` to add it to your `Cargo.toml`
[INFO] [stdout] 
[INFO] [stdout] 
[INFO] [stdout] error[E0432]: unresolved import `sqlx`
[INFO] [stdout]  --> src/services/database.rs:3:5
[INFO] [stdout]   |
[INFO] [stdout] 3 | use sqlx::{Column, Row};
[INFO] [stdout]   |     ^^^^ use of unresolved module or unlinked crate `sqlx`
[INFO] [stdout]   |
[INFO] [stdout]   = help: if you wanted to use a crate named `sqlx`, use `cargo add sqlx` to add it to your `Cargo.toml`
[INFO] [stdout] 
[INFO] [stdout] 
[INFO] [stdout] error[E0433]: cannot find module or crate `mongodb` in this scope
[INFO] [stdout]    --> src/services/database.rs:435:42
[INFO] [stdout]     |
[INFO] [stdout] 435 |                         .count_documents(mongodb::bson::doc! {})
[INFO] [stdout]     |                                          ^^^^^^^ use of unresolved module or unlinked crate `mongodb`
[INFO] [stdout] 
[INFO] [stdout] 
[INFO] [stdout] error[E0433]: cannot find module or crate `tokio_util` in this scope
[INFO] [stdout]  --> src/services/database.rs:8:5
[INFO] [stdout]   |
[INFO] [stdout] 8 | use tokio_util::compat::TokioAsyncWriteCompatExt;
[INFO] [stdout]   |     ^^^^^^^^^^ use of unresolved module or unlinked crate `tokio_util`
[INFO] [stdout]   |
[INFO] [stdout]   = help: if you wanted to use a crate named `tokio_util`, use `cargo add tokio_util` to add it to your `Cargo.toml`
[INFO] [stdout] 
[INFO] [stdout] 
[INFO] [stdout] error[E0432]: unresolved import `sqlx`
[INFO] [stdout]  --> src/services/database.rs:3:5
[INFO] [stdout]   |
[INFO] [stdout] 3 | use sqlx::{Column, Row};
[INFO] [stdout]   |     ^^^^ use of unresolved module or unlinked crate `sqlx`
[INFO] [stdout]   |
[INFO] [stdout]   = help: if you wanted to use a crate named `sqlx`, use `cargo add sqlx` to add it to your `Cargo.toml`
[INFO] [stdout] 
[INFO] [stdout] 
[INFO] [stdout] error[E0433]: cannot find module or crate `mongodb` in this scope
[INFO] [stdout]    --> src/services/database.rs:435:42
[INFO] [stdout]     |
[INFO] [stdout] 435 |                         .count_documents(mongodb::bson::doc! {})
[INFO] [stdout]     |                                          ^^^^^^^ use of unresolved module or unlinked crate `mongodb`
[INFO] [stdout] 
[INFO] [stdout] 
[INFO] [stdout] error: cannot find derive macro `Routable` in this scope
[INFO] [stdout]  --> src/main.rs:6:17
[INFO] [stdout]   |
[INFO] [stdout] 6 | #[derive(Clone, Routable, PartialEq)]
[INFO] [stdout]   |                 ^^^^^^^^
[INFO] [stdout] 
[INFO] [stdout] 
[INFO] [stdout] error: cannot find derive macro `Routable` in this scope
[INFO] [stdout]  --> src/main.rs:6:17
[INFO] [stdout]   |
[INFO] [stdout] 6 | #[derive(Clone, Routable, PartialEq)]
[INFO] [stdout]   |                 ^^^^^^^^
[INFO] [stdout] 
[INFO] [stdout] 
[INFO] [stdout] error: cannot find attribute `route` in this scope
[INFO] [stdout]  --> src/main.rs:8:7
[INFO] [stdout]   |
[INFO] [stdout] 8 |     #[route("/")]
[INFO] [stdout]   |       ^^^^^
[INFO] [stdout] 
[INFO] [stdout] 
[INFO] [stdout] error: cannot find attribute `route` in this scope
[INFO] [stdout]  --> src/main.rs:8:7
[INFO] [stdout]   |
[INFO] [stdout] 8 |     #[route("/")]
[INFO] [stdout]   |       ^^^^^
[INFO] [stdout] 
[INFO] [stdout] 
[INFO] [stdout] error[E0433]: cannot find module or crate `sqlx` in this scope
[INFO] [stdout]   --> src/services/database.rs:73:28
[INFO] [stdout]    |
[INFO] [stdout] 73 |                 let pool = sqlx::PgPool::connect(&url)
[INFO] [stdout]    |                            ^^^^ use of unresolved module or unlinked crate `sqlx`
[INFO] [stdout]    |
[INFO] [stdout]    = help: if you wanted to use a crate named `sqlx`, use `cargo add sqlx` to add it to your `Cargo.toml`
[INFO] [stdout] 
[INFO] [stdout] 
[INFO] [stdout] error[E0433]: cannot find module or crate `sqlx` in this scope
[INFO] [stdout]   --> src/services/database.rs:73:28
[INFO] [stdout]    |
[INFO] [stdout] 73 |                 let pool = sqlx::PgPool::connect(&url)
[INFO] [stdout]    |                            ^^^^ use of unresolved module or unlinked crate `sqlx`
[INFO] [stdout]    |
[INFO] [stdout]    = help: if you wanted to use a crate named `sqlx`, use `cargo add sqlx` to add it to your `Cargo.toml`
[INFO] [stdout] 
[INFO] [stdout] 
[INFO] [stdout] error[E0433]: cannot find module or crate `sqlx` in this scope
[INFO] [stdout]   --> src/services/database.rs:82:17
[INFO] [stdout]    |
[INFO] [stdout] 82 |                 sqlx::Pool::close(&pool).await;
[INFO] [stdout]    |                 ^^^^ use of unresolved module or unlinked crate `sqlx`
[INFO] [stdout]    |
[INFO] [stdout]    = help: if you wanted to use a crate named `sqlx`, use `cargo add sqlx` to add it to your `Cargo.toml`
[INFO] [stdout] 
[INFO] [stdout] 
[INFO] [stdout] error[E0433]: cannot find module or crate `sqlx` in this scope
[INFO] [stdout]   --> src/services/database.rs:82:17
[INFO] [stdout]    |
[INFO] [stdout] 82 |                 sqlx::Pool::close(&pool).await;
[INFO] [stdout]    |                 ^^^^ use of unresolved module or unlinked crate `sqlx`
[INFO] [stdout]    |
[INFO] [stdout]    = help: if you wanted to use a crate named `sqlx`, use `cargo add sqlx` to add it to your `Cargo.toml`
[INFO] [stdout] 
[INFO] [stdout] 
[INFO] [stdout] error[E0433]: cannot find module or crate `sqlx` in this scope
[INFO] [stdout]    --> src/services/database.rs:106:28
[INFO] [stdout]     |
[INFO] [stdout] 106 |                 let pool = sqlx::MySqlPool::connect(&url)
[INFO] [stdout]     |                            ^^^^ use of unresolved module or unlinked crate `sqlx`
[INFO] [stdout]     |
[INFO] [stdout]     = help: if you wanted to use a crate named `sqlx`, use `cargo add sqlx` to add it to your `Cargo.toml`
[INFO] [stdout] 
[INFO] [stdout] 
[INFO] [stdout] error[E0433]: cannot find module or crate `sqlx` in this scope
[INFO] [stdout]    --> src/services/database.rs:106:28
[INFO] [stdout]     |
[INFO] [stdout] 106 |                 let pool = sqlx::MySqlPool::connect(&url)
[INFO] [stdout]     |                            ^^^^ use of unresolved module or unlinked crate `sqlx`
[INFO] [stdout]     |
[INFO] [stdout]     = help: if you wanted to use a crate named `sqlx`, use `cargo add sqlx` to add it to your `Cargo.toml`
[INFO] [stdout] 
[INFO] [stdout] 
[INFO] [stdout] error[E0433]: cannot find module or crate `sqlx` in this scope
[INFO] [stdout]    --> src/services/database.rs:115:17
[INFO] [stdout]     |
[INFO] [stdout] 115 |                 sqlx::Pool::close(&pool).await;
[INFO] [stdout]     |                 ^^^^ use of unresolved module or unlinked crate `sqlx`
[INFO] [stdout]     |
[INFO] [stdout]     = help: if you wanted to use a crate named `sqlx`, use `cargo add sqlx` to add it to your `Cargo.toml`
[INFO] [stdout] 
[INFO] [stdout] 
[INFO] [stdout] error[E0433]: cannot find module or crate `sqlx` in this scope
[INFO] [stdout]    --> src/services/database.rs:115:17
[INFO] [stdout]     |
[INFO] [stdout] 115 |                 sqlx::Pool::close(&pool).await;
[INFO] [stdout]     |                 ^^^^ use of unresolved module or unlinked crate `sqlx`
[INFO] [stdout]     |
[INFO] [stdout]     = help: if you wanted to use a crate named `sqlx`, use `cargo add sqlx` to add it to your `Cargo.toml`
[INFO] [stdout] 
[INFO] [stdout] 
[INFO] [stdout] error[E0433]: cannot find module or crate `sqlx` in this scope
[INFO] [stdout]    --> src/services/database.rs:136:28
[INFO] [stdout]     |
[INFO] [stdout] 136 |                 let pool = sqlx::SqlitePool::connect(&url)
[INFO] [stdout]     |                            ^^^^ use of unresolved module or unlinked crate `sqlx`
[INFO] [stdout]     |
[INFO] [stdout]     = help: if you wanted to use a crate named `sqlx`, use `cargo add sqlx` to add it to your `Cargo.toml`
[INFO] [stdout] 
[INFO] [stdout] 
[INFO] [stdout] error[E0433]: cannot find module or crate `sqlx` in this scope
[INFO] [stdout]    --> src/services/database.rs:136:28
[INFO] [stdout]     |
[INFO] [stdout] 136 |                 let pool = sqlx::SqlitePool::connect(&url)
[INFO] [stdout]     |                            ^^^^ use of unresolved module or unlinked crate `sqlx`
[INFO] [stdout]     |
[INFO] [stdout]     = help: if you wanted to use a crate named `sqlx`, use `cargo add sqlx` to add it to your `Cargo.toml`
[INFO] [stdout] 
[INFO] [stdout] 
[INFO] [stdout] error[E0433]: cannot find module or crate `sqlx` in this scope
[INFO] [stdout]    --> src/services/database.rs:145:17
[INFO] [stdout]     |
[INFO] [stdout] 145 |                 sqlx::Pool::close(&pool).await;
[INFO] [stdout]     |                 ^^^^ use of unresolved module or unlinked crate `sqlx`
[INFO] [stdout]     |
[INFO] [stdout]     = help: if you wanted to use a crate named `sqlx`, use `cargo add sqlx` to add it to your `Cargo.toml`
[INFO] [stdout] 
[INFO] [stdout] 
[INFO] [stdout] error[E0433]: cannot find module or crate `sqlx` in this scope
[INFO] [stdout]    --> src/services/database.rs:145:17
[INFO] [stdout]     |
[INFO] [stdout] 145 |                 sqlx::Pool::close(&pool).await;
[INFO] [stdout]     |                 ^^^^ use of unresolved module or unlinked crate `sqlx`
[INFO] [stdout]     |
[INFO] [stdout]     = help: if you wanted to use a crate named `sqlx`, use `cargo add sqlx` to add it to your `Cargo.toml`
[INFO] [stdout] 
[INFO] [stdout] 
[INFO] [stdout] error[E0433]: cannot find module or crate `tiberius` in this scope
[INFO] [stdout]    --> src/services/database.rs:170:30
[INFO] [stdout]     |
[INFO] [stdout] 170 |                 let config = tiberius::Config::from_ado_string(&conn_str)
[INFO] [stdout]     |                              ^^^^^^^^ use of unresolved module or unlinked crate `tiberius`
[INFO] [stdout]     |
[INFO] [stdout]     = help: if you wanted to use a crate named `tiberius`, use `cargo add tiberius` to add it to your `Cargo.toml`
[INFO] [stdout] 
[INFO] [stdout] 
[INFO] [stdout] error[E0433]: cannot find module or crate `tiberius` in this scope
[INFO] [stdout]    --> src/services/database.rs:170:30
[INFO] [stdout]     |
[INFO] [stdout] 170 |                 let config = tiberius::Config::from_ado_string(&conn_str)
[INFO] [stdout]     |                              ^^^^^^^^ use of unresolved module or unlinked crate `tiberius`
[INFO] [stdout]     |
[INFO] [stdout]     = help: if you wanted to use a crate named `tiberius`, use `cargo add tiberius` to add it to your `Cargo.toml`
[INFO] [stdout] 
[INFO] [stdout] 
[INFO] [stdout] error[E0433]: cannot find module or crate `tiberius` in this scope
[INFO] [stdout]    --> src/services/database.rs:177:34
[INFO] [stdout]     |
[INFO] [stdout] 177 |                 let mut client = tiberius::Client::connect(config, tcp.compat_write())
[INFO] [stdout]     |                                  ^^^^^^^^ use of unresolved module or unlinked crate `tiberius`
[INFO] [stdout]     |
[INFO] [stdout]     = help: if you wanted to use a crate named `tiberius`, use `cargo add tiberius` to add it to your `Cargo.toml`
[INFO] [stdout] 
[INFO] [stdout] 
[INFO] [stdout] error[E0433]: cannot find module or crate `mongodb` in this scope
[INFO] [stdout]    --> src/services/database.rs:206:30
[INFO] [stdout]     |
[INFO] [stdout] 206 |                 let client = mongodb::Client::with_uri_str(&url)
[INFO] [stdout]     |                              ^^^^^^^ use of unresolved module or unlinked crate `mongodb`
[INFO] [stdout]     |
[INFO] [stdout]     = help: if you wanted to use a crate named `mongodb`, use `cargo add mongodb` to add it to your `Cargo.toml`
[INFO] [stdout] 
[INFO] [stdout] 
[INFO] [stdout] error[E0433]: cannot find module or crate `tiberius` in this scope
[INFO] [stdout]    --> src/services/database.rs:177:34
[INFO] [stdout]     |
[INFO] [stdout] 177 |                 let mut client = tiberius::Client::connect(config, tcp.compat_write())
[INFO] [stdout]     |                                  ^^^^^^^^ use of unresolved module or unlinked crate `tiberius`
[INFO] [stdout]     |
[INFO] [stdout]     = help: if you wanted to use a crate named `tiberius`, use `cargo add tiberius` to add it to your `Cargo.toml`
[INFO] [stdout] 
[INFO] [stdout] 
[INFO] [stdout] error[E0433]: cannot find module or crate `mongodb` in this scope
[INFO] [stdout]    --> src/services/database.rs:206:30
[INFO] [stdout]     |
[INFO] [stdout] 206 |                 let client = mongodb::Client::with_uri_str(&url)
[INFO] [stdout]     |                              ^^^^^^^ use of unresolved module or unlinked crate `mongodb`
[INFO] [stdout]     |
[INFO] [stdout]     = help: if you wanted to use a crate named `mongodb`, use `cargo add mongodb` to add it to your `Cargo.toml`
[INFO] [stdout] 
[INFO] [stdout] 
[INFO] [stdout] error[E0433]: cannot find module or crate `sqlx` in this scope
[INFO] [stdout]    --> src/services/database.rs:246:28
[INFO] [stdout]     |
[INFO] [stdout] 246 |                 let pool = sqlx::PgPool::connect(&url)
[INFO] [stdout]     |                            ^^^^ use of unresolved module or unlinked crate `sqlx`
[INFO] [stdout]     |
[INFO] [stdout]     = help: if you wanted to use a crate named `sqlx`, use `cargo add sqlx` to add it to your `Cargo.toml`
[INFO] [stdout] 
[INFO] [stdout] 
[INFO] [stdout] error[E0433]: cannot find module or crate `sqlx` in this scope
[INFO] [stdout]    --> src/services/database.rs:246:28
[INFO] [stdout]     |
[INFO] [stdout] 246 |                 let pool = sqlx::PgPool::connect(&url)
[INFO] [stdout]     |                            ^^^^ use of unresolved module or unlinked crate `sqlx`
[INFO] [stdout]     |
[INFO] [stdout]     = help: if you wanted to use a crate named `sqlx`, use `cargo add sqlx` to add it to your `Cargo.toml`
[INFO] [stdout] 
[INFO] [stdout] 
[INFO] [stdout] error[E0433]: cannot find module or crate `sqlx` in this scope
[INFO] [stdout]    --> src/services/database.rs:288:17
[INFO] [stdout]     |
[INFO] [stdout] 288 |                 sqlx::Pool::close(&pool).await;
[INFO] [stdout]     |                 ^^^^ use of unresolved module or unlinked crate `sqlx`
[INFO] [stdout]     |
[INFO] [stdout]     = help: if you wanted to use a crate named `sqlx`, use `cargo add sqlx` to add it to your `Cargo.toml`
[INFO] [stdout] 
[INFO] [stdout] 
[INFO] [stdout] error[E0433]: cannot find module or crate `sqlx` in this scope
[INFO] [stdout]    --> src/services/database.rs:288:17
[INFO] [stdout]     |
[INFO] [stdout] 288 |                 sqlx::Pool::close(&pool).await;
[INFO] [stdout]     |                 ^^^^ use of unresolved module or unlinked crate `sqlx`
[INFO] [stdout]     |
[INFO] [stdout]     = help: if you wanted to use a crate named `sqlx`, use `cargo add sqlx` to add it to your `Cargo.toml`
[INFO] [stdout] 
[INFO] [stdout] 
[INFO] [stdout] error[E0433]: cannot find module or crate `sqlx` in this scope
[INFO] [stdout]    --> src/services/database.rs:296:28
[INFO] [stdout]     |
[INFO] [stdout] 296 |                 let pool = sqlx::MySqlPool::connect(&url)
[INFO] [stdout]     |                            ^^^^ use of unresolved module or unlinked crate `sqlx`
[INFO] [stdout]     |
[INFO] [stdout]     = help: if you wanted to use a crate named `sqlx`, use `cargo add sqlx` to add it to your `Cargo.toml`
[INFO] [stdout] 
[INFO] [stdout] 
[INFO] [stdout] error[E0433]: cannot find module or crate `sqlx` in this scope
[INFO] [stdout]    --> src/services/database.rs:296:28
[INFO] [stdout]     |
[INFO] [stdout] 296 |                 let pool = sqlx::MySqlPool::connect(&url)
[INFO] [stdout]     |                            ^^^^ use of unresolved module or unlinked crate `sqlx`
[INFO] [stdout]     |
[INFO] [stdout]     = help: if you wanted to use a crate named `sqlx`, use `cargo add sqlx` to add it to your `Cargo.toml`
[INFO] [stdout] 
[INFO] [stdout] 
[INFO] [stdout] error[E0433]: cannot find module or crate `sqlx` in this scope
[INFO] [stdout]    --> src/services/database.rs:337:17
[INFO] [stdout]     |
[INFO] [stdout] 337 |                 sqlx::Pool::close(&pool).await;
[INFO] [stdout]     |                 ^^^^ use of unresolved module or unlinked crate `sqlx`
[INFO] [stdout]     |
[INFO] [stdout]     = help: if you wanted to use a crate named `sqlx`, use `cargo add sqlx` to add it to your `Cargo.toml`
[INFO] [stdout] 
[INFO] [stdout] 
[INFO] [stdout] error[E0433]: cannot find module or crate `sqlx` in this scope
[INFO] [stdout]    --> src/services/database.rs:342:28
[INFO] [stdout]     |
[INFO] [stdout] 342 |                 let pool = sqlx::SqlitePool::connect(&url)
[INFO] [stdout]     |                            ^^^^ use of unresolved module or unlinked crate `sqlx`
[INFO] [stdout]     |
[INFO] [stdout]     = help: if you wanted to use a crate named `sqlx`, use `cargo add sqlx` to add it to your `Cargo.toml`
[INFO] [stdout] 
[INFO] [stdout] 
[INFO] [stdout] error[E0433]: cannot find module or crate `sqlx` in this scope
[INFO] [stdout]    --> src/services/database.rs:337:17
[INFO] [stdout]     |
[INFO] [stdout] 337 |                 sqlx::Pool::close(&pool).await;
[INFO] [stdout]     |                 ^^^^ use of unresolved module or unlinked crate `sqlx`
[INFO] [stdout]     |
[INFO] [stdout]     = help: if you wanted to use a crate named `sqlx`, use `cargo add sqlx` to add it to your `Cargo.toml`
[INFO] [stdout] 
[INFO] [stdout] 
[INFO] [stdout] error[E0433]: cannot find module or crate `sqlx` in this scope
[INFO] [stdout]    --> src/services/database.rs:342:28
[INFO] [stdout]     |
[INFO] [stdout] 342 |                 let pool = sqlx::SqlitePool::connect(&url)
[INFO] [stdout]     |                            ^^^^ use of unresolved module or unlinked crate `sqlx`
[INFO] [stdout]     |
[INFO] [stdout]     = help: if you wanted to use a crate named `sqlx`, use `cargo add sqlx` to add it to your `Cargo.toml`
[INFO] [stdout] 
[INFO] [stdout] 
[INFO] [stdout] error[E0433]: cannot find module or crate `sqlx` in this scope
[INFO] [stdout]    --> src/services/database.rs:381:17
[INFO] [stdout]     |
[INFO] [stdout] 381 |                 sqlx::Pool::close(&pool).await;
[INFO] [stdout]     |                 ^^^^ use of unresolved module or unlinked crate `sqlx`
[INFO] [stdout]     |
[INFO] [stdout]     = help: if you wanted to use a crate named `sqlx`, use `cargo add sqlx` to add it to your `Cargo.toml`
[INFO] [stdout] 
[INFO] [stdout] 
[INFO] [stdout] error[E0433]: cannot find module or crate `tiberius` in this scope
[INFO] [stdout]    --> src/services/database.rs:390:21
[INFO] [stdout]     |
[INFO] [stdout] 390 |                     tiberius::Config::from_ado_string(&conn_str).map_err(|e| e.to_string())?;
[INFO] [stdout]     |                     ^^^^^^^^ use of unresolved module or unlinked crate `tiberius`
[INFO] [stdout]     |
[INFO] [stdout]     = help: if you wanted to use a crate named `tiberius`, use `cargo add tiberius` to add it to your `Cargo.toml`
[INFO] [stdout] 
[INFO] [stdout] 
[INFO] [stdout] error[E0433]: cannot find module or crate `tiberius` in this scope
[INFO] [stdout]    --> src/services/database.rs:394:34
[INFO] [stdout]     |
[INFO] [stdout] 394 |                 let mut client = tiberius::Client::connect(config, tcp.compat_write())
[INFO] [stdout]     |                                  ^^^^^^^^ use of unresolved module or unlinked crate `tiberius`
[INFO] [stdout]     |
[INFO] [stdout]     = help: if you wanted to use a crate named `tiberius`, use `cargo add tiberius` to add it to your `Cargo.toml`
[INFO] [stdout] 
[INFO] [stdout] 
[INFO] [stdout] error[E0433]: cannot find module or crate `tiberius` in this scope
[INFO] [stdout]    --> src/services/database.rs:405:31
[INFO] [stdout]     |
[INFO] [stdout] 405 |                     if let Ok(tiberius::QueryItem::Row(row)) = item {
[INFO] [stdout]     |                               ^^^^^^^^ use of unresolved module or unlinked crate `tiberius`
[INFO] [stdout]     |
[INFO] [stdout]     = help: if you wanted to use a crate named `tiberius`, use `cargo add tiberius` to add it to your `Cargo.toml`
[INFO] [stdout] 
[INFO] [stdout] 
[INFO] [stdout] error[E0433]: cannot find module or crate `mongodb` in this scope
[INFO] [stdout]    --> src/services/database.rs:422:30
[INFO] [stdout]     |
[INFO] [stdout] 422 |                 let client = mongodb::Client::with_uri_str(&url)
[INFO] [stdout]     |                              ^^^^^^^ use of unresolved module or unlinked crate `mongodb`
[INFO] [stdout]     |
[INFO] [stdout]     = help: if you wanted to use a crate named `mongodb`, use `cargo add mongodb` to add it to your `Cargo.toml`
[INFO] [stdout] 
[INFO] [stdout] 
[INFO] [stdout] error[E0433]: cannot find module or crate `mongodb` in this scope
[INFO] [stdout]    --> src/services/database.rs:434:39
[INFO] [stdout]     |
[INFO] [stdout] 434 |                         .collection::<mongodb::bson::Document>(&name)
[INFO] [stdout]     |                                       ^^^^^^^ use of unresolved module or unlinked crate `mongodb`
[INFO] [stdout]     |
[INFO] [stdout]     = help: if you wanted to use a crate named `mongodb`, use `cargo add mongodb` to add it to your `Cargo.toml`
[INFO] [stdout] 
[INFO] [stdout] 
[INFO] [stdout] error[E0433]: cannot find module or crate `sqlx` in this scope
[INFO] [stdout]    --> src/services/database.rs:381:17
[INFO] [stdout]     |
[INFO] [stdout] 381 |                 sqlx::Pool::close(&pool).await;
[INFO] [stdout]     |                 ^^^^ use of unresolved module or unlinked crate `sqlx`
[INFO] [stdout]     |
[INFO] [stdout]     = help: if you wanted to use a crate named `sqlx`, use `cargo add sqlx` to add it to your `Cargo.toml`
[INFO] [stdout] 
[INFO] [stdout] 
[INFO] [stdout] error[E0433]: cannot find module or crate `sqlx` in this scope
[INFO] [stdout]    --> src/services/database.rs:466:28
[INFO] [stdout]     |
[INFO] [stdout] 466 |                 let pool = sqlx::PgPool::connect(&url).await.map_err(|e| e.to_string())?;
[INFO] [stdout]     |                            ^^^^ use of unresolved module or unlinked crate `sqlx`
[INFO] [stdout]     |
[INFO] [stdout]     = help: if you wanted to use a crate named `sqlx`, use `cargo add sqlx` to add it to your `Cargo.toml`
[INFO] [stdout] 
[INFO] [stdout] 
[INFO] [stdout] error[E0433]: cannot find module or crate `tiberius` in this scope
[INFO] [stdout]    --> src/services/database.rs:390:21
[INFO] [stdout]     |
[INFO] [stdout] 390 |                     tiberius::Config::from_ado_string(&conn_str).map_err(|e| e.to_string())?;
[INFO] [stdout]     |                     ^^^^^^^^ use of unresolved module or unlinked crate `tiberius`
[INFO] [stdout]     |
[INFO] [stdout]     = help: if you wanted to use a crate named `tiberius`, use `cargo add tiberius` to add it to your `Cargo.toml`
[INFO] [stdout] 
[INFO] [stdout] 
[INFO] [stdout] error[E0433]: cannot find module or crate `sqlx` in this scope
[INFO] [stdout]    --> src/services/database.rs:498:17
[INFO] [stdout]     |
[INFO] [stdout] 498 |                 sqlx::Pool::close(&pool).await;
[INFO] [stdout]     |                 ^^^^ use of unresolved module or unlinked crate `sqlx`
[INFO] [stdout]     |
[INFO] [stdout]     = help: if you wanted to use a crate named `sqlx`, use `cargo add sqlx` to add it to your `Cargo.toml`
[INFO] [stdout] 
[INFO] [stdout] 
[INFO] [stdout] error[E0433]: cannot find module or crate `sqlx` in this scope
[INFO] [stdout]    --> src/services/database.rs:512:28
[INFO] [stdout]     |
[INFO] [stdout] 512 |                 let pool = sqlx::MySqlPool::connect(&url).await.map_err(|e| e.to_string())?;
[INFO] [stdout]     |                            ^^^^ use of unresolved module or unlinked crate `sqlx`
[INFO] [stdout]     |
[INFO] [stdout]     = help: if you wanted to use a crate named `sqlx`, use `cargo add sqlx` to add it to your `Cargo.toml`
[INFO] [stdout] 
[INFO] [stdout] 
[INFO] [stdout] error[E0433]: cannot find module or crate `tiberius` in this scope
[INFO] [stdout]    --> src/services/database.rs:394:34
[INFO] [stdout]     |
[INFO] [stdout] 394 |                 let mut client = tiberius::Client::connect(config, tcp.compat_write())
[INFO] [stdout]     |                                  ^^^^^^^^ use of unresolved module or unlinked crate `tiberius`
[INFO] [stdout]     |
[INFO] [stdout]     = help: if you wanted to use a crate named `tiberius`, use `cargo add tiberius` to add it to your `Cargo.toml`
[INFO] [stdout] 
[INFO] [stdout] 
[INFO] [stdout] error[E0433]: cannot find module or crate `sqlx` in this scope
[INFO] [stdout]    --> src/services/database.rs:544:17
[INFO] [stdout]     |
[INFO] [stdout] 544 |                 sqlx::Pool::close(&pool).await;
[INFO] [stdout]     |                 ^^^^ use of unresolved module or unlinked crate `sqlx`
[INFO] [stdout]     |
[INFO] [stdout]     = help: if you wanted to use a crate named `sqlx`, use `cargo add sqlx` to add it to your `Cargo.toml`
[INFO] [stdout] 
[INFO] [stdout] 
[INFO] [stdout] error[E0433]: cannot find module or crate `tiberius` in this scope
[INFO] [stdout]    --> src/services/database.rs:405:31
[INFO] [stdout]     |
[INFO] [stdout] 405 |                     if let Ok(tiberius::QueryItem::Row(row)) = item {
[INFO] [stdout]     |                               ^^^^^^^^ use of unresolved module or unlinked crate `tiberius`
[INFO] [stdout]     |
[INFO] [stdout]     = help: if you wanted to use a crate named `tiberius`, use `cargo add tiberius` to add it to your `Cargo.toml`
[INFO] [stdout] 
[INFO] [stdout] 
[INFO] [stdout] error[E0433]: cannot find module or crate `sqlx` in this scope
[INFO] [stdout]    --> src/services/database.rs:555:28
[INFO] [stdout]     |
[INFO] [stdout] 555 |                 let pool = sqlx::SqlitePool::connect(&url).await.map_err(|e| e.to_string())?;
[INFO] [stdout]     |                            ^^^^ use of unresolved module or unlinked crate `sqlx`
[INFO] [stdout]     |
[INFO] [stdout]     = help: if you wanted to use a crate named `sqlx`, use `cargo add sqlx` to add it to your `Cargo.toml`
[INFO] [stdout] 
[INFO] [stdout] 
[INFO] [stdout] error[E0433]: cannot find module or crate `mongodb` in this scope
[INFO] [stdout]    --> src/services/database.rs:422:30
[INFO] [stdout]     |
[INFO] [stdout] 422 |                 let client = mongodb::Client::with_uri_str(&url)
[INFO] [stdout]     |                              ^^^^^^^ use of unresolved module or unlinked crate `mongodb`
[INFO] [stdout]     |
[INFO] [stdout]     = help: if you wanted to use a crate named `mongodb`, use `cargo add mongodb` to add it to your `Cargo.toml`
[INFO] [stdout] 
[INFO] [stdout] 
[INFO] [stdout] error[E0433]: cannot find module or crate `sqlx` in this scope
[INFO] [stdout]    --> src/services/database.rs:587:17
[INFO] [stdout]     |
[INFO] [stdout] 587 |                 sqlx::Pool::close(&pool).await;
[INFO] [stdout]     |                 ^^^^ use of unresolved module or unlinked crate `sqlx`
[INFO] [stdout]     |
[INFO] [stdout]     = help: if you wanted to use a crate named `sqlx`, use `cargo add sqlx` to add it to your `Cargo.toml`
[INFO] [stdout] 
[INFO] [stdout] 
[INFO] [stdout] error[E0433]: cannot find module or crate `tiberius` in this scope
[INFO] [stdout]    --> src/services/database.rs:601:30
[INFO] [stdout]     |
[INFO] [stdout] 601 |                 let config = tiberius::Config::from_ado_string(&conn_str).map_err(|e| e.to_string())?;
[INFO] [stdout]     |                              ^^^^^^^^ use of unresolved module or unlinked crate `tiberius`
[INFO] [stdout]     |
[INFO] [stdout]     = help: if you wanted to use a crate named `tiberius`, use `cargo add tiberius` to add it to your `Cargo.toml`
[INFO] [stdout] 
[INFO] [stdout] 
[INFO] [stdout] error[E0433]: cannot find module or crate `tiberius` in this scope
[INFO] [stdout]    --> src/services/database.rs:605:34
[INFO] [stdout]     |
[INFO] [stdout] 605 |                 let mut client = tiberius::Client::connect(config, tcp.compat_write())
[INFO] [stdout]     |                                  ^^^^^^^^ use of unresolved module or unlinked crate `tiberius`
[INFO] [stdout]     |
[INFO] [stdout]     = help: if you wanted to use a crate named `tiberius`, use `cargo add tiberius` to add it to your `Cargo.toml`
[INFO] [stdout] 
[INFO] [stdout] 
[INFO] [stdout] error[E0433]: cannot find module or crate `mongodb` in this scope
[INFO] [stdout]    --> src/services/database.rs:434:39
[INFO] [stdout]     |
[INFO] [stdout] 434 |                         .collection::<mongodb::bson::Document>(&name)
[INFO] [stdout]     |                                       ^^^^^^^ use of unresolved module or unlinked crate `mongodb`
[INFO] [stdout]     |
[INFO] [stdout]     = help: if you wanted to use a crate named `mongodb`, use `cargo add mongodb` to add it to your `Cargo.toml`
[INFO] [stdout] 
[INFO] [stdout] 
[INFO] [stdout] error[E0433]: cannot find module or crate `tiberius` in this scope
[INFO] [stdout]    --> src/services/database.rs:615:31
[INFO] [stdout]     |
[INFO] [stdout] 615 |                     if let Ok(tiberius::QueryItem::Row(row)) = item {
[INFO] [stdout]     |                               ^^^^^^^^ use of unresolved module or unlinked crate `tiberius`
[INFO] [stdout]     |
[INFO] [stdout]     = help: if you wanted to use a crate named `tiberius`, use `cargo add tiberius` to add it to your `Cargo.toml`
[INFO] [stdout] 
[INFO] [stdout] 
[INFO] [stdout] error[E0425]: cannot find value `Router` in this scope
[INFO] [stdout]   --> src/main.rs:26:9
[INFO] [stdout]    |
[INFO] [stdout] 26 |         Router::<Route> {}
[INFO] [stdout]    |         ^^^^^^ not found in this scope
[INFO] [stdout] 
[INFO] [stdout] 
[INFO] [stdout] error[E0433]: cannot find module or crate `sqlx` in this scope
[INFO] [stdout]    --> src/services/database.rs:466:28
[INFO] [stdout]     |
[INFO] [stdout] 466 |                 let pool = sqlx::PgPool::connect(&url).await.map_err(|e| e.to_string())?;
[INFO] [stdout]     |                            ^^^^ use of unresolved module or unlinked crate `sqlx`
[INFO] [stdout]     |
[INFO] [stdout]     = help: if you wanted to use a crate named `sqlx`, use `cargo add sqlx` to add it to your `Cargo.toml`
[INFO] [stdout] 
[INFO] [stdout] 
[INFO] [stdout] error[E0433]: cannot find module or crate `sqlx` in this scope
[INFO] [stdout]   --> src/services/database.rs:77:36
[INFO] [stdout]    |
[INFO] [stdout] 77 |                 let _row: (i64,) = sqlx::query_as("SELECT 1")
[INFO] [stdout]    |                                    ^^^^ use of unresolved module or unlinked crate `sqlx`
[INFO] [stdout]    |
[INFO] [stdout]    = help: if you wanted to use a crate named `sqlx`, use `cargo add sqlx` to add it to your `Cargo.toml`
[INFO] [stdout] 
[INFO] [stdout] 
[INFO] [stdout] error[E0433]: cannot find module or crate `sqlx` in this scope
[INFO] [stdout]    --> src/services/database.rs:110:36
[INFO] [stdout]     |
[INFO] [stdout] 110 |                 let _row: (i32,) = sqlx::query_as("SELECT 1")
[INFO] [stdout]     |                                    ^^^^ use of unresolved module or unlinked crate `sqlx`
[INFO] [stdout]     |
[INFO] [stdout]     = help: if you wanted to use a crate named `sqlx`, use `cargo add sqlx` to add it to your `Cargo.toml`
[INFO] [stdout] 
[INFO] [stdout] 
[INFO] [stdout] error[E0433]: cannot find module or crate `sqlx` in this scope
[INFO] [stdout]    --> src/services/database.rs:140:36
[INFO] [stdout]     |
[INFO] [stdout] 140 |                 let _row: (i32,) = sqlx::query_as("SELECT 1")
[INFO] [stdout]     |                                    ^^^^ use of unresolved module or unlinked crate `sqlx`
[INFO] [stdout]     |
[INFO] [stdout]     = help: if you wanted to use a crate named `sqlx`, use `cargo add sqlx` to add it to your `Cargo.toml`
[INFO] [stdout] 
[INFO] [stdout] 
[INFO] [stdout] error[E0433]: cannot find module or crate `sqlx` in this scope
[INFO] [stdout]    --> src/services/database.rs:251:21
[INFO] [stdout]     |
[INFO] [stdout] 251 |                     sqlx::query_as("SELECT tablename FROM pg_tables WHERE schemaname = 'public'")
[INFO] [stdout]     |                     ^^^^ use of unresolved module or unlinked crate `sqlx`
[INFO] [stdout]     |
[INFO] [stdout]     = help: if you wanted to use a crate named `sqlx`, use `cargo add sqlx` to add it to your `Cargo.toml`
[INFO] [stdout] 
[INFO] [stdout] 
[INFO] [stdout] error[E0433]: cannot find module or crate `sqlx` in this scope
[INFO] [stdout]    --> src/services/database.rs:259:25
[INFO] [stdout]     |
[INFO] [stdout] 259 |                         sqlx::query_as(&format!("SELECT COUNT(*) FROM \"{}\"", name))
[INFO] [stdout]     |                         ^^^^ use of unresolved module or unlinked crate `sqlx`
[INFO] [stdout]     |
[INFO] [stdout]     = help: if you wanted to use a crate named `sqlx`, use `cargo add sqlx` to add it to your `Cargo.toml`
[INFO] [stdout] 
[INFO] [stdout] 
[INFO] [stdout] error[E0433]: cannot find module or crate `sqlx` in this scope
[INFO] [stdout]    --> src/services/database.rs:264:55
[INFO] [stdout]     |
[INFO] [stdout] 264 |                     let cols: Vec<(String, String)> = sqlx::query_as(
[INFO] [stdout]     |                                                       ^^^^ use of unresolved module or unlinked crate `sqlx`
[INFO] [stdout]     |
[INFO] [stdout]     = help: if you wanted to use a crate named `sqlx`, use `cargo add sqlx` to add it to your `Cargo.toml`
[INFO] [stdout] 
[INFO] [stdout] 
[INFO] [stdout] error[E0433]: cannot find module or crate `sqlx` in this scope
[INFO] [stdout]    --> src/services/database.rs:300:44
[INFO] [stdout]     |
[INFO] [stdout] 300 |                 let rows: Vec<(String,)> = sqlx::query_as("SHOW TABLES")
[INFO] [stdout]     |                                            ^^^^ use of unresolved module or unlinked crate `sqlx`
[INFO] [stdout]     |
[INFO] [stdout]     = help: if you wanted to use a crate named `sqlx`, use `cargo add sqlx` to add it to your `Cargo.toml`
[INFO] [stdout] 
[INFO] [stdout] 
[INFO] [stdout] error[E0433]: cannot find module or crate `sqlx` in this scope
[INFO] [stdout]    --> src/services/database.rs:308:25
[INFO] [stdout]     |
[INFO] [stdout] 308 |                         sqlx::query_as(&format!("SELECT COUNT(*) FROM \"{}\"", name))
[INFO] [stdout]     |                         ^^^^ use of unresolved module or unlinked crate `sqlx`
[INFO] [stdout]     |
[INFO] [stdout]     = help: if you wanted to use a crate named `sqlx`, use `cargo add sqlx` to add it to your `Cargo.toml`
[INFO] [stdout] 
[INFO] [stdout] 
[INFO] [stdout] error[E0433]: cannot find module or crate `sqlx` in this scope
[INFO] [stdout]    --> src/services/database.rs:313:55
[INFO] [stdout]     |
[INFO] [stdout] 313 |                     let cols: Vec<(String, String)> = sqlx::query_as(
[INFO] [stdout]     |                                                       ^^^^ use of unresolved module or unlinked crate `sqlx`
[INFO] [stdout]     |
[INFO] [stdout]     = help: if you wanted to use a crate named `sqlx`, use `cargo add sqlx` to add it to your `Cargo.toml`
[INFO] [stdout] 
[INFO] [stdout] 
[INFO] [stdout] error[E0433]: cannot find module or crate `sqlx` in this scope
[INFO] [stdout]    --> src/services/database.rs:346:44
[INFO] [stdout]     |
[INFO] [stdout] 346 |                 let rows: Vec<(String,)> = sqlx::query_as(
[INFO] [stdout]     |                                            ^^^^ use of unresolved module or unlinked crate `sqlx`
[INFO] [stdout]     |
[INFO] [stdout]     = help: if you wanted to use a crate named `sqlx`, use `cargo add sqlx` to add it to your `Cargo.toml`
[INFO] [stdout] 
[INFO] [stdout] 
[INFO] [stdout] error[E0433]: cannot find module or crate `sqlx` in this scope
[INFO] [stdout]    --> src/services/database.rs:356:25
[INFO] [stdout]     |
[INFO] [stdout] 356 |                         sqlx::query_as(&format!("SELECT COUNT(*) FROM \"{}\"", name))
[INFO] [stdout]     |                         ^^^^ use of unresolved module or unlinked crate `sqlx`
[INFO] [stdout]     |
[INFO] [stdout]     = help: if you wanted to use a crate named `sqlx`, use `cargo add sqlx` to add it to your `Cargo.toml`
[INFO] [stdout] 
[INFO] [stdout] 
[INFO] [stdout] error[E0433]: cannot find module or crate `sqlx` in this scope
[INFO] [stdout]    --> src/services/database.rs:362:25
[INFO] [stdout]     |
[INFO] [stdout] 362 |                         sqlx::query_as(&format!("PRAGMA table_info(\"{}\")", name))
[INFO] [stdout]     |                         ^^^^ use of unresolved module or unlinked crate `sqlx`
[INFO] [stdout]     |
[INFO] [stdout]     = help: if you wanted to use a crate named `sqlx`, use `cargo add sqlx` to add it to your `Cargo.toml`
[INFO] [stdout] 
[INFO] [stdout] 
[INFO] [stdout] error[E0433]: cannot find module or crate `sqlx` in this scope
[INFO] [stdout]    --> src/services/database.rs:468:28
[INFO] [stdout]     |
[INFO] [stdout] 468 |                 let rows = sqlx::query(query)
[INFO] [stdout]     |                            ^^^^ use of unresolved module or unlinked crate `sqlx`
[INFO] [stdout]     |
[INFO] [stdout]     = help: if you wanted to use a crate named `sqlx`, use `cargo add sqlx` to add it to your `Cargo.toml`
[INFO] [stdout] 
[INFO] [stdout] 
[INFO] [stdout] error[E0433]: cannot find module or crate `sqlx` in this scope
[INFO] [stdout]    --> src/services/database.rs:498:17
[INFO] [stdout]     |
[INFO] [stdout] 498 |                 sqlx::Pool::close(&pool).await;
[INFO] [stdout]     |                 ^^^^ use of unresolved module or unlinked crate `sqlx`
[INFO] [stdout]     |
[INFO] [stdout]     = help: if you wanted to use a crate named `sqlx`, use `cargo add sqlx` to add it to your `Cargo.toml`
[INFO] [stdout] 
[INFO] [stdout] 
[INFO] [stdout] error[E0433]: cannot find module or crate `sqlx` in this scope
[INFO] [stdout]    --> src/services/database.rs:512:28
[INFO] [stdout]     |
[INFO] [stdout] 512 |                 let pool = sqlx::MySqlPool::connect(&url).await.map_err(|e| e.to_string())?;
[INFO] [stdout]     |                            ^^^^ use of unresolved module or unlinked crate `sqlx`
[INFO] [stdout]     |
[INFO] [stdout]     = help: if you wanted to use a crate named `sqlx`, use `cargo add sqlx` to add it to your `Cargo.toml`
[INFO] [stdout] 
[INFO] [stdout] 
[INFO] [stdout] error[E0433]: cannot find module or crate `sqlx` in this scope
[INFO] [stdout]    --> src/services/database.rs:544:17
[INFO] [stdout]     |
[INFO] [stdout] 544 |                 sqlx::Pool::close(&pool).await;
[INFO] [stdout]     |                 ^^^^ use of unresolved module or unlinked crate `sqlx`
[INFO] [stdout]     |
[INFO] [stdout]     = help: if you wanted to use a crate named `sqlx`, use `cargo add sqlx` to add it to your `Cargo.toml`
[INFO] [stdout] 
[INFO] [stdout] 
[INFO] [stdout] error[E0433]: cannot find module or crate `sqlx` in this scope
[INFO] [stdout]    --> src/services/database.rs:555:28
[INFO] [stdout]     |
[INFO] [stdout] 555 |                 let pool = sqlx::SqlitePool::connect(&url).await.map_err(|e| e.to_string())?;
[INFO] [stdout]     |                            ^^^^ use of unresolved module or unlinked crate `sqlx`
[INFO] [stdout]     |
[INFO] [stdout]     = help: if you wanted to use a crate named `sqlx`, use `cargo add sqlx` to add it to your `Cargo.toml`
[INFO] [stdout] 
[INFO] [stdout] 
[INFO] [stdout] error[E0433]: cannot find module or crate `sqlx` in this scope
[INFO] [stdout]    --> src/services/database.rs:514:28
[INFO] [stdout]     |
[INFO] [stdout] 514 |                 let rows = sqlx::query(query)
[INFO] [stdout]     |                            ^^^^ use of unresolved module or unlinked crate `sqlx`
[INFO] [stdout]     |
[INFO] [stdout]     = help: if you wanted to use a crate named `sqlx`, use `cargo add sqlx` to add it to your `Cargo.toml`
[INFO] [stdout] 
[INFO] [stdout] 
[INFO] [stdout] error[E0433]: cannot find module or crate `sqlx` in this scope
[INFO] [stdout]    --> src/services/database.rs:587:17
[INFO] [stdout]     |
[INFO] [stdout] 587 |                 sqlx::Pool::close(&pool).await;
[INFO] [stdout]     |                 ^^^^ use of unresolved module or unlinked crate `sqlx`
[INFO] [stdout]     |
[INFO] [stdout]     = help: if you wanted to use a crate named `sqlx`, use `cargo add sqlx` to add it to your `Cargo.toml`
[INFO] [stdout] 
[INFO] [stdout] 
[INFO] [stdout] error[E0433]: cannot find module or crate `tiberius` in this scope
[INFO] [stdout]    --> src/services/database.rs:601:30
[INFO] [stdout]     |
[INFO] [stdout] 601 |                 let config = tiberius::Config::from_ado_string(&conn_str).map_err(|e| e.to_string())?;
[INFO] [stdout]     |                              ^^^^^^^^ use of unresolved module or unlinked crate `tiberius`
[INFO] [stdout]     |
[INFO] [stdout]     = help: if you wanted to use a crate named `tiberius`, use `cargo add tiberius` to add it to your `Cargo.toml`
[INFO] [stdout] 
[INFO] [stdout] 
[INFO] [stdout] error[E0433]: cannot find module or crate `sqlx` in this scope
[INFO] [stdout]    --> src/services/database.rs:557:28
[INFO] [stdout]     |
[INFO] [stdout] 557 |                 let rows = sqlx::query(query)
[INFO] [stdout]     |                            ^^^^ use of unresolved module or unlinked crate `sqlx`
[INFO] [stdout]     |
[INFO] [stdout]     = help: if you wanted to use a crate named `sqlx`, use `cargo add sqlx` to add it to your `Cargo.toml`
[INFO] [stdout] 
[INFO] [stdout] 
[INFO] [stdout] error[E0433]: cannot find module or crate `tiberius` in this scope
[INFO] [stdout]    --> src/services/database.rs:605:34
[INFO] [stdout]     |
[INFO] [stdout] 605 |                 let mut client = tiberius::Client::connect(config, tcp.compat_write())
[INFO] [stdout]     |                                  ^^^^^^^^ use of unresolved module or unlinked crate `tiberius`
[INFO] [stdout]     |
[INFO] [stdout]     = help: if you wanted to use a crate named `tiberius`, use `cargo add tiberius` to add it to your `Cargo.toml`
[INFO] [stdout] 
[INFO] [stdout] 
[INFO] [stdout] error[E0433]: cannot find module or crate `tiberius` in this scope
[INFO] [stdout]    --> src/services/database.rs:615:31
[INFO] [stdout]     |
[INFO] [stdout] 615 |                     if let Ok(tiberius::QueryItem::Row(row)) = item {
[INFO] [stdout]     |                               ^^^^^^^^ use of unresolved module or unlinked crate `tiberius`
[INFO] [stdout]     |
[INFO] [stdout]     = help: if you wanted to use a crate named `tiberius`, use `cargo add tiberius` to add it to your `Cargo.toml`
[INFO] [stdout] 
[INFO] [stdout] 
[INFO] [stdout] error[E0425]: cannot find value `Router` in this scope
[INFO] [stdout]   --> src/main.rs:26:9
[INFO] [stdout]    |
[INFO] [stdout] 26 |         Router::<Route> {}
[INFO] [stdout]    |         ^^^^^^ not found in this scope
[INFO] [stdout] 
[INFO] [stdout] 
[INFO] [stdout] error[E0433]: cannot find module or crate `sqlx` in this scope
[INFO] [stdout]   --> src/services/database.rs:77:36
[INFO] [stdout]    |
[INFO] [stdout] 77 |                 let _row: (i64,) = sqlx::query_as("SELECT 1")
[INFO] [stdout]    |                                    ^^^^ use of unresolved module or unlinked crate `sqlx`
[INFO] [stdout]    |
[INFO] [stdout]    = help: if you wanted to use a crate named `sqlx`, use `cargo add sqlx` to add it to your `Cargo.toml`
[INFO] [stdout] 
[INFO] [stdout] 
[INFO] [stdout] error[E0433]: cannot find module or crate `sqlx` in this scope
[INFO] [stdout]    --> src/services/database.rs:110:36
[INFO] [stdout]     |
[INFO] [stdout] 110 |                 let _row: (i32,) = sqlx::query_as("SELECT 1")
[INFO] [stdout]     |                                    ^^^^ use of unresolved module or unlinked crate `sqlx`
[INFO] [stdout]     |
[INFO] [stdout]     = help: if you wanted to use a crate named `sqlx`, use `cargo add sqlx` to add it to your `Cargo.toml`
[INFO] [stdout] 
[INFO] [stdout] 
[INFO] [stdout] error[E0433]: cannot find module or crate `sqlx` in this scope
[INFO] [stdout]    --> src/services/database.rs:140:36
[INFO] [stdout]     |
[INFO] [stdout] 140 |                 let _row: (i32,) = sqlx::query_as("SELECT 1")
[INFO] [stdout]     |                                    ^^^^ use of unresolved module or unlinked crate `sqlx`
[INFO] [stdout]     |
[INFO] [stdout]     = help: if you wanted to use a crate named `sqlx`, use `cargo add sqlx` to add it to your `Cargo.toml`
[INFO] [stdout] 
[INFO] [stdout] 
[INFO] [stdout] error[E0433]: cannot find module or crate `sqlx` in this scope
[INFO] [stdout]    --> src/services/database.rs:251:21
[INFO] [stdout]     |
[INFO] [stdout] 251 |                     sqlx::query_as("SELECT tablename FROM pg_tables WHERE schemaname = 'public'")
[INFO] [stdout]     |                     ^^^^ use of unresolved module or unlinked crate `sqlx`
[INFO] [stdout]     |
[INFO] [stdout]     = help: if you wanted to use a crate named `sqlx`, use `cargo add sqlx` to add it to your `Cargo.toml`
[INFO] [stdout] 
[INFO] [stdout] 
[INFO] [stdout] error[E0433]: cannot find module or crate `sqlx` in this scope
[INFO] [stdout]    --> src/services/database.rs:259:25
[INFO] [stdout]     |
[INFO] [stdout] 259 |                         sqlx::query_as(&format!("SELECT COUNT(*) FROM \"{}\"", name))
[INFO] [stdout]     |                         ^^^^ use of unresolved module or unlinked crate `sqlx`
[INFO] [stdout]     |
[INFO] [stdout]     = help: if you wanted to use a crate named `sqlx`, use `cargo add sqlx` to add it to your `Cargo.toml`
[INFO] [stdout] 
[INFO] [stdout] 
[INFO] [stdout] error[E0433]: cannot find module or crate `sqlx` in this scope
[INFO] [stdout]    --> src/services/database.rs:264:55
[INFO] [stdout]     |
[INFO] [stdout] 264 |                     let cols: Vec<(String, String)> = sqlx::query_as(
[INFO] [stdout]     |                                                       ^^^^ use of unresolved module or unlinked crate `sqlx`
[INFO] [stdout]     |
[INFO] [stdout]     = help: if you wanted to use a crate named `sqlx`, use `cargo add sqlx` to add it to your `Cargo.toml`
[INFO] [stdout] 
[INFO] [stdout] 
[INFO] [stdout] error[E0433]: cannot find module or crate `sqlx` in this scope
[INFO] [stdout]    --> src/services/database.rs:300:44
[INFO] [stdout]     |
[INFO] [stdout] 300 |                 let rows: Vec<(String,)> = sqlx::query_as("SHOW TABLES")
[INFO] [stdout]     |                                            ^^^^ use of unresolved module or unlinked crate `sqlx`
[INFO] [stdout]     |
[INFO] [stdout]     = help: if you wanted to use a crate named `sqlx`, use `cargo add sqlx` to add it to your `Cargo.toml`
[INFO] [stdout] 
[INFO] [stdout] 
[INFO] [stdout] error[E0433]: cannot find module or crate `sqlx` in this scope
[INFO] [stdout]    --> src/services/database.rs:308:25
[INFO] [stdout]     |
[INFO] [stdout] 308 |                         sqlx::query_as(&format!("SELECT COUNT(*) FROM \"{}\"", name))
[INFO] [stdout]     |                         ^^^^ use of unresolved module or unlinked crate `sqlx`
[INFO] [stdout]     |
[INFO] [stdout]     = help: if you wanted to use a crate named `sqlx`, use `cargo add sqlx` to add it to your `Cargo.toml`
[INFO] [stdout] 
[INFO] [stdout] 
[INFO] [stdout] error[E0433]: cannot find module or crate `sqlx` in this scope
[INFO] [stdout]    --> src/services/database.rs:313:55
[INFO] [stdout]     |
[INFO] [stdout] 313 |                     let cols: Vec<(String, String)> = sqlx::query_as(
[INFO] [stdout]     |                                                       ^^^^ use of unresolved module or unlinked crate `sqlx`
[INFO] [stdout]     |
[INFO] [stdout]     = help: if you wanted to use a crate named `sqlx`, use `cargo add sqlx` to add it to your `Cargo.toml`
[INFO] [stdout] 
[INFO] [stdout] 
[INFO] [stdout] error[E0433]: cannot find module or crate `sqlx` in this scope
[INFO] [stdout]    --> src/services/database.rs:346:44
[INFO] [stdout]     |
[INFO] [stdout] 346 |                 let rows: Vec<(String,)> = sqlx::query_as(
[INFO] [stdout]     |                                            ^^^^ use of unresolved module or unlinked crate `sqlx`
[INFO] [stdout]     |
[INFO] [stdout]     = help: if you wanted to use a crate named `sqlx`, use `cargo add sqlx` to add it to your `Cargo.toml`
[INFO] [stdout] 
[INFO] [stdout] 
[INFO] [stdout] error[E0433]: cannot find module or crate `sqlx` in this scope
[INFO] [stdout]    --> src/services/database.rs:356:25
[INFO] [stdout]     |
[INFO] [stdout] 356 |                         sqlx::query_as(&format!("SELECT COUNT(*) FROM \"{}\"", name))
[INFO] [stdout]     |                         ^^^^ use of unresolved module or unlinked crate `sqlx`
[INFO] [stdout]     |
[INFO] [stdout]     = help: if you wanted to use a crate named `sqlx`, use `cargo add sqlx` to add it to your `Cargo.toml`
[INFO] [stdout] 
[INFO] [stdout] 
[INFO] [stdout] error[E0433]: cannot find module or crate `sqlx` in this scope
[INFO] [stdout]    --> src/services/database.rs:362:25
[INFO] [stdout]     |
[INFO] [stdout] 362 |                         sqlx::query_as(&format!("PRAGMA table_info(\"{}\")", name))
[INFO] [stdout]     |                         ^^^^ use of unresolved module or unlinked crate `sqlx`
[INFO] [stdout]     |
[INFO] [stdout]     = help: if you wanted to use a crate named `sqlx`, use `cargo add sqlx` to add it to your `Cargo.toml`
[INFO] [stdout] 
[INFO] [stdout] 
[INFO] [stdout] error[E0433]: cannot find module or crate `sqlx` in this scope
[INFO] [stdout]    --> src/services/database.rs:468:28
[INFO] [stdout]     |
[INFO] [stdout] 468 |                 let rows = sqlx::query(query)
[INFO] [stdout]     |                            ^^^^ use of unresolved module or unlinked crate `sqlx`
[INFO] [stdout]     |
[INFO] [stdout]     = help: if you wanted to use a crate named `sqlx`, use `cargo add sqlx` to add it to your `Cargo.toml`
[INFO] [stdout] 
[INFO] [stdout] 
[INFO] [stdout] error[E0433]: cannot find module or crate `sqlx` in this scope
[INFO] [stdout]    --> src/services/database.rs:514:28
[INFO] [stdout]     |
[INFO] [stdout] 514 |                 let rows = sqlx::query(query)
[INFO] [stdout]     |                            ^^^^ use of unresolved module or unlinked crate `sqlx`
[INFO] [stdout]     |
[INFO] [stdout]     = help: if you wanted to use a crate named `sqlx`, use `cargo add sqlx` to add it to your `Cargo.toml`
[INFO] [stdout] 
[INFO] [stdout] 
[INFO] [stdout] error[E0433]: cannot find module or crate `sqlx` in this scope
[INFO] [stdout]    --> src/services/database.rs:557:28
[INFO] [stdout]     |
[INFO] [stdout] 557 |                 let rows = sqlx::query(query)
[INFO] [stdout]     |                            ^^^^ use of unresolved module or unlinked crate `sqlx`
[INFO] [stdout]     |
[INFO] [stdout]     = help: if you wanted to use a crate named `sqlx`, use `cargo add sqlx` to add it to your `Cargo.toml`
[INFO] [stdout] 
[INFO] [stdout] 
[INFO] [stdout] Some errors have detailed explanations: E0425, E0432, E0433.
[INFO] [stdout] 
[INFO] [stdout] For more information about an error, try `rustc --explain E0425`.
[INFO] [stdout] 
[INFO] [stdout] Some errors have detailed explanations: E0425, E0432, E0433.
[INFO] [stdout] 
[INFO] [stdout] For more information about an error, try `rustc --explain E0425`.
[INFO] [stdout] 
[INFO] [stderr] error: could not compile `rustflow` (bin "rustflow") due to 50 previous errors
[INFO] [stderr] warning: build failed, waiting for other jobs to finish...
[INFO] [stderr] error: could not compile `rustflow` (bin "rustflow" test) due to 50 previous errors
[INFO] [stderr] warning: unused dependency `tokio-rusqlite`
[INFO] [stderr]  --> Cargo.toml:7:1
[INFO] [stderr]   |
[INFO] [stderr] 7 | tokio-rusqlite = "0.6"
[INFO] [stderr]   | ^^^^^^^^^^^^^^^^^^^^^^
[INFO] [stderr]   |
[INFO] [stderr]   = note: `cargo::unused_dependencies` is set to `warn` by default
[INFO] [stderr] help: consider removing the dependency on `tokio-rusqlite`
[INFO] [stderr] warning: `rustflow` (manifest) generated 1 warning
[INFO] running `Command { std: "docker" "inspect" "4ef6ba05ce3aff8ba05e550bbfb5467a45e50b8d78537e84deadc0aa8ec50d6c", kill_on_drop: false }`
[INFO] running `Command { std: "docker" "rm" "-f" "4ef6ba05ce3aff8ba05e550bbfb5467a45e50b8d78537e84deadc0aa8ec50d6c", kill_on_drop: false }`
[INFO] [stdout] 4ef6ba05ce3aff8ba05e550bbfb5467a45e50b8d78537e84deadc0aa8ec50d6c
