[INFO] cloning repository https://github.com/GC-520/rustdesk149
[INFO] running `Command { std: "git" "-c" "credential.helper=" "-c" "credential.helper=/workspace/cargo-home/bin/git-credential-null" "clone" "--bare" "https://github.com/GC-520/rustdesk149" "/workspace/cache/git-repos/https%3A%2F%2Fgithub.com%2FGC-520%2Frustdesk149", kill_on_drop: false }`
[INFO] [stderr] Cloning into bare repository '/workspace/cache/git-repos/https%3A%2F%2Fgithub.com%2FGC-520%2Frustdesk149'...
[INFO] running `Command { std: "git" "rev-parse" "HEAD", kill_on_drop: false }`
[INFO] [stdout] 2f49e67b1300a65adf22b28e7d0badee026435f6
[INFO] checking GC-520/rustdesk149/2f49e67b1300a65adf22b28e7d0badee026435f6 against 3154cc1a3e6424e44f438a95007d043ed5ceaaf6+rustflags=-Znext-solver=coherence for pr-133502-30
[INFO] running `Command { std: "git" "clone" "/workspace/cache/git-repos/https%3A%2F%2Fgithub.com%2FGC-520%2Frustdesk149" "/workspace/builds/worker-4-tc1/source", kill_on_drop: false }`
[INFO] [stderr] Cloning into '/workspace/builds/worker-4-tc1/source'...
[INFO] [stderr] done.
[INFO] removed /workspace/builds/worker-4-tc1/source/.cargo/config.toml
[INFO] started tweaking git repo https://github.com/GC-520/rustdesk149
[INFO] finished tweaking git repo https://github.com/GC-520/rustdesk149
[INFO] tweaked toml for git repo https://github.com/GC-520/rustdesk149 written to /workspace/builds/worker-4-tc1/source/Cargo.toml
[INFO] validating manifest of git repo https://github.com/GC-520/rustdesk149 on toolchain 3154cc1a3e6424e44f438a95007d043ed5ceaaf6
[INFO] running `Command { std: CARGO_HOME="/workspace/cargo-home" RUSTUP_HOME="/workspace/rustup-home" "/workspace/cargo-home/bin/cargo" "+3154cc1a3e6424e44f438a95007d043ed5ceaaf6" "metadata" "--manifest-path" "Cargo.toml" "--no-deps", kill_on_drop: false }`
[INFO] crate git repo https://github.com/GC-520/rustdesk149 already has a lockfile, it will not be regenerated
[INFO] running `Command { std: CARGO_HOME="/workspace/cargo-home" RUSTUP_HOME="/workspace/rustup-home" "/workspace/cargo-home/bin/cargo" "+3154cc1a3e6424e44f438a95007d043ed5ceaaf6" "fetch" "--manifest-path" "Cargo.toml", kill_on_drop: false }`
[INFO] [stderr] warning: `package.homepage` is redundant with `package.repository`
[INFO] [stderr]   --> libs/enigo/Cargo.toml:10:12
[INFO] [stderr]    |
[INFO] [stderr] 10 | homepage = "https://github.com/enigo-rs/enigo"
[INFO] [stderr]    |            ^^^^^^^^^^^^^^^^^^^^^^^^^^^^^^^^^^^
[INFO] [stderr] 11 | repository = "https://github.com/enigo-rs/enigo"
[INFO] [stderr]    |              -----------------------------------
[INFO] [stderr]    |
[INFO] [stderr]    = note: `cargo::redundant_homepage` is set to `warn` by default
[INFO] [stderr] help: consider removing `package.homepage`
[INFO] [stderr] warning: `enigo` (manifest) generated 1 warning
[INFO] [stderr]     Blocking waiting for file lock on package cache
[INFO] [stderr]     Updating git repository `https://github.com/rustdesk-org/kcp-sys`
[INFO] [stderr]  Downloading crates ...
[INFO] [stderr]   Downloaded webrtc-srtp v0.16.0
[INFO] [stderr]   Downloaded rtp v0.14.0
[INFO] [stderr]   Downloaded webrtc-data v0.12.0
[INFO] [stderr]   Downloaded webrtc-media v0.11.0
[INFO] [stderr]   Downloaded webrtc-mdns v0.10.0
[INFO] [stderr]   Downloaded sdp v0.10.0
[INFO] [stderr]   Downloaded rtcp v0.14.0
[INFO] [stderr]   Downloaded stun v0.9.0
[INFO] [stderr]   Downloaded interceptor v0.15.0
[INFO] [stderr]   Downloaded webrtc-util v0.12.0
[INFO] [stderr]   Downloaded turn v0.11.0
[INFO] [stderr]   Downloaded webrtc-sctp v0.13.0
[INFO] [stderr]   Downloaded webrtc-ice v0.14.0
[INFO] [stderr]   Downloaded dtls v0.13.0
[INFO] [stderr]   Downloaded webrtc v0.14.0
[INFO] running `Command { std: "docker" "create" "-v" "/var/lib/crater-agent-workspace/builds/worker-4-tc1/source:/opt/rustwide/workdir:ro,Z" "-v" "/var/lib/crater-agent-workspace/builds/worker-4-tc1/target:/opt/rustwide/target:rw,Z" "-v" "/var/lib/crater-agent-workspace/cargo-home:/opt/rustwide/cargo-home:ro,Z" "-v" "/var/lib/crater-agent-workspace/rustup-home:/opt/rustwide/rustup-home:ro,Z" "-m" "1610612736" "--network" "none" "ghcr.io/rust-lang/crates-build-env/linux@sha256:77db811e55d90add9212f6832c23229e3de5f1c1f9905e8cb07319ea15df73ac" "sleep" "infinity", kill_on_drop: false }`
[INFO] [stdout] 43ccc4976f28854fff0ac9331c4c5fb3d9096047c42a605f73bfe4f203acc507
[INFO] running `Command { std: "docker" "start" "43ccc4976f28854fff0ac9331c4c5fb3d9096047c42a605f73bfe4f203acc507", kill_on_drop: false }`
[INFO] running `Command { std: "docker" "inspect" "43ccc4976f28854fff0ac9331c4c5fb3d9096047c42a605f73bfe4f203acc507", kill_on_drop: false }`
[INFO] running `Command { std: "docker" "exec" "-e" "SOURCE_DIR=/opt/rustwide/workdir" "-e" "CARGO_HOME=/opt/rustwide/cargo-home" "-e" "RUSTUP_HOME=/opt/rustwide/rustup-home" "-e" "CARGO_TARGET_DIR=/opt/rustwide/target" "-w" "/opt/rustwide/workdir" "--user" "0:0" "43ccc4976f28854fff0ac9331c4c5fb3d9096047c42a605f73bfe4f203acc507" "/opt/rustwide/cargo-home/bin/cargo" "+3154cc1a3e6424e44f438a95007d043ed5ceaaf6" "metadata" "--no-deps" "--format-version=1", kill_on_drop: false }`
[INFO] running `Command { std: "docker" "inspect" "43ccc4976f28854fff0ac9331c4c5fb3d9096047c42a605f73bfe4f203acc507", kill_on_drop: false }`
[INFO] running `Command { std: "docker" "exec" "-e" "SOURCE_DIR=/opt/rustwide/workdir" "-e" "CARGO_HOME=/opt/rustwide/cargo-home" "-e" "RUSTUP_HOME=/opt/rustwide/rustup-home" "-e" "CARGO_TARGET_DIR=/opt/rustwide/target" "-e" "CARGO_INCREMENTAL=0" "-e" "RUST_BACKTRACE=full" "-e" "RUSTFLAGS=--cap-lints=forbid -Znext-solver=coherence" "-e" "RUSTDOCFLAGS=--cap-lints=forbid" "-w" "/opt/rustwide/workdir" "--user" "0:0" "43ccc4976f28854fff0ac9331c4c5fb3d9096047c42a605f73bfe4f203acc507" "/opt/rustwide/cargo-home/bin/cargo" "+3154cc1a3e6424e44f438a95007d043ed5ceaaf6" "check" "--frozen" "--all" "--all-targets" "--message-format=json", kill_on_drop: false }`
[INFO] [stderr] warning: `package.homepage` is redundant with `package.repository`
[INFO] [stderr]   --> libs/enigo/Cargo.toml:10:12
[INFO] [stderr]    |
[INFO] [stderr] 10 | homepage = "https://github.com/enigo-rs/enigo"
[INFO] [stderr]    |            ^^^^^^^^^^^^^^^^^^^^^^^^^^^^^^^^^^^
[INFO] [stderr] 11 | repository = "https://github.com/enigo-rs/enigo"
[INFO] [stderr]    |              -----------------------------------
[INFO] [stderr]    |
[INFO] [stderr]    = note: `cargo::redundant_homepage` is set to `warn` by default
[INFO] [stderr] help: consider removing `package.homepage`
[INFO] [stderr] warning: `enigo` (manifest) generated 1 warning
[INFO] [stderr]    Compiling syn v2.0.98
[INFO] [stderr]    Compiling syn v1.0.109
[INFO] [stderr]    Compiling smallvec v1.15.1
[INFO] [stderr]    Compiling regex v1.11.1
[INFO] [stderr]    Compiling rustix v0.38.34
[INFO] [stderr]    Compiling linux-raw-sys v0.4.14
[INFO] [stderr]    Compiling quick-xml v0.37.5
[INFO] [stderr]    Compiling wayland-client v0.31.11
[INFO] [stderr]     Checking tracing-core v0.1.34
[INFO] [stderr]     Checking dlib v0.5.2
[INFO] [stderr]     Checking linux-raw-sys v0.11.0
[INFO] [stderr]    Compiling wayland-backend v0.3.11
[INFO] [stderr]    Compiling wayland-sys v0.31.7
[INFO] [stderr]     Checking downcast-rs v1.2.1
[INFO] [stderr]     Checking rand_core v0.9.3
[INFO] [stderr]     Checking scoped-tls v1.0.1
[INFO] [stderr]    Compiling rustls v0.23.28
[INFO] [stderr]     Checking adler v1.0.2
[INFO] [stderr]     Checking ring v0.17.14
[INFO] [stderr]    Compiling cfg-expr v0.15.8
[INFO] [stderr]     Checking rand_chacha v0.9.0
[INFO] [stderr]    Compiling zstd-safe v7.1.0
[INFO] [stderr]     Checking miniz_oxide v0.7.4
[INFO] [stderr]     Checking crossbeam-epoch v0.9.18
[INFO] [stderr]     Checking regex-automata v0.4.9
[INFO] [stderr]    Compiling openssl v0.10.68
[INFO] [stderr]    Compiling dlopen_derive v0.1.4
[INFO] [stderr]     Checking openssl-sys v0.9.104
[INFO] [stderr]     Checking rand v0.9.2
[INFO] [stderr]    Compiling unicode-segmentation v1.11.0
[INFO] [stderr]     Checking crossbeam-deque v0.8.5
[INFO] [stderr]    Compiling env_logger v0.9.3
[INFO] [stderr]    Compiling native-tls v0.2.12
[INFO] [stderr]    Compiling backtrace v0.3.73
[INFO] [stderr]     Checking memmap2 v0.9.8
[INFO] [stderr]     Checking data-encoding v2.9.0
[INFO] [stderr]     Checking rayon-core v1.12.1
[INFO] [stderr]     Checking rustls-native-certs v0.8.1
[INFO] [stderr]    Compiling smithay-client-toolkit v0.20.0
[INFO] [stderr]     Checking zstd-sys v2.0.11+zstd.1.5.6
[INFO] [stderr]     Checking webpki-roots v1.0.9
[INFO] [stderr]    Compiling heck v0.3.3
[INFO] [stderr]     Checking anyhow v1.0.98
[INFO] [stderr]    Compiling x11 v2.21.0
[INFO] [stderr]     Checking utf8parse v0.2.2
[INFO] [stderr]     Checking cursor-icon v1.2.0
[INFO] [stderr]     Checking xkeysym v0.2.1
[INFO] [stderr]     Checking xcursor v0.3.10
[INFO] [stderr]     Checking ryu v1.0.18
[INFO] [stderr]     Checking anstyle-parse v0.2.4
[INFO] [stderr]     Checking rayon v1.10.0
[INFO] [stderr]    Compiling wayland-scanner v0.31.7
[INFO] [stderr]    Compiling nix v0.28.0
[INFO] [stderr]    Compiling strum v0.18.0
[INFO] [stderr]     Checking colorchoice v1.0.1
[INFO] [stderr]     Checking anstyle v1.0.13
[INFO] [stderr]    Compiling version-compare v0.0.10
[INFO] [stderr]     Checking is_terminal_polyfill v1.70.0
[INFO] [stderr]     Checking anstyle-query v1.1.0
[INFO] [stderr]     Checking zstd v0.13.1
[INFO] [stderr]     Checking dirs-sys-next v0.1.2
[INFO] [stderr]     Checking anstream v0.6.14
[INFO] [stderr]     Checking webpki-roots v0.26.11
[INFO] [stderr]     Checking dlopen v0.1.8
[INFO] [stderr]     Checking uuid v1.16.0
[INFO] [stderr]     Checking crossbeam-channel v0.5.13
[INFO] [stderr]     Checking winnow v0.5.40
[INFO] [stderr]     Checking gimli v0.29.0
[INFO] [stderr]     Checking signature v1.6.4
[INFO] [stderr]     Checking iana-time-zone v0.1.60
[INFO] [stderr]     Checking utf-8 v0.7.6
[INFO] [stderr]     Checking chrono v0.4.41
[INFO] [stderr]     Checking ed25519 v1.5.3
[INFO] [stderr]     Checking directories-next v2.0.0
[INFO] [stderr]     Checking libsodium-sys v0.2.7
[INFO] [stderr]     Checking crossbeam-queue v0.3.11
[INFO] [stderr]     Checking object v0.36.1
[INFO] [stderr]     Checking is-terminal v0.4.16
[INFO] [stderr]     Checking rustc-demangle v0.1.24
[INFO] [stderr]     Checking glob v0.3.1
[INFO] [stderr]     Checking humantime v2.1.0
[INFO] [stderr]     Checking nu-ansi-term v0.49.0
[INFO] [stderr]     Checking rustls-webpki v0.103.3
[INFO] [stderr]     Checking dirs-next v2.0.0
[INFO] [stderr]     Checking users v0.11.0
[INFO] [stderr]     Checking socket2 v0.3.19
[INFO] [stderr]     Checking filetime v0.2.23
[INFO] [stderr]     Checking whoami v1.6.0
[INFO] [stderr]     Checking adler2 v2.0.1
[INFO] [stderr]     Checking crc32fast v1.4.2
[INFO] [stderr]     Checking miniz_oxide v0.8.9
[INFO] [stderr]    Compiling proc-macro-error-attr v1.0.4
[INFO] [stderr]    Compiling autocfg v0.1.8
[INFO] [stderr]    Compiling rand_core v0.4.2
[INFO] [stderr]     Checking fdeflate v0.3.4
[INFO] [stderr]     Checking concurrent-queue v2.5.0
[INFO] [stderr]     Checking parking v2.2.0
[INFO] [stderr]    Compiling rand_core v0.3.1
[INFO] [stderr]    Compiling getrandom v0.2.15
[INFO] [stderr]    Compiling prettyplease v0.2.20
[INFO] [stderr]    Compiling rand_pcg v0.1.2
[INFO] [stderr]    Compiling rand_chacha v0.1.1
[INFO] [stderr]    Compiling num-traits v0.2.19
[INFO] [stderr]     Checking event-listener v5.3.1
[INFO] [stderr]    Compiling rand v0.6.5
[INFO] [stderr]    Compiling siphasher v0.2.3
[INFO] [stderr]     Checking flate2 v1.1.9
[INFO] [stderr]    Compiling rand_xorshift v0.1.1
[INFO] [stderr]     Checking event-listener-strategy v0.5.2
[INFO] [stderr]    Compiling phf_shared v0.7.24
[INFO] [stderr]    Compiling rand_hc v0.1.0
[INFO] [stderr]    Compiling rand_isaac v0.1.1
[INFO] [stderr]    Compiling rand_os v0.1.3
[INFO] [stderr]    Compiling rand_jitter v0.1.4
[INFO] [stderr]     Checking fastrand v2.1.0
[INFO] [stderr]     Checking futures-lite v2.3.0
[INFO] [stderr]    Compiling nasm-rs v0.3.0
[INFO] [stderr]     Checking png v0.17.13
[INFO] [stderr]     Checking event-listener v2.5.3
[INFO] [stderr]     Checking hex v0.4.3
[INFO] [stderr]    Compiling io-lifetimes v1.0.11
[INFO] [stderr]     Checking arrayvec v0.7.6
[INFO] [stderr]     Checking env_filter v0.1.3
[INFO] [stderr]     Checking default_net v0.1.0 (https://github.com/rustdesk-org/default_net#78f8f70c)
[INFO] [stderr]    Compiling rand_core v0.6.4
[INFO] [stderr]     Checking env_logger v0.11.6
[INFO] [stderr]    Compiling polling v2.8.0
[INFO] [stderr]     Checking waker-fn v1.2.0
[INFO] [stderr]    Compiling rustix v0.37.27
[INFO] [stderr]    Compiling mozjpeg-sys v2.2.2
[INFO] [stderr]     Checking fastrand v1.9.0
[INFO] [stderr]     Checking sysinfo v0.29.10 (https://github.com/rustdesk-org/sysinfo?branch=rlim_max#90b1705d)
[INFO] [stderr]    Compiling bindgen v0.65.1
[INFO] [stderr]     Checking futures-lite v1.13.0
[INFO] [stderr]    Compiling num-traits v0.1.43
[INFO] [stderr]     Checking async-lock v2.8.0
[INFO] [stderr]    Compiling itertools v0.12.1
[INFO] [stderr]    Compiling async-io v1.13.0
[INFO] [stderr]    Compiling phf_generator v0.7.24
[INFO] [stderr]    Compiling dtoa v0.4.8
[INFO] [stderr]    Compiling serde v0.9.15
[INFO] [stderr]    Compiling itoa v0.3.4
[INFO] [stderr]    Compiling rustc-hash v2.1.1
[INFO] [stderr]    Compiling phf_codegen v0.7.24
[INFO] [stderr]     Checking linux-raw-sys v0.3.8
[INFO] [stderr]    Compiling target_build_utils v0.3.1
[INFO] [stderr]     Checking async-task v4.7.1
[INFO] [stderr]     Checking piper v0.2.3
[INFO] [stderr]    Compiling phf v0.7.24
[INFO] [stderr]     Checking async-channel v2.3.1
[INFO] [stderr]    Compiling itertools v0.9.0
[INFO] [stderr]    Compiling async-fs v1.6.0
[INFO] [stderr]     Checking socket2 v0.4.10
[INFO] [stderr]    Compiling which v4.4.2
[INFO] [stderr]    Compiling tempfile v3.10.1
[INFO] [stderr]     Checking addr2line v0.22.0
[INFO] [stdout] error: attributes starting with `rustc` are reserved for use by the `rustc` compiler
[INFO] [stdout]   --> /opt/rustwide/cargo-home/registry/src/index.crates.io-1949cf8c6b5b557f/rustix-0.37.27/src/backend/linux_raw/io/errno.rs:28:25
[INFO] [stdout]    |
[INFO] [stdout] 28 | #[cfg_attr(rustc_attrs, rustc_layout_scalar_valid_range_start(0xf001))]
[INFO] [stdout]    |                         ^^^^^^^^^^^^^^^^^^^^^^^^^^^^^^^^^^^^^
[INFO] [stdout] 
[INFO] [stdout] 
[INFO] [stdout] error: attributes starting with `rustc` are reserved for use by the `rustc` compiler
[INFO] [stdout]   --> /opt/rustwide/cargo-home/registry/src/index.crates.io-1949cf8c6b5b557f/rustix-0.37.27/src/backend/linux_raw/io/errno.rs:29:25
[INFO] [stdout]    |
[INFO] [stdout] 29 | #[cfg_attr(rustc_attrs, rustc_layout_scalar_valid_range_end(0xffff))]
[INFO] [stdout]    |                         ^^^^^^^^^^^^^^^^^^^^^^^^^^^^^^^^^^^
[INFO] [stdout] 
[INFO] [stdout] 
[INFO] [stdout] error: cannot find attribute `rustc_layout_scalar_valid_range_start` in this scope
[INFO] [stdout]   --> /opt/rustwide/cargo-home/registry/src/index.crates.io-1949cf8c6b5b557f/rustix-0.37.27/src/backend/linux_raw/io/errno.rs:28:25
[INFO] [stdout]    |
[INFO] [stdout] 28 | #[cfg_attr(rustc_attrs, rustc_layout_scalar_valid_range_start(0xf001))]
[INFO] [stdout]    |                         ^^^^^^^^^^^^^^^^^^^^^^^^^^^^^^^^^^^^^
[INFO] [stdout] 
[INFO] [stdout] 
[INFO] [stdout] error: cannot find attribute `rustc_layout_scalar_valid_range_end` in this scope
[INFO] [stdout]   --> /opt/rustwide/cargo-home/registry/src/index.crates.io-1949cf8c6b5b557f/rustix-0.37.27/src/backend/linux_raw/io/errno.rs:29:25
[INFO] [stdout]    |
[INFO] [stdout] 29 | #[cfg_attr(rustc_attrs, rustc_layout_scalar_valid_range_end(0xffff))]
[INFO] [stdout]    |                         ^^^^^^^^^^^^^^^^^^^^^^^^^^^^^^^^^^^
[INFO] [stdout] 
[INFO] [stdout] 
[INFO] [stderr]    Compiling bindgen v0.59.2
[INFO] [stderr]    Compiling num-rational v0.3.2
[INFO] [stderr]    Compiling ppv-lite86 v0.2.17
[INFO] [stderr]     Checking static_assertions v1.1.0
[INFO] [stderr]    Compiling proc-macro-error v1.0.4
[INFO] [stderr]    Compiling zvariant_utils v1.0.1
[INFO] [stderr]     Checking blocking v1.6.1
[INFO] [stderr]     Checking spin v0.9.8
[INFO] [stderr]     Checking nanorand v0.7.0
[INFO] [stderr]    Compiling gstreamer v0.16.7
[INFO] [stderr]     Checking async-executor v1.12.0
[INFO] [stderr]     Checking async-broadcast v0.5.1
[INFO] [stderr]     Checking flume v0.11.0
[INFO] [stderr]    Compiling slab v0.4.9
[INFO] [stderr]     Checking ordered-stream v0.2.0
[INFO] [stderr]    Compiling libdbus-sys v0.2.5
[INFO] [stderr]     Checking xdg-home v1.2.0
[INFO] [stderr]    Compiling bindgen v0.72.1
[INFO] [stderr]     Checking muldiv v0.2.1
[INFO] [stderr]    Compiling gstreamer-base v0.16.5
[INFO] [stderr]    Compiling winapi v0.3.9
[INFO] [stderr]     Checking pretty-hex v0.2.1
[INFO] [stderr]    Compiling rustls-pki-types v1.11.0
[INFO] [stderr]    Compiling tinyvec v1.6.1
[INFO] [stderr]    Compiling crossbeam-utils v0.8.20
[INFO] [stderr]    Compiling typenum v1.17.0
[INFO] [stderr]    Compiling rustix v1.1.2
[INFO] [stderr]    Compiling webm-sys v1.0.4 (https://github.com/rustdesk-org/rust-webm#d2c4d3ac)
[INFO] [stderr]    Compiling nokhwa-bindings-macos v0.2.2 (https://github.com/rustdesk-org/nokhwa.git?branch=fix_from_raw_parts#c2f74662)
[INFO] [stderr]    Compiling lock_api v0.4.12
[INFO] [stderr]    Compiling parking_lot_core v0.9.10
[INFO] [stderr]    Compiling x11 v2.19.0 (https://github.com/bjornsnoen/x11-rs#c2e9bfaa)
[INFO] [stderr]    Compiling gstreamer-app v0.16.5
[INFO] [stderr]    Compiling futures-core v0.3.31
[INFO] [stderr]    Compiling futures-sink v0.3.31
[INFO] [stderr]    Compiling serde_derive v1.0.228
[INFO] [stderr]    Compiling thiserror-impl v1.0.61
[INFO] [stderr]    Compiling zeroize_derive v1.4.2
[INFO] [stderr]    Compiling futures-macro v0.3.31
[INFO] [stderr]    Compiling tokio-macros v2.5.0
[INFO] [stderr]    Compiling tracing-attributes v0.1.29
[INFO] [stderr] error: could not compile `rustix` (lib) due to 4 previous errors
[INFO] [stderr] warning: build failed, waiting for other jobs to finish...
[INFO] [stderr] warning: webm-sys@1.0.4: libwebm/mkvparser/mkvparser.cc: In function 'long int mkvparser::UnserializeFloat(IMkvReader*, long long int, long long int, double&)':
[INFO] [stderr] warning: webm-sys@1.0.4: libwebm/mkvparser/mkvparser.cc:249:7: error: 'uint32_t' does not name a type
[INFO] [stderr] warning: webm-sys@1.0.4:   249 |       uint32_t ff;
[INFO] [stderr] warning: webm-sys@1.0.4:       |       ^~~~~~~~
[INFO] [stderr] warning: webm-sys@1.0.4: libwebm/mkvparser/mkvparser.cc:24:1: note: 'uint32_t' is defined in header '<cstdint>'; this is probably fixable by adding '#include <cstdint>'
[INFO] [stderr] warning: webm-sys@1.0.4:    23 | #include "common/webmids.h"
[INFO] [stderr] warning: webm-sys@1.0.4:   +++ |+#include <cstdint>
[INFO] [stderr] warning: webm-sys@1.0.4:    24 | 
[INFO] [stderr] warning: webm-sys@1.0.4: libwebm/mkvparser/mkvparser.cc:250:45: error: 'uint32_t' was not declared in this scope
[INFO] [stderr] warning: webm-sys@1.0.4:   250 |       static_assert(sizeof(float) == sizeof(uint32_t), "");
[INFO] [stderr] warning: webm-sys@1.0.4:       |                                             ^~~~~~~~
[INFO] [stderr] warning: webm-sys@1.0.4: libwebm/mkvparser/mkvparser.cc:250:45: note: 'uint32_t' is defined in header '<cstdint>'; this is probably fixable by adding '#include <cstdint>'
[INFO] [stderr] warning: webm-sys@1.0.4: libwebm/mkvparser/mkvparser.cc:253:5: error: 'ff' was not declared in this scope; did you mean 'ffs'?
[INFO] [stderr] warning: webm-sys@1.0.4:   253 |     ff = 0;
[INFO] [stderr] warning: webm-sys@1.0.4:       |     ^~
[INFO] [stderr] warning: webm-sys@1.0.4:       |     ffs
[INFO] [stderr] warning: webm-sys@1.0.4: libwebm/mkvparser/mkvparser.cc:268:7: error: 'uint64_t' does not name a type
[INFO] [stderr] warning: webm-sys@1.0.4:   268 |       uint64_t dd;
[INFO] [stderr] warning: webm-sys@1.0.4:       |       ^~~~~~~~
[INFO] [stderr] warning: webm-sys@1.0.4: libwebm/mkvparser/mkvparser.cc:268:7: note: 'uint64_t' is defined in header '<cstdint>'; this is probably fixable by adding '#include <cstdint>'
[INFO] [stderr] warning: webm-sys@1.0.4: libwebm/mkvparser/mkvparser.cc:269:46: error: 'uint64_t' was not declared in this scope
[INFO] [stderr] warning: webm-sys@1.0.4:   269 |       static_assert(sizeof(double) == sizeof(uint64_t), "");
[INFO] [stderr] warning: webm-sys@1.0.4:       |                                              ^~~~~~~~
[INFO] [stderr] warning: webm-sys@1.0.4: libwebm/mkvparser/mkvparser.cc:269:46: note: 'uint64_t' is defined in header '<cstdint>'; this is probably fixable by adding '#include <cstdint>'
[INFO] [stderr] warning: webm-sys@1.0.4: libwebm/mkvparser/mkvparser.cc:272:5: error: 'dd' was not declared in this scope
[INFO] [stderr] warning: webm-sys@1.0.4:   272 |     dd = 0;
[INFO] [stderr] warning: webm-sys@1.0.4:       |     ^~
[INFO] [stderr] warning: webm-sys@1.0.4: ToolExecError: Command LC_ALL="C" "c++" "-O0" "-ffunction-sections" "-fdata-sections" "-fPIC" "-gdwarf-4" "-fno-omit-frame-pointer" "-m64" "-I" "libwebm" "-fno-rtti" "-std=gnu++11" "-fno-exceptions" "-o" "/opt/rustwide/target/debug/build/webm-sys/112e0c99979d8417/out/f6c0733b753af51c-mkvparser.o" "-c" "libwebm/mkvparser/mkvparser.cc" with args c++ did not execute successfully (status code exit status: 1).
[INFO] [stderr] error: failed to run custom build command for `webm-sys v1.0.4 (https://github.com/rustdesk-org/rust-webm#d2c4d3ac)`
[INFO] [stderr] note: To improve backtraces for build dependencies, set the CARGO_PROFILE_DEV_BUILD_OVERRIDE_DEBUG=true environment variable to enable debug information generation.
[INFO] [stderr] 
[INFO] [stderr] Caused by:
[INFO] [stderr]   process didn't exit successfully: `/opt/rustwide/target/debug/build/webm-sys/04192c6a1c77ce4c/out/build_script_build` (exit status: 1)
[INFO] [stderr]   --- stdout
[INFO] [stderr]   cargo:rerun-if-changed=ffi.cpp
[INFO] [stderr]   OUT_DIR = Some(/opt/rustwide/target/debug/build/webm-sys/112e0c99979d8417/out)
[INFO] [stderr]   OPT_LEVEL = Some(0)
[INFO] [stderr]   TARGET = Some(x86_64-unknown-linux-gnu)
[INFO] [stderr]   HOST = Some(x86_64-unknown-linux-gnu)
[INFO] [stderr]   cargo:rerun-if-env-changed=CXX_x86_64-unknown-linux-gnu
[INFO] [stderr]   CXX_x86_64-unknown-linux-gnu = None
[INFO] [stderr]   cargo:rerun-if-env-changed=CXX_x86_64_unknown_linux_gnu
[INFO] [stderr]   CXX_x86_64_unknown_linux_gnu = None
[INFO] [stderr]   cargo:rerun-if-env-changed=HOST_CXX
[INFO] [stderr]   HOST_CXX = None
[INFO] [stderr]   cargo:rerun-if-env-changed=CXX
[INFO] [stderr]   CXX = None
[INFO] [stderr]   cargo:rerun-if-env-changed=CC_ENABLE_DEBUG_OUTPUT
[INFO] [stderr]   RUSTC_WRAPPER = None
[INFO] [stderr]   cargo:rerun-if-env-changed=CRATE_CC_NO_DEFAULTS
[INFO] [stderr]   CRATE_CC_NO_DEFAULTS = None
[INFO] [stderr]   DEBUG = Some(true)
[INFO] [stderr]   CARGO_CFG_TARGET_FEATURE = Some(fxsr,sse,sse2,x87)
[INFO] [stderr]   cargo:rerun-if-env-changed=CXXFLAGS_x86_64-unknown-linux-gnu
[INFO] [stderr]   CXXFLAGS_x86_64-unknown-linux-gnu = None
[INFO] [stderr]   cargo:rerun-if-env-changed=CXXFLAGS_x86_64_unknown_linux_gnu
[INFO] [stderr]   CXXFLAGS_x86_64_unknown_linux_gnu = None
[INFO] [stderr]   cargo:rerun-if-env-changed=HOST_CXXFLAGS
[INFO] [stderr]   HOST_CXXFLAGS = None
[INFO] [stderr]   cargo:rerun-if-env-changed=CXXFLAGS
[INFO] [stderr]   CXXFLAGS = None
[INFO] [stderr]   CARGO_ENCODED_RUSTFLAGS = Some(--cap-lints=forbid-Znext-solver=coherence)
[INFO] [stderr]   cargo:warning=libwebm/mkvparser/mkvparser.cc: In function 'long int mkvparser::UnserializeFloat(IMkvReader*, long long int, long long int, double&)':
[INFO] [stderr]   cargo:warning=libwebm/mkvparser/mkvparser.cc:249:7: error: 'uint32_t' does not name a type
[INFO] [stderr]   cargo:warning=  249 |       uint32_t ff;
[INFO] [stderr]   cargo:warning=      |       ^~~~~~~~
[INFO] [stderr]   cargo:warning=libwebm/mkvparser/mkvparser.cc:24:1: note: 'uint32_t' is defined in header '<cstdint>'; this is probably fixable by adding '#include <cstdint>'
[INFO] [stderr]   cargo:warning=   23 | #include "common/webmids.h"
[INFO] [stderr]   cargo:warning=  +++ |+#include <cstdint>
[INFO] [stderr]   cargo:warning=   24 | 
[INFO] [stderr]   cargo:warning=libwebm/mkvparser/mkvparser.cc:250:45: error: 'uint32_t' was not declared in this scope
[INFO] [stderr]   cargo:warning=  250 |       static_assert(sizeof(float) == sizeof(uint32_t), "");
[INFO] [stderr]   cargo:warning=      |                                             ^~~~~~~~
[INFO] [stderr]   cargo:warning=libwebm/mkvparser/mkvparser.cc:250:45: note: 'uint32_t' is defined in header '<cstdint>'; this is probably fixable by adding '#include <cstdint>'
[INFO] [stderr]   cargo:warning=libwebm/mkvparser/mkvparser.cc:253:5: error: 'ff' was not declared in this scope; did you mean 'ffs'?
[INFO] [stderr]   cargo:warning=  253 |     ff = 0;
[INFO] [stderr]   cargo:warning=      |     ^~
[INFO] [stderr]   cargo:warning=      |     ffs
[INFO] [stderr]   cargo:warning=libwebm/mkvparser/mkvparser.cc:268:7: error: 'uint64_t' does not name a type
[INFO] [stderr]   cargo:warning=  268 |       uint64_t dd;
[INFO] [stderr]   cargo:warning=      |       ^~~~~~~~
[INFO] [stderr]   cargo:warning=libwebm/mkvparser/mkvparser.cc:268:7: note: 'uint64_t' is defined in header '<cstdint>'; this is probably fixable by adding '#include <cstdint>'
[INFO] [stderr]   cargo:warning=libwebm/mkvparser/mkvparser.cc:269:46: error: 'uint64_t' was not declared in this scope
[INFO] [stderr]   cargo:warning=  269 |       static_assert(sizeof(double) == sizeof(uint64_t), "");
[INFO] [stderr]   cargo:warning=      |                                              ^~~~~~~~
[INFO] [stderr]   cargo:warning=libwebm/mkvparser/mkvparser.cc:269:46: note: 'uint64_t' is defined in header '<cstdint>'; this is probably fixable by adding '#include <cstdint>'
[INFO] [stderr]   cargo:warning=libwebm/mkvparser/mkvparser.cc:272:5: error: 'dd' was not declared in this scope
[INFO] [stderr]   cargo:warning=  272 |     dd = 0;
[INFO] [stderr]   cargo:warning=      |     ^~
[INFO] [stderr]   exit status: 0
[INFO] [stderr]   exit status: 0
[INFO] [stderr]   exit status: 0
[INFO] [stderr]   exit status: 0
[INFO] [stderr]   exit status: 0
[INFO] [stderr]   exit status: 1
[INFO] [stderr]   cargo:warning=ToolExecError: Command LC_ALL="C" "c++" "-O0" "-ffunction-sections" "-fdata-sections" "-fPIC" "-gdwarf-4" "-fno-omit-frame-pointer" "-m64" "-I" "libwebm" "-fno-rtti" "-std=gnu++11" "-fno-exceptions" "-o" "/opt/rustwide/target/debug/build/webm-sys/112e0c99979d8417/out/f6c0733b753af51c-mkvparser.o" "-c" "libwebm/mkvparser/mkvparser.cc" with args c++ did not execute successfully (status code exit status: 1).
[INFO] [stderr] 
[INFO] [stderr]   --- stderr
[INFO] [stderr] 
[INFO] [stderr] 
[INFO] [stderr]   error occurred in cc-rs: Command LC_ALL="C" "c++" "-O0" "-ffunction-sections" "-fdata-sections" "-fPIC" "-gdwarf-4" "-fno-omit-frame-pointer" "-m64" "-I" "libwebm" "-fno-rtti" "-std=gnu++11" "-fno-exceptions" "-o" "/opt/rustwide/target/debug/build/webm-sys/112e0c99979d8417/out/f6c0733b753af51c-mkvparser.o" "-c" "libwebm/mkvparser/mkvparser.cc" with args c++ did not execute successfully (status code exit status: 1).
[INFO] [stderr] 
[INFO] [stderr] 
[INFO] running `Command { std: "docker" "inspect" "43ccc4976f28854fff0ac9331c4c5fb3d9096047c42a605f73bfe4f203acc507", kill_on_drop: false }`
[INFO] running `Command { std: "docker" "rm" "-f" "43ccc4976f28854fff0ac9331c4c5fb3d9096047c42a605f73bfe4f203acc507", kill_on_drop: false }`
[INFO] [stdout] 43ccc4976f28854fff0ac9331c4c5fb3d9096047c42a605f73bfe4f203acc507
