[INFO] cloning repository https://github.com/FuuuOverclocking/dragonball-evolved
[INFO] running `Command { std: "git" "-c" "credential.helper=" "-c" "credential.helper=/workspace/cargo-home/bin/git-credential-null" "clone" "--bare" "https://github.com/FuuuOverclocking/dragonball-evolved" "/workspace/cache/git-repos/https%3A%2F%2Fgithub.com%2FFuuuOverclocking%2Fdragonball-evolved", kill_on_drop: false }`
[INFO] [stderr] Cloning into bare repository '/workspace/cache/git-repos/https%3A%2F%2Fgithub.com%2FFuuuOverclocking%2Fdragonball-evolved'...
[INFO] running `Command { std: "git" "rev-parse" "HEAD", kill_on_drop: false }`
[INFO] [stdout] 2d88d0f058601c91ca24cc9c3690957d6ec892a4
[INFO] checking FuuuOverclocking/dragonball-evolved against 3154cc1a3e6424e44f438a95007d043ed5ceaaf6 for pr-133502-30
[INFO] running `Command { std: "git" "clone" "/workspace/cache/git-repos/https%3A%2F%2Fgithub.com%2FFuuuOverclocking%2Fdragonball-evolved" "/workspace/builds/worker-5-tc2/source", kill_on_drop: false }`
[INFO] [stderr] Cloning into '/workspace/builds/worker-5-tc2/source'...
[INFO] [stderr] done.
[INFO] started tweaking git repo https://github.com/FuuuOverclocking/dragonball-evolved
[INFO] finished tweaking git repo https://github.com/FuuuOverclocking/dragonball-evolved
[INFO] tweaked toml for git repo https://github.com/FuuuOverclocking/dragonball-evolved written to /workspace/builds/worker-5-tc2/source/Cargo.toml
[INFO] validating manifest of git repo https://github.com/FuuuOverclocking/dragonball-evolved on toolchain 3154cc1a3e6424e44f438a95007d043ed5ceaaf6
[INFO] running `Command { std: CARGO_HOME="/workspace/cargo-home" RUSTUP_HOME="/workspace/rustup-home" "/workspace/cargo-home/bin/cargo" "+3154cc1a3e6424e44f438a95007d043ed5ceaaf6" "metadata" "--manifest-path" "Cargo.toml" "--no-deps", kill_on_drop: false }`
[INFO] crate git repo https://github.com/FuuuOverclocking/dragonball-evolved already has a lockfile, it will not be regenerated
[INFO] running `Command { std: CARGO_HOME="/workspace/cargo-home" RUSTUP_HOME="/workspace/rustup-home" "/workspace/cargo-home/bin/cargo" "+3154cc1a3e6424e44f438a95007d043ed5ceaaf6" "fetch" "--manifest-path" "Cargo.toml", kill_on_drop: false }`
[INFO] [stderr]     Blocking waiting for file lock on package cache
[INFO] running `Command { std: "docker" "create" "-v" "/var/lib/crater-agent-workspace/builds/worker-5-tc2/source:/opt/rustwide/workdir:ro,Z" "-v" "/var/lib/crater-agent-workspace/builds/worker-5-tc2/target:/opt/rustwide/target:rw,Z" "-v" "/var/lib/crater-agent-workspace/cargo-home:/opt/rustwide/cargo-home:ro,Z" "-v" "/var/lib/crater-agent-workspace/rustup-home:/opt/rustwide/rustup-home:ro,Z" "-m" "1610612736" "--network" "none" "ghcr.io/rust-lang/crates-build-env/linux@sha256:77db811e55d90add9212f6832c23229e3de5f1c1f9905e8cb07319ea15df73ac" "sleep" "infinity", kill_on_drop: false }`
[INFO] [stdout] 4a76dcab7e7d15a73e17d7a688d4ede4d68910025677ce36039ef99a4a07de8c
[INFO] running `Command { std: "docker" "start" "4a76dcab7e7d15a73e17d7a688d4ede4d68910025677ce36039ef99a4a07de8c", kill_on_drop: false }`
[INFO] running `Command { std: "docker" "inspect" "4a76dcab7e7d15a73e17d7a688d4ede4d68910025677ce36039ef99a4a07de8c", kill_on_drop: false }`
[INFO] running `Command { std: "docker" "exec" "-e" "SOURCE_DIR=/opt/rustwide/workdir" "-e" "CARGO_HOME=/opt/rustwide/cargo-home" "-e" "RUSTUP_HOME=/opt/rustwide/rustup-home" "-e" "CARGO_TARGET_DIR=/opt/rustwide/target" "-w" "/opt/rustwide/workdir" "--user" "0:0" "4a76dcab7e7d15a73e17d7a688d4ede4d68910025677ce36039ef99a4a07de8c" "/opt/rustwide/cargo-home/bin/cargo" "+3154cc1a3e6424e44f438a95007d043ed5ceaaf6" "metadata" "--no-deps" "--format-version=1", kill_on_drop: false }`
[INFO] running `Command { std: "docker" "inspect" "4a76dcab7e7d15a73e17d7a688d4ede4d68910025677ce36039ef99a4a07de8c", kill_on_drop: false }`
[INFO] running `Command { std: "docker" "exec" "-e" "SOURCE_DIR=/opt/rustwide/workdir" "-e" "CARGO_HOME=/opt/rustwide/cargo-home" "-e" "RUSTUP_HOME=/opt/rustwide/rustup-home" "-e" "CARGO_TARGET_DIR=/opt/rustwide/target" "-e" "CARGO_INCREMENTAL=0" "-e" "RUST_BACKTRACE=full" "-e" "RUSTFLAGS=--cap-lints=forbid" "-e" "RUSTDOCFLAGS=--cap-lints=forbid" "-w" "/opt/rustwide/workdir" "--user" "0:0" "4a76dcab7e7d15a73e17d7a688d4ede4d68910025677ce36039ef99a4a07de8c" "/opt/rustwide/cargo-home/bin/cargo" "+3154cc1a3e6424e44f438a95007d043ed5ceaaf6" "check" "--frozen" "--all" "--all-targets" "--message-format=json", kill_on_drop: false }`
[INFO] [stderr]    Compiling serde_core v1.0.229
[INFO] [stderr]    Compiling serde v1.0.229
[INFO] [stderr]    Compiling ref-cast v1.0.27
[INFO] [stderr]    Compiling serde_json v1.0.151
[INFO] [stderr]    Compiling ref-cast-impl v1.0.27
[INFO] [stderr]    Compiling serde_derive_internals v0.30.0
[INFO] [stderr]     Checking memchr v2.8.3
[INFO] [stderr]    Compiling thiserror v2.0.21
[INFO] [stderr]     Checking oneshot v0.2.1
[INFO] [stderr]    Compiling thiserror-impl v2.0.21
[INFO] [stderr]    Compiling displaydoc v0.2.7
[INFO] [stderr]    Compiling rustix v1.1.5
[INFO] [stderr]     Checking vmm-sys-util v0.15.0
[INFO] [stderr]    Compiling tokio-macros v2.7.2
[INFO] [stderr]     Checking linux-raw-sys v0.12.1
[INFO] [stderr]     Checking virtio-bindings v0.2.7
[INFO] [stderr]     Checking vm-superio v0.8.2
[INFO] [stderr]     Checking clap_builder v4.6.7
[INFO] [stderr]    Compiling clap_derive v4.6.7
[INFO] [stderr]     Checking tokio v1.53.1
[INFO] [stderr]    Compiling schemars_derive v1.2.2
[INFO] [stderr]    Compiling anyhow v1.0.104
[INFO] [stderr]     Checking winnow v1.0.4
[INFO] [stderr]     Checking vm-memory v0.18.0
[INFO] [stderr]    Compiling names v0.14.0
[INFO] [stderr]     Checking toml_parser v1.1.3+spec-1.1.0
[INFO] [stderr]    Compiling dragonball-evolved v0.1.0 (/opt/rustwide/workdir)
[INFO] [stderr]     Checking rand v0.8.8
[INFO] [stderr]     Checking toml_writer v1.1.2+spec-1.1.0
[INFO] [stderr]     Checking indexmap v2.14.2
[INFO] [stderr]     Checking heck v0.5.0
[INFO] [stderr]     Checking log v0.4.34
[INFO] [stderr]     Checking clap v4.6.7
[INFO] [stderr]     Checking serde_spanned v1.1.1
[INFO] [stderr]     Checking toml_datetime v1.1.1+spec-1.1.0
[INFO] [stderr]     Checking logger v0.1.0 (/opt/rustwide/workdir/crates/logger)
[INFO] [stderr]     Checking virtio-queue v0.18.0
[INFO] [stderr]     Checking toml v1.1.6+spec-1.1.0
[INFO] [stderr]     Checking serde_yaml v0.9.34+deprecated
[INFO] [stderr]     Checking schemars v1.2.2
[INFO] [stderr]     Checking api v0.1.0 (/opt/rustwide/workdir/crates/api)
[INFO] [stderr]     Checking vmm v0.1.0 (/opt/rustwide/workdir/crates/vmm)
[INFO] [stderr]     Checking logger-backend v0.1.0 (/opt/rustwide/workdir/crates/logger-backend)
[INFO] [stderr]     Checking api-schema v0.1.0 (/opt/rustwide/workdir/crates/api-schema)
[INFO] [stdout] error[E0432]: unresolved imports `api::Answer`, `api::InstanceInfo`
[INFO] [stdout]  --> crates/vmm/src/vmm_server.rs:6:11
[INFO] [stdout]   |
[INFO] [stdout] 6 | use api::{Answer, InstanceInfo, Reply, VmmRequest};
[INFO] [stdout]   |           ^^^^^^  ^^^^^^^^^^^^ no `InstanceInfo` in the root
[INFO] [stdout]   |           |
[INFO] [stdout]   |           no `Answer` in the root
[INFO] [stdout] 
[INFO] [stdout] 
[INFO] [stdout] error[E0432]: unresolved imports `api::InstanceInfo`, `api::VmmStatus`
[INFO] [stdout]  --> crates/vmm/src/lib.rs:9:11
[INFO] [stdout]   |
[INFO] [stdout] 9 | use api::{InstanceInfo, Reply, VmmRequest, VmmStatus};
[INFO] [stdout]   |           ^^^^^^^^^^^^                     ^^^^^^^^^ no `VmmStatus` in the root
[INFO] [stdout]   |           |
[INFO] [stdout]   |           no `InstanceInfo` in the root
[INFO] [stdout] 
[INFO] [stdout] 
[INFO] [stdout] error[E0432]: unresolved imports `api::Shutdown`, `api::reply_channel`
[INFO] [stdout]    --> crates/vmm/src/lib.rs:159:15
[INFO] [stdout]     |
[INFO] [stdout] 159 |     use api::{Shutdown, reply_channel};
[INFO] [stdout]     |               ^^^^^^^^  ^^^^^^^^^^^^^ no `reply_channel` in the root
[INFO] [stdout]     |               |
[INFO] [stdout]     |               no `Shutdown` in the root
[INFO] [stdout]     |
[INFO] [stdout]     = help: consider importing this enum instead:
[INFO] [stdout]             std::net::Shutdown
[INFO] [stdout] 
[INFO] [stdout] 
[INFO] [stdout] error[E0432]: unresolved imports `api::Answer`, `api::InstanceInfo`
[INFO] [stdout]  --> crates/vmm/src/vmm_server.rs:6:11
[INFO] [stdout]   |
[INFO] [stdout] 6 | use api::{Answer, InstanceInfo, Reply, VmmRequest};
[INFO] [stdout]   |           ^^^^^^  ^^^^^^^^^^^^ no `InstanceInfo` in the root
[INFO] [stdout]   |           |
[INFO] [stdout]   |           no `Answer` in the root
[INFO] [stdout] 
[INFO] [stdout] 
[INFO] [stdout] error[E0432]: unresolved imports `api::InstanceInfo`, `api::VmmStatus`
[INFO] [stdout]  --> crates/vmm/src/lib.rs:9:11
[INFO] [stdout]   |
[INFO] [stdout] 9 | use api::{InstanceInfo, Reply, VmmRequest, VmmStatus};
[INFO] [stdout]   |           ^^^^^^^^^^^^                     ^^^^^^^^^ no `VmmStatus` in the root
[INFO] [stdout]   |           |
[INFO] [stdout]   |           no `InstanceInfo` in the root
[INFO] [stdout] 
[INFO] [stdout] 
[INFO] [stdout] error[E0425]: cannot find function `reply_channel` in crate `api`
[INFO] [stdout]    --> crates/vmm/src/vmm_server.rs:100:36
[INFO] [stdout]     |
[INFO] [stdout] 100 |         let (reply, answer) = api::reply_channel();
[INFO] [stdout]     |                                    ^^^^^^^^^^^^^ not found in `api`
[INFO] [stdout] 
[INFO] [stdout] 
[INFO] [stdout] error[E0425]: cannot find function `reply_channel` in crate `api`
[INFO] [stdout]    --> crates/vmm/src/vmm_server.rs:100:36
[INFO] [stdout]     |
[INFO] [stdout] 100 |         let (reply, answer) = api::reply_channel();
[INFO] [stdout]     |                                    ^^^^^^^^^^^^^ not found in `api`
[INFO] [stdout] 
[INFO] [stdout] 
[INFO] [stdout] error[E0599]: no variant, associated function, or constant named `Shutdown` found for enum `VmmOp<M>` in the current scope
[INFO] [stdout]    --> crates/vmm/src/lib.rs:107:21
[INFO] [stdout]     |
[INFO] [stdout] 107 |         VmmRequest::Shutdown(_, reply) => {
[INFO] [stdout]     |                     ^^^^^^^^ variant, associated function, or constant not found in `VmmOp<api::helpers::op_mode::Request>`
[INFO] [stdout] 
[INFO] [stdout] 
[INFO] [stdout] error[E0599]: no variant, associated function, or constant named `Status` found for enum `VmmOp<M>` in the current scope
[INFO] [stdout]    --> crates/vmm/src/lib.rs:114:21
[INFO] [stdout]     |
[INFO] [stdout] 114 |         VmmRequest::Status(_, reply) => {
[INFO] [stdout]     |                     ^^^^^^ variant, associated function, or constant not found in `VmmOp<api::helpers::op_mode::Request>`
[INFO] [stdout] 
[INFO] [stdout] 
[INFO] [stdout] error[E0599]: no variant, associated function, or constant named `GetInstanceInfo` found for enum `VmmOp<M>` in the current scope
[INFO] [stdout]    --> crates/vmm/src/lib.rs:120:21
[INFO] [stdout]     |
[INFO] [stdout] 120 |         VmmRequest::GetInstanceInfo(_, reply) => {
[INFO] [stdout]     |                     ^^^^^^^^^^^^^^^ variant, associated function, or constant not found in `VmmOp<api::helpers::op_mode::Request>`
[INFO] [stdout] 
[INFO] [stdout] 
[INFO] [stdout] error[E0599]: no variant, associated function, or constant named `Shutdown` found for enum `VmmOp<M>` in the current scope
[INFO] [stdout]    --> crates/vmm/src/lib.rs:190:29
[INFO] [stdout]     |
[INFO] [stdout] 190 |         tx.send(VmmRequest::Shutdown(Shutdown {}, reply))
[INFO] [stdout]     |                             ^^^^^^^^ variant, associated function, or constant not found in `VmmOp<api::helpers::op_mode::Request>`
[INFO] [stdout] 
[INFO] [stdout] 
[INFO] [stdout] error[E0599]: no variant, associated function, or constant named `Shutdown` found for enum `VmmOp<M>` in the current scope
[INFO] [stdout]    --> crates/vmm/src/lib.rs:222:29
[INFO] [stdout]     |
[INFO] [stdout] 222 |         tx.send(VmmRequest::Shutdown(Shutdown {}, reply))
[INFO] [stdout]     |                             ^^^^^^^^ variant, associated function, or constant not found in `VmmOp<api::helpers::op_mode::Request>`
[INFO] [stdout] 
[INFO] [stdout] 
[INFO] [stdout] error[E0599]: no variant, associated function, or constant named `Shutdown` found for enum `VmmOp<M>` in the current scope
[INFO] [stdout]    --> crates/vmm/src/lib.rs:107:21
[INFO] [stdout]     |
[INFO] [stdout] 107 |         VmmRequest::Shutdown(_, reply) => {
[INFO] [stdout]     |                     ^^^^^^^^ variant, associated function, or constant not found in `VmmOp<api::helpers::op_mode::Request>`
[INFO] [stdout] 
[INFO] [stdout] 
[INFO] [stdout] error[E0599]: no variant, associated function, or constant named `Status` found for enum `VmmOp<M>` in the current scope
[INFO] [stdout]    --> crates/vmm/src/lib.rs:114:21
[INFO] [stdout]     |
[INFO] [stdout] 114 |         VmmRequest::Status(_, reply) => {
[INFO] [stdout]     |                     ^^^^^^ variant, associated function, or constant not found in `VmmOp<api::helpers::op_mode::Request>`
[INFO] [stdout] 
[INFO] [stdout] 
[INFO] [stdout] error[E0599]: no variant, associated function, or constant named `GetInstanceInfo` found for enum `VmmOp<M>` in the current scope
[INFO] [stdout]    --> crates/vmm/src/lib.rs:120:21
[INFO] [stdout]     |
[INFO] [stdout] 120 |         VmmRequest::GetInstanceInfo(_, reply) => {
[INFO] [stdout]     |                     ^^^^^^^^^^^^^^^ variant, associated function, or constant not found in `VmmOp<api::helpers::op_mode::Request>`
[INFO] [stdout] 
[INFO] [stdout] 
[INFO] [stdout] Some errors have detailed explanations: E0425, E0432, E0599.
[INFO] [stdout] 
[INFO] [stdout] For more information about an error, try `rustc --explain E0425`.
[INFO] [stdout] 
[INFO] [stderr] error: could not compile `vmm` (lib test) due to 9 previous errors
[INFO] [stderr] warning: build failed, waiting for other jobs to finish...
[INFO] [stdout] Some errors have detailed explanations: E0425, E0432, E0599.
[INFO] [stdout] 
[INFO] [stdout] For more information about an error, try `rustc --explain E0425`.
[INFO] [stdout] 
[INFO] [stderr] error: could not compile `vmm` (lib) due to 6 previous errors
[INFO] running `Command { std: "docker" "inspect" "4a76dcab7e7d15a73e17d7a688d4ede4d68910025677ce36039ef99a4a07de8c", kill_on_drop: false }`
[INFO] running `Command { std: "docker" "rm" "-f" "4a76dcab7e7d15a73e17d7a688d4ede4d68910025677ce36039ef99a4a07de8c", kill_on_drop: false }`
[INFO] [stdout] 4a76dcab7e7d15a73e17d7a688d4ede4d68910025677ce36039ef99a4a07de8c
