[INFO] cloning repository https://github.com/Fsedis/PlatScope
[INFO] running `Command { std: "git" "-c" "credential.helper=" "-c" "credential.helper=/workspace/cargo-home/bin/git-credential-null" "clone" "--bare" "https://github.com/Fsedis/PlatScope" "/workspace/cache/git-repos/https%3A%2F%2Fgithub.com%2FFsedis%2FPlatScope", kill_on_drop: false }`
[INFO] [stderr] Cloning into bare repository '/workspace/cache/git-repos/https%3A%2F%2Fgithub.com%2FFsedis%2FPlatScope'...
[INFO] running `Command { std: "git" "rev-parse" "HEAD", kill_on_drop: false }`
[INFO] [stdout] 63d533bb01483f34bdae37acb4e3853885cd0b05
[INFO] checking Fsedis/PlatScope against 3154cc1a3e6424e44f438a95007d043ed5ceaaf6+rustflags=-Znext-solver=coherence for pr-133502-30
[INFO] running `Command { std: "git" "clone" "/workspace/cache/git-repos/https%3A%2F%2Fgithub.com%2FFsedis%2FPlatScope" "/workspace/builds/worker-3-tc1/source", kill_on_drop: false }`
[INFO] [stderr] Cloning into '/workspace/builds/worker-3-tc1/source'...
[INFO] [stderr] done.
[INFO] started tweaking git repo https://github.com/Fsedis/PlatScope
[INFO] finished tweaking git repo https://github.com/Fsedis/PlatScope
[INFO] tweaked toml for git repo https://github.com/Fsedis/PlatScope written to /workspace/builds/worker-3-tc1/source/Cargo.toml
[INFO] validating manifest of git repo https://github.com/Fsedis/PlatScope on toolchain 3154cc1a3e6424e44f438a95007d043ed5ceaaf6
[INFO] running `Command { std: CARGO_HOME="/workspace/cargo-home" RUSTUP_HOME="/workspace/rustup-home" "/workspace/cargo-home/bin/cargo" "+3154cc1a3e6424e44f438a95007d043ed5ceaaf6" "metadata" "--manifest-path" "Cargo.toml" "--no-deps", kill_on_drop: false }`
[INFO] crate git repo https://github.com/Fsedis/PlatScope already has a lockfile, it will not be regenerated
[INFO] running `Command { std: CARGO_HOME="/workspace/cargo-home" RUSTUP_HOME="/workspace/rustup-home" "/workspace/cargo-home/bin/cargo" "+3154cc1a3e6424e44f438a95007d043ed5ceaaf6" "fetch" "--manifest-path" "Cargo.toml", kill_on_drop: false }`
[INFO] [stderr] warning: unused field `authors` in `workspace.package`
[INFO] [stderr]   --> Cargo.toml:75:1
[INFO] [stderr]    |
[INFO] [stderr] 75 | authors = ["PlatScope contributors"]
[INFO] [stderr]    | ^^^^^^^
[INFO] [stderr]    |
[INFO] [stderr]    = note: `cargo::unused_workspace_package_fields` is set to `warn` by default
[INFO] [stderr] help: consider removing the field `workspace.package.authors`
[INFO] [stderr] warning: workspace (manifest) generated 1 warning
[INFO] [stderr]     Updating crates.io index
[INFO] [stderr]  Downloading crates ...
[INFO] [stderr]   Downloaded zcheapstr v1.1.0
[INFO] [stderr]   Downloaded redox_users v0.5.2
[INFO] [stderr]   Downloaded event-listener-strategy v0.5.4
[INFO] [stderr]   Downloaded async-recursion v1.1.1
[INFO] [stderr]   Downloaded windows-strings v0.4.2
[INFO] [stderr]   Downloaded windows-interface v0.59.3
[INFO] [stderr]   Downloaded windows-numerics v0.2.0
[INFO] [stderr]   Downloaded windows-collections v0.2.0
[INFO] [stderr]   Downloaded javascriptcore-rs-sys v1.1.1
[INFO] [stderr]   Downloaded windows-version v0.1.7
[INFO] [stderr]   Downloaded dirs-sys v0.5.0
[INFO] [stderr]   Downloaded rustls-platform-verifier v0.7.0
[INFO] [stderr]   Downloaded enumflags2_derive v0.7.12
[INFO] [stderr]   Downloaded endi v1.1.1
[INFO] [stderr]   Downloaded zbus_names v4.3.4
[INFO] [stderr]   Downloaded uds_windows v1.2.1
[INFO] [stderr]   Downloaded windows-link v0.1.3
[INFO] [stderr]   Downloaded windows-result v0.3.4
[INFO] [stderr]   Downloaded webview2-com-macros v0.8.1
[INFO] [stderr]   Downloaded toml_datetime v0.6.3
[INFO] [stderr]   Downloaded serde_spanned v0.6.9
[INFO] [stderr]   Downloaded libredox v0.1.20
[INFO] [stderr]   Downloaded dirs v6.0.0
[INFO] [stderr]   Downloaded unic-common v0.9.0
[INFO] [stderr]   Downloaded unic-char-property v0.9.0
[INFO] [stderr]   Downloaded ref-cast-impl v1.0.27
[INFO] [stderr]   Downloaded dyn-clone v1.0.20
[INFO] [stderr]   Downloaded rustls-platform-verifier-android v0.1.1
[INFO] [stderr]   Downloaded osakit v0.3.1
[INFO] [stderr]   Downloaded objc2-osa-kit v0.3.2
[INFO] [stderr]   Downloaded zvariant_derive v5.15.0
[INFO] [stderr]   Downloaded parking v2.2.1
[INFO] [stderr]   Downloaded async-trait v0.1.92
[INFO] [stderr]   Downloaded async-signal v0.2.14
[INFO] [stderr]   Downloaded is-docker v0.2.0
[INFO] [stderr]   Downloaded mac-notification-sys v0.6.15
[INFO] [stderr]   Downloaded windows-implement v0.60.2
[INFO] [stderr]   Downloaded windows-future v0.2.1
[INFO] [stderr]   Downloaded windows-threading v0.1.0
[INFO] [stderr]   Downloaded webview2-com v0.38.2
[INFO] [stderr]   Downloaded webkit2gtk-sys v2.0.2
[INFO] [stderr]   Downloaded version-compare v0.2.1
[INFO] [stderr]   Downloaded target-lexicon v0.12.16
[INFO] [stderr]   Downloaded soup3-sys v0.5.0
[INFO] [stderr]   Downloaded gobject-sys v0.18.0
[INFO] [stderr]   Downloaded option-ext v0.2.0
[INFO] [stderr]   Downloaded alloc-stdlib v0.2.4
[INFO] [stderr]   Downloaded alloc-no-stdlib v2.0.4
[INFO] [stderr]   Downloaded security-framework-sys v2.17.0
[INFO] [stderr]   Downloaded schannel v0.1.29
[INFO] [stderr]   Downloaded ipnet v2.12.1
[INFO] [stderr]   Downloaded embed_plist v1.2.2
[INFO] [stderr]   Downloaded minisign-verify v0.2.5
[INFO] [stderr]   Downloaded zvariant_utils v4.2.0
[INFO] [stderr]   Downloaded enumflags2 v0.7.12
[INFO] [stderr]   Downloaded zbus_macros v5.19.0
[INFO] [stderr]   Downloaded ordered-stream v0.2.0
[INFO] [stderr]   Downloaded futures-lite v2.6.1
[INFO] [stderr]   Downloaded event-listener v5.4.2
[INFO] [stderr]   Downloaded blocking v1.7.0
[INFO] [stderr]   Downloaded piper v0.2.5
[INFO] [stderr]   Downloaded async-task v4.7.1
[INFO] [stderr]   Downloaded async-channel v2.5.0
[INFO] [stderr]   Downloaded concurrent-queue v2.5.0
[INFO] [stderr]   Downloaded async-process v2.5.0
[INFO] [stderr]   Downloaded async-lock v3.4.2
[INFO] [stderr]   Downloaded hermit-abi v0.5.2
[INFO] [stderr]   Downloaded async-executor v1.14.0
[INFO] [stderr]   Downloaded async-broadcast v0.7.2
[INFO] [stderr]   Downloaded open v5.4.2
[INFO] [stderr]   Downloaded is-wsl v0.4.0
[INFO] [stderr]   Downloaded tauri-winrt-notification v0.7.3
[INFO] [stderr]   Downloaded wasm-streams v0.4.2
[INFO] [stderr]   Downloaded quinn-udp v0.5.15
[INFO] [stderr]   Downloaded chacha20 v0.10.1
[INFO] [stderr]   Downloaded windows-core v0.61.2
[INFO] [stderr]   Downloaded thiserror v2.0.20
[INFO] [stderr]   Downloaded thiserror-impl v2.0.20
[INFO] [stderr]   Downloaded system-deps v6.2.2
[INFO] [stderr]   Downloaded toml v0.8.2
[INFO] [stderr]   Downloaded serde_derive v1.0.229
[INFO] [stderr]   Downloaded cfg-expr v0.15.8
[INFO] [stderr]   Downloaded glib-sys v0.18.1
[INFO] [stderr]   Downloaded field-offset v0.3.6
[INFO] [stderr]   Downloaded memoffset v0.9.1
[INFO] [stderr]   Downloaded tao-macros v0.1.4
[INFO] [stderr]   Downloaded tokio-macros v2.7.2
[INFO] [stderr]   Downloaded derive_arbitrary v1.4.2
[INFO] [stderr]   Downloaded uuid v1.26.0
[INFO] [stderr]   Downloaded unic-ucd-ident v0.9.0
[INFO] [stderr]   Downloaded unic-ucd-version v0.9.0
[INFO] [stderr]   Downloaded unic-char-range v0.9.0
[INFO] [stderr]   Downloaded swift-rs v1.0.8
[INFO] [stderr]   Downloaded jiff-tzdb-platform v0.1.3
[INFO] [stderr]   Downloaded jiff-static v0.2.35
[INFO] [stderr]   Downloaded defmt-parser v1.0.0
[INFO] [stderr]   Downloaded hex v0.4.3
[INFO] [stderr]   Downloaded windows-strings v0.5.1
[INFO] [stderr]   Downloaded typeid v1.0.3
[INFO] [stderr]   Downloaded dtor-proc-macro v0.0.6
[INFO] [stderr]   Downloaded ctor-proc-macro v0.0.7
[INFO] [stderr]   Downloaded cargo-platform v0.1.9
[INFO] [stderr]   Downloaded webpki-root-certs v1.0.9
[INFO] [stderr]   Downloaded security-framework v3.7.0
[INFO] [stderr]   Downloaded jni-macros v0.22.4
[INFO] [stderr]   Downloaded tauri-plugin-opener v2.5.4
[INFO] [stderr]   Downloaded async-io v2.6.0
[INFO] [stderr]   Downloaded polling v3.11.0
[INFO] [stderr]   Downloaded tauri-plugin-notification v2.4.0
[INFO] [stderr]   Downloaded rand v0.9.5
[INFO] [stderr]   Downloaded notify-rust v4.18.0
[INFO] [stderr]   Downloaded quinn v0.11.11
[INFO] [stderr]   Downloaded rand v0.10.2
[INFO] [stderr]   Downloaded toml_edit v0.20.2
[INFO] [stderr]   Downloaded gio-sys v0.18.1
[INFO] [stderr]   Downloaded gdk v0.18.2
[INFO] [stderr]   Downloaded cairo-rs v0.18.5
[INFO] [stderr]   Downloaded atk v0.18.2
[INFO] [stderr]   Downloaded objc2-quartz-core v0.3.2
[INFO] [stderr]   Downloaded num_enum_derive v0.7.6
[INFO] [stderr]   Downloaded toml_parser v1.1.3+spec-1.1.0
[INFO] [stderr]   Downloaded jni-sys v0.3.1
[INFO] [stderr]   Downloaded jni-sys v0.4.1
[INFO] [stderr]   Downloaded jni-sys-macros v0.4.1
[INFO] [stderr]   Downloaded time-core v0.1.9
[INFO] [stderr]   Downloaded num-conv v0.2.2
[INFO] [stderr]   Downloaded android_system_properties v0.1.6
[INFO] [stderr]   Downloaded infer v0.19.0
[INFO] [stderr]   Downloaded ctor v0.8.0
[INFO] [stderr]   Downloaded dtor v0.3.0
[INFO] [stderr]   Downloaded fdeflate v0.3.7
[INFO] [stderr]   Downloaded jni v0.22.4
[INFO] [stderr]   Downloaded hyper v1.11.0
[INFO] [stderr]   Downloaded zbus v5.19.0
[INFO] [stderr]   Downloaded zvariant v5.15.0
[INFO] [stderr]   Downloaded zerocopy-derive v0.8.56
[INFO] [stderr]   Downloaded wry v0.55.1
[INFO] [stderr]   Downloaded winnow v0.5.40
[INFO] [stderr]   Downloaded toml_edit v0.25.13+spec-1.1.0
[INFO] [stderr]   Downloaded winnow v1.0.4
[INFO] [stderr]   Downloaded jni v0.21.1
[INFO] [stderr]   Downloaded bit-set v0.8.0
[INFO] [stderr]   Downloaded crossbeam-channel v0.5.16
[INFO] [stderr]   Downloaded rustls v0.23.43
[INFO] [stderr]   Downloaded simd_cesu8 v1.2.0
[INFO] [stderr]   Downloaded webpki-roots v1.0.9
[INFO] [stderr]   Downloaded zerocopy v0.8.56
[INFO] [stderr]   Downloaded quinn-proto v0.11.17
[INFO] [stderr]   Downloaded syn v2.0.119
[INFO] [stderr]   Downloaded syn v3.0.4
[INFO] [stderr]   Downloaded gtk v0.18.2
[INFO] [stderr]   Downloaded ndk-sys v0.6.0+11769913
[INFO] [stderr]   Downloaded bit-vec v0.8.0
[INFO] [stderr]   Downloaded windows-targets v0.42.2
[INFO] [stderr]   Downloaded foreign-types-shared v0.3.1
[INFO] [stderr]   Downloaded foreign-types-macros v0.2.4
[INFO] [stderr]   Downloaded zmij v1.0.23
[INFO] [stderr]   Downloaded ref-cast v1.0.27
[INFO] [stderr]   Downloaded serde-untagged v0.1.9
[INFO] [stderr]   Downloaded glob v0.3.4
[INFO] [stderr]   Downloaded libappindicator-sys v0.9.0
[INFO] [stderr]   Downloaded core-graphics-types v0.2.0
[INFO] [stderr]   Downloaded core-foundation v0.10.1
[INFO] [stderr]   Downloaded softbuffer v0.4.8
[INFO] [stderr]   Downloaded bytemuck v1.25.2
[INFO] [stderr]   Downloaded tauri-macros v2.6.3
[INFO] [stderr]   Downloaded tauri-codegen v2.6.3
[INFO] [stderr]   Downloaded png v0.17.16
[INFO] [stderr]   Downloaded ico v0.5.0
[INFO] [stderr]   Downloaded tauri-build v2.6.3
[INFO] [stderr]   Downloaded tauri-winres v0.3.6
[INFO] [stderr]   Downloaded embed-resource v3.0.11
[INFO] [stderr]   Downloaded winreg v0.55.0
[INFO] [stderr]   Downloaded vswhom v0.1.0
[INFO] [stderr]   Downloaded vswhom-sys v0.1.3
[INFO] [stderr]   Downloaded serialize-to-javascript v0.1.2
[INFO] [stderr]   Downloaded deranged v0.5.8
[INFO] [stderr]   Downloaded defmt-macros v1.1.1
[INFO] [stderr]   Downloaded web-sys v0.3.104
[INFO] [stderr]   Downloaded windows-sys v0.45.0
[INFO] [stderr]   Downloaded windows-result v0.4.1
[INFO] [stderr]   Downloaded erased-serde v0.4.10
[INFO] [stderr]   Downloaded json-patch v3.0.1
[INFO] [stderr]   Downloaded cargo_metadata v0.19.2
[INFO] [stderr]   Downloaded serialize-to-javascript-impl v0.1.2
[INFO] [stderr]   Downloaded tauri-plugin v2.6.3
[INFO] [stderr]   Downloaded hashlink v0.10.0
[INFO] [stderr]   Downloaded foldhash v0.1.5
[INFO] [stderr]   Downloaded fallible-streaming-iterator v0.1.9
[INFO] [stderr]   Downloaded fallible-iterator v0.3.0
[INFO] [stderr]   Downloaded zstd-safe v7.3.0
[INFO] [stderr]   Downloaded windows-interface v0.58.0
[INFO] [stderr]   Downloaded windows-interface v0.57.0
[INFO] [stderr]   Downloaded windows-implement v0.57.0
[INFO] [stderr]   Downloaded tracing-serde v0.2.0
[INFO] [stderr]   Downloaded tracing-log v0.2.0
[INFO] [stderr]   Downloaded crc32fast v1.5.1
[INFO] [stderr]   Downloaded gdkwayland-sys v0.18.2
[INFO] [stderr]   Downloaded dlopen2_derive v0.4.3
[INFO] [stderr]   Downloaded foreign-types v0.5.0
[INFO] [stderr]   Downloaded rusqlite v0.37.0
[INFO] [stderr]   Downloaded windows-core v0.58.0
[INFO] [stderr]   Downloaded windows-implement v0.58.0
[INFO] [stderr]   Downloaded windows-core v0.57.0
[INFO] [stderr]   Downloaded windows-result v0.1.2
[INFO] [stderr]   Downloaded ntapi v0.4.3
[INFO] [stderr]   Downloaded thread_local v1.1.10
[INFO] [stderr]   Downloaded sharded-slab v0.1.7
[INFO] [stderr]   Downloaded nu-ansi-term v0.50.3
[INFO] [stderr]   Downloaded matchers v0.2.0
[INFO] [stderr]   Downloaded tracing-appender v0.2.5
[INFO] [stderr]   Downloaded pango-sys v0.18.0
[INFO] [stderr]   Downloaded gdk-sys v0.18.2
[INFO] [stderr]   Downloaded gdk-pixbuf-sys v0.18.0
[INFO] [stderr]   Downloaded cairo-sys-rs v0.18.2
[INFO] [stderr]   Downloaded atk-sys v0.18.2
[INFO] [stderr]   Downloaded soup3 v0.5.0
[INFO] [stderr]   Downloaded serde_repr v0.1.21
[INFO] [stderr]   Downloaded wasm-bindgen-futures v0.4.77
[INFO] [stderr]   Downloaded sysinfo v0.32.1
[INFO] [stderr]   Downloaded tracing-subscriber v0.3.23
[INFO] [stderr]   Downloaded symlink v0.1.0
[INFO] [stderr]   Downloaded tokio-tungstenite v0.30.0
[INFO] [stderr]   Downloaded sha1 v0.11.0
[INFO] [stderr]   Downloaded secret-service v5.1.0
[INFO] [stderr]   Downloaded num v0.4.3
[INFO] [stderr]   Downloaded num-rational v0.4.2
[INFO] [stderr]   Downloaded gtk-sys v0.18.2
[INFO] [stderr]   Downloaded webkit2gtk v2.0.2
[INFO] [stderr]   Downloaded objc2-exception-helper v0.1.1
[INFO] [stderr]   Downloaded signal-hook-registry v1.4.8
[INFO] [stderr]   Downloaded toml_writer v1.1.2+spec-1.1.0
[INFO] [stderr]   Downloaded tungstenite v0.30.0
[INFO] [stderr]   Downloaded hybrid-array v0.4.15
[INFO] [stderr]   Downloaded data-encoding v2.11.1
[INFO] [stderr]   Downloaded keyring v4.1.6
[INFO] [stderr]   Downloaded zbus-secret-service-keyring-store v1.0.1
[INFO] [stderr]   Downloaded glib-macros v0.18.5
[INFO] [stderr]   Downloaded objc2-core-foundation v0.3.2
[INFO] [stderr]   Downloaded wasm-bindgen v0.2.127
[INFO] [stderr]   Downloaded winapi-util v0.1.11
[INFO] [stderr]   Downloaded num-complex v0.4.6
[INFO] [stderr]   Downloaded cbc v0.1.2
[INFO] [stderr]   Downloaded block-padding v0.3.3
[INFO] [stderr]   Downloaded keyring-core v1.0.0
[INFO] [stderr]   Downloaded proc-macro-crate v2.0.2
[INFO] [stderr]   Downloaded heck v0.4.1
[INFO] [stderr]   Downloaded objc2 v0.6.4
[INFO] [stderr]   Downloaded cc v1.4.4
[INFO] [stderr]   Downloaded objc2-core-text v0.3.2
[INFO] [stderr]   Downloaded schemars_derive v0.8.22
[INFO] [stderr]   Downloaded raw-window-handle v0.6.2
[INFO] [stderr]   Downloaded objc2-foundation v0.3.2
[INFO] [stderr]   Downloaded serde_derive_internals v0.29.1
[INFO] [stderr]   Downloaded hkdf v0.12.4
[INFO] [stderr]   Downloaded glib v0.18.5
[INFO] [stderr]   Downloaded gtk3-macros v0.18.2
[INFO] [stderr]   Downloaded gdk-pixbuf v0.18.5
[INFO] [stderr]   Downloaded wasm-bindgen-shared v0.2.127
[INFO] [stderr]   Downloaded wasm-bindgen-macro v0.2.127
[INFO] [stderr]   Downloaded r-efi v6.0.0
[INFO] [stderr]   Downloaded objc2-encode v4.1.0
[INFO] [stderr]   Downloaded num-iter v0.1.46
[INFO] [stderr]   Downloaded futures-macro v0.3.34
[INFO] [stderr]   Downloaded pango v0.18.3
[INFO] [stderr]   Downloaded wasm-bindgen-macro-support v0.2.127
[INFO] [stderr]   Downloaded js-sys v0.3.104
[INFO] [stderr]   Downloaded block2 v0.6.2
[INFO] [stderr]   Downloaded combine v4.6.8
[INFO] [stderr]   Downloaded cesu8 v1.1.0
[INFO] [stderr]   Downloaded new_debug_unreachable v1.0.6
[INFO] [stderr]   Downloaded iana-time-zone v0.1.65
[INFO] [stderr]   Downloaded arbitrary v1.4.2
[INFO] [stderr]   Downloaded windows_x86_64_gnullvm v0.42.2
[INFO] [stderr]   Downloaded selectors v0.36.1
[INFO] [stderr]   Downloaded urlpattern v0.3.0
[INFO] [stderr]   Downloaded zstd-sys v2.1.0+zstd.1.5.7
[INFO] [stderr]   Downloaded windows_aarch64_gnullvm v0.42.2
[INFO] [stderr]   Downloaded serde_with_macros v3.22.0
[INFO] [stderr]   Downloaded objc2-user-notifications v0.3.2
[INFO] [stderr]   Downloaded objc2-io-surface v0.3.2
[INFO] [stderr]   Downloaded objc2-core-location v0.3.2
[INFO] [stderr]   Downloaded num_enum v0.7.6
[INFO] [stderr]   Downloaded gdkx11 v0.18.2
[INFO] [stderr]   Downloaded cookie v0.18.2
[INFO] [stderr]   Downloaded time-macros v0.2.32
[INFO] [stderr]   Downloaded windows-core v0.62.2
[INFO] [stderr]   Downloaded camino v1.2.5
[INFO] [stderr]   Downloaded objc2-core-image v0.3.2
[INFO] [stderr]   Downloaded objc2-core-data v0.3.2
[INFO] [stderr]   Downloaded x11 v2.21.0
[INFO] [stderr]   Downloaded valuable v0.1.1
[INFO] [stderr]   Downloaded tracing-attributes v0.1.31
[INFO] [stderr]   Downloaded dlopen2 v0.8.2
[INFO] [stderr]   Downloaded objc2-cloud-kit v0.3.2
[INFO] [stderr]   Downloaded ndk v0.9.0
[INFO] [stderr]   Downloaded phf_shared v0.13.1
[INFO] [stderr]   Downloaded siphasher v1.0.3
[INFO] [stderr]   Downloaded windows_x86_64_msvc v0.42.2
[INFO] [stderr]   Downloaded objc2-core-graphics v0.3.2
[INFO] [stderr]   Downloaded windows_x86_64_gnu v0.42.2
[INFO] [stderr]   Downloaded windows_i686_msvc v0.42.2
[INFO] [stderr]   Downloaded windows_i686_gnu v0.42.2
[INFO] [stderr]   Downloaded num-integer v0.1.47
[INFO] [stderr]   Downloaded windows_aarch64_msvc v0.42.2
[INFO] [stderr]   Downloaded gdkx11-sys v0.18.2
[INFO] [stderr]   Downloaded dpi v0.1.2
[INFO] [stderr]   Downloaded precomputed-hash v0.1.1
[INFO] [stderr]   Downloaded string_cache_codegen v0.6.1
[INFO] [stderr]   Downloaded markup5ever v0.38.0
[INFO] [stderr]   Downloaded cssparser-macros v0.6.1
[INFO] [stderr]   Downloaded html5ever v0.38.0
[INFO] [stderr]   Downloaded web_atoms v0.2.6
[INFO] [stderr]   Downloaded phf_codegen v0.13.1
[INFO] [stderr]   Downloaded phf_generator v0.13.1
[INFO] [stderr]   Downloaded dtoa-short v0.3.5
[INFO] [stderr]   Downloaded string_cache v0.9.0
[INFO] [stderr]   Downloaded objc2-app-kit v0.3.2
[INFO] [stderr]   Downloaded foldhash v0.2.0
[INFO] [stderr]   Downloaded objc2-ui-kit v0.3.2
[INFO] [stderr]   Downloaded defmt v1.1.1
[INFO] [stderr]   Downloaded jsonptr v0.6.3
[INFO] [stderr]   Downloaded webview2-com-sys v0.38.2
[INFO] [stderr]   Downloaded javascriptcore-rs v1.1.2
[INFO] [stderr]   Downloaded phf v0.13.1
[INFO] [stderr]   Downloaded keyboard-types v0.7.0
[INFO] [stderr]   Downloaded windows-native-keyring-store v1.1.0
[INFO] [stderr]   Downloaded apple-native-keyring-store v1.0.2
[INFO] [stderr]   Downloaded futures-executor v0.3.34
[INFO] [stderr]   Downloaded portable-atomic-util v0.2.7
[INFO] [stderr]   Downloaded plist v1.10.0
[INFO] [stderr]   Downloaded crossbeam-utils v0.8.22
[INFO] [stderr]   Downloaded schemars v0.8.22
[INFO] [stderr]   Downloaded cfb v0.7.3
[INFO] [stderr]   Downloaded core-graphics v0.25.0
[INFO] [stderr]   Downloaded servo_arc v0.4.3
[INFO] [stderr]   Downloaded phf_macros v0.13.1
[INFO] [stderr]   Downloaded dtoa v1.0.11
[INFO] [stderr]   Downloaded toml v1.1.4+spec-1.1.0
[INFO] [stderr]   Downloaded libappindicator v0.9.0
[INFO] [stderr]   Downloaded jiff-tzdb v0.1.8
[INFO] [stderr]   Downloaded tauri-runtime v2.11.3
[INFO] [stderr]   Downloaded tinyvec v1.12.0
[INFO] [stderr]   Downloaded tray-icon v0.24.2
[INFO] [stderr]   Downloaded wasm-streams v0.5.0
[INFO] [stderr]   Downloaded miniz_oxide v0.8.9
[INFO] [stderr]   Downloaded tauri-runtime-wry v2.11.4
[INFO] [stderr]   Downloaded bitflags v2.13.1
[INFO] [stderr]   Downloaded dispatch2 v0.3.1
[INFO] [stderr]   Downloaded muda v0.19.3
[INFO] [stderr]   Downloaded libsqlite3-sys v0.35.0
[INFO] [stderr]   Downloaded cssparser v0.36.0
[INFO] [stderr]   Downloaded windows v0.61.3
[INFO] [stderr]   Downloaded tendril v0.5.1
[INFO] [stderr]   Downloaded schemars v1.2.2
[INFO] [stderr]   Downloaded schemars v0.9.0
[INFO] [stderr]   Downloaded flate2 v1.1.9
[INFO] [stderr]   Downloaded derive_more v2.1.1
[INFO] [stderr]   Downloaded zip v4.6.1
[INFO] [stderr]   Downloaded windows v0.57.0
[INFO] [stderr]   Downloaded windows v0.58.0
[INFO] [stderr]   Downloaded mio v1.2.2
[INFO] [stderr]   Downloaded dom_query v0.27.0
[INFO] [stderr]   Downloaded jiff-core v0.1.0
[INFO] [stderr]   Downloaded dbus v0.9.12
[INFO] [stderr]   Downloaded derive_more-impl v2.1.1
[INFO] [stderr]   Downloaded png v0.18.1
[INFO] [stderr]   Downloaded tauri-plugin-updater v2.10.1
[INFO] [stderr]   Downloaded num-bigint v0.4.8
[INFO] [stderr]   Downloaded tauri-utils v2.9.3
[INFO] [stderr]   Downloaded aho-corasick v1.1.5
[INFO] [stderr]   Downloaded objc2-web-kit v0.3.2
[INFO] [stderr]   Downloaded serde_json v1.0.151
[INFO] [stderr]   Downloaded regex v1.13.1
[INFO] [stderr]   Downloaded reqwest v0.13.4
[INFO] [stderr]   Downloaded tokio-util v0.7.19
[INFO] [stderr]   Downloaded portable-atomic v1.15.0
[INFO] [stderr]   Downloaded brotli-decompressor v5.0.3
[INFO] [stderr]   Downloaded serde_with v3.22.0
[INFO] [stderr]   Downloaded gio v0.18.4
[INFO] [stderr]   Downloaded chrono v0.4.45
[INFO] [stderr]   Downloaded quick-xml v0.41.0
[INFO] [stderr]   Downloaded time v0.3.55
[INFO] [stderr]   Downloaded tauri v2.11.5
[INFO] [stderr]   Downloaded tao v0.35.3
[INFO] [stderr]   Downloaded rustix v1.1.4
[INFO] [stderr]   Downloaded regex-automata v0.4.18
[INFO] [stderr]   Downloaded jiff v0.2.35
[INFO] [stderr]   Downloaded brotli v8.0.4
[INFO] [stderr]   Downloaded tokio v1.53.1
[INFO] [stderr]   Downloaded libdbus-sys v0.2.7
[INFO] [stderr]   Downloaded window-vibrancy v0.6.0
[INFO] running `Command { std: "docker" "create" "-v" "/var/lib/crater-agent-workspace/builds/worker-3-tc1/source:/opt/rustwide/workdir:ro,Z" "-v" "/var/lib/crater-agent-workspace/builds/worker-3-tc1/target:/opt/rustwide/target:rw,Z" "-v" "/var/lib/crater-agent-workspace/cargo-home:/opt/rustwide/cargo-home:ro,Z" "-v" "/var/lib/crater-agent-workspace/rustup-home:/opt/rustwide/rustup-home:ro,Z" "-m" "1610612736" "--network" "none" "ghcr.io/rust-lang/crates-build-env/linux@sha256:77db811e55d90add9212f6832c23229e3de5f1c1f9905e8cb07319ea15df73ac" "sleep" "infinity", kill_on_drop: false }`
[INFO] [stdout] 7b81d0afd14101db5a67fb0fda338dcbac48845ec49ce197449374d51bc4e710
[INFO] running `Command { std: "docker" "start" "7b81d0afd14101db5a67fb0fda338dcbac48845ec49ce197449374d51bc4e710", kill_on_drop: false }`
[INFO] running `Command { std: "docker" "inspect" "7b81d0afd14101db5a67fb0fda338dcbac48845ec49ce197449374d51bc4e710", kill_on_drop: false }`
[INFO] running `Command { std: "docker" "exec" "-e" "SOURCE_DIR=/opt/rustwide/workdir" "-e" "CARGO_HOME=/opt/rustwide/cargo-home" "-e" "RUSTUP_HOME=/opt/rustwide/rustup-home" "-e" "CARGO_TARGET_DIR=/opt/rustwide/target" "-w" "/opt/rustwide/workdir" "--user" "0:0" "7b81d0afd14101db5a67fb0fda338dcbac48845ec49ce197449374d51bc4e710" "/opt/rustwide/cargo-home/bin/cargo" "+3154cc1a3e6424e44f438a95007d043ed5ceaaf6" "metadata" "--no-deps" "--format-version=1", kill_on_drop: false }`
[INFO] running `Command { std: "docker" "inspect" "7b81d0afd14101db5a67fb0fda338dcbac48845ec49ce197449374d51bc4e710", kill_on_drop: false }`
[INFO] running `Command { std: "docker" "exec" "-e" "SOURCE_DIR=/opt/rustwide/workdir" "-e" "CARGO_HOME=/opt/rustwide/cargo-home" "-e" "RUSTUP_HOME=/opt/rustwide/rustup-home" "-e" "CARGO_TARGET_DIR=/opt/rustwide/target" "-e" "CARGO_INCREMENTAL=0" "-e" "RUST_BACKTRACE=full" "-e" "RUSTFLAGS=--cap-lints=forbid -Znext-solver=coherence" "-e" "RUSTDOCFLAGS=--cap-lints=forbid" "-w" "/opt/rustwide/workdir" "--user" "0:0" "7b81d0afd14101db5a67fb0fda338dcbac48845ec49ce197449374d51bc4e710" "/opt/rustwide/cargo-home/bin/cargo" "+3154cc1a3e6424e44f438a95007d043ed5ceaaf6" "check" "--frozen" "--all" "--all-targets" "--message-format=json", kill_on_drop: false }`
[INFO] [stderr] warning: unused field `authors` in `workspace.package`
[INFO] [stderr]   --> Cargo.toml:75:1
[INFO] [stderr]    |
[INFO] [stderr] 75 | authors = ["PlatScope contributors"]
[INFO] [stderr]    | ^^^^^^^
[INFO] [stderr]    |
[INFO] [stderr]    = note: `cargo::unused_workspace_package_fields` is set to `warn` by default
[INFO] [stderr] help: consider removing the field `workspace.package.authors`
[INFO] [stderr] warning: workspace (manifest) generated 1 warning
[INFO] [stderr]    Compiling quote v1.0.47
[INFO] [stderr]    Compiling proc-macro2 v1.0.107
[INFO] [stderr]    Compiling unicode-ident v1.0.24
[INFO] [stderr]    Compiling libc v0.2.189
[INFO] [stderr]    Compiling serde_core v1.0.229
[INFO] [stderr]    Compiling serde v1.0.229
[INFO] [stderr]    Compiling hashbrown v0.17.1
[INFO] [stderr]    Compiling equivalent v1.0.2
[INFO] [stderr]    Compiling pkg-config v0.3.34
[INFO] [stderr]    Compiling smallvec v1.15.2
[INFO] [stderr]    Compiling autocfg v1.5.1
[INFO] [stderr]    Compiling indexmap v2.14.0
[INFO] [stderr]     Checking pin-project-lite v0.2.17
[INFO] [stderr]    Compiling heck v0.5.0
[INFO] [stderr]     Checking memchr v2.8.3
[INFO] [stderr]    Compiling winnow v0.5.40
[INFO] [stderr]    Compiling syn v3.0.4
[INFO] [stderr]    Compiling syn v2.0.119
[INFO] [stderr]     Checking futures-core v0.3.34
[INFO] [stderr]    Compiling target-lexicon v0.12.16
[INFO] [stderr]     Checking cfg-if v1.0.4
[INFO] [stderr]     Checking once_cell v1.21.4
[INFO] [stderr]    Compiling version-compare v0.2.1
[INFO] [stderr]    Compiling thiserror v2.0.20
[INFO] [stderr]    Compiling zmij v1.0.23
[INFO] [stderr]     Checking futures-io v0.3.34
[INFO] [stderr]    Compiling icu_normalizer_data v2.3.0
[INFO] [stderr]    Compiling cfg-expr v0.15.8
[INFO] [stderr]    Compiling icu_properties_data v2.3.0
[INFO] [stderr]    Compiling jobserver v0.1.35
[INFO] [stderr]     Checking slab v0.4.12
[INFO] [stderr]    Compiling find-msvc-tools v0.1.11
[INFO] [stderr]    Compiling shlex v2.0.1
[INFO] [stderr]     Checking bitflags v2.13.1
[INFO] [stderr]     Checking futures-sink v0.3.34
[INFO] [stderr]     Checking futures-task v0.3.34
[INFO] [stderr]    Compiling cc v1.4.4
[INFO] [stderr]     Checking itoa v1.0.18
[INFO] [stderr]    Compiling generic-array v0.14.7
[INFO] [stderr]     Checking futures-channel v0.3.34
[INFO] [stderr]    Compiling num-traits v0.2.19
[INFO] [stderr]    Compiling winnow v1.0.4
[INFO] [stderr]     Checking errno v0.3.14
[INFO] [stderr]     Checking stable_deref_trait v1.2.1
[INFO] [stderr]     Checking bytes v1.12.1
[INFO] [stderr]     Checking signal-hook-registry v1.4.8
[INFO] [stderr]    Compiling thiserror v1.0.69
[INFO] [stderr]     Checking typenum v1.20.1
[INFO] [stderr]    Compiling toml_datetime v1.1.1+spec-1.1.0
[INFO] [stderr]    Compiling siphasher v1.0.3
[INFO] [stderr]    Compiling serde_json v1.0.151
[INFO] [stderr]    Compiling phf_shared v0.13.1
[INFO] [stderr]    Compiling fastrand v2.5.0
[INFO] [stderr]     Checking log v0.4.34
[INFO] [stderr]    Compiling phf_generator v0.13.1
[INFO] [stderr]     Checking writeable v0.6.4
[INFO] [stderr]     Checking litemap v0.8.3
[INFO] [stderr]     Checking http v1.5.0
[INFO] [stderr]    Compiling toml_parser v1.1.3+spec-1.1.0
[INFO] [stderr]     Checking utf8_iter v1.0.4
[INFO] [stderr]     Checking subtle v2.6.1
[INFO] [stderr]     Checking percent-encoding v2.3.2
[INFO] [stderr]     Checking tracing-core v0.1.36
[INFO] [stderr]     Checking socket2 v0.6.5
[INFO] [stderr]     Checking mio v1.2.2
[INFO] [stderr]    Compiling anyhow v1.0.104
[INFO] [stderr]    Compiling semver v1.0.28
[INFO] [stderr]    Compiling num-conv v0.2.2
[INFO] [stderr]     Checking iana-time-zone v0.1.65
[INFO] [stderr]     Checking atomic-waker v1.1.2
[INFO] [stderr]    Compiling time-core v0.1.9
[INFO] [stderr]     Checking form_urlencoded v1.2.2
[INFO] [stderr]     Checking getrandom v0.2.17
[INFO] [stderr]    Compiling ring v0.17.14
[INFO] [stderr]     Checking zeroize v1.9.0
[INFO] [stderr]    Compiling rustix v1.1.4
[INFO] [stderr]    Compiling parking_lot_core v0.9.12
[INFO] [stderr]     Checking rustls-pki-types v1.15.1
[INFO] [stderr]     Checking crypto-common v0.1.7
[INFO] [stderr]     Checking linux-raw-sys v0.12.1
[INFO] [stderr]     Checking base64 v0.22.1
[INFO] [stderr]     Checking untrusted v0.9.0
[INFO] [stderr]    Compiling typeid v1.0.3
[INFO] [stderr]    Compiling phf_codegen v0.13.1
[INFO] [stderr]    Compiling crossbeam-utils v0.8.22
[INFO] [stderr]    Compiling httparse v1.10.1
[INFO] [stderr]    Compiling ident_case v1.0.1
[INFO] [stderr]    Compiling rustls v0.23.43
[INFO] [stderr]    Compiling strsim v0.11.1
[INFO] [stderr]    Compiling synstructure v0.13.2
[INFO] [stderr]    Compiling darling_core v0.23.0
[INFO] [stderr]     Checking block-buffer v0.10.4
[INFO] [stderr]    Compiling erased-serde v0.4.10
[INFO] [stderr]     Checking hex v0.4.3
[INFO] [stderr]     Checking digest v0.10.7
[INFO] [stderr]     Checking http-body v1.1.0
[INFO] [stderr]     Checking aho-corasick v1.1.5
[INFO] [stderr]     Checking regex-syntax v0.8.11
[INFO] [stderr]    Compiling scopeguard v1.2.0
[INFO] [stderr]    Compiling new_debug_unreachable v1.0.6
[INFO] [stderr]    Compiling lock_api v0.4.14
[INFO] [stderr]    Compiling serde_derive v1.0.229
[INFO] [stderr]    Compiling zerovec-derive v0.11.6
[INFO] [stderr]    Compiling zerofrom-derive v0.1.7
[INFO] [stderr]    Compiling yoke-derive v0.8.2
[INFO] [stderr]    Compiling displaydoc v0.2.7
[INFO] [stderr]    Compiling thiserror-impl v2.0.20
[INFO] [stderr]    Compiling futures-macro v0.3.34
[INFO] [stderr]    Compiling thiserror-impl v1.0.69
[INFO] [stderr]     Checking zerofrom v0.1.8
[INFO] [stderr]     Checking yoke v0.8.3
[INFO] [stderr]    Compiling tokio-macros v2.7.2
[INFO] [stderr]     Checking zerovec v0.11.8
[INFO] [stderr]     Checking zerotrie v0.2.5
[INFO] [stderr]    Compiling tracing-attributes v0.1.31
[INFO] [stderr]     Checking futures-util v0.3.34
[INFO] [stderr]     Checking tokio v1.53.1
[INFO] [stderr]     Checking tinystr v0.8.4
[INFO] [stderr]     Checking potential_utf v0.1.6
[INFO] [stderr]     Checking icu_collections v2.3.0
[INFO] [stderr]     Checking icu_locale_core v2.3.0
[INFO] [stderr]    Compiling phf_macros v0.13.1
[INFO] [stderr]     Checking icu_provider v2.3.1
[INFO] [stderr]     Checking tracing v0.1.44
[INFO] [stderr]     Checking icu_normalizer v2.3.0
[INFO] [stderr]     Checking icu_properties v2.3.0
[INFO] [stderr]    Compiling toml_datetime v0.6.3
[INFO] [stderr]    Compiling serde_spanned v0.6.9
[INFO] [stderr]     Checking chrono v0.4.45
[INFO] [stderr]    Compiling toml_edit v0.20.2
[INFO] [stderr]     Checking platscope-domain v0.2.9 (/opt/rustwide/workdir/crates/platscope-domain)
[INFO] [stderr]     Checking idna_adapter v1.2.2
[INFO] [stderr]    Compiling darling_macro v0.23.0
[INFO] [stderr]     Checking idna v1.1.0
[INFO] [stderr]     Checking rustls-webpki v0.103.15
[INFO] [stderr]     Checking url v2.5.8
[INFO] [stderr]    Compiling darling v0.23.0
[INFO] [stderr]    Compiling phf v0.13.1
[INFO] [stderr]     Checking regex-automata v0.4.18
[INFO] [stderr]    Compiling string_cache_codegen v0.6.1
[INFO] [stderr]     Checking tower-service v0.3.3
[INFO] [stderr]     Checking cpufeatures v0.2.17
[INFO] [stderr]     Checking try-lock v0.2.5
[INFO] [stderr]    Compiling getrandom v0.4.3
[INFO] [stderr]    Compiling precomputed-hash v0.1.1
[INFO] [stderr]    Compiling web_atoms v0.2.6
[INFO] [stderr]     Checking want v0.3.1
[INFO] [stderr]    Compiling toml v0.8.2
[INFO] [stderr]    Compiling serde_with_macros v3.22.0
[INFO] [stderr]    Compiling system-deps v6.2.2
[INFO] [stderr]    Compiling parking_lot v0.12.5
[INFO] [stderr]    Compiling proc-macro-error-attr v1.0.4
[INFO] [stderr]    Compiling syn v1.0.109
[INFO] [stderr]    Compiling rustc_version v0.4.1
[INFO] [stderr]    Compiling serde_spanned v1.1.1
[INFO] [stderr]    Compiling toml_writer v1.1.2+spec-1.1.0
[INFO] [stderr]    Compiling ctor-proc-macro v0.0.7
[INFO] [stderr]    Compiling glib-sys v0.18.1
[INFO] [stderr]    Compiling gobject-sys v0.18.0
[INFO] [stderr]    Compiling gio-sys v0.18.1
[INFO] [stderr]    Compiling gdk-sys v0.18.2
[INFO] [stderr]    Compiling proc-macro-error v1.0.4
[INFO] [stderr]    Compiling string_cache v0.9.0
[INFO] [stderr]     Checking hyper v1.11.0
[INFO] [stderr]     Checking sha2 v0.10.9
[INFO] [stderr]     Checking sync_wrapper v1.0.2
[INFO] [stderr]    Compiling crc32fast v1.5.1
[INFO] [stderr]     Checking tower-layer v0.3.3
[INFO] [stderr]     Checking ipnet v2.12.1
[INFO] [stderr]     Checking parking v2.2.1
[INFO] [stderr]     Checking tokio-rustls v0.26.4
[INFO] [stderr]    Compiling dtoa v1.0.11
[INFO] [stderr]     Checking tower v0.5.3
[INFO] [stderr]    Compiling dtoa-short v0.3.5
[INFO] [stderr]     Checking hyper-util v0.1.20
[INFO] [stderr]    Compiling uuid v1.26.0
[INFO] [stderr]    Compiling proc-macro-crate v2.0.2
[INFO] [stderr]    Compiling cssparser-macros v0.6.1
[INFO] [stderr]    Compiling derive_more-impl v2.1.1
[INFO] [stderr]    Compiling tendril v0.5.1
[INFO] [stderr]    Compiling selectors v0.36.1
[INFO] [stderr]     Checking webpki-roots v1.0.9
[INFO] [stderr]    Compiling indexmap v1.9.3
[INFO] [stderr]    Compiling camino v1.2.5
[INFO] [stderr]    Compiling heck v0.4.1
[INFO] [stderr]    Compiling alloc-no-stdlib v2.0.4
[INFO] [stderr]    Compiling byteorder v1.5.0
[INFO] [stderr]    Compiling unic-char-range v0.9.0
[INFO] [stderr]    Compiling unic-common v0.9.0
[INFO] [stderr]    Compiling unic-char-property v0.9.0
[INFO] [stderr]    Compiling unic-ucd-version v0.9.0
[INFO] [stderr]    Compiling glib-macros v0.18.5
[INFO] [stderr]    Compiling derive_more v2.1.1
[INFO] [stderr]    Compiling markup5ever v0.38.0
[INFO] [stderr]    Compiling alloc-stdlib v0.2.4
[INFO] [stderr]     Checking hyper-rustls v0.27.9
[INFO] [stderr]    Compiling cssparser v0.36.0
[INFO] [stderr]     Checking tower-http v0.6.11
[INFO] [stderr]    Compiling toml v1.1.4+spec-1.1.0
[INFO] [stderr]    Compiling cairo-sys-rs v0.18.2
[INFO] [stderr]    Compiling gdk-pixbuf-sys v0.18.0
[INFO] [stderr]    Compiling pango-sys v0.18.0
[INFO] [stderr]     Checking tokio-util v0.7.19
[INFO] [stderr]     Checking futures-executor v0.3.34
[INFO] [stderr]     Checking http-body-util v0.1.5
[INFO] [stderr]    Compiling serde_derive_internals v0.29.1
[INFO] [stderr]    Compiling servo_arc v0.4.3
[INFO] [stderr]    Compiling schemars v0.8.22
[INFO] [stderr]    Compiling powerfmt v0.2.0
[INFO] [stderr]     Checking rand_core v0.10.1
[INFO] [stderr]    Compiling fnv v1.0.7
[INFO] [stderr]    Compiling deranged v0.5.8
[INFO] [stderr]    Compiling rustc-hash v2.1.3
[INFO] [stderr]    Compiling bit-vec v0.8.0
[INFO] [stderr]    Compiling hashbrown v0.12.3
[INFO] [stderr]    Compiling bit-set v0.8.0
[INFO] [stderr]    Compiling cfb v0.7.3
[INFO] [stderr]    Compiling schemars_derive v0.8.22
[INFO] [stderr]    Compiling html5ever v0.38.0
[INFO] [stderr]    Compiling brotli-decompressor v5.0.3
[INFO] [stderr]    Compiling unic-ucd-ident v0.9.0
[INFO] [stderr]    Compiling time v0.3.55
[INFO] [stderr]    Compiling jsonptr v0.6.3
[INFO] [stderr]    Compiling atk-sys v0.18.2
[INFO] [stderr]    Compiling cargo-platform v0.1.9
[INFO] [stderr]    Compiling quick-xml v0.41.0
[INFO] [stderr]    Compiling foldhash v0.2.0
[INFO] [stderr]     Checking ryu v1.0.23
[INFO] [stderr]    Compiling same-file v1.0.6
[INFO] [stderr]    Compiling dunce v1.0.5
[INFO] [stderr]    Compiling dyn-clone v1.0.20
[INFO] [stderr]     Checking glib v0.18.5
[INFO] [stderr]    Compiling brotli v8.0.4
[INFO] [stderr]    Compiling walkdir v2.5.0
[INFO] [stderr]     Checking serde_urlencoded v0.7.1
[INFO] [stderr]    Compiling regex v1.13.1
[INFO] [stderr]    Compiling dom_query v0.27.0
[INFO] [stderr]    Compiling urlpattern v0.3.0
[INFO] [stderr]    Compiling json-patch v3.0.1
[INFO] [stderr]    Compiling cargo_metadata v0.19.2
[INFO] [stderr]    Compiling serde-untagged v0.1.9
[INFO] [stderr]    Compiling plist v1.10.0
[INFO] [stderr]    Compiling infer v0.19.0
[INFO] [stderr]    Compiling ctor v0.8.0
[INFO] [stderr]    Compiling serde_with v3.22.0
[INFO] [stderr]    Compiling enumflags2_derive v0.7.12
[INFO] [stderr]    Compiling toml_edit v0.25.13+spec-1.1.0
[INFO] [stderr]    Compiling glob v0.3.4
[INFO] [stderr]     Checking reqwest v0.12.28
[INFO] [stderr]     Checking event-listener v5.4.2
[INFO] [stderr]    Compiling zvariant_utils v4.2.0
[INFO] [stderr]     Checking concurrent-queue v2.5.0
[INFO] [stderr]    Compiling proc-macro-crate v3.5.0
[INFO] [stderr]    Compiling gio v0.18.4
[INFO] [stderr]     Checking event-listener-strategy v0.5.4
[INFO] [stderr]     Checking futures-lite v2.6.1
[INFO] [stderr]    Compiling gtk-sys v0.18.2
[INFO] [stderr]    Compiling windows_x86_64_gnu v0.52.6
[INFO] [stderr]    Compiling async-io v2.6.0
[INFO] [stderr]    Compiling enumflags2 v0.7.12
[INFO] [stderr]    Compiling zcheapstr v1.1.0
[INFO] [stderr]     Checking polling v3.11.0
[INFO] [stderr]    Compiling tauri-utils v2.9.3
[INFO] [stderr]    Compiling async-trait v0.1.92
[INFO] [stderr]    Compiling time-macros v0.2.32
[INFO] [stderr]    Compiling zvariant_derive v5.15.0
[INFO] [stderr]    Compiling endi v1.1.1
[INFO] [stderr]     Checking async-task v4.7.1
[INFO] [stderr]    Compiling zvariant v5.15.0
[INFO] [stderr]     Checking windows-targets v0.52.6
[INFO] [stderr]     Checking async-channel v2.5.0
[INFO] [stderr]    Compiling serde_repr v0.1.21
[INFO] [stderr]    Compiling zstd-sys v2.1.0+zstd.1.5.7
[INFO] [stderr]    Compiling toml_datetime v0.7.5+spec-1.1.0
[INFO] [stderr]    Compiling memoffset v0.9.1
[INFO] [stderr]    Compiling option-ext v0.2.0
[INFO] [stderr]    Compiling winnow v0.7.15
[INFO] [stderr]    Compiling dirs-sys v0.5.0
[INFO] [stderr]     Checking async-signal v0.2.14
[INFO] [stderr]     Checking cairo-rs v0.18.5
[INFO] [stderr]     Checking windows-result v0.2.0
[INFO] [stderr]     Checking async-lock v3.4.2
[INFO] [stderr]    Compiling embed-resource v3.0.11
[INFO] [stderr]    Compiling toml v0.9.12+spec-1.1.0
[INFO] [stderr]    Compiling zbus_names v4.3.4
[INFO] [stderr]    Compiling field-offset v0.3.6
[INFO] [stderr]    Compiling toml_edit v0.19.15
[INFO] [stderr]     Checking piper v0.2.5
[INFO] [stderr]     Checking adler2 v2.0.1
[INFO] [stderr]     Checking simd-adler32 v0.3.10
[INFO] [stderr]     Checking blocking v1.7.0
[INFO] [stderr]     Checking miniz_oxide v0.8.9
[INFO] [stderr]    Compiling zbus_macros v5.19.0
[INFO] [stderr]    Compiling cargo_toml v0.22.3
[INFO] [stderr]    Compiling tauri-winres v0.3.6
[INFO] [stderr]     Checking async-process v2.5.0
[INFO] [stderr]     Checking windows-strings v0.1.0
[INFO] [stderr]    Compiling dirs v6.0.0
[INFO] [stderr]     Checking async-executor v1.14.0
[INFO] [stderr]    Compiling proc-macro-crate v1.3.1
[INFO] [stderr]     Checking async-broadcast v0.7.2
[INFO] [stderr]     Checking platscope-inventory v0.2.9 (/opt/rustwide/workdir/crates/platscope-inventory)
[INFO] [stderr]    Compiling javascriptcore-rs-sys v1.1.1
[INFO] [stderr]    Compiling soup3-sys v0.5.0
[INFO] [stderr]    Compiling windows-interface v0.58.0
[INFO] [stderr]    Compiling windows-implement v0.58.0
[INFO] [stderr]    Compiling async-recursion v1.1.1
[INFO] [stderr]     Checking block-padding v0.3.3
[INFO] [stderr]     Checking num-integer v0.1.47
[INFO] [stderr]     Checking ordered-stream v0.2.0
[INFO] [stderr]    Compiling gtk v0.18.2
[INFO] [stderr]    Compiling zstd-safe v7.3.0
[INFO] [stderr]     Checking windows-core v0.58.0
[INFO] [stderr]     Checking inout v0.1.4
[INFO] [stderr]    Compiling gtk3-macros v0.18.2
[INFO] [stderr]     Checking flate2 v1.1.9
[INFO] [stderr]     Checking zbus v5.19.0
[INFO] [stderr]     Checking atk v0.18.2
[INFO] [stderr]    Compiling webkit2gtk-sys v2.0.2
[INFO] [stderr]     Checking crossbeam-channel v0.5.16
[INFO] [stderr]     Checking hybrid-array v0.4.15
[INFO] [stderr]    Compiling x11 v2.21.0
[INFO] [stderr]     Checking minisign-verify v0.2.5
[INFO] [stderr]     Checking windows v0.58.0
[INFO] [stderr]    Compiling tauri-build v2.6.3
[INFO] [stderr]    Compiling tauri-plugin v2.6.3
[INFO] [stderr]     Checking cipher v0.4.4
[INFO] [stderr]     Checking num-bigint v0.4.8
[INFO] [stderr]     Checking tempfile v3.27.0
[INFO] [stderr]    Compiling gdkx11-sys v0.18.2
[INFO] [stderr]     Checking sysinfo v0.32.1
[INFO] [stderr]     Checking cpufeatures v0.3.0
[INFO] [stderr]     Checking bitflags v1.3.2
[INFO] [stderr]     Checking openssl-probe v0.2.1
[INFO] [stderr]     Checking rustls-native-certs v0.8.4
[INFO] [stderr]     Checking crypto-common v0.2.2
[INFO] [stderr]     Checking num-rational v0.4.2
[INFO] [stderr]     Checking block-buffer v0.12.1
[INFO] [stderr]     Checking num-iter v0.1.46
[INFO] [stderr]     Checking dpi v0.1.2
[INFO] [stderr]     Checking hmac v0.12.1
[INFO] [stderr]     Checking num-complex v0.4.6
[INFO] [stderr]    Compiling libdbus-sys v0.2.7
[INFO] [stderr]    Compiling x11-dl v2.21.0
[INFO] [stderr]    Compiling cookie v0.18.2
[INFO] [stderr]     Checking const-oid v0.10.2
[INFO] [stderr]    Compiling vcpkg v0.2.15
[INFO] [stderr]    Compiling getrandom v0.3.4
[INFO] [stderr]     Checking digest v0.11.3
[INFO] [stderr]     Checking num v0.4.3
[INFO] [stderr]    Compiling libsqlite3-sys v0.35.0
[INFO] [stderr]     Checking hkdf v0.12.4
[INFO] [stderr]     Checking javascriptcore-rs v1.1.2
[INFO] [stderr]     Checking chacha20 v0.10.1
[INFO] [stderr]     Checking cbc v0.1.2
[INFO] [stderr]     Checking aes v0.8.4
[INFO] [stderr]    Compiling fdeflate v0.3.7
[INFO] [stderr]     Checking platscope-wfm v0.2.9 (/opt/rustwide/workdir/crates/platscope-wfm)
[INFO] [stderr]     Checking pango v0.18.3
[INFO] [stderr]     Checking gdk-pixbuf v0.18.5
[INFO] [stderr]     Checking soup3 v0.5.0
[INFO] [stderr]     Checking raw-window-handle v0.6.2
[INFO] [stderr]     Checking foldhash v0.1.5
[INFO] [stderr]     Checking hashbrown v0.15.5
[INFO] [stderr]    Compiling png v0.17.16
[INFO] [stderr]     Checking secret-service v5.1.0
[INFO] [stderr]     Checking rand v0.10.2
[INFO] [stderr]     Checking gdk v0.18.2
[INFO] [stderr]     Checking platscope-readonly-scan v0.2.9 (/opt/rustwide/workdir/crates/platscope-readonly-scan)
[INFO] [stderr]     Checking sha1 v0.11.0
[INFO] [stdout] error[E0433]: cannot find `Win32` in `windows`
[INFO] [stdout]    --> crates/platscope-readonly-scan/src/scan.rs:298:18
[INFO] [stdout]     |
[INFO] [stdout] 298 |     use windows::Win32::Foundation::{BOOL, CloseHandle, HANDLE};
[INFO] [stdout]     |                  ^^^^^ could not find `Win32` in `windows`
[INFO] [stdout] 
[INFO] [stdout] 
[INFO] [stdout] error[E0433]: cannot find `Win32` in `windows`
[INFO] [stdout]    --> crates/platscope-readonly-scan/src/scan.rs:299:18
[INFO] [stdout]     |
[INFO] [stdout] 299 |     use windows::Win32::System::Memory::{
[INFO] [stdout]     |                  ^^^^^ could not find `Win32` in `windows`
[INFO] [stdout] 
[INFO] [stdout] 
[INFO] [stdout] error[E0433]: cannot find `Win32` in `windows`
[INFO] [stdout]    --> crates/platscope-readonly-scan/src/scan.rs:302:18
[INFO] [stdout]     |
[INFO] [stdout] 302 |     use windows::Win32::System::Threading::{
[INFO] [stdout]     |                  ^^^^^ could not find `Win32` in `windows`
[INFO] [stdout] 
[INFO] [stdout] 
[INFO] [stdout] error[E0433]: cannot find `Win32` in `windows`
[INFO] [stdout]    --> crates/platscope-readonly-scan/src/scan.rs:306:18
[INFO] [stdout]     |
[INFO] [stdout] 306 |     use windows::Win32::System::Diagnostics::Debug::ReadProcessMemory;
[INFO] [stdout]     |                  ^^^^^ could not find `Win32` in `windows`
[INFO] [stdout] 
[INFO] [stdout] 
[INFO] [stdout] error[E0433]: cannot find `Win32` in `windows`
[INFO] [stdout]  --> crates/platscope-readonly-scan/src/squad.rs:9:14
[INFO] [stdout]   |
[INFO] [stdout] 9 | use windows::Win32::{
[INFO] [stdout]   |              ^^^^^ could not find `Win32` in `windows`
[INFO] [stdout] 
[INFO] [stdout] 
[INFO] [stdout] error[E0433]: cannot find `Win32` in `windows`
[INFO] [stdout]   --> crates/platscope-readonly-scan/src/binary_snapshot.rs:17:5
[INFO] [stdout]    |
[INFO] [stdout] 17 |     Win32::{
[INFO] [stdout]    |     ^^^^^ could not find `Win32` in `windows`
[INFO] [stdout] 
[INFO] [stdout] 
[INFO] [stdout] error[E0433]: cannot find `Win32` in `windows`
[INFO] [stdout]  --> crates/platscope-readonly-scan/src/research.rs:9:14
[INFO] [stdout]   |
[INFO] [stdout] 9 | use windows::Win32::{
[INFO] [stdout]   |              ^^^^^ could not find `Win32` in `windows`
[INFO] [stdout] 
[INFO] [stdout] 
[INFO] [stdout] error[E0432]: unresolved import `windows::core`
[INFO] [stdout]   --> crates/platscope-readonly-scan/src/binary_snapshot.rs:39:5
[INFO] [stdout]    |
[INFO] [stdout] 39 |     core::PCWSTR,
[INFO] [stdout]    |     ^^^^ could not find `core` in `windows`
[INFO] [stdout] 
[INFO] [stdout] 
[INFO] [stdout] error[E0433]: cannot find `core` in `windows`
[INFO] [stdout]    --> crates/platscope-readonly-scan/src/binary_snapshot.rs:117:45
[INFO] [stdout]     |
[INFO] [stdout] 117 |                 if error.code() != windows::core::HRESULT::from_win32(87) {
[INFO] [stdout]     |                                             ^^^^ could not find `core` in `windows`
[INFO] [stdout] 
[INFO] [stdout] 
[INFO] [stdout] error[E0433]: cannot find `core` in `windows`
[INFO] [stdout]    --> crates/platscope-readonly-scan/src/binary_snapshot.rs:214:37
[INFO] [stdout]     |
[INFO] [stdout] 214 |                         == windows::core::HRESULT::from_win32(ERROR_NO_MORE_FILES.0) =>
[INFO] [stdout]     |                                     ^^^^ could not find `core` in `windows`
[INFO] [stdout] 
[INFO] [stdout] 
[INFO] [stdout] error[E0433]: cannot find `core` in `windows`
[INFO] [stdout]    --> crates/platscope-readonly-scan/src/binary_snapshot.rs:460:45
[INFO] [stdout]     |
[INFO] [stdout] 460 |                 if error.code() != windows::core::HRESULT::from_win32(87) {
[INFO] [stdout]     |                                             ^^^^ could not find `core` in `windows`
[INFO] [stdout] 
[INFO] [stdout] 
[INFO] [stdout] error[E0433]: cannot find `core` in `windows`
[INFO] [stdout]    --> crates/platscope-readonly-scan/src/binary_snapshot.rs:116:38
[INFO] [stdout]     |
[INFO] [stdout] 116 |                 let error = windows::core::Error::from_win32();
[INFO] [stdout]     |                                      ^^^^ could not find `core` in `windows`
[INFO] [stdout]     |
[INFO] [stdout] help: consider importing one of these items
[INFO] [stdout]     |
[INFO] [stdout]   2 + use std::error::Error;
[INFO] [stdout]     |
[INFO] [stdout]   2 + use std::fmt::Error;
[INFO] [stdout]     |
[INFO] [stdout]   2 + use std::io::Error;
[INFO] [stdout]     |
[INFO] [stdout]   2 + use anyhow::Error;
[INFO] [stdout]     |
[INFO] [stdout]     = and 7 other candidates
[INFO] [stdout] help: if you import `Error`, refer to it directly
[INFO] [stdout]     |
[INFO] [stdout] 116 -                 let error = windows::core::Error::from_win32();
[INFO] [stdout] 116 +                 let error = Error::from_win32();
[INFO] [stdout]     |
[INFO] [stdout] 
[INFO] [stdout] 
[INFO] [stdout] error[E0433]: cannot find `core` in `windows`
[INFO] [stdout]    --> crates/platscope-readonly-scan/src/binary_snapshot.rs:459:38
[INFO] [stdout]     |
[INFO] [stdout] 459 |                 let error = windows::core::Error::from_win32();
[INFO] [stdout]     |                                      ^^^^ could not find `core` in `windows`
[INFO] [stdout]     |
[INFO] [stdout] help: consider importing one of these items
[INFO] [stdout]     |
[INFO] [stdout]   2 + use std::error::Error;
[INFO] [stdout]     |
[INFO] [stdout]   2 + use std::fmt::Error;
[INFO] [stdout]     |
[INFO] [stdout]   2 + use std::io::Error;
[INFO] [stdout]     |
[INFO] [stdout]   2 + use anyhow::Error;
[INFO] [stdout]     |
[INFO] [stdout]     = and 7 other candidates
[INFO] [stdout] help: if you import `Error`, refer to it directly
[INFO] [stdout]     |
[INFO] [stdout] 459 -                 let error = windows::core::Error::from_win32();
[INFO] [stdout] 459 +                 let error = Error::from_win32();
[INFO] [stdout]     |
[INFO] [stdout] 
[INFO] [stdout] 
[INFO] [stderr]    Compiling dlopen2_derive v0.4.3
[INFO] [stderr]    Compiling tauri v2.11.5
[INFO] [stdout] error[E0689]: can't call method `saturating_add` on ambiguous numeric type `{integer}`
[INFO] [stdout]    --> crates/platscope-readonly-scan/src/squad.rs:306:29
[INFO] [stdout]     |
[INFO] [stdout] 306 |             offset = offset.saturating_add(CHUNK);
[INFO] [stdout]     |                             ^^^^^^^^^^^^^^
[INFO] [stdout]     |
[INFO] [stdout] help: you must specify a type for this binding, like `i32`
[INFO] [stdout]     |
[INFO] [stdout] 277 |         let mut offset: i32 = 0;
[INFO] [stdout]     |                       +++++
[INFO] [stdout] 
[INFO] [stdout] 
[INFO] [stdout] error[E0689]: can't call method `saturating_add` on ambiguous numeric type `{integer}`
[INFO] [stdout]    --> crates/platscope-readonly-scan/src/research.rs:205:29
[INFO] [stdout]     |
[INFO] [stdout] 205 |             offset = offset.saturating_add(CHUNK);
[INFO] [stdout]     |                             ^^^^^^^^^^^^^^
[INFO] [stdout]     |
[INFO] [stdout] help: you must specify a type for this binding, like `i32`
[INFO] [stdout]     |
[INFO] [stdout] 163 |         let mut offset: i32 = 0;
[INFO] [stdout]     |                       +++++
[INFO] [stdout] 
[INFO] [stdout] 
[INFO] [stderr]     Checking keyring-core v1.0.0
[INFO] [stderr]    Compiling tauri-runtime v2.11.3
[INFO] [stderr]     Checking data-encoding v2.11.1
[INFO] [stderr]    Compiling wry v0.55.1
[INFO] [stderr]     Checking tungstenite v0.30.0
[INFO] [stderr]     Checking zbus-secret-service-keyring-store v1.0.1
[INFO] [stderr]     Checking dlopen2 v0.8.2
[INFO] [stderr]     Checking dbus v0.9.12
[INFO] [stdout] Some errors have detailed explanations: E0432, E0433, E0689.
[INFO] [stdout] 
[INFO] [stdout] For more information about an error, try `rustc --explain E0432`.
[INFO] [stdout] 
[INFO] [stderr]    Compiling ico v0.5.0
[INFO] [stderr] error: could not compile `platscope-readonly-scan` (lib) due to 15 previous errors
[INFO] [stderr] warning: build failed, waiting for other jobs to finish...
[INFO] running `Command { std: "docker" "inspect" "7b81d0afd14101db5a67fb0fda338dcbac48845ec49ce197449374d51bc4e710", kill_on_drop: false }`
[INFO] running `Command { std: "docker" "rm" "-f" "7b81d0afd14101db5a67fb0fda338dcbac48845ec49ce197449374d51bc4e710", kill_on_drop: false }`
[INFO] [stdout] 7b81d0afd14101db5a67fb0fda338dcbac48845ec49ce197449374d51bc4e710
