[INFO] cloning repository https://github.com/FreeCode911/slipdelete
[INFO] running `Command { std: "git" "-c" "credential.helper=" "-c" "credential.helper=/workspace/cargo-home/bin/git-credential-null" "clone" "--bare" "https://github.com/FreeCode911/slipdelete" "/workspace/cache/git-repos/https%3A%2F%2Fgithub.com%2FFreeCode911%2Fslipdelete", kill_on_drop: false }`
[INFO] [stderr] Cloning into bare repository '/workspace/cache/git-repos/https%3A%2F%2Fgithub.com%2FFreeCode911%2Fslipdelete'...
[INFO] running `Command { std: "git" "rev-parse" "HEAD", kill_on_drop: false }`
[INFO] [stdout] c5f879f00fd93f95d35cc5f58c1fa91e431795a6
[INFO] checking FreeCode911/slipdelete against 3154cc1a3e6424e44f438a95007d043ed5ceaaf6 for pr-133502-30
[INFO] running `Command { std: "git" "clone" "/workspace/cache/git-repos/https%3A%2F%2Fgithub.com%2FFreeCode911%2Fslipdelete" "/workspace/builds/worker-3-tc2/source", kill_on_drop: false }`
[INFO] [stderr] Cloning into '/workspace/builds/worker-3-tc2/source'...
[INFO] [stderr] done.
[INFO] started tweaking git repo https://github.com/FreeCode911/slipdelete
[INFO] finished tweaking git repo https://github.com/FreeCode911/slipdelete
[INFO] tweaked toml for git repo https://github.com/FreeCode911/slipdelete written to /workspace/builds/worker-3-tc2/source/Cargo.toml
[INFO] validating manifest of git repo https://github.com/FreeCode911/slipdelete on toolchain 3154cc1a3e6424e44f438a95007d043ed5ceaaf6
[INFO] running `Command { std: CARGO_HOME="/workspace/cargo-home" RUSTUP_HOME="/workspace/rustup-home" "/workspace/cargo-home/bin/cargo" "+3154cc1a3e6424e44f438a95007d043ed5ceaaf6" "metadata" "--manifest-path" "Cargo.toml" "--no-deps", kill_on_drop: false }`
[INFO] crate git repo https://github.com/FreeCode911/slipdelete already has a lockfile, it will not be regenerated
[INFO] running `Command { std: CARGO_HOME="/workspace/cargo-home" RUSTUP_HOME="/workspace/rustup-home" "/workspace/cargo-home/bin/cargo" "+3154cc1a3e6424e44f438a95007d043ed5ceaaf6" "fetch" "--manifest-path" "Cargo.toml", kill_on_drop: false }`
[INFO] running `Command { std: "docker" "create" "-v" "/var/lib/crater-agent-workspace/builds/worker-3-tc2/source:/opt/rustwide/workdir:ro,Z" "-v" "/var/lib/crater-agent-workspace/builds/worker-3-tc2/target:/opt/rustwide/target:rw,Z" "-v" "/var/lib/crater-agent-workspace/cargo-home:/opt/rustwide/cargo-home:ro,Z" "-v" "/var/lib/crater-agent-workspace/rustup-home:/opt/rustwide/rustup-home:ro,Z" "-m" "1610612736" "--network" "none" "ghcr.io/rust-lang/crates-build-env/linux@sha256:77db811e55d90add9212f6832c23229e3de5f1c1f9905e8cb07319ea15df73ac" "sleep" "infinity", kill_on_drop: false }`
[INFO] [stdout] 643dcf48dd5aea824213f550a42d3267e813d01419020eeae68c84963003019e
[INFO] running `Command { std: "docker" "start" "643dcf48dd5aea824213f550a42d3267e813d01419020eeae68c84963003019e", kill_on_drop: false }`
[INFO] running `Command { std: "docker" "inspect" "643dcf48dd5aea824213f550a42d3267e813d01419020eeae68c84963003019e", kill_on_drop: false }`
[INFO] running `Command { std: "docker" "exec" "-e" "SOURCE_DIR=/opt/rustwide/workdir" "-e" "CARGO_HOME=/opt/rustwide/cargo-home" "-e" "RUSTUP_HOME=/opt/rustwide/rustup-home" "-e" "CARGO_TARGET_DIR=/opt/rustwide/target" "-w" "/opt/rustwide/workdir" "--user" "0:0" "643dcf48dd5aea824213f550a42d3267e813d01419020eeae68c84963003019e" "/opt/rustwide/cargo-home/bin/cargo" "+3154cc1a3e6424e44f438a95007d043ed5ceaaf6" "metadata" "--no-deps" "--format-version=1", kill_on_drop: false }`
[INFO] running `Command { std: "docker" "inspect" "643dcf48dd5aea824213f550a42d3267e813d01419020eeae68c84963003019e", kill_on_drop: false }`
[INFO] running `Command { std: "docker" "exec" "-e" "SOURCE_DIR=/opt/rustwide/workdir" "-e" "CARGO_HOME=/opt/rustwide/cargo-home" "-e" "RUSTUP_HOME=/opt/rustwide/rustup-home" "-e" "CARGO_TARGET_DIR=/opt/rustwide/target" "-e" "CARGO_INCREMENTAL=0" "-e" "RUST_BACKTRACE=full" "-e" "RUSTFLAGS=--cap-lints=forbid" "-e" "RUSTDOCFLAGS=--cap-lints=forbid" "-w" "/opt/rustwide/workdir" "--user" "0:0" "643dcf48dd5aea824213f550a42d3267e813d01419020eeae68c84963003019e" "/opt/rustwide/cargo-home/bin/cargo" "+3154cc1a3e6424e44f438a95007d043ed5ceaaf6" "check" "--frozen" "--all" "--all-targets" "--message-format=json", kill_on_drop: false }`
[INFO] [stderr]    Compiling zerocopy v0.8.57
[INFO] [stderr]     Checking smallvec v1.16.1
[INFO] [stderr]    Compiling num-traits v0.2.19
[INFO] [stderr]     Checking bitflags v2.13.2
[INFO] [stderr]    Compiling syn v2.0.119
[INFO] [stderr]    Compiling syn v3.0.5
[INFO] [stderr]    Compiling serde_core v1.0.229
[INFO] [stderr]    Compiling crc32fast v1.5.2
[INFO] [stderr]     Checking arrayvec v0.7.8
[INFO] [stderr]     Checking as-slice v0.2.1
[INFO] [stderr]     Checking bytemuck v1.25.2
[INFO] [stderr]    Compiling libm v0.2.16
[INFO] [stderr]     Checking rayon v1.12.0
[INFO] [stderr]    Compiling av-scenechange v0.14.1
[INFO] [stderr]     Checking nom v8.0.0
[INFO] [stderr]     Checking no_std_io2 v0.9.4
[INFO] [stderr]     Checking y4m v0.8.0
[INFO] [stderr]     Checking bitstream-io v4.10.0
[INFO] [stderr]     Checking aligned v0.4.3
[INFO] [stderr]     Checking raw-cpuid v11.6.0
[INFO] [stderr]    Compiling pulp v0.22.3
[INFO] [stderr]     Checking tracing v0.1.44
[INFO] [stderr]    Compiling rav1e v0.8.1
[INFO] [stderr]     Checking crypto-common v0.1.7
[INFO] [stderr]     Checking parking_lot_core v0.9.12
[INFO] [stderr]     Checking getrandom v0.2.17
[INFO] [stderr]     Checking itertools v0.14.0
[INFO] [stderr]     Checking new_debug_unreachable v1.0.6
[INFO] [stderr]     Checking flate2 v1.1.10
[INFO] [stderr]     Checking imgref v1.12.3
[INFO] [stderr]     Checking pulp-wasm-simd-flag v0.1.1
[INFO] [stderr]     Checking reborrow v0.5.5
[INFO] [stderr]     Checking digest v0.10.7
[INFO] [stderr]     Checking avif-serialize v0.8.9
[INFO] [stderr]     Checking rand_core v0.6.4
[INFO] [stderr]     Checking parking_lot v0.12.5
[INFO] [stderr]     Checking loop9 v0.1.5
[INFO] [stderr]     Checking zune-inflate v0.2.54
[INFO] [stderr]     Checking rgb v0.8.53
[INFO] [stderr]     Checking bit_field v0.10.3
[INFO] [stderr]     Checking lebe v0.5.3
[INFO] [stderr]     Checking qoi v0.4.1
[INFO] [stderr]     Checking png v0.18.1
[INFO] [stderr]    Compiling cookie v0.18.2
[INFO] [stderr]    Compiling winapi v0.3.9
[INFO] [stderr]     Checking time v0.3.55
[INFO] [stderr]     Checking sha2 v0.10.9
[INFO] [stderr]     Checking axum-core v0.5.6
[INFO] [stderr]     Checking hmac v0.12.1
[INFO] [stderr]     Checking uuid v1.26.1
[INFO] [stderr]     Checking tower v0.4.13
[INFO] [stderr]     Checking num-integer v0.1.47
[INFO] [stderr]     Checking num-complex v0.4.6
[INFO] [stderr]     Checking moxcms v0.8.1
[INFO] [stderr]     Checking num-bigint v0.4.8
[INFO] [stderr]     Checking tower-http v0.6.11
[INFO] [stderr]     Checking num-rational v0.4.2
[INFO] [stderr]     Checking serde_path_to_error v0.1.20
[INFO] [stderr]     Checking serde_json v1.0.151
[INFO] [stderr]     Checking maybe-rayon v0.1.1
[INFO] [stderr]    Compiling thiserror-impl v2.0.20
[INFO] [stderr]    Compiling tokio-macros v2.7.2
[INFO] [stderr]    Compiling serde_derive v1.0.229
[INFO] [stderr]     Checking tokio v1.53.1
[INFO] [stderr]    Compiling zerocopy-derive v0.8.57
[INFO] [stderr]    Compiling equator-macro v0.4.2
[INFO] [stderr]     Checking thiserror v2.0.20
[INFO] [stderr]    Compiling profiling-procmacros v1.0.18
[INFO] [stderr]    Compiling arg_enum_proc_macro v0.3.4
[INFO] [stderr]    Compiling num-derive v0.4.2
[INFO] [stderr]    Compiling axum-macros v0.5.1
[INFO] [stderr]     Checking profiling v1.0.18
[INFO] [stderr]     Checking equator v0.4.2
[INFO] [stderr]     Checking aligned-vec v0.6.4
[INFO] [stderr]     Checking v_frame v0.3.9
[INFO] [stderr]     Checking av1-grain v0.2.5
[INFO] [stderr]     Checking serde v1.0.229
[INFO] [stderr]     Checking serde_urlencoded v0.7.1
[INFO] [stderr]     Checking chrono v0.4.45
[INFO] [stderr]     Checking hyper v1.11.1
[INFO] [stderr]     Checking tower v0.5.3
[INFO] [stderr]     Checking hyper-util v0.1.20
[INFO] [stderr]     Checking axum v0.8.9
[INFO] [stderr]     Checking half v2.7.1
[INFO] [stderr]     Checking ppv-lite86 v0.2.21
[INFO] [stderr]     Checking exr v1.74.2
[INFO] [stderr]     Checking tiff v0.11.3
[INFO] [stderr]     Checking ravif v0.13.0
[INFO] [stderr]     Checking rand_chacha v0.3.1
[INFO] [stderr]     Checking rand v0.8.8
[INFO] [stderr]     Checking image v0.25.10
[INFO] [stderr]     Checking qrcode v0.14.1
[INFO] [stderr]     Checking slipdelete v0.1.0 (/opt/rustwide/workdir)
[INFO] [stdout] error[E0433]: cannot find `windows` in `os`
[INFO] [stdout]  --> src/recycle_bin.rs:2:14
[INFO] [stdout]   |
[INFO] [stdout] 2 | use std::os::windows::prelude::OsStrExt;
[INFO] [stdout]   |              ^^^^^^^ could not find `windows` in `os`
[INFO] [stdout]   |
[INFO] [stdout] note: found an item that was configured out
[INFO] [stdout]  --> /rustc/3154cc1a3e6424e44f438a95007d043ed5ceaaf6/library/std/src/os/mod.rs:62:4
[INFO] [stdout]   |
[INFO] [stdout]   = note: the item is gated behind the `windows` feature
[INFO] [stdout] 
[INFO] [stdout] 
[INFO] [stdout] error[E0433]: cannot find `um` in `winapi`
[INFO] [stdout]  --> src/recycle_bin.rs:4:13
[INFO] [stdout]   |
[INFO] [stdout] 4 | use winapi::um::shellapi::{SHFileOperationW, SHFILEOPSTRUCTW};
[INFO] [stdout]   |             ^^ could not find `um` in `winapi`
[INFO] [stdout] 
[INFO] [stdout] 
[INFO] [stdout] error[E0433]: cannot find `windows` in `os`
[INFO] [stdout]  --> src/recycle_bin.rs:2:14
[INFO] [stdout]   |
[INFO] [stdout] 2 | use std::os::windows::prelude::OsStrExt;
[INFO] [stdout]   |              ^^^^^^^ could not find `windows` in `os`
[INFO] [stdout]   |
[INFO] [stdout] note: found an item that was configured out
[INFO] [stdout]  --> /rustc/3154cc1a3e6424e44f438a95007d043ed5ceaaf6/library/std/src/os/mod.rs:62:4
[INFO] [stdout]   |
[INFO] [stdout]   = note: the item is gated behind the `windows` feature
[INFO] [stdout] 
[INFO] [stdout] 
[INFO] [stdout] error[E0433]: cannot find `um` in `winapi`
[INFO] [stdout]  --> src/recycle_bin.rs:4:13
[INFO] [stdout]   |
[INFO] [stdout] 4 | use winapi::um::shellapi::{SHFileOperationW, SHFILEOPSTRUCTW};
[INFO] [stdout]   |             ^^ could not find `um` in `winapi`
[INFO] [stdout] 
[INFO] [stdout] 
[INFO] [stdout] error[E0599]: no method named `encode_wide` found for reference `&OsStr` in the current scope
[INFO] [stdout]  --> src/recycle_bin.rs:9:10
[INFO] [stdout]   |
[INFO] [stdout] 8 |     let wide: Vec<u16> = OsStr::new(file_path)
[INFO] [stdout] 9 |         .encode_wide()
[INFO] [stdout]   |          ^^^^^^^^^^^ method not found in `&OsStr`
[INFO] [stdout] 
[INFO] [stdout] 
[INFO] [stdout] error[E0599]: no method named `encode_wide` found for reference `&OsStr` in the current scope
[INFO] [stdout]  --> src/recycle_bin.rs:9:10
[INFO] [stdout]   |
[INFO] [stdout] 8 |     let wide: Vec<u16> = OsStr::new(file_path)
[INFO] [stdout] 9 |         .encode_wide()
[INFO] [stdout]   |          ^^^^^^^^^^^ method not found in `&OsStr`
[INFO] [stdout] 
[INFO] [stdout] 
[INFO] [stdout] Some errors have detailed explanations: E0433, E0599.
[INFO] [stdout] 
[INFO] [stdout] Some errors have detailed explanations: E0433, E0599.
[INFO] [stdout] 
[INFO] [stdout] For more information about an error, try `rustc --explain E0433`.
[INFO] [stdout] 
[INFO] [stdout] For more information about an error, try `rustc --explain E0433`.
[INFO] [stdout] 
[INFO] [stderr] error: could not compile `slipdelete` (bin "slipdelete" test) due to 3 previous errors
[INFO] [stderr] warning: build failed, waiting for other jobs to finish...
[INFO] [stderr] error: could not compile `slipdelete` (bin "slipdelete") due to 3 previous errors
[INFO] [stderr] warning: unused dependency `chrono`
[INFO] [stderr]   --> Cargo.toml:12:15
[INFO] [stderr]    |
[INFO] [stderr] 12 | [dependencies.chrono]
[INFO] [stderr]    |               ^^^^^^^
[INFO] [stderr]    |
[INFO] [stderr]    = note: `cargo::unused_dependencies` is set to `warn` by default
[INFO] [stderr] help: consider removing the dependency on `chrono`
[INFO] [stderr] warning: unused dependency `qrcode`
[INFO] [stderr]  --> Cargo.toml:3:1
[INFO] [stderr]   |
[INFO] [stderr] 3 | qrcode = "0.14"
[INFO] [stderr]   | ^^^^^^^^^^^^^^^
[INFO] [stderr]   |
[INFO] [stderr] help: consider removing the dependency on `qrcode`
[INFO] [stderr] warning: unused dependency `tower`
[INFO] [stderr]  --> Cargo.toml:5:1
[INFO] [stderr]   |
[INFO] [stderr] 5 | tower = "0.4"
[INFO] [stderr]   | ^^^^^^^^^^^^^
[INFO] [stderr]   |
[INFO] [stderr] help: consider removing the dependency on `tower`
[INFO] [stderr] warning: unused dependency `tower-http`
[INFO] [stderr]   --> Cargo.toml:32:15
[INFO] [stderr]    |
[INFO] [stderr] 32 | [dependencies.tower-http]
[INFO] [stderr]    |               ^^^^^^^^^^^
[INFO] [stderr]    |
[INFO] [stderr] help: consider removing the dependency on `tower-http`
[INFO] [stderr] warning: unused dependency `walkdir`
[INFO] [stderr]  --> Cargo.toml:6:1
[INFO] [stderr]   |
[INFO] [stderr] 6 | walkdir = "2"
[INFO] [stderr]   | ^^^^^^^^^^^^^
[INFO] [stderr]   |
[INFO] [stderr] help: consider removing the dependency on `walkdir`
[INFO] [stderr] warning: `slipdelete` (manifest) generated 5 warnings
[INFO] running `Command { std: "docker" "inspect" "643dcf48dd5aea824213f550a42d3267e813d01419020eeae68c84963003019e", kill_on_drop: false }`
[INFO] running `Command { std: "docker" "rm" "-f" "643dcf48dd5aea824213f550a42d3267e813d01419020eeae68c84963003019e", kill_on_drop: false }`
[INFO] [stdout] 643dcf48dd5aea824213f550a42d3267e813d01419020eeae68c84963003019e
