[INFO] cloning repository https://github.com/FreddyWordingham/custom_clippy
[INFO] running `Command { std: "git" "-c" "credential.helper=" "-c" "credential.helper=/workspace/cargo-home/bin/git-credential-null" "clone" "--bare" "https://github.com/FreddyWordingham/custom_clippy" "/workspace/cache/git-repos/https%3A%2F%2Fgithub.com%2FFreddyWordingham%2Fcustom_clippy", kill_on_drop: false }`
[INFO] [stderr] Cloning into bare repository '/workspace/cache/git-repos/https%3A%2F%2Fgithub.com%2FFreddyWordingham%2Fcustom_clippy'...
[INFO] running `Command { std: "git" "rev-parse" "HEAD", kill_on_drop: false }`
[INFO] [stdout] 6f8659a85ce8954eb23cbc75a1dba02342e95219
[INFO] checking FreddyWordingham/custom_clippy against 3154cc1a3e6424e44f438a95007d043ed5ceaaf6+rustflags=-Znext-solver=coherence for pr-133502-30
[INFO] running `Command { std: "git" "clone" "/workspace/cache/git-repos/https%3A%2F%2Fgithub.com%2FFreddyWordingham%2Fcustom_clippy" "/workspace/builds/worker-0-tc1/source", kill_on_drop: false }`
[INFO] [stderr] Cloning into '/workspace/builds/worker-0-tc1/source'...
[INFO] [stderr] done.
[INFO] removed /workspace/builds/worker-0-tc1/source/.cargo/config.toml
[INFO] removed /workspace/builds/worker-0-tc1/source/rust-toolchain.toml
[INFO] started tweaking git repo https://github.com/FreddyWordingham/custom_clippy
[INFO] finished tweaking git repo https://github.com/FreddyWordingham/custom_clippy
[INFO] tweaked toml for git repo https://github.com/FreddyWordingham/custom_clippy written to /workspace/builds/worker-0-tc1/source/Cargo.toml
[INFO] validating manifest of git repo https://github.com/FreddyWordingham/custom_clippy on toolchain 3154cc1a3e6424e44f438a95007d043ed5ceaaf6
[INFO] running `Command { std: CARGO_HOME="/workspace/cargo-home" RUSTUP_HOME="/workspace/rustup-home" "/workspace/cargo-home/bin/cargo" "+3154cc1a3e6424e44f438a95007d043ed5ceaaf6" "metadata" "--manifest-path" "Cargo.toml" "--no-deps", kill_on_drop: false }`
[INFO] crate git repo https://github.com/FreddyWordingham/custom_clippy already has a lockfile, it will not be regenerated
[INFO] running `Command { std: CARGO_HOME="/workspace/cargo-home" RUSTUP_HOME="/workspace/rustup-home" "/workspace/cargo-home/bin/cargo" "+3154cc1a3e6424e44f438a95007d043ed5ceaaf6" "fetch" "--manifest-path" "Cargo.toml", kill_on_drop: false }`
[INFO] [stderr]     Updating crates.io index
[INFO] [stderr]  Downloading crates ...
[INFO] [stderr]   Downloaded dylint_internal v6.0.2
[INFO] [stderr]   Downloaded cargo-platform v0.3.3
[INFO] [stderr]   Downloaded dylint_testing v6.0.2
[INFO] [stderr]   Downloaded dylint v6.0.2
[INFO] [stderr]   Downloaded tester v0.9.1
[INFO] [stderr]   Downloaded compiletest_rs v0.11.2
[INFO] [stderr]   Downloaded rustfix v0.8.7
[INFO] [stderr]   Downloaded dylint_linting v6.0.2
[INFO] [stderr]   Downloaded libgit2-sys v0.18.7+1.9.6
[INFO] running `Command { std: "docker" "create" "-v" "/var/lib/crater-agent-workspace/builds/worker-0-tc1/source:/opt/rustwide/workdir:ro,Z" "-v" "/var/lib/crater-agent-workspace/builds/worker-0-tc1/target:/opt/rustwide/target:rw,Z" "-v" "/var/lib/crater-agent-workspace/cargo-home:/opt/rustwide/cargo-home:ro,Z" "-v" "/var/lib/crater-agent-workspace/rustup-home:/opt/rustwide/rustup-home:ro,Z" "-m" "1610612736" "--network" "none" "ghcr.io/rust-lang/crates-build-env/linux@sha256:77db811e55d90add9212f6832c23229e3de5f1c1f9905e8cb07319ea15df73ac" "sleep" "infinity", kill_on_drop: false }`
[INFO] [stdout] c1c038b8bc330a5eee23662496734534170b54537947ba17e48c403ac3af3e68
[INFO] running `Command { std: "docker" "start" "c1c038b8bc330a5eee23662496734534170b54537947ba17e48c403ac3af3e68", kill_on_drop: false }`
[INFO] running `Command { std: "docker" "inspect" "c1c038b8bc330a5eee23662496734534170b54537947ba17e48c403ac3af3e68", kill_on_drop: false }`
[INFO] running `Command { std: "docker" "exec" "-e" "SOURCE_DIR=/opt/rustwide/workdir" "-e" "CARGO_HOME=/opt/rustwide/cargo-home" "-e" "RUSTUP_HOME=/opt/rustwide/rustup-home" "-e" "CARGO_TARGET_DIR=/opt/rustwide/target" "-w" "/opt/rustwide/workdir" "--user" "0:0" "c1c038b8bc330a5eee23662496734534170b54537947ba17e48c403ac3af3e68" "/opt/rustwide/cargo-home/bin/cargo" "+3154cc1a3e6424e44f438a95007d043ed5ceaaf6" "metadata" "--no-deps" "--format-version=1", kill_on_drop: false }`
[INFO] running `Command { std: "docker" "inspect" "c1c038b8bc330a5eee23662496734534170b54537947ba17e48c403ac3af3e68", kill_on_drop: false }`
[INFO] running `Command { std: "docker" "exec" "-e" "SOURCE_DIR=/opt/rustwide/workdir" "-e" "CARGO_HOME=/opt/rustwide/cargo-home" "-e" "RUSTUP_HOME=/opt/rustwide/rustup-home" "-e" "CARGO_TARGET_DIR=/opt/rustwide/target" "-e" "CARGO_INCREMENTAL=0" "-e" "RUST_BACKTRACE=full" "-e" "RUSTFLAGS=--cap-lints=forbid -Znext-solver=coherence" "-e" "RUSTDOCFLAGS=--cap-lints=forbid" "-w" "/opt/rustwide/workdir" "--user" "0:0" "c1c038b8bc330a5eee23662496734534170b54537947ba17e48c403ac3af3e68" "/opt/rustwide/cargo-home/bin/cargo" "+3154cc1a3e6424e44f438a95007d043ed5ceaaf6" "check" "--frozen" "--all" "--all-targets" "--message-format=json", kill_on_drop: false }`
[INFO] [stderr]    Compiling serde_core v1.0.229
[INFO] [stderr]    Compiling serde_json v1.0.151
[INFO] [stderr]    Compiling jobserver v0.1.35
[INFO] [stderr]    Compiling camino v1.2.5
[INFO] [stderr]    Compiling syn v3.0.3
[INFO] [stderr]     Checking aho-corasick v1.1.4
[INFO] [stderr]     Checking log v0.4.33
[INFO] [stderr]     Checking filetime v0.2.29
[INFO] [stderr]     Checking winnow v1.0.4
[INFO] [stderr]     Checking xattr v1.6.1
[INFO] [stderr]    Compiling cc v1.4.0
[INFO] [stderr]     Checking toml_parser v1.1.3+spec-1.1.0
[INFO] [stderr]    Compiling dylint_internal v6.0.2
[INFO] [stderr]     Checking tar v0.4.46
[INFO] [stderr]     Checking regex-automata v0.4.16
[INFO] [stderr]    Compiling syn v2.0.119
[INFO] [stderr]     Checking dirs-sys-next v0.1.2
[INFO] [stderr]    Compiling anstyle v1.0.14
[INFO] [stderr]     Checking dirs-next v2.0.0
[INFO] [stderr]     Checking getopts v0.2.24
[INFO] [stderr]    Compiling libz-sys v1.1.29
[INFO] [stderr]    Compiling libgit2-sys v0.18.7+1.9.6
[INFO] [stderr]    Compiling semver v1.0.28
[INFO] [stderr]    Compiling cargo-platform v0.3.3
[INFO] [stderr]     Checking regex v1.13.1
[INFO] [stderr]    Compiling serde_derive v1.0.229
[INFO] [stderr]    Compiling thiserror-impl v2.0.19
[INFO] [stderr]     Checking toml_datetime v1.1.1+spec-1.1.0
[INFO] [stderr]     Checking serde_spanned v1.1.1
[INFO] [stderr]     Checking toml v1.1.4+spec-1.1.0
[INFO] [stderr]     Checking tracing v0.1.44
[INFO] [stderr]    Compiling thiserror-impl v1.0.69
[INFO] [stderr]     Checking term v0.7.0
[INFO] [stderr]     Checking thiserror v2.0.19
[INFO] [stderr]     Checking num_cpus v1.17.0
[INFO] [stderr]     Checking jiff-core v0.1.0
[INFO] [stderr]    Compiling compiletest_rs v0.11.2
[INFO] [stderr]     Checking tempfile v3.27.0
[INFO] [stderr]     Checking tester v0.9.1
[INFO] [stderr]     Checking env_filter v2.0.0
[INFO] [stderr]     Checking diff v0.1.13
[INFO] [stderr]     Checking thiserror v1.0.69
[INFO] [stderr]     Checking jiff v0.2.35
[INFO] [stderr]    Compiling dylint_linting v6.0.2
[INFO] [stderr]     Checking serde v1.0.229
[INFO] [stderr]     Checking cargo_metadata v0.23.1
[INFO] [stderr]     Checking rustfix v0.8.7
[INFO] [stderr]     Checking env_logger v0.11.11
[INFO] [stderr]    Compiling dylint v6.0.2
[INFO] [stderr]     Checking git2 v0.21.0
[INFO] [stdout] error[E0463]: can't find crate for `rustc_driver`
[INFO] [stdout]    --> /opt/rustwide/cargo-home/registry/src/index.crates.io-1949cf8c6b5b557f/dylint_linting-6.0.2/src/lib.rs:199:1
[INFO] [stdout]     |
[INFO] [stdout] 199 | extern crate rustc_driver;
[INFO] [stdout]     | ^^^^^^^^^^^^^^^^^^^^^^^^^^ can't find crate
[INFO] [stdout]     |
[INFO] [stdout]     = help: maybe you need to install the missing components with: `rustup component add rust-src rustc-dev llvm-tools-preview`
[INFO] [stdout] 
[INFO] [stdout] 
[INFO] [stdout] error[E0463]: can't find crate for `rustc_data_structures`
[INFO] [stdout]    --> /opt/rustwide/cargo-home/registry/src/index.crates.io-1949cf8c6b5b557f/dylint_linting-6.0.2/src/lib.rs:201:1
[INFO] [stdout]     |
[INFO] [stdout] 201 | extern crate rustc_data_structures;
[INFO] [stdout]     | ^^^^^^^^^^^^^^^^^^^^^^^^^^^^^^^^^^^ can't find crate
[INFO] [stdout]     |
[INFO] [stdout]     = help: maybe you need to install the missing components with: `rustup component add rust-src rustc-dev llvm-tools-preview`
[INFO] [stdout] 
[INFO] [stdout] 
[INFO] [stdout] error[E0463]: can't find crate for `rustc_session`
[INFO] [stdout]    --> /opt/rustwide/cargo-home/registry/src/index.crates.io-1949cf8c6b5b557f/dylint_linting-6.0.2/src/lib.rs:202:1
[INFO] [stdout]     |
[INFO] [stdout] 202 | extern crate rustc_session;
[INFO] [stdout]     | ^^^^^^^^^^^^^^^^^^^^^^^^^^^ can't find crate
[INFO] [stdout]     |
[INFO] [stdout]     = help: maybe you need to install the missing components with: `rustup component add rust-src rustc-dev llvm-tools-preview`
[INFO] [stdout] 
[INFO] [stdout] 
[INFO] [stdout] error[E0463]: can't find crate for `rustc_span`
[INFO] [stdout]    --> /opt/rustwide/cargo-home/registry/src/index.crates.io-1949cf8c6b5b557f/dylint_linting-6.0.2/src/lib.rs:203:1
[INFO] [stdout]     |
[INFO] [stdout] 203 | extern crate rustc_span;
[INFO] [stdout]     | ^^^^^^^^^^^^^^^^^^^^^^^^ can't find crate
[INFO] [stdout]     |
[INFO] [stdout]     = help: maybe you need to install the missing components with: `rustup component add rust-src rustc-dev llvm-tools-preview`
[INFO] [stdout] 
[INFO] [stdout] 
[INFO] [stdout] error[E0463]: can't find crate for `rustc_errors`
[INFO] [stdout]    --> /opt/rustwide/cargo-home/registry/src/index.crates.io-1949cf8c6b5b557f/dylint_linting-6.0.2/src/lib.rs:690:1
[INFO] [stdout]     |
[INFO] [stdout] 690 | extern crate rustc_errors;
[INFO] [stdout]     | ^^^^^^^^^^^^^^^^^^^^^^^^^^ can't find crate
[INFO] [stdout]     |
[INFO] [stdout]     = help: maybe you need to install the missing components with: `rustup component add rust-src rustc-dev llvm-tools-preview`
[INFO] [stdout] 
[INFO] [stdout] 
[INFO] [stdout] For more information about this error, try `rustc --explain E0463`.
[INFO] [stdout] 
[INFO] [stderr] error: could not compile `dylint_linting` (lib) due to 5 previous errors
[INFO] [stderr] warning: build failed, waiting for other jobs to finish...
[INFO] running `Command { std: "docker" "inspect" "c1c038b8bc330a5eee23662496734534170b54537947ba17e48c403ac3af3e68", kill_on_drop: false }`
[INFO] running `Command { std: "docker" "rm" "-f" "c1c038b8bc330a5eee23662496734534170b54537947ba17e48c403ac3af3e68", kill_on_drop: false }`
[INFO] [stdout] c1c038b8bc330a5eee23662496734534170b54537947ba17e48c403ac3af3e68
