[INFO] cloning repository https://github.com/Fracizz/clipboard_share
[INFO] running `Command { std: "git" "-c" "credential.helper=" "-c" "credential.helper=/workspace/cargo-home/bin/git-credential-null" "clone" "--bare" "https://github.com/Fracizz/clipboard_share" "/workspace/cache/git-repos/https%3A%2F%2Fgithub.com%2FFracizz%2Fclipboard_share", kill_on_drop: false }`
[INFO] [stderr] Cloning into bare repository '/workspace/cache/git-repos/https%3A%2F%2Fgithub.com%2FFracizz%2Fclipboard_share'...
[INFO] running `Command { std: "git" "rev-parse" "HEAD", kill_on_drop: false }`
[INFO] [stdout] 4de0462daffffaa5260aba977899c87efd45f931
[INFO] checking Fracizz/clipboard_share against 3154cc1a3e6424e44f438a95007d043ed5ceaaf6+rustflags=-Znext-solver=coherence for pr-133502-30
[INFO] running `Command { std: "git" "clone" "/workspace/cache/git-repos/https%3A%2F%2Fgithub.com%2FFracizz%2Fclipboard_share" "/workspace/builds/worker-2-tc1/source", kill_on_drop: false }`
[INFO] [stderr] Cloning into '/workspace/builds/worker-2-tc1/source'...
[INFO] [stderr] done.
[INFO] started tweaking git repo https://github.com/Fracizz/clipboard_share
[INFO] finished tweaking git repo https://github.com/Fracizz/clipboard_share
[INFO] tweaked toml for git repo https://github.com/Fracizz/clipboard_share written to /workspace/builds/worker-2-tc1/source/Cargo.toml
[INFO] validating manifest of git repo https://github.com/Fracizz/clipboard_share on toolchain 3154cc1a3e6424e44f438a95007d043ed5ceaaf6
[INFO] running `Command { std: CARGO_HOME="/workspace/cargo-home" RUSTUP_HOME="/workspace/rustup-home" "/workspace/cargo-home/bin/cargo" "+3154cc1a3e6424e44f438a95007d043ed5ceaaf6" "metadata" "--manifest-path" "Cargo.toml" "--no-deps", kill_on_drop: false }`
[INFO] crate git repo https://github.com/Fracizz/clipboard_share already has a lockfile, it will not be regenerated
[INFO] running `Command { std: CARGO_HOME="/workspace/cargo-home" RUSTUP_HOME="/workspace/rustup-home" "/workspace/cargo-home/bin/cargo" "+3154cc1a3e6424e44f438a95007d043ed5ceaaf6" "fetch" "--manifest-path" "Cargo.toml", kill_on_drop: false }`
[INFO] [stderr]     Updating crates.io index
[INFO] [stderr]  Downloading crates ...
[INFO] [stderr]   Downloaded clap v4.6.5
[INFO] [stderr]   Downloaded base64 v0.23.0
[INFO] [stderr]   Downloaded spake2 v0.4.0
[INFO] [stderr]   Downloaded clap_builder v4.6.5
[INFO] running `Command { std: "docker" "create" "-v" "/var/lib/crater-agent-workspace/builds/worker-2-tc1/source:/opt/rustwide/workdir:ro,Z" "-v" "/var/lib/crater-agent-workspace/builds/worker-2-tc1/target:/opt/rustwide/target:rw,Z" "-v" "/var/lib/crater-agent-workspace/cargo-home:/opt/rustwide/cargo-home:ro,Z" "-v" "/var/lib/crater-agent-workspace/rustup-home:/opt/rustwide/rustup-home:ro,Z" "-m" "1610612736" "--network" "none" "ghcr.io/rust-lang/crates-build-env/linux@sha256:77db811e55d90add9212f6832c23229e3de5f1c1f9905e8cb07319ea15df73ac" "sleep" "infinity", kill_on_drop: false }`
[INFO] [stdout] 9ced409fa3e6f2c45fd758fd4d472511a3918620dcd3b475e93c8df341becf0e
[INFO] running `Command { std: "docker" "start" "9ced409fa3e6f2c45fd758fd4d472511a3918620dcd3b475e93c8df341becf0e", kill_on_drop: false }`
[INFO] running `Command { std: "docker" "inspect" "9ced409fa3e6f2c45fd758fd4d472511a3918620dcd3b475e93c8df341becf0e", kill_on_drop: false }`
[INFO] running `Command { std: "docker" "exec" "-e" "SOURCE_DIR=/opt/rustwide/workdir" "-e" "CARGO_HOME=/opt/rustwide/cargo-home" "-e" "RUSTUP_HOME=/opt/rustwide/rustup-home" "-e" "CARGO_TARGET_DIR=/opt/rustwide/target" "-w" "/opt/rustwide/workdir" "--user" "0:0" "9ced409fa3e6f2c45fd758fd4d472511a3918620dcd3b475e93c8df341becf0e" "/opt/rustwide/cargo-home/bin/cargo" "+3154cc1a3e6424e44f438a95007d043ed5ceaaf6" "metadata" "--no-deps" "--format-version=1", kill_on_drop: false }`
[INFO] running `Command { std: "docker" "inspect" "9ced409fa3e6f2c45fd758fd4d472511a3918620dcd3b475e93c8df341becf0e", kill_on_drop: false }`
[INFO] running `Command { std: "docker" "exec" "-e" "SOURCE_DIR=/opt/rustwide/workdir" "-e" "CARGO_HOME=/opt/rustwide/cargo-home" "-e" "RUSTUP_HOME=/opt/rustwide/rustup-home" "-e" "CARGO_TARGET_DIR=/opt/rustwide/target" "-e" "CARGO_INCREMENTAL=0" "-e" "RUST_BACKTRACE=full" "-e" "RUSTFLAGS=--cap-lints=forbid -Znext-solver=coherence" "-e" "RUSTDOCFLAGS=--cap-lints=forbid" "-w" "/opt/rustwide/workdir" "--user" "0:0" "9ced409fa3e6f2c45fd758fd4d472511a3918620dcd3b475e93c8df341becf0e" "/opt/rustwide/cargo-home/bin/cargo" "+3154cc1a3e6424e44f438a95007d043ed5ceaaf6" "check" "--frozen" "--all" "--all-targets" "--message-format=json", kill_on_drop: false }`
[INFO] [stderr]    Compiling quote v1.0.47
[INFO] [stderr]     Checking futures-core v0.3.33
[INFO] [stderr]    Compiling rustc_version v0.4.1
[INFO] [stderr]     Checking typenum v1.20.1
[INFO] [stderr]    Compiling getrandom v0.4.3
[INFO] [stderr]    Compiling time-core v0.1.9
[INFO] [stderr]     Checking futures-io v0.3.33
[INFO] [stderr]    Compiling num-conv v0.2.2
[INFO] [stderr]    Compiling thiserror v2.0.19
[INFO] [stderr]    Compiling syn v1.0.109
[INFO] [stderr]     Checking futures-task v0.3.33
[INFO] [stderr]    Compiling syn v3.0.3
[INFO] [stderr]    Compiling syn v2.0.119
[INFO] [stderr]    Compiling proc-macro-error-attr v1.0.4
[INFO] [stderr]    Compiling toml_datetime v1.1.1+spec-1.1.0
[INFO] [stderr]     Checking futures-channel v0.3.33
[INFO] [stderr]    Compiling phf_codegen v0.13.1
[INFO] [stderr]    Compiling erased-serde v0.4.10
[INFO] [stderr]    Compiling new_debug_unreachable v1.0.6
[INFO] [stderr]    Compiling string_cache_codegen v0.6.1
[INFO] [stderr]    Compiling parking_lot_core v0.9.12
[INFO] [stderr]    Compiling proc-macro-error v1.0.4
[INFO] [stderr]    Compiling precomputed-hash v0.1.1
[INFO] [stderr]    Compiling serde_json v1.0.151
[INFO] [stderr]    Compiling parking_lot v0.12.5
[INFO] [stderr]    Compiling zmij v1.0.23
[INFO] [stderr]     Checking aho-corasick v1.1.4
[INFO] [stderr]    Compiling serde_spanned v1.1.1
[INFO] [stderr]    Compiling web_atoms v0.2.5
[INFO] [stderr]    Compiling ctor-proc-macro v0.0.7
[INFO] [stderr]     Checking hybrid-array v0.4.14
[INFO] [stderr]    Compiling toml_writer v1.1.2+spec-1.1.0
[INFO] [stderr]     Checking log v0.4.33
[INFO] [stderr]    Compiling string_cache v0.9.0
[INFO] [stderr]    Compiling time-macros v0.2.32
[INFO] [stderr]    Compiling dtoa v1.0.11
[INFO] [stderr]    Compiling dtoa-short v0.3.5
[INFO] [stderr]    Compiling uuid v1.24.0
[INFO] [stderr]    Compiling tendril v0.5.1
[INFO] [stderr]     Checking crypto-common v0.2.2
[INFO] [stderr]     Checking regex-automata v0.4.16
[INFO] [stderr]    Compiling selectors v0.36.1
[INFO] [stderr]    Compiling field-offset v0.3.6
[INFO] [stderr]    Compiling indexmap v1.9.3
[INFO] [stderr]    Compiling camino v1.2.5
[INFO] [stderr]    Compiling unic-char-range v0.9.0
[INFO] [stderr]    Compiling unic-common v0.9.0
[INFO] [stderr]    Compiling alloc-no-stdlib v2.0.4
[INFO] [stderr]    Compiling unic-ucd-version v0.9.0
[INFO] [stderr]    Compiling unic-char-property v0.9.0
[INFO] [stderr]    Compiling alloc-stdlib v0.2.4
[INFO] [stderr]     Checking time v0.3.55
[INFO] [stderr]     Checking block-buffer v0.12.1
[INFO] [stderr]    Compiling toml v1.1.4+spec-1.1.0
[INFO] [stderr]    Compiling typeid v1.0.3
[INFO] [stderr]    Compiling servo_arc v0.4.3
[INFO] [stderr]    Compiling gtk v0.18.2
[INFO] [stderr]    Compiling deranged v0.5.8
[INFO] [stderr]    Compiling schemars v0.8.22
[INFO] [stderr]     Checking cmov v0.5.4
[INFO] [stderr]    Compiling bit-vec v0.8.0
[INFO] [stderr]    Compiling bitflags v2.13.1
[INFO] [stderr]    Compiling cfb v0.7.3
[INFO] [stderr]    Compiling bit-set v0.8.0
[INFO] [stderr]     Checking ctutils v0.4.2
[INFO] [stderr]    Compiling brotli-decompressor v5.0.3
[INFO] [stderr]    Compiling unic-ucd-ident v0.9.0
[INFO] [stderr]     Checking generic-array v0.14.7
[INFO] [stderr]     Checking crossbeam-channel v0.5.16
[INFO] [stderr]    Compiling same-file v1.0.6
[INFO] [stderr]    Compiling synstructure v0.13.2
[INFO] [stderr]    Compiling darling_core v0.23.0
[INFO] [stderr]    Compiling serde_derive_internals v0.29.1
[INFO] [stderr]    Compiling serde_derive v1.0.229
[INFO] [stderr]    Compiling displaydoc v0.2.7
[INFO] [stderr]    Compiling thiserror-impl v2.0.19
[INFO] [stderr]    Compiling regex v1.13.1
[INFO] [stderr]    Compiling foldhash v0.2.0
[INFO] [stderr]     Checking winnow v1.0.4
[INFO] [stderr]    Compiling brotli v8.0.4
[INFO] [stderr]    Compiling walkdir v2.5.0
[INFO] [stderr]    Compiling zerofrom-derive v0.1.7
[INFO] [stderr]    Compiling yoke-derive v0.8.2
[INFO] [stderr]    Compiling zerovec-derive v0.11.3
[INFO] [stderr]    Compiling thiserror-impl v1.0.69
[INFO] [stderr]    Compiling futures-macro v0.3.33
[INFO] [stderr]    Compiling phf_macros v0.13.1
[INFO] [stderr]    Compiling zerofrom v0.1.8
[INFO] [stderr]    Compiling yoke v0.8.3
[INFO] [stderr]     Checking futures-util v0.3.33
[INFO] [stderr]    Compiling zerovec v0.11.6
[INFO] [stderr]    Compiling zerotrie v0.2.4
[INFO] [stderr]     Checking thiserror v1.0.69
[INFO] [stderr]    Compiling darling_macro v0.23.0
[INFO] [stderr]    Compiling phf v0.13.1
[INFO] [stderr]    Compiling darling v0.23.0
[INFO] [stderr]    Compiling serde_with_macros v3.21.0
[INFO] [stderr]    Compiling derive_more-impl v2.1.1
[INFO] [stderr]    Compiling serde v1.0.229
[INFO] [stderr]    Compiling tinystr v0.8.3
[INFO] [stderr]    Compiling icu_locale_core v2.2.0
[INFO] [stderr]    Compiling toml_datetime v0.6.3
[INFO] [stderr]    Compiling serde_spanned v0.6.9
[INFO] [stderr]    Compiling potential_utf v0.1.5
[INFO] [stderr]    Compiling toml_edit v0.20.2
[INFO] [stderr]    Compiling toml_edit v0.19.15
[INFO] [stderr]    Compiling icu_collections v2.2.0
[INFO] [stderr]    Compiling cssparser-macros v0.6.1
[INFO] [stderr]    Compiling icu_provider v2.2.0
[INFO] [stderr]    Compiling cssparser v0.36.0
[INFO] [stderr]     Checking futures-executor v0.3.33
[INFO] [stderr]    Compiling derive_more v2.1.1
[INFO] [stderr]    Compiling markup5ever v0.38.0
[INFO] [stderr]    Compiling icu_normalizer v2.2.0
[INFO] [stderr]    Compiling icu_properties v2.2.0
[INFO] [stderr]    Compiling html5ever v0.38.0
[INFO] [stderr]    Compiling jsonptr v0.6.3
[INFO] [stderr]    Compiling cargo-platform v0.1.9
[INFO] [stderr]    Compiling schemars_derive v0.8.22
[INFO] [stderr]    Compiling cargo_metadata v0.19.2
[INFO] [stderr]    Compiling json-patch v3.0.1
[INFO] [stderr]    Compiling proc-macro-crate v1.3.1
[INFO] [stderr]    Compiling toml v0.8.2
[INFO] [stderr]    Compiling proc-macro-crate v2.0.2
[INFO] [stderr]    Compiling system-deps v6.2.2
[INFO] [stderr]    Compiling idna_adapter v1.2.2
[INFO] [stderr]    Compiling dom_query v0.27.0
[INFO] [stderr]    Compiling idna v1.1.0
[INFO] [stderr]    Compiling gtk3-macros v0.18.2
[INFO] [stderr]    Compiling serde_with v3.21.0
[INFO] [stderr]    Compiling glib-macros v0.18.5
[INFO] [stderr]    Compiling url v2.5.8
[INFO] [stderr]    Compiling glib-sys v0.18.1
[INFO] [stderr]    Compiling gobject-sys v0.18.0
[INFO] [stderr]    Compiling gio-sys v0.18.1
[INFO] [stderr]    Compiling gdk-sys v0.18.2
[INFO] [stderr]    Compiling pango-sys v0.18.0
[INFO] [stderr]    Compiling gdk-pixbuf-sys v0.18.0
[INFO] [stderr]    Compiling cairo-sys-rs v0.18.2
[INFO] [stderr]    Compiling atk-sys v0.18.2
[INFO] [stderr]    Compiling gtk-sys v0.18.2
[INFO] [stderr]    Compiling javascriptcore-rs-sys v1.1.1
[INFO] [stderr]    Compiling urlpattern v0.3.0
[INFO] [stderr]    Compiling soup3-sys v0.5.0
[INFO] [stderr]    Compiling plist v1.10.0
[INFO] [stderr]    Compiling serde-untagged v0.1.9
[INFO] [stderr]    Compiling infer v0.19.0
[INFO] [stderr]    Compiling ctor v0.8.0
[INFO] [stderr]    Compiling anyhow v1.0.104
[INFO] [stderr]    Compiling glob v0.3.4
[INFO] [stderr]    Compiling cc v1.4.0
[INFO] [stderr]    Compiling webkit2gtk-sys v2.0.2
[INFO] [stderr]    Compiling tracing-attributes v0.1.31
[INFO] [stderr]    Compiling enumflags2_derive v0.7.12
[INFO] [stderr]     Checking block-buffer v0.10.4
[INFO] [stderr]     Checking crypto-common v0.1.7
[INFO] [stderr]    Compiling tauri-utils v2.9.3
[INFO] [stderr]     Checking inout v0.2.2
[INFO] [stderr]    Compiling toml_edit v0.25.13+spec-1.1.0
[INFO] [stderr]    Compiling x11 v2.21.0
[INFO] [stderr]    Compiling toml_datetime v0.7.5+spec-1.1.0
[INFO] [stderr]    Compiling winnow v0.7.15
[INFO] [stderr]    Compiling option-ext v0.2.0
[INFO] [stderr]    Compiling dirs-sys v0.5.0
[INFO] [stderr]     Checking tracing v0.1.44
[INFO] [stderr]    Compiling embed-resource v3.0.11
[INFO] [stderr]    Compiling proc-macro-crate v3.5.0
[INFO] [stderr]    Compiling proc-macro2 v1.0.107
[INFO] [stderr]     Checking digest v0.10.7
[INFO] [stderr]     Checking glib v0.18.5
[INFO] [stderr]    Compiling gdkx11-sys v0.18.2
[INFO] [stderr]     Checking dpi v0.1.2
[INFO] [stderr]    Compiling zvariant_utils v3.5.0
[INFO] [stderr]    Compiling rustix v1.1.4
[INFO] [stderr]     Checking digest v0.11.3
[INFO] [stderr]    Compiling tauri-winres v0.3.6
[INFO] [stderr]    Compiling dirs v6.0.0
[INFO] [stderr]    Compiling zvariant_derive v5.13.1
[INFO] [stderr]     Checking futures-lite v2.6.1
[INFO] [stderr]     Checking cipher v0.5.2
[INFO] [stderr]    Compiling tokio-macros v2.7.2
[INFO] [stderr]    Compiling curve25519-dalek v4.1.3
[INFO] [stderr]    Compiling cookie v0.18.1
[INFO] [stderr]    Compiling toml v0.9.12+spec-1.1.0
[INFO] [stderr]     Checking getrandom v0.2.17
[INFO] [stderr]     Checking mio v1.2.2
[INFO] [stderr]    Compiling libdbus-sys v0.2.7
[INFO] [stderr]     Checking socket2 v0.6.5
[INFO] [stderr]    Compiling x11-dl v2.21.0
[INFO] [stderr]     Checking siphasher v1.0.3
[INFO] [stderr]     Checking linux-raw-sys v0.12.1
[INFO] [stderr]     Checking phf_shared v0.13.1
[INFO] [stderr]     Checking rand_core v0.6.4
[INFO] [stderr]     Checking tokio v1.53.1
[INFO] [stderr]     Checking chacha20 v0.10.1
[INFO] [stderr]    Compiling cargo_toml v0.22.3
[INFO] [stderr]     Checking hmac v0.12.1
[INFO] [stderr]    Compiling fdeflate v0.3.7
[INFO] [stderr]     Checking tracing-log v0.2.0
[INFO] [stderr]     Checking toml_parser v1.1.3+spec-1.1.0
[INFO] [stderr]    Compiling curve25519-dalek-derive v0.1.1
[INFO] [stderr]    Compiling windows-interface v0.59.3
[INFO] [stderr]    Compiling windows-implement v0.60.2
[INFO] [stderr]     Checking universal-hash v0.6.1
[INFO] [stderr]     Checking matchers v0.2.0
[INFO] [stderr]     Checking thread_local v1.1.10
[INFO] [stderr]     Checking quick-xml v0.41.0
[INFO] [stderr]    Compiling bitflags v1.3.2
[INFO] [stderr]     Checking clap_builder v4.6.5
[INFO] [stderr]    Compiling png v0.17.16
[INFO] [stderr]     Checking tracing-subscriber v0.3.23
[INFO] [stderr]     Checking windows-core v0.62.2
[INFO] [stderr]     Checking poly1305 v0.9.1
[INFO] [stderr]     Checking hkdf v0.12.4
[INFO] [stderr]     Checking gio v0.18.4
[INFO] [stderr]     Checking cairo-rs v0.18.5
[INFO] [stderr]     Checking atk v0.18.2
[INFO] [stderr]     Checking javascriptcore-rs v1.1.2
[INFO] [stderr]     Checking sha2 v0.10.9
[INFO] [stderr]     Checking polling v3.11.0
[INFO] [stderr]     Checking hmac v0.13.0
[INFO] [stderr]    Compiling enumflags2 v0.7.12
[INFO] [stderr]     Checking aead v0.6.1
[INFO] [stderr]    Compiling dlopen2_derive v0.4.3
[INFO] [stderr]    Compiling tauri-build v2.6.3
[INFO] [stderr]    Compiling clap_derive v4.6.4
[INFO] [stderr]     Checking semver v1.0.28
[INFO] [stderr]    Compiling tauri-runtime v2.11.3
[INFO] [stderr]     Checking symlink v0.1.0
[INFO] [stderr]    Compiling wry v0.55.1
[INFO] [stderr]     Checking keyboard-types v0.7.0
[INFO] [stderr]     Checking tracing-appender v0.2.5
[INFO] [stderr]    Compiling zvariant v5.13.1
[INFO] [stderr]     Checking libappindicator-sys v0.9.0
[INFO] [stderr]     Checking flate2 v1.1.9
[INFO] [stderr]     Checking dlopen2 v0.8.2
[INFO] [stderr]     Checking chacha20poly1305 v0.11.0
[INFO] [stderr]     Checking spake2 v0.4.0
[INFO] [stderr]     Checking hkdf v0.13.0
[INFO] [stderr]     Checking async-io v2.6.0
[INFO] [stderr]     Checking clap v4.6.5
[INFO] [stderr]     Checking dbus v0.9.12
[INFO] [stderr]     Checking windows-collections v0.3.2
[INFO] [stderr]    Compiling ico v0.5.0
[INFO] [stderr]     Checking rand v0.10.2
[INFO] [stderr]     Checking async-channel v2.5.0
[INFO] [stderr]     Checking sha2 v0.11.0
[INFO] [stderr]     Checking gdkwayland-sys v0.18.2
[INFO] [stderr]    Compiling tauri-runtime-wry v2.11.4
[INFO] [stderr]     Checking base64 v0.23.0
[INFO] [stderr]     Checking piper v0.2.5
[INFO] [stderr]     Checking png v0.18.1
[INFO] [stderr]    Compiling tauri-codegen v2.6.3
[INFO] [stderr]     Checking async-signal v0.2.14
[INFO] [stderr]    Compiling serialize-to-javascript-impl v0.1.2
[INFO] [stderr]    Compiling serde_repr v0.1.21
[INFO] [stderr]    Compiling zbus_names v4.3.4
[INFO] [stderr]     Checking serialize-to-javascript v0.1.2
[INFO] [stderr]     Checking async-process v2.5.0
[INFO] [stderr]     Checking clipboard_share v0.1.5 (/opt/rustwide/workdir)
[INFO] [stdout] error: clipboard_share 仅支持 Windows 10 1809 及以上版本
[INFO] [stdout]  --> src/lib.rs:4:1
[INFO] [stdout]   |
[INFO] [stdout] 4 | compile_error!("clipboard_share 仅支持 Windows 10 1809 及以上版本");
[INFO] [stdout]   | ^^^^^^^^^^^^^^^^^^^^^^^^^^^^^^^^^^^^^^^^^^^^^^^^^^^^^^^^^^^^^^^^^^^
[INFO] [stdout] 
[INFO] [stdout] 
[INFO] [stderr]     Checking blocking v1.6.2
[INFO] [stdout] error[E0433]: cannot find `windows` in `os`
[INFO] [stdout]    --> src/service.rs:407:18
[INFO] [stdout]     |
[INFO] [stdout] 407 |     use std::os::windows::process::CommandExt;
[INFO] [stdout]     |                  ^^^^^^^ could not find `windows` in `os`
[INFO] [stdout]     |
[INFO] [stdout] note: found an item that was configured out
[INFO] [stdout]    --> /rustc/3154cc1a3e6424e44f438a95007d043ed5ceaaf6/library/std/src/os/mod.rs:62:4
[INFO] [stdout]     |
[INFO] [stdout]     = note: the item is gated behind the `windows` feature
[INFO] [stdout] 
[INFO] [stdout] 
[INFO] [stdout] error[E0433]: cannot find module or crate `winreg` in this scope
[INFO] [stdout]  --> src/autostart.rs:4:5
[INFO] [stdout]   |
[INFO] [stdout] 4 | use winreg::{RegKey, enums::HKEY_CURRENT_USER};
[INFO] [stdout]   |     ^^^^^^ use of unresolved module or unlinked crate `winreg`
[INFO] [stdout]   |
[INFO] [stdout]   = help: if you wanted to use a crate named `winreg`, use `cargo add winreg` to add it to your `Cargo.toml`
[INFO] [stdout] 
[INFO] [stdout] 
[INFO] [stdout] error[E0433]: cannot find module or crate `windows` in this scope
[INFO] [stdout]   --> src/clipboard.rs:19:5
[INFO] [stdout]    |
[INFO] [stdout] 19 | use windows::{
[INFO] [stdout]    |     ^^^^^^^ use of unresolved module or unlinked crate `windows`
[INFO] [stdout]    |
[INFO] [stdout]    = help: if you wanted to use a crate named `windows`, use `cargo add windows` to add it to your `Cargo.toml`
[INFO] [stdout] 
[INFO] [stdout] 
[INFO] [stdout] error[E0433]: cannot find module or crate `windows` in this scope
[INFO] [stdout]    --> src/config.rs:204:9
[INFO] [stdout]     |
[INFO] [stdout] 204 |     use windows::{
[INFO] [stdout]     |         ^^^^^^^ use of unresolved module or unlinked crate `windows`
[INFO] [stdout]     |
[INFO] [stdout]     = help: if you wanted to use a crate named `windows`, use `cargo add windows` to add it to your `Cargo.toml`
[INFO] [stdout] 
[INFO] [stdout] 
[INFO] [stdout] error[E0433]: cannot find module or crate `windows` in this scope
[INFO] [stdout]    --> src/config.rs:239:9
[INFO] [stdout]     |
[INFO] [stdout] 239 |     use windows::Win32::{
[INFO] [stdout]     |         ^^^^^^^ use of unresolved module or unlinked crate `windows`
[INFO] [stdout]     |
[INFO] [stdout]     = help: if you wanted to use a crate named `windows`, use `cargo add windows` to add it to your `Cargo.toml`
[INFO] [stdout] 
[INFO] [stdout] 
[INFO] [stdout] error[E0433]: cannot find module or crate `windows` in this scope
[INFO] [stdout]  --> src/process_control.rs:5:5
[INFO] [stdout]   |
[INFO] [stdout] 5 | use windows::{
[INFO] [stdout]   |     ^^^^^^^ use of unresolved module or unlinked crate `windows`
[INFO] [stdout]   |
[INFO] [stdout]   = help: if you wanted to use a crate named `windows`, use `cargo add windows` to add it to your `Cargo.toml`
[INFO] [stdout] 
[INFO] [stdout] 
[INFO] [stdout] error[E0433]: cannot find module or crate `windows` in this scope
[INFO] [stdout]  --> src/windows_runtime.rs:4:5
[INFO] [stdout]   |
[INFO] [stdout] 4 | use windows::{
[INFO] [stdout]   |     ^^^^^^^ use of unresolved module or unlinked crate `windows`
[INFO] [stdout]   |
[INFO] [stdout]   = help: if you wanted to use a crate named `windows`, use `cargo add windows` to add it to your `Cargo.toml`
[INFO] [stdout] 
[INFO] [stdout] 
[INFO] [stdout] error[E0432]: unresolved import `winreg`
[INFO] [stdout]  --> src/autostart.rs:4:5
[INFO] [stdout]   |
[INFO] [stdout] 4 | use winreg::{RegKey, enums::HKEY_CURRENT_USER};
[INFO] [stdout]   |     ^^^^^^ use of unresolved module or unlinked crate `winreg`
[INFO] [stdout]   |
[INFO] [stdout]   = help: if you wanted to use a crate named `winreg`, use `cargo add winreg` to add it to your `Cargo.toml`
[INFO] [stdout] 
[INFO] [stdout] 
[INFO] [stderr]     Checking getrandom v0.3.4
[INFO] [stdout] error[E0433]: cannot find module or crate `windows` in this scope
[INFO] [stdout]    --> src/clipboard.rs:230:34
[INFO] [stdout]     |
[INFO] [stdout] 230 |                 let inspectable: windows::core::IInspectable = png_stream.cast()?;
[INFO] [stdout]     |                                  ^^^^^^^ use of unresolved module or unlinked crate `windows`
[INFO] [stdout]     |
[INFO] [stdout]     = help: if you wanted to use a crate named `windows`, use `cargo add windows` to add it to your `Cargo.toml`
[INFO] [stdout] 
[INFO] [stdout] 
[INFO] [stdout] error[E0433]: cannot find module or crate `windows` in this scope
[INFO] [stdout]    --> src/config.rs:231:32
[INFO] [stdout]     |
[INFO] [stdout] 231 |         let _ = LocalFree(Some(windows::Win32::Foundation::HLOCAL(
[INFO] [stdout]     |                                ^^^^^^^ use of unresolved module or unlinked crate `windows`
[INFO] [stdout]     |
[INFO] [stdout]     = help: if you wanted to use a crate named `windows`, use `cargo add windows` to add it to your `Cargo.toml`
[INFO] [stdout] 
[INFO] [stdout] 
[INFO] [stdout] error[E0433]: cannot find module or crate `windows` in this scope
[INFO] [stdout]    --> src/config.rs:263:32
[INFO] [stdout]     |
[INFO] [stdout] 263 |         let _ = LocalFree(Some(windows::Win32::Foundation::HLOCAL(
[INFO] [stdout]     |                                ^^^^^^^ use of unresolved module or unlinked crate `windows`
[INFO] [stdout]     |
[INFO] [stdout]     = help: if you wanted to use a crate named `windows`, use `cargo add windows` to add it to your `Cargo.toml`
[INFO] [stdout] 
[INFO] [stdout] 
[INFO] [stderr]     Checking async-executor v1.14.0
[INFO] [stderr]    Compiling zbus_macros v5.18.0
[INFO] [stdout] warning: method call on a diverging inference variable
[INFO] [stdout]   --> src/clipboard.rs:97:18
[INFO] [stdout]    |
[INFO] [stdout] 97 |     match result.Status()? {
[INFO] [stdout]    |                  ^^^^^^
[INFO] [stdout]    |
[INFO] [stdout]    = help: consider providing a type annotation
[INFO] [stdout]    = warning: this was previously accepted by the compiler but is being phased out; it will become a hard error in a future release!
[INFO] [stdout]    = note: for more information, see issue #156047 <https://github.com/rust-lang/rust/issues/156047>
[INFO] [stdout]    = note: `#[warn(method_call_on_diverging_infer_var)]` (part of `#[warn(future_incompatible)]`) on by default
[INFO] [stdout] 
[INFO] [stdout] 
[INFO] [stderr]     Checking async-broadcast v0.7.2
[INFO] [stderr]    Compiling async-recursion v1.1.1
[INFO] [stdout] error[E0599]: no method named `Status` found for type `!` in the current scope
[INFO] [stdout]   --> src/clipboard.rs:97:18
[INFO] [stdout]    |
[INFO] [stdout] 97 |     match result.Status()? {
[INFO] [stdout]    |                  ^^^^^^ method not found in `!`
[INFO] [stdout] 
[INFO] [stdout] 
[INFO] [stdout] error[E0599]: no method named `Items` found for type `!` in the current scope
[INFO] [stdout]    --> src/clipboard.rs:107:24
[INFO] [stdout]     |
[INFO] [stdout] 107 |     let items = result.Items()?;
[INFO] [stdout]     |                        ^^^^^ method not found in `!`
[INFO] [stdout] 
[INFO] [stdout] 
[INFO] [stdout] warning: unreachable call
[INFO] [stdout]    --> src/clipboard.rs:107:24
[INFO] [stdout]     |
[INFO] [stdout] 107 |     let items = result.Items()?;
[INFO] [stdout]     |                 ------ ^^^^^ unreachable call
[INFO] [stdout]     |                 |
[INFO] [stdout]     |                 any code following this expression is unreachable
[INFO] [stdout]     |
[INFO] [stdout]     = note: `#[warn(unreachable_code)]` (part of `#[warn(unused)]`) on by default
[INFO] [stdout] 
[INFO] [stdout] 
[INFO] [stdout] warning: method call on a diverging inference variable
[INFO] [stdout]    --> src/clipboard.rs:230:75
[INFO] [stdout]     |
[INFO] [stdout] 230 |                 let inspectable: windows::core::IInspectable = png_stream.cast()?;
[INFO] [stdout]     |                                                                           ^^^^
[INFO] [stdout]     |
[INFO] [stdout]     = help: consider providing a type annotation
[INFO] [stdout]     = warning: this was previously accepted by the compiler but is being phased out; it will become a hard error in a future release!
[INFO] [stdout]     = note: for more information, see issue #156047 <https://github.com/rust-lang/rust/issues/156047>
[INFO] [stdout] 
[INFO] [stdout] 
[INFO] [stdout] error[E0599]: no method named `cast` found for type `!` in the current scope
[INFO] [stdout]    --> src/clipboard.rs:230:75
[INFO] [stdout]     |
[INFO] [stdout] 230 |                 let inspectable: windows::core::IInspectable = png_stream.cast()?;
[INFO] [stdout]     |                                                                           ^^^^ method not found in `!`
[INFO] [stdout] 
[INFO] [stdout] 
[INFO] [stdout] warning: method call on a diverging inference variable
[INFO] [stdout]    --> src/clipboard.rs:243:20
[INFO] [stdout]     |
[INFO] [stdout] 243 |     if !root_items.is_empty() {
[INFO] [stdout]     |                    ^^^^^^^^
[INFO] [stdout]     |
[INFO] [stdout]     = help: consider providing a type annotation
[INFO] [stdout]     = warning: this was previously accepted by the compiler but is being phased out; it will become a hard error in a future release!
[INFO] [stdout]     = note: for more information, see issue #156047 <https://github.com/rust-lang/rust/issues/156047>
[INFO] [stdout] 
[INFO] [stdout] 
[INFO] [stdout] error[E0599]: no method named `is_empty` found for type `!` in the current scope
[INFO] [stdout]    --> src/clipboard.rs:243:20
[INFO] [stdout]     |
[INFO] [stdout] 243 |     if !root_items.is_empty() {
[INFO] [stdout]     |                    ^^^^^^^^ method not found in `!`
[INFO] [stdout] 
[INFO] [stdout] 
[INFO] [stdout] error[E0599]: `!` is not an iterator
[INFO] [stdout]    --> src/clipboard.rs:244:60
[INFO] [stdout]     |
[INFO] [stdout] 244 |         let values: Vec<Option<IStorageItem>> = root_items.into_iter().map(Some).collect();
[INFO] [stdout]     |                                                            ^^^^^^^^^ `!` is not an iterator
[INFO] [stdout]     |
[INFO] [stdout]     = note: the following trait bounds were not satisfied:
[INFO] [stdout]             `!: Iterator`
[INFO] [stdout]             which is required by `!: IntoIterator`
[INFO] [stdout]             `&!: Iterator`
[INFO] [stdout]             which is required by `&!: IntoIterator`
[INFO] [stdout]             `&mut !: Iterator`
[INFO] [stdout]             which is required by `&mut !: IntoIterator`
[INFO] [stdout] 
[INFO] [stdout] 
[INFO] [stdout] warning: unreachable call
[INFO] [stdout]    --> src/clipboard.rs:244:60
[INFO] [stdout]     |
[INFO] [stdout] 244 |         let values: Vec<Option<IStorageItem>> = root_items.into_iter().map(Some).collect();
[INFO] [stdout]     |                                                 ---------- ^^^^^^^^^ unreachable call
[INFO] [stdout]     |                                                 |
[INFO] [stdout]     |                                                 any code following this expression is unreachable
[INFO] [stdout] 
[INFO] [stdout] 
[INFO] [stdout] warning: method call on a diverging inference variable
[INFO] [stdout]    --> src/clipboard.rs:315:50
[INFO] [stdout]     |
[INFO] [stdout] 315 |         let size: u64 = char::decode_utf16(value.iter().copied())
[INFO] [stdout]     |                                                  ^^^^
[INFO] [stdout]     |
[INFO] [stdout]     = help: consider providing a type annotation
[INFO] [stdout]     = warning: this was previously accepted by the compiler but is being phased out; it will become a hard error in a future release!
[INFO] [stdout]     = note: for more information, see issue #156047 <https://github.com/rust-lang/rust/issues/156047>
[INFO] [stdout] 
[INFO] [stdout] 
[INFO] [stderr]    Compiling async-trait v0.1.91
[INFO] [stdout] error[E0599]: no method named `iter` found for type `!` in the current scope
[INFO] [stdout]    --> src/clipboard.rs:315:50
[INFO] [stdout]     |
[INFO] [stdout] 315 |         let size: u64 = char::decode_utf16(value.iter().copied())
[INFO] [stdout]     |                                                  ^^^^ method not found in `!`
[INFO] [stdout] 
[INFO] [stdout] 
[INFO] [stdout] warning: unreachable call
[INFO] [stdout]    --> src/clipboard.rs:322:19
[INFO] [stdout]     |
[INFO] [stdout] 322 |             value.to_string().as_bytes(),
[INFO] [stdout]     |             ----- ^^^^^^^^^ unreachable call
[INFO] [stdout]     |             |
[INFO] [stdout]     |             any code following this expression is unreachable
[INFO] [stdout] 
[INFO] [stdout] 
[INFO] [stdout] warning: method call on a diverging inference variable
[INFO] [stdout]    --> src/clipboard.rs:426:51
[INFO] [stdout]     |
[INFO] [stdout] 426 |     let input_stream: IRandomAccessStream = input.cast()?;
[INFO] [stdout]     |                                                   ^^^^
[INFO] [stdout]     |
[INFO] [stdout]     = help: consider providing a type annotation
[INFO] [stdout]     = warning: this was previously accepted by the compiler but is being phased out; it will become a hard error in a future release!
[INFO] [stdout]     = note: for more information, see issue #156047 <https://github.com/rust-lang/rust/issues/156047>
[INFO] [stdout] 
[INFO] [stdout] 
[INFO] [stdout] error[E0599]: no method named `cast` found for type `!` in the current scope
[INFO] [stdout]    --> src/clipboard.rs:426:51
[INFO] [stdout]     |
[INFO] [stdout] 426 |     let input_stream: IRandomAccessStream = input.cast()?;
[INFO] [stdout]     |                                                   ^^^^ method not found in `!`
[INFO] [stdout] 
[INFO] [stdout] 
[INFO] [stdout] warning: method call on a diverging inference variable
[INFO] [stdout]    --> src/clipboard.rs:429:43
[INFO] [stdout]     |
[INFO] [stdout] 429 |     let decoded_bytes = u64::from(decoder.PixelWidth()?)
[INFO] [stdout]     |                                           ^^^^^^^^^^
[INFO] [stdout]     |
[INFO] [stdout]     = help: consider providing a type annotation
[INFO] [stdout]     = warning: this was previously accepted by the compiler but is being phased out; it will become a hard error in a future release!
[INFO] [stdout]     = note: for more information, see issue #156047 <https://github.com/rust-lang/rust/issues/156047>
[INFO] [stdout] 
[INFO] [stdout] 
[INFO] [stdout] error[E0599]: no method named `PixelWidth` found for type `!` in the current scope
[INFO] [stdout]    --> src/clipboard.rs:429:43
[INFO] [stdout]     |
[INFO] [stdout] 429 |     let decoded_bytes = u64::from(decoder.PixelWidth()?)
[INFO] [stdout]     |                                           ^^^^^^^^^^ method not found in `!`
[INFO] [stdout] 
[INFO] [stdout] 
[INFO] [stdout] error[E0599]: no method named `PixelHeight` found for type `!` in the current scope
[INFO] [stdout]    --> src/clipboard.rs:430:43
[INFO] [stdout]     |
[INFO] [stdout] 430 |         .saturating_mul(u64::from(decoder.PixelHeight()?))
[INFO] [stdout]     |                                           ^^^^^^^^^^^ method not found in `!`
[INFO] [stdout] 
[INFO] [stdout] 
[INFO] [stdout] warning: unreachable call
[INFO] [stdout]    --> src/clipboard.rs:430:43
[INFO] [stdout]     |
[INFO] [stdout] 430 |         .saturating_mul(u64::from(decoder.PixelHeight()?))
[INFO] [stdout]     |                                   ------- ^^^^^^^^^^^ unreachable call
[INFO] [stdout]     |                                   |
[INFO] [stdout]     |                                   any code following this expression is unreachable
[INFO] [stdout] 
[INFO] [stdout] 
[INFO] [stdout] error[E0599]: no method named `GetSoftwareBitmapAsync` found for type `!` in the current scope
[INFO] [stdout]    --> src/clipboard.rs:433:28
[INFO] [stdout]     |
[INFO] [stdout] 433 |     let software = decoder.GetSoftwareBitmapAsync()?.await?;
[INFO] [stdout]     |                            ^^^^^^^^^^^^^^^^^^^^^^ method not found in `!`
[INFO] [stdout] 
[INFO] [stdout] 
[INFO] [stdout] warning: unreachable call
[INFO] [stdout]    --> src/clipboard.rs:433:28
[INFO] [stdout]     |
[INFO] [stdout] 433 |     let software = decoder.GetSoftwareBitmapAsync()?.await?;
[INFO] [stdout]     |                    ------- ^^^^^^^^^^^^^^^^^^^^^^ unreachable call
[INFO] [stdout]     |                    |
[INFO] [stdout]     |                    any code following this expression is unreachable
[INFO] [stdout] 
[INFO] [stdout] 
[INFO] [stdout] warning: method call on a diverging inference variable
[INFO] [stdout]    --> src/clipboard.rs:438:13
[INFO] [stdout]     |
[INFO] [stdout] 438 |     encoder.SetSoftwareBitmap(&software)?;
[INFO] [stdout]     |             ^^^^^^^^^^^^^^^^^
[INFO] [stdout]     |
[INFO] [stdout]     = help: consider providing a type annotation
[INFO] [stdout]     = warning: this was previously accepted by the compiler but is being phased out; it will become a hard error in a future release!
[INFO] [stdout]     = note: for more information, see issue #156047 <https://github.com/rust-lang/rust/issues/156047>
[INFO] [stdout] 
[INFO] [stdout] 
[INFO] [stdout] error[E0599]: no method named `SetSoftwareBitmap` found for type `!` in the current scope
[INFO] [stdout]    --> src/clipboard.rs:438:13
[INFO] [stdout]     |
[INFO] [stdout] 438 |     encoder.SetSoftwareBitmap(&software)?;
[INFO] [stdout]     |             ^^^^^^^^^^^^^^^^^ method not found in `!`
[INFO] [stdout] 
[INFO] [stdout] 
[INFO] [stdout] error[E0599]: no method named `FlushAsync` found for type `!` in the current scope
[INFO] [stdout]    --> src/clipboard.rs:439:13
[INFO] [stdout]     |
[INFO] [stdout] 439 |     encoder.FlushAsync()?.await?;
[INFO] [stdout]     |             ^^^^^^^^^^ method not found in `!`
[INFO] [stdout] 
[INFO] [stdout] 
[INFO] [stdout] warning: unreachable call
[INFO] [stdout]    --> src/clipboard.rs:439:13
[INFO] [stdout]     |
[INFO] [stdout] 439 |     encoder.FlushAsync()?.await?;
[INFO] [stdout]     |     ------- ^^^^^^^^^^ unreachable call
[INFO] [stdout]     |     |
[INFO] [stdout]     |     any code following this expression is unreachable
[INFO] [stdout] 
[INFO] [stdout] 
[INFO] [stdout] warning: method call on a diverging inference variable
[INFO] [stdout]    --> src/clipboard.rs:454:51
[INFO] [stdout]     |
[INFO] [stdout] 454 |     let stream: IRandomAccessStream = inspectable.cast()?;
[INFO] [stdout]     |                                                   ^^^^
[INFO] [stdout]     |
[INFO] [stdout]     = help: consider providing a type annotation
[INFO] [stdout]     = warning: this was previously accepted by the compiler but is being phased out; it will become a hard error in a future release!
[INFO] [stdout]     = note: for more information, see issue #156047 <https://github.com/rust-lang/rust/issues/156047>
[INFO] [stdout] 
[INFO] [stdout] 
[INFO] [stdout] error[E0599]: no method named `cast` found for type `!` in the current scope
[INFO] [stdout]    --> src/clipboard.rs:454:51
[INFO] [stdout]     |
[INFO] [stdout] 454 |     let stream: IRandomAccessStream = inspectable.cast()?;
[INFO] [stdout]     |                                                   ^^^^ method not found in `!`
[INFO] [stdout] 
[INFO] [stdout] 
[INFO] [stdout] warning: method call on a diverging inference variable
[INFO] [stdout]    --> src/clipboard.rs:463:46
[INFO] [stdout]     |
[INFO] [stdout] 463 |     let stream: IRandomAccessStream = stream.cast()?;
[INFO] [stdout]     |                                              ^^^^
[INFO] [stdout]     |
[INFO] [stdout]     = help: consider providing a type annotation
[INFO] [stdout]     = warning: this was previously accepted by the compiler but is being phased out; it will become a hard error in a future release!
[INFO] [stdout]     = note: for more information, see issue #156047 <https://github.com/rust-lang/rust/issues/156047>
[INFO] [stdout] 
[INFO] [stdout] 
[INFO] [stderr]     Checking ordered-stream v0.2.0
[INFO] [stdout] error[E0599]: no method named `cast` found for type `!` in the current scope
[INFO] [stdout]    --> src/clipboard.rs:463:46
[INFO] [stdout]     |
[INFO] [stdout] 463 |     let stream: IRandomAccessStream = stream.cast()?;
[INFO] [stdout]     |                                              ^^^^ method not found in `!`
[INFO] [stdout] 
[INFO] [stdout] 
[INFO] [stderr]     Checking is-docker v0.2.0
[INFO] [stdout] warning: method call on a diverging inference variable
[INFO] [stdout]    --> src/clipboard.rs:630:18
[INFO] [stdout]     |
[INFO] [stdout] 630 |                 .cast()?
[INFO] [stdout]     |                  ^^^^
[INFO] [stdout]     |
[INFO] [stdout]     = help: consider providing a type annotation
[INFO] [stdout]     = warning: this was previously accepted by the compiler but is being phased out; it will become a hard error in a future release!
[INFO] [stdout]     = note: for more information, see issue #156047 <https://github.com/rust-lang/rust/issues/156047>
[INFO] [stdout] 
[INFO] [stdout] 
[INFO] [stdout] error[E0599]: no method named `cast` found for type `!` in the current scope
[INFO] [stdout]    --> src/clipboard.rs:630:18
[INFO] [stdout]     |
[INFO] [stdout] 628 |             StorageFolder::GetFolderFromPathAsync(&value)?
[INFO] [stdout] 629 |                 .await?
[INFO] [stdout] 630 |                 .cast()?
[INFO] [stdout]     |                  ^^^^ method not found in `!`
[INFO] [stdout] 
[INFO] [stdout] 
[INFO] [stdout] warning: method call on a diverging inference variable
[INFO] [stdout]    --> src/clipboard.rs:632:63
[INFO] [stdout]     |
[INFO] [stdout] 632 |             StorageFile::GetFileFromPathAsync(&value)?.await?.cast()?
[INFO] [stdout]     |                                                               ^^^^
[INFO] [stdout]     |
[INFO] [stdout]     = help: consider providing a type annotation
[INFO] [stdout]     = warning: this was previously accepted by the compiler but is being phased out; it will become a hard error in a future release!
[INFO] [stdout]     = note: for more information, see issue #156047 <https://github.com/rust-lang/rust/issues/156047>
[INFO] [stdout] 
[INFO] [stdout] 
[INFO] [stderr]     Checking heck v0.5.0
[INFO] [stdout] error[E0599]: no method named `cast` found for type `!` in the current scope
[INFO] [stdout]    --> src/clipboard.rs:632:63
[INFO] [stdout]     |
[INFO] [stdout] 632 |             StorageFile::GetFileFromPathAsync(&value)?.await?.cast()?
[INFO] [stdout]     |                                                               ^^^^ method not found in `!`
[INFO] [stdout] 
[INFO] [stdout] 
[INFO] [stderr]     Checking is-wsl v0.4.0
[INFO] [stderr]     Checking open v5.4.4
[INFO] [stdout] error: clipboard_share 仅支持 Windows 10 1809 及以上版本
[INFO] [stdout]  --> src/lib.rs:4:1
[INFO] [stdout]   |
[INFO] [stdout] 4 | compile_error!("clipboard_share 仅支持 Windows 10 1809 及以上版本");
[INFO] [stdout]   | ^^^^^^^^^^^^^^^^^^^^^^^^^^^^^^^^^^^^^^^^^^^^^^^^^^^^^^^^^^^^^^^^^^^
[INFO] [stdout] 
[INFO] [stdout] 
[INFO] [stdout] error[E0433]: cannot find `windows` in `os`
[INFO] [stdout]    --> src/service.rs:407:18
[INFO] [stdout]     |
[INFO] [stdout] 407 |     use std::os::windows::process::CommandExt;
[INFO] [stdout]     |                  ^^^^^^^ could not find `windows` in `os`
[INFO] [stdout]     |
[INFO] [stdout] note: found an item that was configured out
[INFO] [stdout]    --> /rustc/3154cc1a3e6424e44f438a95007d043ed5ceaaf6/library/std/src/os/mod.rs:62:4
[INFO] [stdout]     |
[INFO] [stdout]     = note: the item is gated behind the `windows` feature
[INFO] [stdout] 
[INFO] [stdout] 
[INFO] [stdout] error[E0433]: cannot find module or crate `winreg` in this scope
[INFO] [stdout]  --> src/autostart.rs:4:5
[INFO] [stdout]   |
[INFO] [stdout] 4 | use winreg::{RegKey, enums::HKEY_CURRENT_USER};
[INFO] [stdout]   |     ^^^^^^ use of unresolved module or unlinked crate `winreg`
[INFO] [stdout]   |
[INFO] [stdout]   = help: if you wanted to use a crate named `winreg`, use `cargo add winreg` to add it to your `Cargo.toml`
[INFO] [stdout] 
[INFO] [stdout] 
[INFO] [stdout] error[E0433]: cannot find module or crate `windows` in this scope
[INFO] [stdout]   --> src/clipboard.rs:19:5
[INFO] [stdout]    |
[INFO] [stdout] 19 | use windows::{
[INFO] [stdout]    |     ^^^^^^^ use of unresolved module or unlinked crate `windows`
[INFO] [stdout]    |
[INFO] [stdout]    = help: if you wanted to use a crate named `windows`, use `cargo add windows` to add it to your `Cargo.toml`
[INFO] [stdout] 
[INFO] [stdout] 
[INFO] [stdout] error[E0433]: cannot find module or crate `windows` in this scope
[INFO] [stdout]    --> src/config.rs:204:9
[INFO] [stdout]     |
[INFO] [stdout] 204 |     use windows::{
[INFO] [stdout]     |         ^^^^^^^ use of unresolved module or unlinked crate `windows`
[INFO] [stdout]     |
[INFO] [stdout]     = help: if you wanted to use a crate named `windows`, use `cargo add windows` to add it to your `Cargo.toml`
[INFO] [stdout] 
[INFO] [stdout] 
[INFO] [stdout] error[E0433]: cannot find module or crate `windows` in this scope
[INFO] [stdout]    --> src/config.rs:239:9
[INFO] [stdout]     |
[INFO] [stdout] 239 |     use windows::Win32::{
[INFO] [stdout]     |         ^^^^^^^ use of unresolved module or unlinked crate `windows`
[INFO] [stdout]     |
[INFO] [stdout]     = help: if you wanted to use a crate named `windows`, use `cargo add windows` to add it to your `Cargo.toml`
[INFO] [stdout] 
[INFO] [stdout] 
[INFO] [stdout] error[E0433]: cannot find module or crate `windows` in this scope
[INFO] [stdout]  --> src/process_control.rs:5:5
[INFO] [stdout]   |
[INFO] [stdout] 5 | use windows::{
[INFO] [stdout]   |     ^^^^^^^ use of unresolved module or unlinked crate `windows`
[INFO] [stdout]   |
[INFO] [stdout]   = help: if you wanted to use a crate named `windows`, use `cargo add windows` to add it to your `Cargo.toml`
[INFO] [stdout] 
[INFO] [stdout] 
[INFO] [stdout] error[E0433]: cannot find module or crate `windows` in this scope
[INFO] [stdout]  --> src/windows_runtime.rs:4:5
[INFO] [stdout]   |
[INFO] [stdout] 4 | use windows::{
[INFO] [stdout]   |     ^^^^^^^ use of unresolved module or unlinked crate `windows`
[INFO] [stdout]   |
[INFO] [stdout]   = help: if you wanted to use a crate named `windows`, use `cargo add windows` to add it to your `Cargo.toml`
[INFO] [stdout] 
[INFO] [stdout] 
[INFO] [stdout] error[E0432]: unresolved import `winreg`
[INFO] [stdout]  --> src/autostart.rs:4:5
[INFO] [stdout]   |
[INFO] [stdout] 4 | use winreg::{RegKey, enums::HKEY_CURRENT_USER};
[INFO] [stdout]   |     ^^^^^^ use of unresolved module or unlinked crate `winreg`
[INFO] [stdout]   |
[INFO] [stdout]   = help: if you wanted to use a crate named `winreg`, use `cargo add winreg` to add it to your `Cargo.toml`
[INFO] [stdout] 
[INFO] [stdout] 
[INFO] [stdout] error[E0433]: cannot find module or crate `windows` in this scope
[INFO] [stdout]    --> src/clipboard.rs:230:34
[INFO] [stdout]     |
[INFO] [stdout] 230 |                 let inspectable: windows::core::IInspectable = png_stream.cast()?;
[INFO] [stdout]     |                                  ^^^^^^^ use of unresolved module or unlinked crate `windows`
[INFO] [stdout]     |
[INFO] [stdout]     = help: if you wanted to use a crate named `windows`, use `cargo add windows` to add it to your `Cargo.toml`
[INFO] [stdout] 
[INFO] [stdout] 
[INFO] [stdout] error[E0433]: cannot find module or crate `windows` in this scope
[INFO] [stdout]    --> src/config.rs:231:32
[INFO] [stdout]     |
[INFO] [stdout] 231 |         let _ = LocalFree(Some(windows::Win32::Foundation::HLOCAL(
[INFO] [stdout]     |                                ^^^^^^^ use of unresolved module or unlinked crate `windows`
[INFO] [stdout]     |
[INFO] [stdout]     = help: if you wanted to use a crate named `windows`, use `cargo add windows` to add it to your `Cargo.toml`
[INFO] [stdout] 
[INFO] [stdout] 
[INFO] [stdout] error[E0433]: cannot find module or crate `windows` in this scope
[INFO] [stdout]    --> src/config.rs:263:32
[INFO] [stdout]     |
[INFO] [stdout] 263 |         let _ = LocalFree(Some(windows::Win32::Foundation::HLOCAL(
[INFO] [stdout]     |                                ^^^^^^^ use of unresolved module or unlinked crate `windows`
[INFO] [stdout]     |
[INFO] [stdout]     = help: if you wanted to use a crate named `windows`, use `cargo add windows` to add it to your `Cargo.toml`
[INFO] [stdout] 
[INFO] [stdout] 
[INFO] [stdout] warning: method call on a diverging inference variable
[INFO] [stdout]   --> src/clipboard.rs:97:18
[INFO] [stdout]    |
[INFO] [stdout] 97 |     match result.Status()? {
[INFO] [stdout]    |                  ^^^^^^
[INFO] [stdout]    |
[INFO] [stdout]    = help: consider providing a type annotation
[INFO] [stdout]    = warning: this was previously accepted by the compiler but is being phased out; it will become a hard error in a future release!
[INFO] [stdout]    = note: for more information, see issue #156047 <https://github.com/rust-lang/rust/issues/156047>
[INFO] [stdout]    = note: `#[warn(method_call_on_diverging_infer_var)]` (part of `#[warn(future_incompatible)]`) on by default
[INFO] [stdout] 
[INFO] [stdout] 
[INFO] [stdout] error[E0599]: no method named `Status` found for type `!` in the current scope
[INFO] [stdout]   --> src/clipboard.rs:97:18
[INFO] [stdout]    |
[INFO] [stdout] 97 |     match result.Status()? {
[INFO] [stdout]    |                  ^^^^^^ method not found in `!`
[INFO] [stdout] 
[INFO] [stdout] 
[INFO] [stdout] error[E0599]: no method named `Items` found for type `!` in the current scope
[INFO] [stdout]    --> src/clipboard.rs:107:24
[INFO] [stdout]     |
[INFO] [stdout] 107 |     let items = result.Items()?;
[INFO] [stdout]     |                        ^^^^^ method not found in `!`
[INFO] [stdout] 
[INFO] [stdout] 
[INFO] [stdout] warning: unreachable call
[INFO] [stdout]    --> src/clipboard.rs:107:24
[INFO] [stdout]     |
[INFO] [stdout] 107 |     let items = result.Items()?;
[INFO] [stdout]     |                 ------ ^^^^^ unreachable call
[INFO] [stdout]     |                 |
[INFO] [stdout]     |                 any code following this expression is unreachable
[INFO] [stdout]     |
[INFO] [stdout]     = note: `#[warn(unreachable_code)]` (part of `#[warn(unused)]`) on by default
[INFO] [stdout] 
[INFO] [stdout] 
[INFO] [stdout] warning: method call on a diverging inference variable
[INFO] [stdout]    --> src/clipboard.rs:230:75
[INFO] [stdout]     |
[INFO] [stdout] 230 |                 let inspectable: windows::core::IInspectable = png_stream.cast()?;
[INFO] [stdout]     |                                                                           ^^^^
[INFO] [stdout]     |
[INFO] [stdout]     = help: consider providing a type annotation
[INFO] [stdout]     = warning: this was previously accepted by the compiler but is being phased out; it will become a hard error in a future release!
[INFO] [stdout]     = note: for more information, see issue #156047 <https://github.com/rust-lang/rust/issues/156047>
[INFO] [stdout] 
[INFO] [stdout] 
[INFO] [stdout] error[E0599]: no method named `cast` found for type `!` in the current scope
[INFO] [stdout]    --> src/clipboard.rs:230:75
[INFO] [stdout]     |
[INFO] [stdout] 230 |                 let inspectable: windows::core::IInspectable = png_stream.cast()?;
[INFO] [stdout]     |                                                                           ^^^^ method not found in `!`
[INFO] [stdout] 
[INFO] [stdout] 
[INFO] [stdout] warning: method call on a diverging inference variable
[INFO] [stdout]    --> src/clipboard.rs:243:20
[INFO] [stdout]     |
[INFO] [stdout] 243 |     if !root_items.is_empty() {
[INFO] [stdout]     |                    ^^^^^^^^
[INFO] [stdout]     |
[INFO] [stdout]     = help: consider providing a type annotation
[INFO] [stdout]     = warning: this was previously accepted by the compiler but is being phased out; it will become a hard error in a future release!
[INFO] [stdout]     = note: for more information, see issue #156047 <https://github.com/rust-lang/rust/issues/156047>
[INFO] [stdout] 
[INFO] [stdout] 
[INFO] [stdout] error[E0599]: no method named `is_empty` found for type `!` in the current scope
[INFO] [stdout]    --> src/clipboard.rs:243:20
[INFO] [stdout]     |
[INFO] [stdout] 243 |     if !root_items.is_empty() {
[INFO] [stdout]     |                    ^^^^^^^^ method not found in `!`
[INFO] [stdout] 
[INFO] [stdout] 
[INFO] [stdout] error[E0599]: `!` is not an iterator
[INFO] [stdout]    --> src/clipboard.rs:244:60
[INFO] [stdout]     |
[INFO] [stdout] 244 |         let values: Vec<Option<IStorageItem>> = root_items.into_iter().map(Some).collect();
[INFO] [stdout]     |                                                            ^^^^^^^^^ `!` is not an iterator
[INFO] [stdout]     |
[INFO] [stdout]     = note: the following trait bounds were not satisfied:
[INFO] [stdout]             `!: Iterator`
[INFO] [stdout]             which is required by `!: IntoIterator`
[INFO] [stdout]             `&!: Iterator`
[INFO] [stdout]             which is required by `&!: IntoIterator`
[INFO] [stdout]             `&mut !: Iterator`
[INFO] [stdout]             which is required by `&mut !: IntoIterator`
[INFO] [stdout] 
[INFO] [stdout] 
[INFO] [stdout] warning: unreachable call
[INFO] [stdout]    --> src/clipboard.rs:244:60
[INFO] [stdout]     |
[INFO] [stdout] 244 |         let values: Vec<Option<IStorageItem>> = root_items.into_iter().map(Some).collect();
[INFO] [stdout]     |                                                 ---------- ^^^^^^^^^ unreachable call
[INFO] [stdout]     |                                                 |
[INFO] [stdout]     |                                                 any code following this expression is unreachable
[INFO] [stdout] 
[INFO] [stdout] 
[INFO] [stdout] warning: method call on a diverging inference variable
[INFO] [stdout]    --> src/clipboard.rs:315:50
[INFO] [stdout]     |
[INFO] [stdout] 315 |         let size: u64 = char::decode_utf16(value.iter().copied())
[INFO] [stdout]     |                                                  ^^^^
[INFO] [stdout]     |
[INFO] [stdout]     = help: consider providing a type annotation
[INFO] [stdout]     = warning: this was previously accepted by the compiler but is being phased out; it will become a hard error in a future release!
[INFO] [stdout]     = note: for more information, see issue #156047 <https://github.com/rust-lang/rust/issues/156047>
[INFO] [stdout] 
[INFO] [stdout] 
[INFO] [stdout] error[E0599]: no method named `creation_flags` found for mutable reference `&mut std::process::Command` in the current scope
[INFO] [stdout]    --> src/service.rs:415:10
[INFO] [stdout]     |
[INFO] [stdout] 412 |     Command::new(executable)
[INFO] [stdout] 413 |         .arg("daemon")
[INFO] [stdout] 414 |         .env("CLIPBOARD_SHARE_BACKGROUND", "1")
[INFO] [stdout] 415 |         .creation_flags(CREATE_NO_WINDOW)
[INFO] [stdout]     |          ^^^^^^^^^^^^^^ method not found in `&mut std::process::Command`
[INFO] [stdout] 
[INFO] [stdout] 
[INFO] [stdout] error[E0599]: no method named `iter` found for type `!` in the current scope
[INFO] [stdout]    --> src/clipboard.rs:315:50
[INFO] [stdout]     |
[INFO] [stdout] 315 |         let size: u64 = char::decode_utf16(value.iter().copied())
[INFO] [stdout]     |                                                  ^^^^ method not found in `!`
[INFO] [stdout] 
[INFO] [stdout] 
[INFO] [stdout] warning: unreachable call
[INFO] [stdout]    --> src/clipboard.rs:322:19
[INFO] [stdout]     |
[INFO] [stdout] 322 |             value.to_string().as_bytes(),
[INFO] [stdout]     |             ----- ^^^^^^^^^ unreachable call
[INFO] [stdout]     |             |
[INFO] [stdout]     |             any code following this expression is unreachable
[INFO] [stdout] 
[INFO] [stdout] 
[INFO] [stdout] warning: method call on a diverging inference variable
[INFO] [stdout]    --> src/clipboard.rs:426:51
[INFO] [stdout]     |
[INFO] [stdout] 426 |     let input_stream: IRandomAccessStream = input.cast()?;
[INFO] [stdout]     |                                                   ^^^^
[INFO] [stdout]     |
[INFO] [stdout]     = help: consider providing a type annotation
[INFO] [stdout]     = warning: this was previously accepted by the compiler but is being phased out; it will become a hard error in a future release!
[INFO] [stdout]     = note: for more information, see issue #156047 <https://github.com/rust-lang/rust/issues/156047>
[INFO] [stdout] 
[INFO] [stdout] 
[INFO] [stdout] error[E0599]: no method named `cast` found for type `!` in the current scope
[INFO] [stdout]    --> src/clipboard.rs:426:51
[INFO] [stdout]     |
[INFO] [stdout] 426 |     let input_stream: IRandomAccessStream = input.cast()?;
[INFO] [stdout]     |                                                   ^^^^ method not found in `!`
[INFO] [stdout] 
[INFO] [stdout] 
[INFO] [stdout] warning: method call on a diverging inference variable
[INFO] [stdout]    --> src/clipboard.rs:429:43
[INFO] [stdout]     |
[INFO] [stdout] 429 |     let decoded_bytes = u64::from(decoder.PixelWidth()?)
[INFO] [stdout]     |                                           ^^^^^^^^^^
[INFO] [stdout]     |
[INFO] [stdout]     = help: consider providing a type annotation
[INFO] [stdout]     = warning: this was previously accepted by the compiler but is being phased out; it will become a hard error in a future release!
[INFO] [stdout]     = note: for more information, see issue #156047 <https://github.com/rust-lang/rust/issues/156047>
[INFO] [stdout] 
[INFO] [stdout] 
[INFO] [stdout] error[E0599]: no method named `PixelWidth` found for type `!` in the current scope
[INFO] [stdout]    --> src/clipboard.rs:429:43
[INFO] [stdout]     |
[INFO] [stdout] 429 |     let decoded_bytes = u64::from(decoder.PixelWidth()?)
[INFO] [stdout]     |                                           ^^^^^^^^^^ method not found in `!`
[INFO] [stdout] 
[INFO] [stdout] 
[INFO] [stdout] error[E0599]: no method named `PixelHeight` found for type `!` in the current scope
[INFO] [stdout]    --> src/clipboard.rs:430:43
[INFO] [stdout]     |
[INFO] [stdout] 430 |         .saturating_mul(u64::from(decoder.PixelHeight()?))
[INFO] [stdout]     |                                           ^^^^^^^^^^^ method not found in `!`
[INFO] [stdout] 
[INFO] [stdout] 
[INFO] [stdout] warning: unreachable call
[INFO] [stdout]    --> src/clipboard.rs:430:43
[INFO] [stdout]     |
[INFO] [stdout] 430 |         .saturating_mul(u64::from(decoder.PixelHeight()?))
[INFO] [stdout]     |                                   ------- ^^^^^^^^^^^ unreachable call
[INFO] [stdout]     |                                   |
[INFO] [stdout]     |                                   any code following this expression is unreachable
[INFO] [stdout] 
[INFO] [stdout] 
[INFO] [stdout] error[E0599]: no method named `GetSoftwareBitmapAsync` found for type `!` in the current scope
[INFO] [stdout]    --> src/clipboard.rs:433:28
[INFO] [stdout]     |
[INFO] [stdout] 433 |     let software = decoder.GetSoftwareBitmapAsync()?.await?;
[INFO] [stdout]     |                            ^^^^^^^^^^^^^^^^^^^^^^ method not found in `!`
[INFO] [stdout] 
[INFO] [stdout] 
[INFO] [stdout] warning: unreachable call
[INFO] [stdout]    --> src/clipboard.rs:433:28
[INFO] [stdout]     |
[INFO] [stdout] 433 |     let software = decoder.GetSoftwareBitmapAsync()?.await?;
[INFO] [stdout]     |                    ------- ^^^^^^^^^^^^^^^^^^^^^^ unreachable call
[INFO] [stdout]     |                    |
[INFO] [stdout]     |                    any code following this expression is unreachable
[INFO] [stdout] 
[INFO] [stdout] 
[INFO] [stdout] warning: method call on a diverging inference variable
[INFO] [stdout]    --> src/clipboard.rs:438:13
[INFO] [stdout]     |
[INFO] [stdout] 438 |     encoder.SetSoftwareBitmap(&software)?;
[INFO] [stdout]     |             ^^^^^^^^^^^^^^^^^
[INFO] [stdout]     |
[INFO] [stdout]     = help: consider providing a type annotation
[INFO] [stdout]     = warning: this was previously accepted by the compiler but is being phased out; it will become a hard error in a future release!
[INFO] [stdout]     = note: for more information, see issue #156047 <https://github.com/rust-lang/rust/issues/156047>
[INFO] [stdout] 
[INFO] [stdout] 
[INFO] [stdout] error[E0599]: no method named `SetSoftwareBitmap` found for type `!` in the current scope
[INFO] [stdout]    --> src/clipboard.rs:438:13
[INFO] [stdout]     |
[INFO] [stdout] 438 |     encoder.SetSoftwareBitmap(&software)?;
[INFO] [stdout]     |             ^^^^^^^^^^^^^^^^^ method not found in `!`
[INFO] [stdout] 
[INFO] [stdout] 
[INFO] [stdout] error[E0599]: no method named `FlushAsync` found for type `!` in the current scope
[INFO] [stdout]    --> src/clipboard.rs:439:13
[INFO] [stdout]     |
[INFO] [stdout] 439 |     encoder.FlushAsync()?.await?;
[INFO] [stdout]     |             ^^^^^^^^^^ method not found in `!`
[INFO] [stdout] 
[INFO] [stdout] 
[INFO] [stdout] warning: unreachable call
[INFO] [stdout]    --> src/clipboard.rs:439:13
[INFO] [stdout]     |
[INFO] [stdout] 439 |     encoder.FlushAsync()?.await?;
[INFO] [stdout]     |     ------- ^^^^^^^^^^ unreachable call
[INFO] [stdout]     |     |
[INFO] [stdout]     |     any code following this expression is unreachable
[INFO] [stdout] 
[INFO] [stdout] 
[INFO] [stdout] warning: method call on a diverging inference variable
[INFO] [stdout]    --> src/clipboard.rs:454:51
[INFO] [stdout]     |
[INFO] [stdout] 454 |     let stream: IRandomAccessStream = inspectable.cast()?;
[INFO] [stdout]     |                                                   ^^^^
[INFO] [stdout]     |
[INFO] [stdout]     = help: consider providing a type annotation
[INFO] [stdout]     = warning: this was previously accepted by the compiler but is being phased out; it will become a hard error in a future release!
[INFO] [stdout]     = note: for more information, see issue #156047 <https://github.com/rust-lang/rust/issues/156047>
[INFO] [stdout] 
[INFO] [stdout] 
[INFO] [stdout] error[E0599]: no method named `cast` found for type `!` in the current scope
[INFO] [stdout]    --> src/clipboard.rs:454:51
[INFO] [stdout]     |
[INFO] [stdout] 454 |     let stream: IRandomAccessStream = inspectable.cast()?;
[INFO] [stdout]     |                                                   ^^^^ method not found in `!`
[INFO] [stdout] 
[INFO] [stdout] 
[INFO] [stdout] warning: method call on a diverging inference variable
[INFO] [stdout]    --> src/clipboard.rs:463:46
[INFO] [stdout]     |
[INFO] [stdout] 463 |     let stream: IRandomAccessStream = stream.cast()?;
[INFO] [stdout]     |                                              ^^^^
[INFO] [stdout]     |
[INFO] [stdout]     = help: consider providing a type annotation
[INFO] [stdout]     = warning: this was previously accepted by the compiler but is being phased out; it will become a hard error in a future release!
[INFO] [stdout]     = note: for more information, see issue #156047 <https://github.com/rust-lang/rust/issues/156047>
[INFO] [stdout] 
[INFO] [stdout] 
[INFO] [stdout] error[E0599]: no method named `cast` found for type `!` in the current scope
[INFO] [stdout]    --> src/clipboard.rs:463:46
[INFO] [stdout]     |
[INFO] [stdout] 463 |     let stream: IRandomAccessStream = stream.cast()?;
[INFO] [stdout]     |                                              ^^^^ method not found in `!`
[INFO] [stdout] 
[INFO] [stdout] 
[INFO] [stdout] warning: method call on a diverging inference variable
[INFO] [stdout]    --> src/clipboard.rs:630:18
[INFO] [stdout]     |
[INFO] [stdout] 630 |                 .cast()?
[INFO] [stdout]     |                  ^^^^
[INFO] [stdout]     |
[INFO] [stdout]     = help: consider providing a type annotation
[INFO] [stdout]     = warning: this was previously accepted by the compiler but is being phased out; it will become a hard error in a future release!
[INFO] [stdout]     = note: for more information, see issue #156047 <https://github.com/rust-lang/rust/issues/156047>
[INFO] [stdout] 
[INFO] [stdout] 
[INFO] [stdout] error[E0599]: no method named `cast` found for type `!` in the current scope
[INFO] [stdout]    --> src/clipboard.rs:630:18
[INFO] [stdout]     |
[INFO] [stdout] 628 |             StorageFolder::GetFolderFromPathAsync(&value)?
[INFO] [stdout] 629 |                 .await?
[INFO] [stdout] 630 |                 .cast()?
[INFO] [stdout]     |                  ^^^^ method not found in `!`
[INFO] [stdout] 
[INFO] [stdout] 
[INFO] [stdout] warning: method call on a diverging inference variable
[INFO] [stdout]    --> src/clipboard.rs:632:63
[INFO] [stdout]     |
[INFO] [stdout] 632 |             StorageFile::GetFileFromPathAsync(&value)?.await?.cast()?
[INFO] [stdout]     |                                                               ^^^^
[INFO] [stdout]     |
[INFO] [stdout]     = help: consider providing a type annotation
[INFO] [stdout]     = warning: this was previously accepted by the compiler but is being phased out; it will become a hard error in a future release!
[INFO] [stdout]     = note: for more information, see issue #156047 <https://github.com/rust-lang/rust/issues/156047>
[INFO] [stdout] 
[INFO] [stdout] 
[INFO] [stdout] error[E0599]: no method named `cast` found for type `!` in the current scope
[INFO] [stdout]    --> src/clipboard.rs:632:63
[INFO] [stdout]     |
[INFO] [stdout] 632 |             StorageFile::GetFileFromPathAsync(&value)?.await?.cast()?
[INFO] [stdout]     |                                                               ^^^^ method not found in `!`
[INFO] [stdout] 
[INFO] [stdout] 
[INFO] [stdout] Some errors have detailed explanations: E0432, E0433, E0599.
[INFO] [stdout] 
[INFO] [stdout] For more information about an error, try `rustc --explain E0432`.
[INFO] [stdout] 
[INFO] [stderr] error: could not compile `clipboard_share` (lib) due to 29 previous errors; 28 warnings emitted
[INFO] [stderr] warning: build failed, waiting for other jobs to finish...
[INFO] [stdout] error[E0599]: no method named `creation_flags` found for mutable reference `&mut std::process::Command` in the current scope
[INFO] [stdout]    --> src/service.rs:415:10
[INFO] [stdout]     |
[INFO] [stdout] 412 |     Command::new(executable)
[INFO] [stdout] 413 |         .arg("daemon")
[INFO] [stdout] 414 |         .env("CLIPBOARD_SHARE_BACKGROUND", "1")
[INFO] [stdout] 415 |         .creation_flags(CREATE_NO_WINDOW)
[INFO] [stdout]     |          ^^^^^^^^^^^^^^ method not found in `&mut std::process::Command`
[INFO] [stdout] 
[INFO] [stdout] 
[INFO] [stdout] Some errors have detailed explanations: E0432, E0433, E0599.
[INFO] [stdout] 
[INFO] [stdout] For more information about an error, try `rustc --explain E0432`.
[INFO] [stdout] 
[INFO] [stderr] error: could not compile `clipboard_share` (lib test) due to 29 previous errors; 28 warnings emitted
[INFO] running `Command { std: "docker" "inspect" "9ced409fa3e6f2c45fd758fd4d472511a3918620dcd3b475e93c8df341becf0e", kill_on_drop: false }`
[INFO] running `Command { std: "docker" "rm" "-f" "9ced409fa3e6f2c45fd758fd4d472511a3918620dcd3b475e93c8df341becf0e", kill_on_drop: false }`
[INFO] [stdout] 9ced409fa3e6f2c45fd758fd4d472511a3918620dcd3b475e93c8df341becf0e
