[INFO] cloning repository https://github.com/Foreverpox999/jarvis
[INFO] running `Command { std: "git" "-c" "credential.helper=" "-c" "credential.helper=/workspace/cargo-home/bin/git-credential-null" "clone" "--bare" "https://github.com/Foreverpox999/jarvis" "/workspace/cache/git-repos/https%3A%2F%2Fgithub.com%2FForeverpox999%2Fjarvis", kill_on_drop: false }`
[INFO] [stderr] Cloning into bare repository '/workspace/cache/git-repos/https%3A%2F%2Fgithub.com%2FForeverpox999%2Fjarvis'...
[INFO] running `Command { std: "git" "rev-parse" "HEAD", kill_on_drop: false }`
[INFO] [stdout] 43185d336090c77ce857b66eca5d361d97aceb5e
[INFO] checking Foreverpox999/jarvis against 3154cc1a3e6424e44f438a95007d043ed5ceaaf6+rustflags=-Znext-solver=coherence for pr-133502-30
[INFO] running `Command { std: "git" "clone" "/workspace/cache/git-repos/https%3A%2F%2Fgithub.com%2FForeverpox999%2Fjarvis" "/workspace/builds/worker-1-tc1/source", kill_on_drop: false }`
[INFO] [stderr] Cloning into '/workspace/builds/worker-1-tc1/source'...
[INFO] [stderr] done.
[INFO] started tweaking git repo https://github.com/Foreverpox999/jarvis
[INFO] finished tweaking git repo https://github.com/Foreverpox999/jarvis
[INFO] tweaked toml for git repo https://github.com/Foreverpox999/jarvis written to /workspace/builds/worker-1-tc1/source/Cargo.toml
[INFO] validating manifest of git repo https://github.com/Foreverpox999/jarvis on toolchain 3154cc1a3e6424e44f438a95007d043ed5ceaaf6
[INFO] running `Command { std: CARGO_HOME="/workspace/cargo-home" RUSTUP_HOME="/workspace/rustup-home" "/workspace/cargo-home/bin/cargo" "+3154cc1a3e6424e44f438a95007d043ed5ceaaf6" "metadata" "--manifest-path" "Cargo.toml" "--no-deps", kill_on_drop: false }`
[INFO] crate git repo https://github.com/Foreverpox999/jarvis already has a lockfile, it will not be regenerated
[INFO] running `Command { std: CARGO_HOME="/workspace/cargo-home" RUSTUP_HOME="/workspace/rustup-home" "/workspace/cargo-home/bin/cargo" "+3154cc1a3e6424e44f438a95007d043ed5ceaaf6" "fetch" "--manifest-path" "Cargo.toml", kill_on_drop: false }`
[INFO] [stderr]     Blocking waiting for file lock on package cache
[INFO] running `Command { std: "docker" "create" "-v" "/var/lib/crater-agent-workspace/builds/worker-1-tc1/source:/opt/rustwide/workdir:ro,Z" "-v" "/var/lib/crater-agent-workspace/builds/worker-1-tc1/target:/opt/rustwide/target:rw,Z" "-v" "/var/lib/crater-agent-workspace/cargo-home:/opt/rustwide/cargo-home:ro,Z" "-v" "/var/lib/crater-agent-workspace/rustup-home:/opt/rustwide/rustup-home:ro,Z" "-m" "1610612736" "--network" "none" "ghcr.io/rust-lang/crates-build-env/linux@sha256:77db811e55d90add9212f6832c23229e3de5f1c1f9905e8cb07319ea15df73ac" "sleep" "infinity", kill_on_drop: false }`
[INFO] [stdout] 4ba8eb4796ce01100ca5c4fb6f48964aa5457cca95c29a44a28a408a096c0bbf
[INFO] running `Command { std: "docker" "start" "4ba8eb4796ce01100ca5c4fb6f48964aa5457cca95c29a44a28a408a096c0bbf", kill_on_drop: false }`
[INFO] running `Command { std: "docker" "inspect" "4ba8eb4796ce01100ca5c4fb6f48964aa5457cca95c29a44a28a408a096c0bbf", kill_on_drop: false }`
[INFO] running `Command { std: "docker" "exec" "-e" "SOURCE_DIR=/opt/rustwide/workdir" "-e" "CARGO_HOME=/opt/rustwide/cargo-home" "-e" "RUSTUP_HOME=/opt/rustwide/rustup-home" "-e" "CARGO_TARGET_DIR=/opt/rustwide/target" "-w" "/opt/rustwide/workdir" "--user" "0:0" "4ba8eb4796ce01100ca5c4fb6f48964aa5457cca95c29a44a28a408a096c0bbf" "/opt/rustwide/cargo-home/bin/cargo" "+3154cc1a3e6424e44f438a95007d043ed5ceaaf6" "metadata" "--no-deps" "--format-version=1", kill_on_drop: false }`
[INFO] running `Command { std: "docker" "inspect" "4ba8eb4796ce01100ca5c4fb6f48964aa5457cca95c29a44a28a408a096c0bbf", kill_on_drop: false }`
[INFO] running `Command { std: "docker" "exec" "-e" "SOURCE_DIR=/opt/rustwide/workdir" "-e" "CARGO_HOME=/opt/rustwide/cargo-home" "-e" "RUSTUP_HOME=/opt/rustwide/rustup-home" "-e" "CARGO_TARGET_DIR=/opt/rustwide/target" "-e" "CARGO_INCREMENTAL=0" "-e" "RUST_BACKTRACE=full" "-e" "RUSTFLAGS=--cap-lints=forbid -Znext-solver=coherence" "-e" "RUSTDOCFLAGS=--cap-lints=forbid" "-w" "/opt/rustwide/workdir" "--user" "0:0" "4ba8eb4796ce01100ca5c4fb6f48964aa5457cca95c29a44a28a408a096c0bbf" "/opt/rustwide/cargo-home/bin/cargo" "+3154cc1a3e6424e44f438a95007d043ed5ceaaf6" "check" "--frozen" "--all" "--all-targets" "--message-format=json", kill_on_drop: false }`
[INFO] [stderr]    Compiling alsa-sys v0.3.1
[INFO] [stderr]     Checking bitflags v2.13.1
[INFO] [stderr]    Compiling cpal v0.15.3
[INFO] [stderr]     Checking alsa v0.9.1
[INFO] [stderr]     Checking jarvis v0.1.0 (/opt/rustwide/workdir)
[INFO] [stdout] error[E0433]: cannot find `windows` in `os`
[INFO] [stdout]  --> src/voice.rs:5:9
[INFO] [stdout]   |
[INFO] [stdout] 5 |     os::windows::ffi::OsStrExt,
[INFO] [stdout]   |         ^^^^^^^ could not find `windows` in `os`
[INFO] [stdout]   |
[INFO] [stdout] note: found an item that was configured out
[INFO] [stdout]  --> /rustc/3154cc1a3e6424e44f438a95007d043ed5ceaaf6/library/std/src/os/mod.rs:62:4
[INFO] [stdout]   |
[INFO] [stdout]   = note: the item is gated behind the `windows` feature
[INFO] [stdout] 
[INFO] [stdout] 
[INFO] [stdout] error[E0433]: cannot find `windows` in `os`
[INFO] [stdout]  --> src/voice.rs:5:9
[INFO] [stdout]   |
[INFO] [stdout] 5 |     os::windows::ffi::OsStrExt,
[INFO] [stdout]   |         ^^^^^^^ could not find `windows` in `os`
[INFO] [stdout]   |
[INFO] [stdout] note: found an item that was configured out
[INFO] [stdout]  --> /rustc/3154cc1a3e6424e44f438a95007d043ed5ceaaf6/library/std/src/os/mod.rs:62:4
[INFO] [stdout]   |
[INFO] [stdout]   = note: the item is gated behind the `windows` feature
[INFO] [stdout] 
[INFO] [stdout] 
[INFO] [stdout] error[E0599]: no method named `encode_wide` found for reference `&OsStr` in the current scope
[INFO] [stdout]   --> src/voice.rs:56:43
[INFO] [stdout]    |
[INFO] [stdout] 56 |     let wide: Vec<u16> = path.as_os_str().encode_wide().chain(Some(0)).collect();
[INFO] [stdout]    |                                           ^^^^^^^^^^^ method not found in `&OsStr`
[INFO] [stdout] 
[INFO] [stdout] 
[INFO] [stdout] error[E0599]: no method named `encode_wide` found for reference `&OsStr` in the current scope
[INFO] [stdout]   --> src/voice.rs:56:43
[INFO] [stdout]    |
[INFO] [stdout] 56 |     let wide: Vec<u16> = path.as_os_str().encode_wide().chain(Some(0)).collect();
[INFO] [stdout]    |                                           ^^^^^^^^^^^ method not found in `&OsStr`
[INFO] [stdout] 
[INFO] [stdout] 
[INFO] [stdout] error[E0599]: no method named `encode_wide` found for reference `&OsStr` in the current scope
[INFO] [stdout]    --> src/voice.rs:167:14
[INFO] [stdout]     |
[INFO] [stdout] 163 |         let directory: Vec<u16> = path
[INFO] [stdout] 164 |             .parent()
[INFO] [stdout] 165 |             .ok_or("Не найдена папка Vosk.")?
[INFO] [stdout] 166 |             .as_os_str()
[INFO] [stdout] 167 |             .encode_wide()
[INFO] [stdout]     |              ^^^^^^^^^^^ method not found in `&OsStr`
[INFO] [stdout] 
[INFO] [stdout] 
[INFO] [stdout] error[E0599]: no method named `encode_wide` found for reference `&OsStr` in the current scope
[INFO] [stdout]    --> src/voice.rs:173:47
[INFO] [stdout]     |
[INFO] [stdout] 173 |         let wide: Vec<u16> = OsStr::new(path).encode_wide().chain(Some(0)).collect();
[INFO] [stdout]     |                                               ^^^^^^^^^^^ method not found in `&OsStr`
[INFO] [stdout] 
[INFO] [stdout] 
[INFO] [stdout] error[E0599]: no method named `encode_wide` found for reference `&OsStr` in the current scope
[INFO] [stdout]    --> src/voice.rs:167:14
[INFO] [stdout]     |
[INFO] [stdout] 163 |         let directory: Vec<u16> = path
[INFO] [stdout] 164 |             .parent()
[INFO] [stdout] 165 |             .ok_or("Не найдена папка Vosk.")?
[INFO] [stdout] 166 |             .as_os_str()
[INFO] [stdout] 167 |             .encode_wide()
[INFO] [stdout]     |              ^^^^^^^^^^^ method not found in `&OsStr`
[INFO] [stdout] 
[INFO] [stdout] 
[INFO] [stdout] error[E0599]: no method named `encode_wide` found for reference `&OsStr` in the current scope
[INFO] [stdout]    --> src/voice.rs:173:47
[INFO] [stdout]     |
[INFO] [stdout] 173 |         let wide: Vec<u16> = OsStr::new(path).encode_wide().chain(Some(0)).collect();
[INFO] [stdout]     |                                               ^^^^^^^^^^^ method not found in `&OsStr`
[INFO] [stdout] 
[INFO] [stdout] 
[INFO] [stdout] Some errors have detailed explanations: E0433, E0599.
[INFO] [stdout] 
[INFO] [stdout] For more information about an error, try `rustc --explain E0433`.
[INFO] [stdout] 
[INFO] [stdout] Some errors have detailed explanations: E0433, E0599.
[INFO] [stdout] 
[INFO] [stdout] For more information about an error, try `rustc --explain E0433`.
[INFO] [stdout] 
[INFO] [stderr] error: could not compile `jarvis` (bin "jarvis") due to 4 previous errors
[INFO] [stderr] warning: build failed, waiting for other jobs to finish...
[INFO] [stderr] error: could not compile `jarvis` (bin "jarvis" test) due to 4 previous errors
[INFO] running `Command { std: "docker" "inspect" "4ba8eb4796ce01100ca5c4fb6f48964aa5457cca95c29a44a28a408a096c0bbf", kill_on_drop: false }`
[INFO] running `Command { std: "docker" "rm" "-f" "4ba8eb4796ce01100ca5c4fb6f48964aa5457cca95c29a44a28a408a096c0bbf", kill_on_drop: false }`
[INFO] [stdout] 4ba8eb4796ce01100ca5c4fb6f48964aa5457cca95c29a44a28a408a096c0bbf
