[INFO] cloning repository https://github.com/FmoOliveira/PoolWatch
[INFO] running `Command { std: "git" "-c" "credential.helper=" "-c" "credential.helper=/workspace/cargo-home/bin/git-credential-null" "clone" "--bare" "https://github.com/FmoOliveira/PoolWatch" "/workspace/cache/git-repos/https%3A%2F%2Fgithub.com%2FFmoOliveira%2FPoolWatch", kill_on_drop: false }`
[INFO] [stderr] Cloning into bare repository '/workspace/cache/git-repos/https%3A%2F%2Fgithub.com%2FFmoOliveira%2FPoolWatch'...
[INFO] running `Command { std: "git" "rev-parse" "HEAD", kill_on_drop: false }`
[INFO] [stdout] 44f8faad20525229595a3229739dd34a4be47f7a
[INFO] checking FmoOliveira/PoolWatch against 3154cc1a3e6424e44f438a95007d043ed5ceaaf6+rustflags=-Znext-solver=coherence for pr-133502-30
[INFO] running `Command { std: "git" "clone" "/workspace/cache/git-repos/https%3A%2F%2Fgithub.com%2FFmoOliveira%2FPoolWatch" "/workspace/builds/worker-5-tc1/source", kill_on_drop: false }`
[INFO] [stderr] Cloning into '/workspace/builds/worker-5-tc1/source'...
[INFO] [stderr] done.
[INFO] started tweaking git repo https://github.com/FmoOliveira/PoolWatch
[INFO] finished tweaking git repo https://github.com/FmoOliveira/PoolWatch
[INFO] tweaked toml for git repo https://github.com/FmoOliveira/PoolWatch written to /workspace/builds/worker-5-tc1/source/Cargo.toml
[INFO] validating manifest of git repo https://github.com/FmoOliveira/PoolWatch on toolchain 3154cc1a3e6424e44f438a95007d043ed5ceaaf6
[INFO] running `Command { std: CARGO_HOME="/workspace/cargo-home" RUSTUP_HOME="/workspace/rustup-home" "/workspace/cargo-home/bin/cargo" "+3154cc1a3e6424e44f438a95007d043ed5ceaaf6" "metadata" "--manifest-path" "Cargo.toml" "--no-deps", kill_on_drop: false }`
[INFO] crate git repo https://github.com/FmoOliveira/PoolWatch already has a lockfile, it will not be regenerated
[INFO] running `Command { std: CARGO_HOME="/workspace/cargo-home" RUSTUP_HOME="/workspace/rustup-home" "/workspace/cargo-home/bin/cargo" "+3154cc1a3e6424e44f438a95007d043ed5ceaaf6" "fetch" "--manifest-path" "Cargo.toml", kill_on_drop: false }`
[INFO] [stderr]     Updating crates.io index
[INFO] [stderr]  Downloading crates ...
[INFO] [stderr]   Downloaded winrt-notification v0.5.1
[INFO] [stderr]   Downloaded compio-log v0.2.0
[INFO] [stderr]   Downloaded strum v0.22.0
[INFO] [stderr]   Downloaded winio-handle v0.7.0
[INFO] [stderr]   Downloaded winio-ui-app-kit v0.6.0
[INFO] [stderr]   Downloaded winio-ui-apple-common v0.1.0
[INFO] [stderr]   Downloaded sync-unsafe-cell v0.1.1
[INFO] [stderr]   Downloaded java-locator v0.1.9
[INFO] [stderr]   Downloaded compio-buf v0.8.3
[INFO] [stderr]   Downloaded winio-primitive v0.2.0
[INFO] [stderr]   Downloaded compio-send-wrapper v0.7.2
[INFO] [stderr]   Downloaded winio-callback v0.1.2
[INFO] [stderr]   Downloaded process_path v0.1.4
[INFO] [stderr]   Downloaded strum_macros v0.22.0
[INFO] [stderr]   Downloaded winio-ui-windows-common v0.7.0
[INFO] [stderr]   Downloaded winio-pollable v0.5.0
[INFO] [stderr]   Downloaded inherit-methods-macro v0.1.0
[INFO] [stderr]   Downloaded synchrony v0.1.9
[INFO] [stderr]   Downloaded mod_use v0.2.3
[INFO] [stderr]   Downloaded winio-layout v0.3.0
[INFO] [stderr]   Downloaded winio-ui-stub v0.1.0
[INFO] [stderr]   Downloaded winio-elm v0.6.0
[INFO] [stderr]   Downloaded objc2-uniform-type-identifiers v0.3.2
[INFO] [stderr]   Downloaded jni-min-helper v0.4.7
[INFO] [stderr]   Downloaded thin-cell v0.2.1
[INFO] [stderr]   Downloaded winio v0.12.0
[INFO] [stderr]   Downloaded winio-ui-winui v0.6.0
[INFO] [stderr]   Downloaded winio-ui-ui-kit v0.1.0
[INFO] [stderr]   Downloaded local-sync v0.1.1
[INFO] [stderr]   Downloaded winio-ui-android v0.1.1
[INFO] [stderr]   Downloaded compio v0.19.1
[INFO] [stderr]   Downloaded tray-icon v0.14.3
[INFO] [stderr]   Downloaded compio-driver v0.12.4
[INFO] [stderr]   Downloaded muda v0.13.5
[INFO] [stderr]   Downloaded slim-detours-sys v0.4.0
[INFO] [stderr]   Downloaded taffy v0.12.2
[INFO] [stderr]   Downloaded winio-winui3 v0.4.5
[INFO] [stderr]   Downloaded windows_x86_64_gnu v0.24.0
[INFO] [stderr]   Downloaded windows_x86_64_msvc v0.24.0
[INFO] [stderr]   Downloaded windows_i686_msvc v0.24.0
[INFO] [stderr]   Downloaded windows_i686_gnu v0.24.0
[INFO] [stderr]   Downloaded windows v0.24.0
[INFO] running `Command { std: "docker" "create" "-v" "/var/lib/crater-agent-workspace/builds/worker-5-tc1/source:/opt/rustwide/workdir:ro,Z" "-v" "/var/lib/crater-agent-workspace/builds/worker-5-tc1/target:/opt/rustwide/target:rw,Z" "-v" "/var/lib/crater-agent-workspace/cargo-home:/opt/rustwide/cargo-home:ro,Z" "-v" "/var/lib/crater-agent-workspace/rustup-home:/opt/rustwide/rustup-home:ro,Z" "-m" "1610612736" "--network" "none" "ghcr.io/rust-lang/crates-build-env/linux@sha256:77db811e55d90add9212f6832c23229e3de5f1c1f9905e8cb07319ea15df73ac" "sleep" "infinity", kill_on_drop: false }`
[INFO] [stdout] fc591defd05b0483579cb99dc191af5e60b291a54fa2e3a5a1a03ed14e7b5ef1
[INFO] running `Command { std: "docker" "start" "fc591defd05b0483579cb99dc191af5e60b291a54fa2e3a5a1a03ed14e7b5ef1", kill_on_drop: false }`
[INFO] running `Command { std: "docker" "inspect" "fc591defd05b0483579cb99dc191af5e60b291a54fa2e3a5a1a03ed14e7b5ef1", kill_on_drop: false }`
[INFO] running `Command { std: "docker" "exec" "-e" "SOURCE_DIR=/opt/rustwide/workdir" "-e" "CARGO_HOME=/opt/rustwide/cargo-home" "-e" "RUSTUP_HOME=/opt/rustwide/rustup-home" "-e" "CARGO_TARGET_DIR=/opt/rustwide/target" "-w" "/opt/rustwide/workdir" "--user" "0:0" "fc591defd05b0483579cb99dc191af5e60b291a54fa2e3a5a1a03ed14e7b5ef1" "/opt/rustwide/cargo-home/bin/cargo" "+3154cc1a3e6424e44f438a95007d043ed5ceaaf6" "metadata" "--no-deps" "--format-version=1", kill_on_drop: false }`
[INFO] running `Command { std: "docker" "inspect" "fc591defd05b0483579cb99dc191af5e60b291a54fa2e3a5a1a03ed14e7b5ef1", kill_on_drop: false }`
[INFO] running `Command { std: "docker" "exec" "-e" "SOURCE_DIR=/opt/rustwide/workdir" "-e" "CARGO_HOME=/opt/rustwide/cargo-home" "-e" "RUSTUP_HOME=/opt/rustwide/rustup-home" "-e" "CARGO_TARGET_DIR=/opt/rustwide/target" "-e" "CARGO_INCREMENTAL=0" "-e" "RUST_BACKTRACE=full" "-e" "RUSTFLAGS=--cap-lints=forbid -Znext-solver=coherence" "-e" "RUSTDOCFLAGS=--cap-lints=forbid" "-w" "/opt/rustwide/workdir" "--user" "0:0" "fc591defd05b0483579cb99dc191af5e60b291a54fa2e3a5a1a03ed14e7b5ef1" "/opt/rustwide/cargo-home/bin/cargo" "+3154cc1a3e6424e44f438a95007d043ed5ceaaf6" "check" "--frozen" "--all" "--all-targets" "--message-format=json", kill_on_drop: false }`
[INFO] [stderr]    Compiling serde v1.0.229
[INFO] [stderr]    Compiling cfg-expr v0.15.8
[INFO] [stderr]    Compiling syn v1.0.109
[INFO] [stderr]    Compiling syn v2.0.119
[INFO] [stderr]     Checking bitflags v2.13.1
[INFO] [stderr]     Checking futures-channel v0.3.33
[INFO] [stderr]    Compiling num-traits v0.2.19
[INFO] [stderr]    Compiling x11 v2.21.0
[INFO] [stderr]     Checking rgb v0.8.53
[INFO] [stderr]    Compiling slotmap v1.1.1
[INFO] [stderr]    Compiling gtk v0.18.2
[INFO] [stderr]    Compiling windows_x86_64_gnu v0.52.6
[INFO] [stderr]    Compiling serde_derive v1.0.229
[INFO] [stderr]    Compiling toml_datetime v0.6.3
[INFO] [stderr]    Compiling serde_spanned v0.6.9
[INFO] [stderr]     Checking winio-handle v0.7.0
[INFO] [stderr]    Compiling toml_edit v0.20.2
[INFO] [stderr]    Compiling toml_edit v0.19.15
[INFO] [stderr]     Checking euclid v0.22.14
[INFO] [stderr]     Checking moxcms v0.8.1
[INFO] [stderr]     Checking libxdo-sys v0.11.0
[INFO] [stderr]     Checking grid v1.0.1
[INFO] [stderr]    Compiling winio v0.12.0
[INFO] [stderr]     Checking dirs-sys v0.4.1
[INFO] [stderr]     Checking taffy v0.12.2
[INFO] [stderr]     Checking winio-primitive v0.2.0
[INFO] [stderr]     Checking libxdo v0.6.0
[INFO] [stderr]     Checking windows-targets v0.52.6
[INFO] [stderr]     Checking crossbeam-channel v0.5.16
[INFO] [stderr]     Checking plotters-backend v0.3.7
[INFO] [stderr]     Checking tuplex v0.1.2
[INFO] [stderr]    Compiling toml v0.8.2
[INFO] [stderr]    Compiling system-deps v6.2.2
[INFO] [stderr]    Compiling proc-macro-crate v2.0.2
[INFO] [stderr]    Compiling proc-macro-crate v1.3.1
[INFO] [stderr]    Compiling proc-macro-error v1.0.4
[INFO] [stderr]    Compiling darling_core v0.13.4
[INFO] [stderr]     Checking winio-layout v0.3.0
[INFO] [stderr]     Checking rayon v1.12.0
[INFO] [stderr]     Checking windows-core v0.52.0
[INFO] [stderr]    Compiling glib-sys v0.18.1
[INFO] [stderr]    Compiling gobject-sys v0.18.0
[INFO] [stderr]    Compiling gio-sys v0.18.1
[INFO] [stderr]    Compiling futures-macro v0.3.33
[INFO] [stderr]    Compiling thiserror-impl v1.0.69
[INFO] [stderr]    Compiling gdk-pixbuf-sys v0.18.0
[INFO] [stderr]    Compiling pango-sys v0.18.0
[INFO] [stderr]    Compiling gdk-sys v0.18.2
[INFO] [stderr]    Compiling atk-sys v0.18.2
[INFO] [stderr]    Compiling cairo-sys-rs v0.18.2
[INFO] [stderr]    Compiling gtk-sys v0.18.2
[INFO] [stderr]    Compiling async-stream-impl v0.3.6
[INFO] [stderr]     Checking futures-util v0.3.33
[INFO] [stderr]     Checking image v0.25.10
[INFO] [stderr]    Compiling glib-macros v0.18.5
[INFO] [stderr]    Compiling gtk3-macros v0.18.2
[INFO] [stderr]     Checking thiserror v1.0.69
[INFO] [stderr]     Checking async-stream v0.3.6
[INFO] [stderr]    Compiling strum_macros v0.22.0
[INFO] [stderr]     Checking keyboard-types v0.7.0
[INFO] [stderr]     Checking dirs v5.0.1
[INFO] [stderr]     Checking compio-log v0.2.0
[INFO] [stderr]     Checking windows v0.24.0
[INFO] [stderr]    Compiling darling_macro v0.13.4
[INFO] [stderr]    Compiling darling v0.13.4
[INFO] [stderr]    Compiling inherit-methods-macro v0.1.0
[INFO] [stderr]     Checking xml-rs v0.8.29
[INFO] [stderr]     Checking winio-ui-stub v0.1.0
[INFO] [stderr]     Checking sysinfo v0.30.13
[INFO] [stderr]     Checking futures-executor v0.3.33
[INFO] [stderr]     Checking winio-elm v0.6.0
[INFO] [stderr]     Checking windows v0.52.0
[INFO] [stderr]     Checking plotters v0.3.7
[INFO] [stderr]     Checking strum v0.22.0
[INFO] [stderr]     Checking futures-timer v3.0.4
[INFO] [stderr]     Checking libappindicator-sys v0.9.0
[INFO] [stderr]     Checking glib v0.18.5
[INFO] [stderr]     Checking winrt-notification v0.5.1
[INFO] [stderr]     Checking gio v0.18.4
[INFO] [stderr]     Checking cairo-rs v0.18.5
[INFO] [stderr]     Checking atk v0.18.2
[INFO] [stderr]     Checking pango v0.18.3
[INFO] [stderr]     Checking gdk-pixbuf v0.18.5
[INFO] [stderr]     Checking gdk v0.18.2
[INFO] [stderr]     Checking muda v0.13.5
[INFO] [stderr]     Checking libappindicator v0.9.0
[INFO] [stderr]     Checking tray-icon v0.14.3
[INFO] [stderr]     Checking poolwatch v0.1.0 (/opt/rustwide/workdir)
[INFO] [stdout] error[E0433]: cannot find `windows` in `os`
[INFO] [stdout]   --> src/history.rs:15:14
[INFO] [stdout]    |
[INFO] [stdout] 15 | use std::os::windows::ffi::OsStrExt;
[INFO] [stdout]    |              ^^^^^^^ could not find `windows` in `os`
[INFO] [stdout]    |
[INFO] [stdout] note: found an item that was configured out
[INFO] [stdout]   --> /rustc/3154cc1a3e6424e44f438a95007d043ed5ceaaf6/library/std/src/os/mod.rs:62:4
[INFO] [stdout]    |
[INFO] [stdout]    = note: the item is gated behind the `windows` feature
[INFO] [stdout] 
[INFO] [stdout] 
[INFO] [stdout] error[E0433]: cannot find `windows` in `os`
[INFO] [stdout]   --> src/history.rs:15:14
[INFO] [stdout]    |
[INFO] [stdout] 15 | use std::os::windows::ffi::OsStrExt;
[INFO] [stdout]    |              ^^^^^^^ could not find `windows` in `os`
[INFO] [stdout]    |
[INFO] [stdout] note: found an item that was configured out
[INFO] [stdout]   --> /rustc/3154cc1a3e6424e44f438a95007d043ed5ceaaf6/library/std/src/os/mod.rs:62:4
[INFO] [stdout]    |
[INFO] [stdout]    = note: the item is gated behind the `windows` feature
[INFO] [stdout] 
[INFO] [stdout] 
[INFO] [stdout] error[E0599]: no method named `encode_wide` found for reference `&OsStr` in the current scope
[INFO] [stdout]    --> src/history.rs:522:48
[INFO] [stdout]     |
[INFO] [stdout] 522 |         let from: Vec<_> = staging.as_os_str().encode_wide().chain(Some(0)).collect();
[INFO] [stdout]     |                                                ^^^^^^^^^^^ method not found in `&OsStr`
[INFO] [stdout] 
[INFO] [stdout] 
[INFO] [stdout] error[E0599]: no method named `encode_wide` found for reference `&OsStr` in the current scope
[INFO] [stdout]    --> src/history.rs:523:43
[INFO] [stdout]     |
[INFO] [stdout] 523 |         let to: Vec<_> = path.as_os_str().encode_wide().chain(Some(0)).collect();
[INFO] [stdout]     |                                           ^^^^^^^^^^^ method not found in `&OsStr`
[INFO] [stdout] 
[INFO] [stdout] 
[INFO] [stdout] error[E0599]: no method named `encode_wide` found for reference `&OsStr` in the current scope
[INFO] [stdout]    --> src/history.rs:522:48
[INFO] [stdout]     |
[INFO] [stdout] 522 |         let from: Vec<_> = staging.as_os_str().encode_wide().chain(Some(0)).collect();
[INFO] [stdout]     |                                                ^^^^^^^^^^^ method not found in `&OsStr`
[INFO] [stdout] 
[INFO] [stdout] 
[INFO] [stdout] error[E0599]: no method named `encode_wide` found for reference `&OsStr` in the current scope
[INFO] [stdout]    --> src/history.rs:523:43
[INFO] [stdout]     |
[INFO] [stdout] 523 |         let to: Vec<_> = path.as_os_str().encode_wide().chain(Some(0)).collect();
[INFO] [stdout]     |                                           ^^^^^^^^^^^ method not found in `&OsStr`
[INFO] [stdout] 
[INFO] [stdout] 
[INFO] [stdout] Some errors have detailed explanations: E0433, E0599.
[INFO] [stdout] 
[INFO] [stdout] For more information about an error, try `rustc --explain E0433`.
[INFO] [stdout] 
[INFO] [stderr] error: could not compile `poolwatch` (lib) due to 3 previous errors
[INFO] [stderr] warning: build failed, waiting for other jobs to finish...
[INFO] [stdout] Some errors have detailed explanations: E0433, E0599.
[INFO] [stdout] 
[INFO] [stdout] For more information about an error, try `rustc --explain E0433`.
[INFO] [stdout] 
[INFO] [stderr] error: could not compile `poolwatch` (lib test) due to 3 previous errors
[INFO] running `Command { std: "docker" "inspect" "fc591defd05b0483579cb99dc191af5e60b291a54fa2e3a5a1a03ed14e7b5ef1", kill_on_drop: false }`
[INFO] running `Command { std: "docker" "rm" "-f" "fc591defd05b0483579cb99dc191af5e60b291a54fa2e3a5a1a03ed14e7b5ef1", kill_on_drop: false }`
[INFO] [stdout] fc591defd05b0483579cb99dc191af5e60b291a54fa2e3a5a1a03ed14e7b5ef1
