[INFO] cloning repository https://github.com/FlynnFc/iracing-overlay
[INFO] running `Command { std: "git" "-c" "credential.helper=" "-c" "credential.helper=/workspace/cargo-home/bin/git-credential-null" "clone" "--bare" "https://github.com/FlynnFc/iracing-overlay" "/workspace/cache/git-repos/https%3A%2F%2Fgithub.com%2FFlynnFc%2Firacing-overlay", kill_on_drop: false }`
[INFO] [stderr] Cloning into bare repository '/workspace/cache/git-repos/https%3A%2F%2Fgithub.com%2FFlynnFc%2Firacing-overlay'...
[INFO] running `Command { std: "git" "rev-parse" "HEAD", kill_on_drop: false }`
[INFO] [stdout] 9d614f18e6af491bcfeb0ec86301b1964c0c2b9d
[INFO] checking FlynnFc/iracing-overlay against 3154cc1a3e6424e44f438a95007d043ed5ceaaf6 for pr-133502-30
[INFO] running `Command { std: "git" "clone" "/workspace/cache/git-repos/https%3A%2F%2Fgithub.com%2FFlynnFc%2Firacing-overlay" "/workspace/builds/worker-4-tc2/source", kill_on_drop: false }`
[INFO] [stderr] Cloning into '/workspace/builds/worker-4-tc2/source'...
[INFO] [stderr] done.
[INFO] started tweaking git repo https://github.com/FlynnFc/iracing-overlay
[INFO] finished tweaking git repo https://github.com/FlynnFc/iracing-overlay
[INFO] tweaked toml for git repo https://github.com/FlynnFc/iracing-overlay written to /workspace/builds/worker-4-tc2/source/Cargo.toml
[INFO] validating manifest of git repo https://github.com/FlynnFc/iracing-overlay on toolchain 3154cc1a3e6424e44f438a95007d043ed5ceaaf6
[INFO] running `Command { std: CARGO_HOME="/workspace/cargo-home" RUSTUP_HOME="/workspace/rustup-home" "/workspace/cargo-home/bin/cargo" "+3154cc1a3e6424e44f438a95007d043ed5ceaaf6" "metadata" "--manifest-path" "Cargo.toml" "--no-deps", kill_on_drop: false }`
[INFO] crate git repo https://github.com/FlynnFc/iracing-overlay already has a lockfile, it will not be regenerated
[INFO] running `Command { std: CARGO_HOME="/workspace/cargo-home" RUSTUP_HOME="/workspace/rustup-home" "/workspace/cargo-home/bin/cargo" "+3154cc1a3e6424e44f438a95007d043ed5ceaaf6" "fetch" "--manifest-path" "Cargo.toml", kill_on_drop: false }`
[INFO] [stderr]     Blocking waiting for file lock on package cache
[INFO] [stderr]     Blocking waiting for file lock on package cache
[INFO] running `Command { std: "docker" "create" "-v" "/var/lib/crater-agent-workspace/builds/worker-4-tc2/source:/opt/rustwide/workdir:ro,Z" "-v" "/var/lib/crater-agent-workspace/builds/worker-4-tc2/target:/opt/rustwide/target:rw,Z" "-v" "/var/lib/crater-agent-workspace/cargo-home:/opt/rustwide/cargo-home:ro,Z" "-v" "/var/lib/crater-agent-workspace/rustup-home:/opt/rustwide/rustup-home:ro,Z" "-m" "1610612736" "--network" "none" "ghcr.io/rust-lang/crates-build-env/linux@sha256:77db811e55d90add9212f6832c23229e3de5f1c1f9905e8cb07319ea15df73ac" "sleep" "infinity", kill_on_drop: false }`
[INFO] [stdout] 19ea9f04f52a1afc8157f5b8e1fa72562e9176a802d4b87216a7800093295ed1
[INFO] running `Command { std: "docker" "start" "19ea9f04f52a1afc8157f5b8e1fa72562e9176a802d4b87216a7800093295ed1", kill_on_drop: false }`
[INFO] running `Command { std: "docker" "inspect" "19ea9f04f52a1afc8157f5b8e1fa72562e9176a802d4b87216a7800093295ed1", kill_on_drop: false }`
[INFO] running `Command { std: "docker" "exec" "-e" "SOURCE_DIR=/opt/rustwide/workdir" "-e" "CARGO_HOME=/opt/rustwide/cargo-home" "-e" "RUSTUP_HOME=/opt/rustwide/rustup-home" "-e" "CARGO_TARGET_DIR=/opt/rustwide/target" "-w" "/opt/rustwide/workdir" "--user" "0:0" "19ea9f04f52a1afc8157f5b8e1fa72562e9176a802d4b87216a7800093295ed1" "/opt/rustwide/cargo-home/bin/cargo" "+3154cc1a3e6424e44f438a95007d043ed5ceaaf6" "metadata" "--no-deps" "--format-version=1", kill_on_drop: false }`
[INFO] running `Command { std: "docker" "inspect" "19ea9f04f52a1afc8157f5b8e1fa72562e9176a802d4b87216a7800093295ed1", kill_on_drop: false }`
[INFO] running `Command { std: "docker" "exec" "-e" "SOURCE_DIR=/opt/rustwide/workdir" "-e" "CARGO_HOME=/opt/rustwide/cargo-home" "-e" "RUSTUP_HOME=/opt/rustwide/rustup-home" "-e" "CARGO_TARGET_DIR=/opt/rustwide/target" "-e" "CARGO_INCREMENTAL=0" "-e" "RUST_BACKTRACE=full" "-e" "RUSTFLAGS=--cap-lints=forbid" "-e" "RUSTDOCFLAGS=--cap-lints=forbid" "-w" "/opt/rustwide/workdir" "--user" "0:0" "19ea9f04f52a1afc8157f5b8e1fa72562e9176a802d4b87216a7800093295ed1" "/opt/rustwide/cargo-home/bin/cargo" "+3154cc1a3e6424e44f438a95007d043ed5ceaaf6" "check" "--frozen" "--all" "--all-targets" "--message-format=json", kill_on_drop: false }`
[INFO] [stderr]    Compiling serde v1.0.228
[INFO] [stderr]    Compiling syn v2.0.118
[INFO] [stderr]    Compiling cfg-expr v0.15.8
[INFO] [stderr]    Compiling syn v3.0.3
[INFO] [stderr]     Checking bitflags v2.13.0
[INFO] [stderr]     Checking futures-sink v0.3.34
[INFO] [stderr]    Compiling syn v1.0.109
[INFO] [stderr]    Compiling proc-macro-error-attr v1.0.4
[INFO] [stderr]     Checking futures-channel v0.3.33
[INFO] [stderr]    Compiling openssl-sys v0.9.117
[INFO] [stderr]    Compiling ahash v0.8.12
[INFO] [stderr]    Compiling gio v0.18.4
[INFO] [stderr]     Checking parking_lot_core v0.9.12
[INFO] [stderr]     Checking mio v1.2.3
[INFO] [stderr]     Checking windows-link v0.2.1
[INFO] [stderr]     Checking parking_lot v0.12.5
[INFO] [stderr]    Compiling openssl v0.10.81
[INFO] [stderr]     Checking encoding_index_tests v0.1.4
[INFO] [stderr]     Checking epaint_default_fonts v0.29.1
[INFO] [stderr]     Checking kurbo v0.9.5
[INFO] [stderr]    Compiling cmake v0.1.58
[INFO] [stderr]     Checking tokio v1.53.1
[INFO] [stderr]    Compiling toml_datetime v0.6.3
[INFO] [stderr]    Compiling serde_spanned v0.6.9
[INFO] [stderr]    Compiling toml_edit v0.19.15
[INFO] [stderr]    Compiling x11 v2.21.0
[INFO] [stderr]    Compiling toml_edit v0.20.2
[INFO] [stderr]    Compiling cgmath v0.18.0
[INFO] [stderr]    Compiling native-tls v0.2.18
[INFO] [stderr]    Compiling phf_shared v0.11.3
[INFO] [stderr]     Checking svgtypes v0.13.0
[INFO] [stderr]    Compiling glfw-sys-passthrough v4.0.4+3.3.5
[INFO] [stderr]     Checking windows-strings v0.5.1
[INFO] [stderr]     Checking windows-result v0.4.1
[INFO] [stderr]     Checking approx v0.4.0
[INFO] [stderr]    Compiling gtk v0.18.2
[INFO] [stderr]    Compiling winnow v1.0.4
[INFO] [stderr]     Checking rctree v0.5.0
[INFO] [stderr]    Compiling proc-macro-error v1.0.4
[INFO] [stderr]    Compiling libxdo-sys v0.11.0
[INFO] [stderr]    Compiling crossbeam-utils v0.8.22
[INFO] [stderr]    Compiling toml_parser v1.1.2+spec-1.1.0
[INFO] [stderr]    Compiling toml v0.8.2
[INFO] [stderr]    Compiling zerovec-derive v0.11.6
[INFO] [stderr]    Compiling displaydoc v0.2.7
[INFO] [stderr]    Compiling system-deps v6.2.2
[INFO] [stderr]    Compiling proc-macro-crate v2.0.2
[INFO] [stderr]    Compiling synstructure v0.13.2
[INFO] [stderr]    Compiling thiserror-impl v2.0.19
[INFO] [stderr]    Compiling proc-macro-crate v1.3.1
[INFO] [stderr]    Compiling glib-sys v0.18.1
[INFO] [stderr]    Compiling gobject-sys v0.18.0
[INFO] [stderr]    Compiling gio-sys v0.18.1
[INFO] [stderr]    Compiling atk-sys v0.18.2
[INFO] [stderr]    Compiling pango-sys v0.18.0
[INFO] [stderr]    Compiling cairo-sys-rs v0.18.2
[INFO] [stderr]    Compiling gdk-sys v0.18.2
[INFO] [stderr]    Compiling gdk-pixbuf-sys v0.18.0
[INFO] [stderr]    Compiling gtk-sys v0.18.2
[INFO] [stderr]    Compiling phf v0.11.3
[INFO] [stderr]     Checking simplecss v0.2.2
[INFO] [stderr]    Compiling serde_spanned v1.1.1
[INFO] [stderr]    Compiling toml_datetime v1.1.1+spec-1.1.0
[INFO] [stderr]     Checking data-url v0.3.2
[INFO] [stderr]     Checking imagesize v0.12.0
[INFO] [stderr]     Checking roxmltree v0.19.0
[INFO] [stderr]    Compiling toml v1.1.2+spec-1.1.0
[INFO] [stderr]     Checking thiserror v2.0.19
[INFO] [stderr]     Checking hyper v1.11.1
[INFO] [stderr]    Compiling mime_guess2 v2.3.1
[INFO] [stderr]    Compiling libmimalloc-sys v0.1.49
[INFO] [stderr]     Checking libloading v0.7.4
[INFO] [stderr]     Checking pico-args v0.5.0
[INFO] [stderr]     Checking raw-window-handle v0.5.2
[INFO] [stderr]    Compiling futures-macro v0.3.33
[INFO] [stderr]    Compiling bytemuck_derive v1.11.0
[INFO] [stderr]    Compiling zerocopy-derive v0.8.55
[INFO] [stderr]    Compiling zerofrom-derive v0.1.7
[INFO] [stderr]    Compiling thiserror-impl v1.0.69
[INFO] [stderr]    Compiling yoke-derive v0.8.2
[INFO] [stderr]     Checking futures-util v0.3.33
[INFO] [stderr]    Compiling serde_derive v1.0.228
[INFO] [stderr]     Checking bytemuck v1.25.2
[INFO] [stderr]    Compiling glib-macros v0.18.5
[INFO] [stderr]     Checking zerofrom v0.1.8
[INFO] [stderr]     Checking thiserror v1.0.69
[INFO] [stderr]     Checking emath v0.29.1
[INFO] [stderr]     Checking tiny-skia-path v0.11.4
[INFO] [stderr]     Checking yoke v0.8.3
[INFO] [stderr]     Checking zerovec v0.11.8
[INFO] [stderr]     Checking zerotrie v0.2.5
[INFO] [stderr]     Checking zerocopy v0.8.55
[INFO] [stderr]     Checking ecolor v0.29.1
[INFO] [stderr]    Compiling openssl-macros v0.1.1
[INFO] [stderr]    Compiling windows-interface v0.59.3
[INFO] [stderr]     Checking tinystr v0.8.4
[INFO] [stderr]     Checking icu_locale_core v2.3.0
[INFO] [stderr]     Checking potential_utf v0.1.6
[INFO] [stderr]     Checking icu_collections v2.3.0
[INFO] [stderr]    Compiling windows-implement v0.60.2
[INFO] [stderr]     Checking icu_provider v2.3.1
[INFO] [stderr]     Checking icu_normalizer v2.3.0
[INFO] [stderr]     Checking icu_properties v2.3.0
[INFO] [stderr]     Checking windows-core v0.62.2
[INFO] [stderr]     Checking usvg-tree v0.37.0
[INFO] [stderr]     Checking futures-executor v0.3.33
[INFO] [stderr]    Compiling gtk3-macros v0.18.2
[INFO] [stderr]     Checking usvg-parser v0.37.0
[INFO] [stderr]     Checking xmlwriter v0.1.0
[INFO] [stderr]     Checking hash32 v0.2.1
[INFO] [stderr]     Checking hyper-util v0.1.20
[INFO] [stderr]     Checking glfw-passthrough v0.55.1
[INFO] [stderr]     Checking glib v0.18.5
[INFO] [stderr]     Checking tower v0.5.3
[INFO] [stderr]     Checking usvg v0.37.0
[INFO] [stderr]     Checking keyboard-types v0.7.0
[INFO] [stderr]     Checking libappindicator-sys v0.9.0
[INFO] [stderr]     Checking idna_adapter v1.2.2
[INFO] [stderr]     Checking tiny-skia v0.11.4
[INFO] [stderr]     Checking rgb v0.8.53
[INFO] [stderr]     Checking idna v1.1.0
[INFO] [stderr]    Compiling winresource v0.1.31
[INFO] [stderr]     Checking url v2.5.8
[INFO] [stderr]     Checking crossbeam-channel v0.5.16
[INFO] [stderr]    Compiling enum-map-derive v0.17.0
[INFO] [stderr]     Checking tokio-native-tls v0.3.1
[INFO] [stderr]     Checking num-rational v0.4.2
[INFO] [stderr]     Checking libxdo v0.6.0
[INFO] [stderr]     Checking http-body-util v0.1.5
[INFO] [stderr]     Checking encoding-index-simpchinese v1.20141219.5
[INFO] [stderr]     Checking encoding-index-korean v1.20141219.5
[INFO] [stderr]     Checking encoding-index-japanese v1.20141219.5
[INFO] [stderr]     Checking encoding-index-tradchinese v1.20141219.5
[INFO] [stderr]     Checking encoding-index-singlebyte v1.20141219.5
[INFO] [stderr]     Checking windows-threading v0.2.1
[INFO] [stderr]     Checking num-complex v0.4.6
[INFO] [stderr]     Checking sha1 v0.10.7
[INFO] [stderr]     Checking encoding v0.2.33
[INFO] [stderr]     Checking resvg v0.37.0
[INFO] [stderr]     Checking heapless v0.7.17
[INFO] [stderr]     Checking num v0.4.3
[INFO] [stderr]     Checking windows-future v0.3.2
[INFO] [stderr]     Checking hyper-tls v0.6.0
[INFO] [stderr]     Checking serde_json v1.0.151
[INFO] [stderr]     Checking tower-http v0.6.11
[INFO] [stderr]     Checking enum-map v2.7.3
[INFO] [stdout] error[E0425]: cannot find type `IMarshal` in module `windows_core::imp`
[INFO] [stdout]   --> /opt/rustwide/cargo-home/registry/src/index.crates.io-1949cf8c6b5b557f/windows-future-0.3.2/src/bindings.rs:87:51
[INFO] [stdout]    |
[INFO] [stdout] 87 |             } else if *iid == <windows_core::imp::IMarshal as windows_core::Interface>::IID {
[INFO] [stdout]    |                                                   ^^^^^^^^ not found in `windows_core::imp`
[INFO] [stdout] 
[INFO] [stdout] 
[INFO] [stdout] error[E0425]: cannot find function `marshaler` in module `windows_core::imp`
[INFO] [stdout]   --> /opt/rustwide/cargo-home/registry/src/index.crates.io-1949cf8c6b5b557f/windows-future-0.3.2/src/bindings.rs:89:43
[INFO] [stdout]    |
[INFO] [stdout] 89 |                 return windows_core::imp::marshaler(
[INFO] [stdout]    |                                           ^^^^^^^^^ not found in `windows_core::imp`
[INFO] [stdout] 
[INFO] [stdout] 
[INFO] [stdout] error[E0425]: cannot find type `IMarshal` in module `windows_core::imp`
[INFO] [stdout]    --> /opt/rustwide/cargo-home/registry/src/index.crates.io-1949cf8c6b5b557f/windows-future-0.3.2/src/bindings.rs:255:51
[INFO] [stdout]     |
[INFO] [stdout] 255 |             } else if *iid == <windows_core::imp::IMarshal as windows_core::Interface>::IID {
[INFO] [stdout]     |                                                   ^^^^^^^^ not found in `windows_core::imp`
[INFO] [stdout] 
[INFO] [stdout] 
[INFO] [stdout] error[E0425]: cannot find function `marshaler` in module `windows_core::imp`
[INFO] [stdout]    --> /opt/rustwide/cargo-home/registry/src/index.crates.io-1949cf8c6b5b557f/windows-future-0.3.2/src/bindings.rs:257:43
[INFO] [stdout]     |
[INFO] [stdout] 257 |                 return windows_core::imp::marshaler(
[INFO] [stdout]     |                                           ^^^^^^^^^ not found in `windows_core::imp`
[INFO] [stdout] 
[INFO] [stdout] 
[INFO] [stdout] error[E0425]: cannot find type `IMarshal` in module `windows_core::imp`
[INFO] [stdout]    --> /opt/rustwide/cargo-home/registry/src/index.crates.io-1949cf8c6b5b557f/windows-future-0.3.2/src/bindings.rs:422:364
[INFO] [stdout]     |
[INFO] [stdout] 422 | ... _ } else if * iid == < windows_core::imp::IMarshal as windows_core::Interface >::IID { ( * this ) . count . add_ref ( ) ; retur...
[INFO] [stdout]     |                                               ^^^^^^^^ not found in `windows_core::imp`
[INFO] [stdout] 
[INFO] [stdout] 
[INFO] [stdout] error[E0425]: cannot find function `marshaler` in module `windows_core::imp`
[INFO] [stdout]    --> /opt/rustwide/cargo-home/registry/src/index.crates.io-1949cf8c6b5b557f/windows-future-0.3.2/src/bindings.rs:422:470
[INFO] [stdout]     |
[INFO] [stdout] 422 | ... . add_ref ( ) ; return windows_core::imp::marshaler ( core::mem::transmute ( & mut ( * this ) . vtable as * mut _ as * mut core...
[INFO] [stdout]     |                                               ^^^^^^^^^ not found in `windows_core::imp`
[INFO] [stdout] 
[INFO] [stdout] 
[INFO] [stdout] error[E0425]: cannot find type `IMarshal` in module `windows_core::imp`
[INFO] [stdout]    --> /opt/rustwide/cargo-home/registry/src/index.crates.io-1949cf8c6b5b557f/windows-future-0.3.2/src/bindings.rs:572:51
[INFO] [stdout]     |
[INFO] [stdout] 572 |             } else if *iid == <windows_core::imp::IMarshal as windows_core::Interface>::IID {
[INFO] [stdout]     |                                                   ^^^^^^^^ not found in `windows_core::imp`
[INFO] [stdout] 
[INFO] [stdout] 
[INFO] [stdout] error[E0425]: cannot find function `marshaler` in module `windows_core::imp`
[INFO] [stdout]    --> /opt/rustwide/cargo-home/registry/src/index.crates.io-1949cf8c6b5b557f/windows-future-0.3.2/src/bindings.rs:574:43
[INFO] [stdout]     |
[INFO] [stdout] 574 |                 return windows_core::imp::marshaler(
[INFO] [stdout]     |                                           ^^^^^^^^^ not found in `windows_core::imp`
[INFO] [stdout] 
[INFO] [stdout] 
[INFO] [stdout] error[E0425]: cannot find type `IMarshal` in module `windows_core::imp`
[INFO] [stdout]    --> /opt/rustwide/cargo-home/registry/src/index.crates.io-1949cf8c6b5b557f/windows-future-0.3.2/src/bindings.rs:752:364
[INFO] [stdout]     |
[INFO] [stdout] 752 | ... _ } else if * iid == < windows_core::imp::IMarshal as windows_core::Interface >::IID { ( * this ) . count . add_ref ( ) ; retur...
[INFO] [stdout]     |                                               ^^^^^^^^ not found in `windows_core::imp`
[INFO] [stdout] 
[INFO] [stdout] 
[INFO] [stdout] error[E0425]: cannot find function `marshaler` in module `windows_core::imp`
[INFO] [stdout]    --> /opt/rustwide/cargo-home/registry/src/index.crates.io-1949cf8c6b5b557f/windows-future-0.3.2/src/bindings.rs:752:470
[INFO] [stdout]     |
[INFO] [stdout] 752 | ... . add_ref ( ) ; return windows_core::imp::marshaler ( core::mem::transmute ( & mut ( * this ) . vtable as * mut _ as * mut core...
[INFO] [stdout]     |                                               ^^^^^^^^^ not found in `windows_core::imp`
[INFO] [stdout] 
[INFO] [stdout] 
[INFO] [stdout] error[E0425]: cannot find type `IMarshal` in module `windows_core::imp`
[INFO] [stdout]    --> /opt/rustwide/cargo-home/registry/src/index.crates.io-1949cf8c6b5b557f/windows-future-0.3.2/src/bindings.rs:927:377
[INFO] [stdout]     |
[INFO] [stdout] 927 | ... _ } else if * iid == < windows_core::imp::IMarshal as windows_core::Interface >::IID { ( * this ) . count . add_ref ( ) ; retur...
[INFO] [stdout]     |                                               ^^^^^^^^ not found in `windows_core::imp`
[INFO] [stdout] 
[INFO] [stdout] 
[INFO] [stdout] error[E0425]: cannot find function `marshaler` in module `windows_core::imp`
[INFO] [stdout]    --> /opt/rustwide/cargo-home/registry/src/index.crates.io-1949cf8c6b5b557f/windows-future-0.3.2/src/bindings.rs:927:483
[INFO] [stdout]     |
[INFO] [stdout] 927 | ... . add_ref ( ) ; return windows_core::imp::marshaler ( core::mem::transmute ( & mut ( * this ) . vtable as * mut _ as * mut core...
[INFO] [stdout]     |                                               ^^^^^^^^^ not found in `windows_core::imp`
[INFO] [stdout] 
[INFO] [stdout] 
[INFO] [stdout] error[E0425]: cannot find function `submit` in crate `windows_threading`
[INFO] [stdout]    --> /opt/rustwide/cargo-home/registry/src/index.crates.io-1949cf8c6b5b557f/windows-future-0.3.2/src/async_spawn.rs:264:28
[INFO] [stdout]     |
[INFO] [stdout] 264 |         windows_threading::submit(move || {
[INFO] [stdout]     |                            ^^^^^^ not found in `windows_threading`
[INFO] [stdout] 
[INFO] [stdout] 
[INFO] [stdout] error[E0425]: cannot find function `submit` in crate `windows_threading`
[INFO] [stdout]    --> /opt/rustwide/cargo-home/registry/src/index.crates.io-1949cf8c6b5b557f/windows-future-0.3.2/src/async_spawn.rs:281:28
[INFO] [stdout]     |
[INFO] [stdout] 281 |         windows_threading::submit(move || {
[INFO] [stdout]     |                            ^^^^^^ not found in `windows_threading`
[INFO] [stdout] 
[INFO] [stdout] 
[INFO] [stdout] error[E0425]: cannot find function `submit` in crate `windows_threading`
[INFO] [stdout]    --> /opt/rustwide/cargo-home/registry/src/index.crates.io-1949cf8c6b5b557f/windows-future-0.3.2/src/async_spawn.rs:298:28
[INFO] [stdout]     |
[INFO] [stdout] 298 |         windows_threading::submit(move || {
[INFO] [stdout]     |                            ^^^^^^ not found in `windows_threading`
[INFO] [stdout] 
[INFO] [stdout] 
[INFO] [stdout] error[E0425]: cannot find function `submit` in crate `windows_threading`
[INFO] [stdout]    --> /opt/rustwide/cargo-home/registry/src/index.crates.io-1949cf8c6b5b557f/windows-future-0.3.2/src/async_spawn.rs:315:28
[INFO] [stdout]     |
[INFO] [stdout] 315 |         windows_threading::submit(move || {
[INFO] [stdout]     |                            ^^^^^^ not found in `windows_threading`
[INFO] [stdout] 
[INFO] [stdout] 
[INFO] [stderr]     Checking dirs v6.0.0
[INFO] [stderr]    Compiling race-tools v0.1.0 (/opt/rustwide/workdir)
[INFO] [stderr]     Checking serde_urlencoded v0.7.1
[INFO] [stderr]     Checking half v2.7.1
[INFO] [stdout] For more information about this error, try `rustc --explain E0425`.
[INFO] [stdout] 
[INFO] [stderr] error: could not compile `windows-future` (lib) due to 16 previous errors
[INFO] [stderr] warning: build failed, waiting for other jobs to finish...
[INFO] running `Command { std: "docker" "inspect" "19ea9f04f52a1afc8157f5b8e1fa72562e9176a802d4b87216a7800093295ed1", kill_on_drop: false }`
[INFO] running `Command { std: "docker" "rm" "-f" "19ea9f04f52a1afc8157f5b8e1fa72562e9176a802d4b87216a7800093295ed1", kill_on_drop: false }`
[INFO] [stdout] 19ea9f04f52a1afc8157f5b8e1fa72562e9176a802d4b87216a7800093295ed1
