[INFO] cloning repository https://github.com/FirePheonix/kokoro-deployed-tts
[INFO] running `Command { std: "git" "-c" "credential.helper=" "-c" "credential.helper=/workspace/cargo-home/bin/git-credential-null" "clone" "--bare" "https://github.com/FirePheonix/kokoro-deployed-tts" "/workspace/cache/git-repos/https%3A%2F%2Fgithub.com%2FFirePheonix%2Fkokoro-deployed-tts", kill_on_drop: false }`
[INFO] [stderr] Cloning into bare repository '/workspace/cache/git-repos/https%3A%2F%2Fgithub.com%2FFirePheonix%2Fkokoro-deployed-tts'...
[INFO] running `Command { std: "git" "rev-parse" "HEAD", kill_on_drop: false }`
[INFO] [stdout] 62233c43d087c5408387a7711867f9f69c079ebe
[INFO] checking FirePheonix/kokoro-deployed-tts against 3154cc1a3e6424e44f438a95007d043ed5ceaaf6+rustflags=-Znext-solver=coherence for pr-133502-30
[INFO] running `Command { std: "git" "clone" "/workspace/cache/git-repos/https%3A%2F%2Fgithub.com%2FFirePheonix%2Fkokoro-deployed-tts" "/workspace/builds/worker-1-tc1/source", kill_on_drop: false }`
[INFO] [stderr] Cloning into '/workspace/builds/worker-1-tc1/source'...
[INFO] [stderr] done.
[INFO] started tweaking git repo https://github.com/FirePheonix/kokoro-deployed-tts
[INFO] finished tweaking git repo https://github.com/FirePheonix/kokoro-deployed-tts
[INFO] tweaked toml for git repo https://github.com/FirePheonix/kokoro-deployed-tts written to /workspace/builds/worker-1-tc1/source/Cargo.toml
[INFO] validating manifest of git repo https://github.com/FirePheonix/kokoro-deployed-tts on toolchain 3154cc1a3e6424e44f438a95007d043ed5ceaaf6
[INFO] running `Command { std: CARGO_HOME="/workspace/cargo-home" RUSTUP_HOME="/workspace/rustup-home" "/workspace/cargo-home/bin/cargo" "+3154cc1a3e6424e44f438a95007d043ed5ceaaf6" "metadata" "--manifest-path" "Cargo.toml" "--no-deps", kill_on_drop: false }`
[INFO] crate git repo https://github.com/FirePheonix/kokoro-deployed-tts already has a lockfile, it will not be regenerated
[INFO] running `Command { std: CARGO_HOME="/workspace/cargo-home" RUSTUP_HOME="/workspace/rustup-home" "/workspace/cargo-home/bin/cargo" "+3154cc1a3e6424e44f438a95007d043ed5ceaaf6" "fetch" "--manifest-path" "Cargo.toml", kill_on_drop: false }`
[INFO] [stderr]     Updating crates.io index
[INFO] [stderr]  Downloading crates ...
[INFO] [stderr]   Downloaded socks v0.3.4
[INFO] [stderr]   Downloaded mp3lame-encoder v0.2.1
[INFO] [stderr]   Downloaded espeak-rs v0.1.9
[INFO] [stderr]   Downloaded hmac-sha256 v1.1.12
[INFO] [stderr]   Downloaded opus v0.3.0
[INFO] [stderr]   Downloaded py_literal v0.4.0
[INFO] [stderr]   Downloaded webpki-root-certs v1.0.1
[INFO] [stderr]   Downloaded ogg v0.9.2
[INFO] [stderr]   Downloaded ort-sys v2.0.0-rc.11
[INFO] [stderr]   Downloaded ndarray-npy v0.9.1
[INFO] [stderr]   Downloaded arbitrary v1.4.1
[INFO] [stderr]   Downloaded ffi-support v0.4.4
[INFO] [stderr]   Downloaded ureq v3.1.4
[INFO] [stderr]   Downloaded ort v2.0.0-rc.11
[INFO] [stderr]   Downloaded lzma-rust2 v0.15.6
[INFO] [stderr]   Downloaded ndarray v0.16.1
[INFO] [stderr]   Downloaded audiopus_sys v0.2.2
[INFO] [stderr]   Downloaded mp3lame-sys v0.1.9
[INFO] [stderr]   Downloaded espeak-rs-sys v0.1.9
[INFO] running `Command { std: "docker" "create" "-v" "/var/lib/crater-agent-workspace/builds/worker-1-tc1/source:/opt/rustwide/workdir:ro,Z" "-v" "/var/lib/crater-agent-workspace/builds/worker-1-tc1/target:/opt/rustwide/target:rw,Z" "-v" "/var/lib/crater-agent-workspace/cargo-home:/opt/rustwide/cargo-home:ro,Z" "-v" "/var/lib/crater-agent-workspace/rustup-home:/opt/rustwide/rustup-home:ro,Z" "-m" "1610612736" "--network" "none" "ghcr.io/rust-lang/crates-build-env/linux@sha256:77db811e55d90add9212f6832c23229e3de5f1c1f9905e8cb07319ea15df73ac" "sleep" "infinity", kill_on_drop: false }`
[INFO] [stdout] 561018fa1f0e7ff7f1f3bc2149dc1868ceb844f047d1bad6c08b5a72b9a5b680
[INFO] running `Command { std: "docker" "start" "561018fa1f0e7ff7f1f3bc2149dc1868ceb844f047d1bad6c08b5a72b9a5b680", kill_on_drop: false }`
[INFO] running `Command { std: "docker" "inspect" "561018fa1f0e7ff7f1f3bc2149dc1868ceb844f047d1bad6c08b5a72b9a5b680", kill_on_drop: false }`
[INFO] running `Command { std: "docker" "exec" "-e" "SOURCE_DIR=/opt/rustwide/workdir" "-e" "CARGO_HOME=/opt/rustwide/cargo-home" "-e" "RUSTUP_HOME=/opt/rustwide/rustup-home" "-e" "CARGO_TARGET_DIR=/opt/rustwide/target" "-w" "/opt/rustwide/workdir" "--user" "0:0" "561018fa1f0e7ff7f1f3bc2149dc1868ceb844f047d1bad6c08b5a72b9a5b680" "/opt/rustwide/cargo-home/bin/cargo" "+3154cc1a3e6424e44f438a95007d043ed5ceaaf6" "metadata" "--no-deps" "--format-version=1", kill_on_drop: false }`
[INFO] running `Command { std: "docker" "inspect" "561018fa1f0e7ff7f1f3bc2149dc1868ceb844f047d1bad6c08b5a72b9a5b680", kill_on_drop: false }`
[INFO] running `Command { std: "docker" "exec" "-e" "SOURCE_DIR=/opt/rustwide/workdir" "-e" "CARGO_HOME=/opt/rustwide/cargo-home" "-e" "RUSTUP_HOME=/opt/rustwide/rustup-home" "-e" "CARGO_TARGET_DIR=/opt/rustwide/target" "-e" "CARGO_INCREMENTAL=0" "-e" "RUST_BACKTRACE=full" "-e" "RUSTFLAGS=--cap-lints=forbid -Znext-solver=coherence" "-e" "RUSTDOCFLAGS=--cap-lints=forbid" "-w" "/opt/rustwide/workdir" "--user" "0:0" "561018fa1f0e7ff7f1f3bc2149dc1868ceb844f047d1bad6c08b5a72b9a5b680" "/opt/rustwide/cargo-home/bin/cargo" "+3154cc1a3e6424e44f438a95007d043ed5ceaaf6" "check" "--frozen" "--all" "--all-targets" "--message-format=json", kill_on_drop: false }`
[INFO] [stderr]    Compiling libc v0.2.174
[INFO] [stderr]     Checking cfg-if v1.0.1
[INFO] [stderr]     Checking memchr v2.7.5
[INFO] [stderr]    Compiling cc v1.2.29
[INFO] [stderr]    Compiling lock_api v0.4.13
[INFO] [stderr]    Compiling parking_lot_core v0.9.11
[INFO] [stderr]    Compiling bitflags v2.9.1
[INFO] [stderr]     Checking tracing-core v0.1.34
[INFO] [stderr]    Compiling openssl v0.10.73
[INFO] [stderr]     Checking slab v0.4.10
[INFO] [stderr]    Compiling native-tls v0.2.14
[INFO] [stderr]    Compiling syn v2.0.104
[INFO] [stderr]     Checking futures-channel v0.3.31
[INFO] [stderr]    Compiling num-traits v0.2.19
[INFO] [stderr]     Checking hashbrown v0.15.4
[INFO] [stderr]    Compiling glob v0.3.2
[INFO] [stderr]     Checking http-body v1.0.1
[INFO] [stderr]     Checking litemap v0.8.0
[INFO] [stderr]    Compiling foreign-types-shared v0.1.1
[INFO] [stderr]    Compiling prettyplease v0.2.35
[INFO] [stderr]    Compiling zeroize v1.8.1
[INFO] [stderr]    Compiling httparse v1.10.1
[INFO] [stderr]     Checking writeable v0.6.1
[INFO] [stderr]    Compiling rustix v0.38.44
[INFO] [stderr]    Compiling clang-sys v1.8.1
[INFO] [stderr]    Compiling foreign-types v0.3.2
[INFO] [stderr]    Compiling itoa v1.0.15
[INFO] [stderr]    Compiling icu_properties_data v2.0.1
[INFO] [stderr]    Compiling linux-raw-sys v0.4.15
[INFO] [stderr]    Compiling base64ct v1.8.0
[INFO] [stderr]    Compiling once_cell v1.21.3
[INFO] [stderr]    Compiling regex-syntax v0.8.5
[INFO] [stderr]    Compiling minimal-lexical v0.2.1
[INFO] [stderr]    Compiling either v1.15.0
[INFO] [stderr]    Compiling icu_normalizer_data v2.0.0
[INFO] [stderr]    Compiling bytes v1.10.1
[INFO] [stderr]    Compiling pem-rfc7468 v0.7.0
[INFO] [stderr]     Checking indexmap v2.10.0
[INFO] [stderr]    Compiling cmake v0.1.54
[INFO] [stderr]    Compiling rustls-pki-types v1.12.0
[INFO] [stderr]    Compiling nom v7.1.3
[INFO] [stderr]    Compiling libloading v0.8.8
[INFO] [stderr]    Compiling matrixmultiply v0.3.10
[INFO] [stderr]    Compiling base64 v0.22.1
[INFO] [stderr]    Compiling byteorder v1.5.0
[INFO] [stderr]    Compiling bindgen v0.69.5
[INFO] [stderr]    Compiling ucd-trie v0.1.7
[INFO] [stderr]     Checking signal-hook-registry v1.4.5
[INFO] [stderr]     Checking socket2 v0.5.10
[INFO] [stderr]     Checking mio v1.0.4
[INFO] [stderr]    Compiling http v1.3.1
[INFO] [stderr]     Checking parking_lot v0.12.4
[INFO] [stderr]    Compiling home v0.5.11
[INFO] [stderr]    Compiling openssl-probe v0.1.6
[INFO] [stderr]    Compiling webpki-root-certs v1.0.1
[INFO] [stderr]    Compiling der v0.7.10
[INFO] [stderr]    Compiling itertools v0.12.1
[INFO] [stderr]     Checking sync_wrapper v1.0.2
[INFO] [stderr]     Checking num-integer v0.1.46
[INFO] [stderr]     Checking num-complex v0.4.6
[INFO] [stderr]    Compiling lazy_static v1.5.0
[INFO] [stderr]    Compiling utf-8 v0.7.6
[INFO] [stderr]    Compiling percent-encoding v2.3.1
[INFO] [stderr]    Compiling socks v0.3.4
[INFO] [stderr]    Compiling openssl-sys v0.9.109
[INFO] [stderr]     Checking rawpointer v0.2.1
[INFO] [stderr]    Compiling lazycell v1.3.0
[INFO] [stderr]    Compiling autotools v0.2.7
[INFO] [stderr]     Checking aho-corasick v1.1.3
[INFO] [stderr]     Checking http-body-util v0.1.3
[INFO] [stderr]     Checking crc32fast v1.4.2
[INFO] [stderr]     Checking ipnet v2.11.0
[INFO] [stderr]    Compiling lzma-rust2 v0.15.6
[INFO] [stderr]    Compiling hmac-sha256 v1.1.12
[INFO] [stderr]     Checking miniz_oxide v0.8.9
[INFO] [stderr]    Compiling mp3lame-sys v0.1.9
[INFO] [stderr]    Compiling regex-automata v0.4.9
[INFO] [stderr]    Compiling audiopus_sys v0.2.2
[INFO] [stderr]    Compiling getrandom v0.3.3
[INFO] [stderr]     Checking bumpalo v3.19.0
[INFO] [stderr]    Compiling portable-atomic v1.11.1
[INFO] [stderr]    Compiling zip v2.4.2
[INFO] [stderr]    Compiling serde_json v1.0.140
[INFO] [stderr]     Checking simd-adler32 v0.3.7
[INFO] [stderr]     Checking flate2 v1.1.2
[INFO] [stderr]     Checking num-bigint v0.4.6
[INFO] [stderr]     Checking zopfli v0.8.2
[INFO] [stderr]    Compiling ureq-proto v0.5.3
[INFO] [stderr]    Compiling rustversion v1.0.21
[INFO] [stderr]     Checking unicode-width v0.2.1
[INFO] [stderr]     Checking iri-string v0.7.8
[INFO] [stderr]     Checking console v0.15.11
[INFO] [stderr]     Checking ndarray v0.17.2
[INFO] [stderr]     Checking ndarray v0.16.1
[INFO] [stderr]     Checking ffi-support v0.4.4
[INFO] [stderr]     Checking encoding_rs v0.8.35
[INFO] [stderr]    Compiling cexpr v0.6.0
[INFO] [stderr]    Compiling kokoros v0.1.0 (/opt/rustwide/workdir/kokoros)
[INFO] [stderr]     Checking number_prefix v0.4.0
[INFO] [stderr]     Checking uuid v1.17.0
[INFO] [stderr]     Checking opus v0.3.0
[INFO] [stderr]     Checking indicatif v0.17.11
[INFO] [stderr]     Checking ogg v0.9.2
[INFO] [stderr]     Checking hound v3.5.1
[INFO] [stderr]     Checking anstyle-parse v0.2.7
[INFO] [stderr]    Compiling which v4.4.2
[INFO] [stderr]     Checking anstyle v1.0.11
[INFO] [stderr]     Checking anstyle-query v1.1.3
[INFO] [stderr]     Checking colorchoice v1.0.4
[INFO] [stderr]     Checking clap_lex v0.7.5
[INFO] [stderr]     Checking anstream v0.6.19
[INFO] [stderr]     Checking tracing-log v0.2.0
[INFO] [stderr]     Checking thread_local v1.1.9
[INFO] [stderr]     Checking clap_builder v4.5.40
[INFO] [stderr]    Compiling regex v1.11.1
[INFO] [stderr]    Compiling synstructure v0.13.2
[INFO] [stderr]    Compiling displaydoc v0.2.5
[INFO] [stderr]    Compiling zerovec-derive v0.11.1
[INFO] [stderr]    Compiling openssl-macros v0.1.1
[INFO] [stderr]    Compiling tokio-macros v2.5.0
[INFO] [stderr]    Compiling tracing-attributes v0.1.28
[INFO] [stderr]    Compiling futures-macro v0.3.31
[INFO] [stderr]    Compiling thiserror-impl v2.0.12
[INFO] [stderr]    Compiling serde_derive v1.0.219
[INFO] [stderr]    Compiling clap_derive v4.5.40
[INFO] [stderr]    Compiling zerofrom-derive v0.1.6
[INFO] [stderr]    Compiling yoke-derive v0.8.0
[INFO] [stderr]     Checking tokio v1.46.1
[INFO] [stderr]     Checking futures-util v0.3.31
[INFO] [stderr]     Checking zerofrom v0.1.6
[INFO] [stderr]    Compiling thiserror v2.0.12
[INFO] [stderr]     Checking tracing v0.1.41
[INFO] [stderr]     Checking yoke v0.8.0
[INFO] [stderr]    Compiling pest v2.8.1
[INFO] [stderr]     Checking zerovec v0.11.2
[INFO] [stderr]     Checking zerotrie v0.2.2
[INFO] [stderr]     Checking axum-core v0.5.2
[INFO] [stderr]     Checking tracing-subscriber v0.3.19
[INFO] [stderr]     Checking clap v4.5.40
[INFO] [stderr]     Checking tinystr v0.8.1
[INFO] [stderr]     Checking potential_utf v0.1.2
[INFO] [stderr]     Checking icu_locale_core v2.0.0
[INFO] [stderr]     Checking serde v1.0.219
[INFO] [stderr]     Checking icu_collections v2.0.0
[INFO] [stderr]    Compiling pest_meta v2.8.1
[INFO] [stderr]     Checking icu_provider v2.0.0
[INFO] [stderr]     Checking icu_properties v2.0.1
[INFO] [stderr]     Checking icu_normalizer v2.0.0
[INFO] [stderr]    Compiling pest_generator v2.8.1
[INFO] [stderr]    Compiling ureq v3.1.4
[INFO] [stderr]     Checking futures-executor v0.3.31
[INFO] [stderr]     Checking futures v0.3.31
[INFO] [stderr]     Checking idna_adapter v1.2.1
[INFO] [stderr]     Checking idna v1.0.3
[INFO] [stderr]    Compiling pest_derive v2.8.1
[INFO] [stderr]     Checking py_literal v0.4.0
[INFO] [stderr]     Checking url v2.5.4
[INFO] [stderr]     Checking serde_urlencoded v0.7.1
[INFO] [stderr]     Checking serde_path_to_error v0.1.17
[INFO] [stderr]     Checking ndarray-npy v0.9.1
[INFO] [stderr]    Compiling espeak-rs-sys v0.1.9
[INFO] [stderr]     Checking tokio-util v0.7.15
[INFO] [stderr]     Checking tower v0.5.2
[INFO] [stderr]     Checking tokio-native-tls v0.3.1
[INFO] [stderr]     Checking tokio-stream v0.1.17
[INFO] [stderr]    Compiling ort-sys v2.0.0-rc.11
[INFO] [stderr]     Checking h2 v0.4.11
[INFO] [stderr]     Checking tower-http v0.6.6
[INFO] [stderr] error: ort-sys@2.0.0-rc.11: ort-sys failed to download prebuilt binaries from `https://cdn.pyke.io/0/pyke:ort-rs/ms@1.23.2/x86_64-unknown-linux-gnu.tar.lzma2`: io: failed to lookup address information: Temporary failure in name resolution
[INFO] [stderr] error: build script logged errors
[INFO] [stderr] warning: build failed, waiting for other jobs to finish...
[INFO] [stderr] error: failed to run custom build command for `espeak-rs-sys v0.1.9`
[INFO] [stderr] note: To improve backtraces for build dependencies, set the CARGO_PROFILE_DEV_BUILD_OVERRIDE_DEBUG=true environment variable to enable debug information generation.
[INFO] [stderr] 
[INFO] [stderr] Caused by:
[INFO] [stderr]   process didn't exit successfully: `/opt/rustwide/target/debug/build/espeak-rs-sys/bffa308c5c7c2c8d/out/build_script_build` (exit status: 101)
[INFO] [stderr]   --- stdout
[INFO] [stderr]   cargo:rustc-link-lib=speechPlayer
[INFO] [stderr]   cargo:rustc-link-lib=espeak-ng
[INFO] [stderr]   cargo:rustc-link-lib=ucd
[INFO] [stderr]   cargo:rerun-if-env-changed=TARGET
[INFO] [stderr]   cargo:rerun-if-env-changed=BINDGEN_EXTRA_CLANG_ARGS_x86_64-unknown-linux-gnu
[INFO] [stderr]   cargo:rerun-if-env-changed=BINDGEN_EXTRA_CLANG_ARGS_x86_64_unknown_linux_gnu
[INFO] [stderr]   cargo:rerun-if-env-changed=BINDGEN_EXTRA_CLANG_ARGS
[INFO] [stderr]   cargo:rerun-if-changed=wrapper.h
[INFO] [stderr]   cargo:rerun-if-changed=./espeak-ng/src/include/espeak-ng/speak_lib.h
[INFO] [stderr]   cargo:rerun-if-changed=/usr/include/stdio.h
[INFO] [stderr]   cargo:rerun-if-changed=/usr/include/x86_64-linux-gnu/bits/libc-header-start.h
[INFO] [stderr]   cargo:rerun-if-changed=/usr/include/features.h
[INFO] [stderr]   cargo:rerun-if-changed=/usr/include/features-time64.h
[INFO] [stderr]   cargo:rerun-if-changed=/usr/include/x86_64-linux-gnu/bits/wordsize.h
[INFO] [stderr]   cargo:rerun-if-changed=/usr/include/x86_64-linux-gnu/bits/timesize.h
[INFO] [stderr]   cargo:rerun-if-changed=/usr/include/x86_64-linux-gnu/bits/wordsize.h
[INFO] [stderr]   cargo:rerun-if-changed=/usr/include/stdc-predef.h
[INFO] [stderr]   cargo:rerun-if-changed=/usr/include/x86_64-linux-gnu/sys/cdefs.h
[INFO] [stderr]   cargo:rerun-if-changed=/usr/include/x86_64-linux-gnu/bits/wordsize.h
[INFO] [stderr]   cargo:rerun-if-changed=/usr/include/x86_64-linux-gnu/bits/long-double.h
[INFO] [stderr]   cargo:rerun-if-changed=/usr/include/x86_64-linux-gnu/gnu/stubs.h
[INFO] [stderr]   cargo:rerun-if-changed=/usr/include/x86_64-linux-gnu/gnu/stubs-64.h
[INFO] [stderr]   cargo:rerun-if-changed=/usr/lib/llvm-21/lib/clang/21/include/stddef.h
[INFO] [stderr]   cargo:rerun-if-changed=/usr/lib/llvm-21/lib/clang/21/include/__stddef_size_t.h
[INFO] [stderr]   cargo:rerun-if-changed=/usr/lib/llvm-21/lib/clang/21/include/__stddef_null.h
[INFO] [stderr]   cargo:rerun-if-changed=/usr/lib/llvm-21/lib/clang/21/include/stdarg.h
[INFO] [stderr]   cargo:rerun-if-changed=/usr/lib/llvm-21/lib/clang/21/include/__stdarg___gnuc_va_list.h
[INFO] [stderr]   cargo:rerun-if-changed=/usr/include/x86_64-linux-gnu/bits/types.h
[INFO] [stderr]   cargo:rerun-if-changed=/usr/include/features.h
[INFO] [stderr]   cargo:rerun-if-changed=/usr/include/x86_64-linux-gnu/bits/wordsize.h
[INFO] [stderr]   cargo:rerun-if-changed=/usr/include/x86_64-linux-gnu/bits/timesize.h
[INFO] [stderr]   cargo:rerun-if-changed=/usr/include/x86_64-linux-gnu/bits/wordsize.h
[INFO] [stderr]   cargo:rerun-if-changed=/usr/include/x86_64-linux-gnu/bits/typesizes.h
[INFO] [stderr]   cargo:rerun-if-changed=/usr/include/x86_64-linux-gnu/bits/time64.h
[INFO] [stderr]   cargo:rerun-if-changed=/usr/include/x86_64-linux-gnu/bits/types/__fpos_t.h
[INFO] [stderr]   cargo:rerun-if-changed=/usr/include/x86_64-linux-gnu/bits/types.h
[INFO] [stderr]   cargo:rerun-if-changed=/usr/include/x86_64-linux-gnu/bits/types/__mbstate_t.h
[INFO] [stderr]   cargo:rerun-if-changed=/usr/include/x86_64-linux-gnu/bits/types/__fpos64_t.h
[INFO] [stderr]   cargo:rerun-if-changed=/usr/include/x86_64-linux-gnu/bits/types.h
[INFO] [stderr]   cargo:rerun-if-changed=/usr/include/x86_64-linux-gnu/bits/types/__mbstate_t.h
[INFO] [stderr]   cargo:rerun-if-changed=/usr/include/x86_64-linux-gnu/bits/types/__FILE.h
[INFO] [stderr]   cargo:rerun-if-changed=/usr/include/x86_64-linux-gnu/bits/types/FILE.h
[INFO] [stderr]   cargo:rerun-if-changed=/usr/include/x86_64-linux-gnu/bits/types/struct_FILE.h
[INFO] [stderr]   cargo:rerun-if-changed=/usr/include/x86_64-linux-gnu/bits/types.h
[INFO] [stderr]   cargo:rerun-if-changed=/usr/include/x86_64-linux-gnu/bits/wordsize.h
[INFO] [stderr]   cargo:rerun-if-changed=/usr/include/x86_64-linux-gnu/bits/types/cookie_io_functions_t.h
[INFO] [stderr]   cargo:rerun-if-changed=/usr/include/x86_64-linux-gnu/bits/types.h
[INFO] [stderr]   cargo:rerun-if-changed=/usr/include/x86_64-linux-gnu/bits/stdio_lim.h
[INFO] [stderr]   cargo:rerun-if-changed=/usr/include/x86_64-linux-gnu/bits/floatn.h
[INFO] [stderr]   cargo:rerun-if-changed=/usr/include/features.h
[INFO] [stderr]   cargo:rerun-if-changed=/usr/include/x86_64-linux-gnu/bits/floatn-common.h
[INFO] [stderr]   cargo:rerun-if-changed=/usr/include/features.h
[INFO] [stderr]   cargo:rerun-if-changed=/usr/include/x86_64-linux-gnu/bits/long-double.h
[INFO] [stderr]   cargo:rerun-if-changed=/usr/lib/llvm-21/lib/clang/21/include/stddef.h
[INFO] [stderr]   cargo:rerun-if-changed=/usr/lib/llvm-21/lib/clang/21/include/__stddef_header_macro.h
[INFO] [stderr]   cargo:rerun-if-changed=/usr/lib/llvm-21/lib/clang/21/include/__stddef_ptrdiff_t.h
[INFO] [stderr]   cargo:rerun-if-changed=/usr/lib/llvm-21/lib/clang/21/include/__stddef_size_t.h
[INFO] [stderr]   cargo:rerun-if-changed=/usr/lib/llvm-21/lib/clang/21/include/__stddef_wchar_t.h
[INFO] [stderr]   cargo:rerun-if-changed=/usr/lib/llvm-21/lib/clang/21/include/__stddef_null.h
[INFO] [stderr]   cargo:rerun-if-changed=/usr/lib/llvm-21/lib/clang/21/include/__stddef_max_align_t.h
[INFO] [stderr]   cargo:rerun-if-changed=/usr/lib/llvm-21/lib/clang/21/include/__stddef_offsetof.h
[INFO] [stderr]   cargo:rerun-if-changed=./espeak-ng/src/include/espeak-ng/espeak_ng.h
[INFO] [stderr]   cargo:rerun-if-changed=/opt/rustwide/target/debug/build/espeak-rs-sys/545b07e400660e4c/out/espeak-ng/src/include/espeak-ng/speak_lib.h
[INFO] [stderr]   cargo:rerun-if-changed=./espeak-ng/src/include/espeak-ng/encoding.h
[INFO] [stderr]   cargo:rerun-if-changed=/usr/lib/llvm-21/lib/clang/21/include/stdint.h
[INFO] [stderr]   cargo:rerun-if-changed=/usr/include/stdint.h
[INFO] [stderr]   cargo:rerun-if-changed=/usr/include/x86_64-linux-gnu/bits/libc-header-start.h
[INFO] [stderr]   cargo:rerun-if-changed=/usr/include/features.h
[INFO] [stderr]   cargo:rerun-if-changed=/usr/include/x86_64-linux-gnu/bits/types.h
[INFO] [stderr]   cargo:rerun-if-changed=/usr/include/x86_64-linux-gnu/bits/wchar.h
[INFO] [stderr]   cargo:rerun-if-changed=/usr/include/x86_64-linux-gnu/bits/wordsize.h
[INFO] [stderr]   cargo:rerun-if-changed=/usr/include/x86_64-linux-gnu/bits/stdint-intn.h
[INFO] [stderr]   cargo:rerun-if-changed=/usr/include/x86_64-linux-gnu/bits/types.h
[INFO] [stderr]   cargo:rerun-if-changed=/usr/include/x86_64-linux-gnu/bits/stdint-uintn.h
[INFO] [stderr]   cargo:rerun-if-changed=/usr/include/x86_64-linux-gnu/bits/types.h
[INFO] [stderr]   cargo:rerun-if-changed=/usr/include/x86_64-linux-gnu/bits/stdint-least.h
[INFO] [stderr]   cargo:rerun-if-changed=/usr/include/x86_64-linux-gnu/bits/types.h
[INFO] [stderr]   cargo:rerun-if-changed=wrapper.h
[INFO] [stderr]   cargo:rerun-if-changed=./espeak-ng
[INFO] [stderr]   CMAKE_TOOLCHAIN_FILE_x86_64-unknown-linux-gnu = None
[INFO] [stderr]   CMAKE_TOOLCHAIN_FILE_x86_64_unknown_linux_gnu = None
[INFO] [stderr]   HOST_CMAKE_TOOLCHAIN_FILE = None
[INFO] [stderr]   CMAKE_TOOLCHAIN_FILE = None
[INFO] [stderr]   CMAKE_GENERATOR_x86_64-unknown-linux-gnu = None
[INFO] [stderr]   CMAKE_GENERATOR_x86_64_unknown_linux_gnu = None
[INFO] [stderr]   HOST_CMAKE_GENERATOR = None
[INFO] [stderr]   CMAKE_GENERATOR = None
[INFO] [stderr]   CMAKE_PREFIX_PATH_x86_64-unknown-linux-gnu = None
[INFO] [stderr]   CMAKE_PREFIX_PATH_x86_64_unknown_linux_gnu = None
[INFO] [stderr]   HOST_CMAKE_PREFIX_PATH = None
[INFO] [stderr]   CMAKE_PREFIX_PATH = None
[INFO] [stderr]   CMAKE_x86_64-unknown-linux-gnu = None
[INFO] [stderr]   CMAKE_x86_64_unknown_linux_gnu = None
[INFO] [stderr]   HOST_CMAKE = None
[INFO] [stderr]   CMAKE = None
[INFO] [stderr]   running: cd "/opt/rustwide/target/debug/build/espeak-rs-sys/545b07e400660e4c/out/build" && CMAKE_PREFIX_PATH="" LC_ALL="C" "cmake" "/opt/rustwide/target/debug/build/espeak-rs-sys/545b07e400660e4c/out/espeak-ng" "-DBUILD_SHARED_LIBS=OFF" "-DENABLE_TESTS=OFF" "-DCOMPILE_INTONATIONS=ON" "-DCMAKE_INSTALL_PREFIX=/opt/rustwide/target/debug/build/espeak-rs-sys/545b07e400660e4c/out" "-DCMAKE_C_FLAGS= -ffunction-sections -fdata-sections -fPIC -m64" "-DCMAKE_C_COMPILER=/usr/bin/cc" "-DCMAKE_CXX_FLAGS= -ffunction-sections -fdata-sections -fPIC -m64" "-DCMAKE_CXX_COMPILER=/usr/bin/c++" "-DCMAKE_ASM_FLAGS= -ffunction-sections -fdata-sections -fPIC -m64" "-DCMAKE_ASM_COMPILER=/usr/bin/cc" "-DCMAKE_BUILD_TYPE=Release"
[INFO] [stderr]   -- The C compiler identification is GNU 15.2.0
[INFO] [stderr]   -- The CXX compiler identification is GNU 15.2.0
[INFO] [stderr]   -- Detecting C compiler ABI info
[INFO] [stderr]   -- Detecting C compiler ABI info - done
[INFO] [stderr]   -- Check for working C compiler: /usr/bin/cc - skipped
[INFO] [stderr]   -- Detecting C compile features
[INFO] [stderr]   -- Detecting C compile features - done
[INFO] [stderr]   -- Detecting CXX compiler ABI info
[INFO] [stderr]   -- Detecting CXX compiler ABI info - done
[INFO] [stderr]   -- Check for working CXX compiler: /usr/bin/c++ - skipped
[INFO] [stderr]   -- Detecting CXX compile features
[INFO] [stderr]   -- Detecting CXX compile features - done
[INFO] [stderr]   -- Configuring incomplete, errors occurred!
[INFO] [stderr] 
[INFO] [stderr]   --- stderr
[INFO] [stderr]   error: 'rustfmt' is not installed for the custom toolchain '3154cc1a3e6424e44f438a95007d043ed5ceaaf6'.
[INFO] [stderr]   note: this is a custom toolchain, which cannot use `rustup component add`
[INFO] [stderr]   help: if you built this toolchain from source, and used `rustup toolchain link`, then you may be able to build the component with `x.py`
[INFO] [stderr]   Failed to run rustfmt: Internal rustfmt error (non-fatal, continuing)
[INFO] [stderr]   CMake Deprecation Warning at CMakeLists.txt:1 (cmake_minimum_required):
[INFO] [stderr]     Compatibility with CMake < 3.10 will be removed from a future version of
[INFO] [stderr]     CMake.
[INFO] [stderr] 
[INFO] [stderr]     Update the VERSION argument <min> value.  Or, use the <min>...<max> syntax
[INFO] [stderr]     to tell CMake that the project requires at least <min> but has been updated
[INFO] [stderr]     to work with policies introduced by <max> or earlier.
[INFO] [stderr] 
[INFO] [stderr] 
[INFO] [stderr]   [ 11%] Creating directories for 'sonic-git-populate'
[INFO] [stderr]   [ 22%] Performing download step (git clone) for 'sonic-git-populate'
[INFO] [stderr]   Cloning into 'sonic-git-src'...
[INFO] [stderr]   fatal: unable to access 'https://github.com/waywardgeek/sonic.git/': Could not resolve host: github.com
[INFO] [stderr]   Cloning into 'sonic-git-src'...
[INFO] [stderr]   fatal: unable to access 'https://github.com/waywardgeek/sonic.git/': Could not resolve host: github.com
[INFO] [stderr]   Cloning into 'sonic-git-src'...
[INFO] [stderr]   fatal: unable to access 'https://github.com/waywardgeek/sonic.git/': Could not resolve host: github.com
[INFO] [stderr]   Had to git clone more than once: 3 times.
[INFO] [stderr]   CMake Error at sonic-git-subbuild/sonic-git-populate-prefix/tmp/sonic-git-populate-gitclone.cmake:50 (message):
[INFO] [stderr]     Failed to clone repository: 'https://github.com/waywardgeek/sonic.git'
[INFO] [stderr] 
[INFO] [stderr] 
[INFO] [stderr]   gmake[2]: *** [CMakeFiles/sonic-git-populate.dir/build.make:102: sonic-git-populate-prefix/src/sonic-git-populate-stamp/sonic-git-populate-download] Error 1
[INFO] [stderr]   gmake[1]: *** [CMakeFiles/Makefile2:87: CMakeFiles/sonic-git-populate.dir/all] Error 2
[INFO] [stderr]   gmake: *** [Makefile:91: all] Error 2
[INFO] [stderr] 
[INFO] [stderr]   CMake Error at /usr/share/cmake-4.2/Modules/FetchContent.cmake:1928 (message):
[INFO] [stderr]     Build step for sonic-git failed: 2
[INFO] [stderr]   Call Stack (most recent call first):
[INFO] [stderr]     /usr/share/cmake-4.2/Modules/FetchContent.cmake:1619 (__FetchContent_populateSubbuild)
[INFO] [stderr]     /usr/share/cmake-4.2/Modules/FetchContent.cmake:2155:EVAL:2 (__FetchContent_doPopulation)
[INFO] [stderr]     /usr/share/cmake-4.2/Modules/FetchContent.cmake:2155 (cmake_language)
[INFO] [stderr]     /usr/share/cmake-4.2/Modules/FetchContent.cmake:2394 (__FetchContent_Populate)
[INFO] [stderr]     cmake/deps.cmake:23 (FetchContent_MakeAvailable)
[INFO] [stderr]     CMakeLists.txt:15 (include)
[INFO] [stderr] 
[INFO] [stderr] 
[INFO] [stderr] 
[INFO] [stderr]   thread 'main' (4383) panicked at /opt/rustwide/cargo-home/registry/src/index.crates.io-1949cf8c6b5b557f/cmake-0.1.54/src/lib.rs:1119:5:
[INFO] [stderr] 
[INFO] [stderr]   command did not execute successfully, got: exit status: 1
[INFO] [stderr] 
[INFO] [stderr]   build script failed, must exit now
[INFO] [stderr]   stack backtrace:
[INFO] [stderr]      0:     0x62e313a75c51 - std[3164a59e47d3bde]::backtrace_rs::backtrace::libunwind::trace
[INFO] [stderr]                                  at /rustc/3154cc1a3e6424e44f438a95007d043ed5ceaaf6/library/std/src/../../backtrace/src/backtrace/libunwind.rs:117:9
[INFO] [stderr]      1:     0x62e313a75c51 - std[3164a59e47d3bde]::backtrace_rs::backtrace::trace_unsynchronized::<std[3164a59e47d3bde]::sys::backtrace::_print_fmt::{closure#1}>
[INFO] [stderr]                                  at /rustc/3154cc1a3e6424e44f438a95007d043ed5ceaaf6/library/std/src/../../backtrace/src/backtrace/mod.rs:66:14
[INFO] [stderr]      2:     0x62e313a75c51 - std[3164a59e47d3bde]::sys::backtrace::_print_fmt
[INFO] [stderr]                                  at /rustc/3154cc1a3e6424e44f438a95007d043ed5ceaaf6/library/std/src/sys/backtrace.rs:74:9
[INFO] [stderr]      3:     0x62e313a75c51 - <<std[3164a59e47d3bde]::sys::backtrace::BacktraceLock>::print::DisplayBacktrace as core[934024a1e6126fb4]::fmt::Display>::fmt
[INFO] [stderr]                                  at /rustc/3154cc1a3e6424e44f438a95007d043ed5ceaaf6/library/std/src/sys/backtrace.rs:44:26
[INFO] [stderr]      4:     0x62e313a8deaa - <core[934024a1e6126fb4]::fmt::rt::Argument>::fmt
[INFO] [stderr]                                  at /rustc/3154cc1a3e6424e44f438a95007d043ed5ceaaf6/library/core/src/fmt/rt.rs:152:76
[INFO] [stderr]      5:     0x62e313a8deaa - core[934024a1e6126fb4]::fmt::write
[INFO] [stderr]      6:     0x62e313a7c10c - core[934024a1e6126fb4]::io::write::default_write_fmt::<std[3164a59e47d3bde]::sys::stdio::unix::Stderr>
[INFO] [stderr]                                  at /rustc/3154cc1a3e6424e44f438a95007d043ed5ceaaf6/library/core/src/io/write.rs:402:11
[INFO] [stderr]      7:     0x62e313a7c10c - <std[3164a59e47d3bde]::sys::stdio::unix::Stderr as core[934024a1e6126fb4]::io::write::Write>::write_fmt
[INFO] [stderr]                                  at /rustc/3154cc1a3e6424e44f438a95007d043ed5ceaaf6/library/core/src/io/write.rs:335:13
[INFO] [stderr]      8:     0x62e313a4fad6 - <std[3164a59e47d3bde]::sys::backtrace::BacktraceLock>::print
[INFO] [stderr]                                  at /rustc/3154cc1a3e6424e44f438a95007d043ed5ceaaf6/library/std/src/sys/backtrace.rs:47:9
[INFO] [stderr]      9:     0x62e313a4fad6 - std[3164a59e47d3bde]::panicking::default_hook::{closure#0}
[INFO] [stderr]                                  at /rustc/3154cc1a3e6424e44f438a95007d043ed5ceaaf6/library/std/src/panicking.rs:289:27
[INFO] [stderr]     10:     0x62e313a6d2b1 - std[3164a59e47d3bde]::panicking::default_hook
[INFO] [stderr]                                  at /rustc/3154cc1a3e6424e44f438a95007d043ed5ceaaf6/library/std/src/panicking.rs:316:9
[INFO] [stderr]     11:     0x62e313a6d5db - std[3164a59e47d3bde]::panicking::panic_with_hook
[INFO] [stderr]                                  at /rustc/3154cc1a3e6424e44f438a95007d043ed5ceaaf6/library/std/src/panicking.rs:811:13
[INFO] [stderr]     12:     0x62e313a4fb82 - std[3164a59e47d3bde]::panicking::panic_handler::{closure#0}
[INFO] [stderr]                                  at /rustc/3154cc1a3e6424e44f438a95007d043ed5ceaaf6/library/std/src/panicking.rs:685:13
[INFO] [stderr]     13:     0x62e313a484d9 - std[3164a59e47d3bde]::sys::backtrace::__rust_end_short_backtrace::<std[3164a59e47d3bde]::panicking::panic_handler::{closure#0}, !>
[INFO] [stderr]                                  at /rustc/3154cc1a3e6424e44f438a95007d043ed5ceaaf6/library/std/src/sys/backtrace.rs:182:18
[INFO] [stderr]     14:     0x62e313a5090d - __rustc[2e7b49d4226056d3]::rust_begin_unwind
[INFO] [stderr]                                  at /rustc/3154cc1a3e6424e44f438a95007d043ed5ceaaf6/library/std/src/panicking.rs:676:5
[INFO] [stderr]     15:     0x62e313a8e74c - core[934024a1e6126fb4]::panicking::panic_fmt
[INFO] [stderr]                                  at /rustc/3154cc1a3e6424e44f438a95007d043ed5ceaaf6/library/core/src/panicking.rs:80:14
[INFO] [stderr]     16:     0x62e3139de9a7 - cmake[50c4edc58413ab56]::fail
[INFO] [stderr]     17:     0x62e3139de633 - cmake[50c4edc58413ab56]::run
[INFO] [stderr]     18:     0x62e3139e3d95 - <cmake[50c4edc58413ab56]::Config>::build
[INFO] [stderr]     19:     0x62e3134db2e8 - build_script_build[6caadb0b846c941f]::main
[INFO] [stderr]     20:     0x62e3134df953 - <fn() as core[934024a1e6126fb4]::ops::function::FnOnce<()>>::call_once
[INFO] [stderr]     21:     0x62e3134d70b6 - std[3164a59e47d3bde]::sys::backtrace::__rust_begin_short_backtrace::<fn(), ()>
[INFO] [stderr]     22:     0x62e3134d71c9 - std[3164a59e47d3bde]::rt::lang_start::<()>::{closure#0}
[INFO] [stderr]     23:     0x62e313a6c378 - <&dyn core[934024a1e6126fb4]::ops::function::Fn<(), Output = i32> + core[934024a1e6126fb4]::marker::Sync + core[934024a1e6126fb4]::panic::unwind_safe::RefUnwindSafe as core[934024a1e6126fb4]::ops::function::FnOnce<()>>::call_once
[INFO] [stderr]                                  at /rustc/3154cc1a3e6424e44f438a95007d043ed5ceaaf6/library/core/src/ops/function.rs:287:21
[INFO] [stderr]     24:     0x62e313a6c378 - std[3164a59e47d3bde]::panicking::catch_unwind::do_call::<&dyn core[934024a1e6126fb4]::ops::function::Fn<(), Output = i32> + core[934024a1e6126fb4]::marker::Sync + core[934024a1e6126fb4]::panic::unwind_safe::RefUnwindSafe, i32>
[INFO] [stderr]                                  at /rustc/3154cc1a3e6424e44f438a95007d043ed5ceaaf6/library/std/src/panicking.rs:573:43
[INFO] [stderr]     25:     0x62e313a6c378 - std[3164a59e47d3bde]::panicking::catch_unwind::<i32, &dyn core[934024a1e6126fb4]::ops::function::Fn<(), Output = i32> + core[934024a1e6126fb4]::marker::Sync + core[934024a1e6126fb4]::panic::unwind_safe::RefUnwindSafe>
[INFO] [stderr]                                  at /rustc/3154cc1a3e6424e44f438a95007d043ed5ceaaf6/library/std/src/panicking.rs:541:19
[INFO] [stderr]     26:     0x62e313a6c378 - std[3164a59e47d3bde]::panic::catch_unwind::<&dyn core[934024a1e6126fb4]::ops::function::Fn<(), Output = i32> + core[934024a1e6126fb4]::marker::Sync + core[934024a1e6126fb4]::panic::unwind_safe::RefUnwindSafe, i32>
[INFO] [stderr]                                  at /rustc/3154cc1a3e6424e44f438a95007d043ed5ceaaf6/library/std/src/panic.rs:359:14
[INFO] [stderr]     27:     0x62e313a6c378 - std[3164a59e47d3bde]::rt::lang_start_internal::{closure#0}
[INFO] [stderr]                                  at /rustc/3154cc1a3e6424e44f438a95007d043ed5ceaaf6/library/std/src/rt.rs:175:24
[INFO] [stderr]     28:     0x62e313a6c378 - std[3164a59e47d3bde]::panicking::catch_unwind::do_call::<std[3164a59e47d3bde]::rt::lang_start_internal::{closure#0}, isize>
[INFO] [stderr]                                  at /rustc/3154cc1a3e6424e44f438a95007d043ed5ceaaf6/library/std/src/panicking.rs:573:43
[INFO] [stderr]     29:     0x62e313a6c378 - std[3164a59e47d3bde]::panicking::catch_unwind::<isize, std[3164a59e47d3bde]::rt::lang_start_internal::{closure#0}>
[INFO] [stderr]                                  at /rustc/3154cc1a3e6424e44f438a95007d043ed5ceaaf6/library/std/src/panicking.rs:541:19
[INFO] [stderr]     30:     0x62e313a6c378 - std[3164a59e47d3bde]::panic::catch_unwind::<std[3164a59e47d3bde]::rt::lang_start_internal::{closure#0}, isize>
[INFO] [stderr]                                  at /rustc/3154cc1a3e6424e44f438a95007d043ed5ceaaf6/library/std/src/panic.rs:359:14
[INFO] [stderr]     31:     0x62e313a6c378 - std[3164a59e47d3bde]::rt::lang_start_internal
[INFO] [stderr]                                  at /rustc/3154cc1a3e6424e44f438a95007d043ed5ceaaf6/library/std/src/rt.rs:171:5
[INFO] [stderr]     32:     0x62e3134d6f81 - std[3164a59e47d3bde]::rt::lang_start::<()>
[INFO] [stderr]     33:     0x62e3134dfc35 - main
[INFO] [stderr]     34:     0x7a85ce3f7601 - <unknown>
[INFO] [stderr]     35:     0x7a85ce3f7718 - __libc_start_main
[INFO] [stderr]     36:     0x62e3134d5225 - _start
[INFO] [stderr]     37:                0x0 - <unknown>
[INFO] running `Command { std: "docker" "inspect" "561018fa1f0e7ff7f1f3bc2149dc1868ceb844f047d1bad6c08b5a72b9a5b680", kill_on_drop: false }`
[INFO] running `Command { std: "docker" "rm" "-f" "561018fa1f0e7ff7f1f3bc2149dc1868ceb844f047d1bad6c08b5a72b9a5b680", kill_on_drop: false }`
[INFO] [stdout] 561018fa1f0e7ff7f1f3bc2149dc1868ceb844f047d1bad6c08b5a72b9a5b680
