[INFO] cloning repository https://github.com/Finnian-Walsh/astatine
[INFO] running `Command { std: "git" "-c" "credential.helper=" "-c" "credential.helper=/workspace/cargo-home/bin/git-credential-null" "clone" "--bare" "https://github.com/Finnian-Walsh/astatine" "/workspace/cache/git-repos/https%3A%2F%2Fgithub.com%2FFinnian-Walsh%2Fastatine", kill_on_drop: false }`
[INFO] [stderr] Cloning into bare repository '/workspace/cache/git-repos/https%3A%2F%2Fgithub.com%2FFinnian-Walsh%2Fastatine'...
[INFO] running `Command { std: "git" "rev-parse" "HEAD", kill_on_drop: false }`
[INFO] [stdout] 257156462c850c8589979f1e031c6ec27989cd5f
[INFO] checking Finnian-Walsh/astatine against 3154cc1a3e6424e44f438a95007d043ed5ceaaf6 for pr-133502-30
[INFO] running `Command { std: "git" "clone" "/workspace/cache/git-repos/https%3A%2F%2Fgithub.com%2FFinnian-Walsh%2Fastatine" "/workspace/builds/worker-1-tc2/source", kill_on_drop: false }`
[INFO] [stderr] Cloning into '/workspace/builds/worker-1-tc2/source'...
[INFO] [stderr] done.
[INFO] started tweaking git repo https://github.com/Finnian-Walsh/astatine
[INFO] finished tweaking git repo https://github.com/Finnian-Walsh/astatine
[INFO] tweaked toml for git repo https://github.com/Finnian-Walsh/astatine written to /workspace/builds/worker-1-tc2/source/Cargo.toml
[INFO] validating manifest of git repo https://github.com/Finnian-Walsh/astatine on toolchain 3154cc1a3e6424e44f438a95007d043ed5ceaaf6
[INFO] running `Command { std: CARGO_HOME="/workspace/cargo-home" RUSTUP_HOME="/workspace/rustup-home" "/workspace/cargo-home/bin/cargo" "+3154cc1a3e6424e44f438a95007d043ed5ceaaf6" "metadata" "--manifest-path" "Cargo.toml" "--no-deps", kill_on_drop: false }`
[INFO] crate git repo https://github.com/Finnian-Walsh/astatine already has a lockfile, it will not be regenerated
[INFO] running `Command { std: CARGO_HOME="/workspace/cargo-home" RUSTUP_HOME="/workspace/rustup-home" "/workspace/cargo-home/bin/cargo" "+3154cc1a3e6424e44f438a95007d043ed5ceaaf6" "fetch" "--manifest-path" "Cargo.toml", kill_on_drop: false }`
[INFO] running `Command { std: "docker" "create" "-v" "/var/lib/crater-agent-workspace/builds/worker-1-tc2/source:/opt/rustwide/workdir:ro,Z" "-v" "/var/lib/crater-agent-workspace/builds/worker-1-tc2/target:/opt/rustwide/target:rw,Z" "-v" "/var/lib/crater-agent-workspace/cargo-home:/opt/rustwide/cargo-home:ro,Z" "-v" "/var/lib/crater-agent-workspace/rustup-home:/opt/rustwide/rustup-home:ro,Z" "-m" "1610612736" "--network" "none" "ghcr.io/rust-lang/crates-build-env/linux@sha256:77db811e55d90add9212f6832c23229e3de5f1c1f9905e8cb07319ea15df73ac" "sleep" "infinity", kill_on_drop: false }`
[INFO] [stdout] 2dc4c1b553396ca2a4133ed2b9dadc810cdfdb0dd5976c98dca23169ba06f51c
[INFO] running `Command { std: "docker" "start" "2dc4c1b553396ca2a4133ed2b9dadc810cdfdb0dd5976c98dca23169ba06f51c", kill_on_drop: false }`
[INFO] running `Command { std: "docker" "inspect" "2dc4c1b553396ca2a4133ed2b9dadc810cdfdb0dd5976c98dca23169ba06f51c", kill_on_drop: false }`
[INFO] running `Command { std: "docker" "exec" "-e" "SOURCE_DIR=/opt/rustwide/workdir" "-e" "CARGO_HOME=/opt/rustwide/cargo-home" "-e" "RUSTUP_HOME=/opt/rustwide/rustup-home" "-e" "CARGO_TARGET_DIR=/opt/rustwide/target" "-w" "/opt/rustwide/workdir" "--user" "0:0" "2dc4c1b553396ca2a4133ed2b9dadc810cdfdb0dd5976c98dca23169ba06f51c" "/opt/rustwide/cargo-home/bin/cargo" "+3154cc1a3e6424e44f438a95007d043ed5ceaaf6" "metadata" "--no-deps" "--format-version=1", kill_on_drop: false }`
[INFO] running `Command { std: "docker" "inspect" "2dc4c1b553396ca2a4133ed2b9dadc810cdfdb0dd5976c98dca23169ba06f51c", kill_on_drop: false }`
[INFO] running `Command { std: "docker" "exec" "-e" "SOURCE_DIR=/opt/rustwide/workdir" "-e" "CARGO_HOME=/opt/rustwide/cargo-home" "-e" "RUSTUP_HOME=/opt/rustwide/rustup-home" "-e" "CARGO_TARGET_DIR=/opt/rustwide/target" "-e" "CARGO_INCREMENTAL=0" "-e" "RUST_BACKTRACE=full" "-e" "RUSTFLAGS=--cap-lints=forbid" "-e" "RUSTDOCFLAGS=--cap-lints=forbid" "-w" "/opt/rustwide/workdir" "--user" "0:0" "2dc4c1b553396ca2a4133ed2b9dadc810cdfdb0dd5976c98dca23169ba06f51c" "/opt/rustwide/cargo-home/bin/cargo" "+3154cc1a3e6424e44f438a95007d043ed5ceaaf6" "check" "--frozen" "--all" "--all-targets" "--message-format=json", kill_on_drop: false }`
[INFO] [stderr]    Compiling syn v3.0.6
[INFO] [stderr]    Compiling eyre v0.6.14
[INFO] [stderr]     Checking tracing v0.1.44
[INFO] [stderr]     Checking tracing-subscriber v0.3.23
[INFO] [stderr]     Checking memchr v2.8.3
[INFO] [stderr]    Compiling color-spantrace v0.3.0
[INFO] [stderr]     Checking miniz_oxide v0.8.9
[INFO] [stderr]     Checking owo-colors v4.4.0
[INFO] [stderr]     Checking rustc-demangle v0.1.28
[INFO] [stderr]     Checking object v0.37.3
[INFO] [stderr]     Checking tracing-error v0.2.1
[INFO] [stderr]    Compiling clap_derive v4.6.7
[INFO] [stderr]    Compiling thiserror-impl v2.0.21
[INFO] [stderr]     Checking thiserror v2.0.21
[INFO] [stderr]     Checking backtrace v0.3.76
[INFO] [stderr]     Checking clap v4.6.7
[INFO] [stderr]     Checking color-eyre v0.6.5
[INFO] [stderr]     Checking astatine v0.1.0 (/opt/rustwide/workdir)
[INFO] [stdout] error[E0308]: mismatched types
[INFO] [stdout]    --> src/parser.rs:251:73
[INFO] [stdout]     |
[INFO] [stdout] 251 |                 Token::LeftSquare => Operator::Postfix(PostfixOp::Index(())),
[INFO] [stdout]     |                                                        ---------------- ^^ expected `Box<Expression>`, found `()`
[INFO] [stdout]     |                                                        |
[INFO] [stdout]     |                                                        arguments to this enum variant are incorrect
[INFO] [stdout]     |
[INFO] [stdout]     = note: expected struct `Box<Expression>`
[INFO] [stdout]             found unit type `()`
[INFO] [stdout] note: tuple variant defined here
[INFO] [stdout]    --> src/syntax.rs:89:5
[INFO] [stdout]     |
[INFO] [stdout]  89 |     Index(Box<Expression>),
[INFO] [stdout]     |     ^^^^^
[INFO] [stdout] 
[INFO] [stdout] 
[INFO] [stdout] error[E0308]: mismatched types
[INFO] [stdout]    --> src/parser.rs:251:73
[INFO] [stdout]     |
[INFO] [stdout] 251 |                 Token::LeftSquare => Operator::Postfix(PostfixOp::Index(())),
[INFO] [stdout]     |                                                        ---------------- ^^ expected `Box<Expression>`, found `()`
[INFO] [stdout]     |                                                        |
[INFO] [stdout]     |                                                        arguments to this enum variant are incorrect
[INFO] [stdout]     |
[INFO] [stdout]     = note: expected struct `Box<Expression>`
[INFO] [stdout]             found unit type `()`
[INFO] [stdout] note: tuple variant defined here
[INFO] [stdout]    --> src/syntax.rs:89:5
[INFO] [stdout]     |
[INFO] [stdout]  89 |     Index(Box<Expression>),
[INFO] [stdout]     |     ^^^^^
[INFO] [stdout] 
[INFO] [stdout] 
[INFO] [stdout] error[E0599]: no method named `binding_power` found for enum `Operator` in the current scope
[INFO] [stdout]    --> src/parser.rs:289:34
[INFO] [stdout]     |
[INFO] [stdout] 289 |             let op_bp = operator.binding_power();
[INFO] [stdout]     |                                  ^^^^^^^^^^^^^ method not found in `Operator`
[INFO] [stdout]     |
[INFO] [stdout]    ::: src/syntax.rs:98:1
[INFO] [stdout]     |
[INFO] [stdout]  98 | pub enum Operator {
[INFO] [stdout]     | ----------------- method `binding_power` not found for this enum
[INFO] [stdout]     |
[INFO] [stdout]     = help: items from traits can only be used if the trait is implemented and in scope
[INFO] [stdout] note: `BindingPower` defines an item `binding_power`, perhaps you need to implement it
[INFO] [stdout]    --> src/parser.rs:14:1
[INFO] [stdout]     |
[INFO] [stdout]  14 | pub trait BindingPower {
[INFO] [stdout]     | ^^^^^^^^^^^^^^^^^^^^^^
[INFO] [stdout] 
[INFO] [stdout] 
[INFO] [stdout] error[E0308]: mismatched types
[INFO] [stdout]    --> src/parser.rs:300:21
[INFO] [stdout]     |
[INFO] [stdout] 300 |                 op: operator,
[INFO] [stdout]     |                     ^^^^^^^^ expected `BinaryOp`, found `Operator`
[INFO] [stdout] 
[INFO] [stdout] 
[INFO] [stdout] error[E0599]: no method named `binding_power` found for enum `Operator` in the current scope
[INFO] [stdout]    --> src/parser.rs:289:34
[INFO] [stdout]     |
[INFO] [stdout] 289 |             let op_bp = operator.binding_power();
[INFO] [stdout]     |                                  ^^^^^^^^^^^^^ method not found in `Operator`
[INFO] [stdout]     |
[INFO] [stdout]    ::: src/syntax.rs:98:1
[INFO] [stdout]     |
[INFO] [stdout]  98 | pub enum Operator {
[INFO] [stdout]     | ----------------- method `binding_power` not found for this enum
[INFO] [stdout]     |
[INFO] [stdout]     = help: items from traits can only be used if the trait is implemented and in scope
[INFO] [stdout] note: `BindingPower` defines an item `binding_power`, perhaps you need to implement it
[INFO] [stdout]    --> src/parser.rs:14:1
[INFO] [stdout]     |
[INFO] [stdout]  14 | pub trait BindingPower {
[INFO] [stdout]     | ^^^^^^^^^^^^^^^^^^^^^^
[INFO] [stdout] 
[INFO] [stdout] 
[INFO] [stdout] error[E0308]: mismatched types
[INFO] [stdout]    --> src/parser.rs:300:21
[INFO] [stdout]     |
[INFO] [stdout] 300 |                 op: operator,
[INFO] [stdout]     |                     ^^^^^^^^ expected `BinaryOp`, found `Operator`
[INFO] [stdout] 
[INFO] [stdout] 
[INFO] [stdout] Some errors have detailed explanations: E0308, E0599.
[INFO] [stdout] 
[INFO] [stdout] For more information about an error, try `rustc --explain E0308`.
[INFO] [stdout] 
[INFO] [stderr] error: could not compile `astatine` (bin "astatine" test) due to 3 previous errors
[INFO] [stderr] warning: build failed, waiting for other jobs to finish...
[INFO] [stdout] Some errors have detailed explanations: E0308, E0599.
[INFO] [stdout] 
[INFO] [stdout] For more information about an error, try `rustc --explain E0308`.
[INFO] [stdout] 
[INFO] [stderr] error: could not compile `astatine` (bin "astatine") due to 3 previous errors
[INFO] running `Command { std: "docker" "inspect" "2dc4c1b553396ca2a4133ed2b9dadc810cdfdb0dd5976c98dca23169ba06f51c", kill_on_drop: false }`
[INFO] running `Command { std: "docker" "rm" "-f" "2dc4c1b553396ca2a4133ed2b9dadc810cdfdb0dd5976c98dca23169ba06f51c", kill_on_drop: false }`
[INFO] [stdout] 2dc4c1b553396ca2a4133ed2b9dadc810cdfdb0dd5976c98dca23169ba06f51c
