[INFO] cloning repository https://github.com/Field-of-Dreams-Studio/sfx
[INFO] running `Command { std: "git" "-c" "credential.helper=" "-c" "credential.helper=/workspace/cargo-home/bin/git-credential-null" "clone" "--bare" "https://github.com/Field-of-Dreams-Studio/sfx" "/workspace/cache/git-repos/https%3A%2F%2Fgithub.com%2FField-of-Dreams-Studio%2Fsfx", kill_on_drop: false }`
[INFO] [stderr] Cloning into bare repository '/workspace/cache/git-repos/https%3A%2F%2Fgithub.com%2FField-of-Dreams-Studio%2Fsfx'...
[INFO] running `Command { std: "git" "rev-parse" "HEAD", kill_on_drop: false }`
[INFO] [stdout] 5ab43e6a0e57a8c0859021d3abc1f8da5934f192
[INFO] checking Field-of-Dreams-Studio/sfx against 3154cc1a3e6424e44f438a95007d043ed5ceaaf6 for pr-133502-30
[INFO] running `Command { std: "git" "clone" "/workspace/cache/git-repos/https%3A%2F%2Fgithub.com%2FField-of-Dreams-Studio%2Fsfx" "/workspace/builds/worker-6-tc2/source", kill_on_drop: false }`
[INFO] [stderr] Cloning into '/workspace/builds/worker-6-tc2/source'...
[INFO] [stderr] done.
[INFO] started tweaking git repo https://github.com/Field-of-Dreams-Studio/sfx
[INFO] finished tweaking git repo https://github.com/Field-of-Dreams-Studio/sfx
[INFO] tweaked toml for git repo https://github.com/Field-of-Dreams-Studio/sfx written to /workspace/builds/worker-6-tc2/source/Cargo.toml
[INFO] validating manifest of git repo https://github.com/Field-of-Dreams-Studio/sfx on toolchain 3154cc1a3e6424e44f438a95007d043ed5ceaaf6
[INFO] running `Command { std: CARGO_HOME="/workspace/cargo-home" RUSTUP_HOME="/workspace/rustup-home" "/workspace/cargo-home/bin/cargo" "+3154cc1a3e6424e44f438a95007d043ed5ceaaf6" "metadata" "--manifest-path" "Cargo.toml" "--no-deps", kill_on_drop: false }`
[INFO] running `Command { std: CARGO_HOME="/workspace/cargo-home" RUSTUP_HOME="/workspace/rustup-home" "/workspace/cargo-home/bin/cargo" "+3154cc1a3e6424e44f438a95007d043ed5ceaaf6" "generate-lockfile" "--manifest-path" "Cargo.toml", kill_on_drop: false }`
[INFO] [stderr]     Blocking waiting for file lock on package cache
[INFO] [stderr]     Updating crates.io index
[INFO] [stderr]     Blocking waiting for file lock on package cache
[INFO] [stderr]      Locking 141 packages to highest Rust 1.101.0-nightly compatible versions
[INFO] [stderr]       Adding generic-array v0.14.7 (available: v0.14.9)
[INFO] running `Command { std: CARGO_HOME="/workspace/cargo-home" RUSTUP_HOME="/workspace/rustup-home" "/workspace/cargo-home/bin/cargo" "+3154cc1a3e6424e44f438a95007d043ed5ceaaf6" "fetch" "--manifest-path" "Cargo.toml", kill_on_drop: false }`
[INFO] [stderr]     Blocking waiting for file lock on package cache
[INFO] running `Command { std: "docker" "create" "-v" "/var/lib/crater-agent-workspace/builds/worker-6-tc2/source:/opt/rustwide/workdir:ro,Z" "-v" "/var/lib/crater-agent-workspace/builds/worker-6-tc2/target:/opt/rustwide/target:rw,Z" "-v" "/var/lib/crater-agent-workspace/cargo-home:/opt/rustwide/cargo-home:ro,Z" "-v" "/var/lib/crater-agent-workspace/rustup-home:/opt/rustwide/rustup-home:ro,Z" "-m" "1610612736" "--network" "none" "ghcr.io/rust-lang/crates-build-env/linux@sha256:77db811e55d90add9212f6832c23229e3de5f1c1f9905e8cb07319ea15df73ac" "sleep" "infinity", kill_on_drop: false }`
[INFO] [stdout] d420f99e4baef6b6d7cfa1938cde4e100262acea08f3f8465b85e5bd656588ca
[INFO] running `Command { std: "docker" "start" "d420f99e4baef6b6d7cfa1938cde4e100262acea08f3f8465b85e5bd656588ca", kill_on_drop: false }`
[INFO] running `Command { std: "docker" "inspect" "d420f99e4baef6b6d7cfa1938cde4e100262acea08f3f8465b85e5bd656588ca", kill_on_drop: false }`
[INFO] running `Command { std: "docker" "exec" "-e" "SOURCE_DIR=/opt/rustwide/workdir" "-e" "CARGO_HOME=/opt/rustwide/cargo-home" "-e" "RUSTUP_HOME=/opt/rustwide/rustup-home" "-e" "CARGO_TARGET_DIR=/opt/rustwide/target" "-w" "/opt/rustwide/workdir" "--user" "0:0" "d420f99e4baef6b6d7cfa1938cde4e100262acea08f3f8465b85e5bd656588ca" "/opt/rustwide/cargo-home/bin/cargo" "+3154cc1a3e6424e44f438a95007d043ed5ceaaf6" "metadata" "--no-deps" "--format-version=1", kill_on_drop: false }`
[INFO] running `Command { std: "docker" "inspect" "d420f99e4baef6b6d7cfa1938cde4e100262acea08f3f8465b85e5bd656588ca", kill_on_drop: false }`
[INFO] running `Command { std: "docker" "exec" "-e" "SOURCE_DIR=/opt/rustwide/workdir" "-e" "CARGO_HOME=/opt/rustwide/cargo-home" "-e" "RUSTUP_HOME=/opt/rustwide/rustup-home" "-e" "CARGO_TARGET_DIR=/opt/rustwide/target" "-e" "CARGO_INCREMENTAL=0" "-e" "RUST_BACKTRACE=full" "-e" "RUSTFLAGS=--cap-lints=forbid" "-e" "RUSTDOCFLAGS=--cap-lints=forbid" "-w" "/opt/rustwide/workdir" "--user" "0:0" "d420f99e4baef6b6d7cfa1938cde4e100262acea08f3f8465b85e5bd656588ca" "/opt/rustwide/cargo-home/bin/cargo" "+3154cc1a3e6424e44f438a95007d043ed5ceaaf6" "check" "--frozen" "--all" "--all-targets" "--message-format=json", kill_on_drop: false }`
[INFO] [stderr]    Compiling libc v0.2.190
[INFO] [stderr]     Checking cfg-if v1.0.5
[INFO] [stderr]    Compiling unicode-ident v1.0.26
[INFO] [stderr]     Checking smallvec v1.16.3
[INFO] [stderr]    Compiling find-msvc-tools v0.1.14
[INFO] [stderr]     Checking zeroize v1.9.1
[INFO] [stderr]    Compiling av v0.1.0
[INFO] [stderr]     Checking regex-syntax v0.8.11
[INFO] [stderr]    Compiling zerocopy v0.8.62
[INFO] [stderr]    Compiling rustls v0.23.45
[INFO] [stderr]     Checking spin v0.12.3
[INFO] [stderr]     Checking futures-channel v0.3.34
[INFO] [stderr]     Checking futures-io v0.3.34
[INFO] [stderr]    Compiling dtor-proc-macro v0.0.5
[INFO] [stderr]    Compiling ctor-proc-macro v0.0.6
[INFO] [stderr]    Compiling proc-macro2 v1.0.107
[INFO] [stderr]     Checking clap_lex v1.1.1
[INFO] [stderr]    Compiling sfx v0.1.3 (/opt/rustwide/workdir)
[INFO] [stderr]     Checking lazy_static v1.5.1
[INFO] [stderr]    Compiling cc v1.7.0
[INFO] [stderr]     Checking rustls-pki-types v1.15.1
[INFO] [stderr]    Compiling dtor v0.0.6
[INFO] [stdout] warning: unused variable: `profile_dir`
[INFO] [stdout]    --> build.rs:138:51
[INFO] [stdout]     |
[INFO] [stdout] 138 | fn generate_resource_locator(manifest_dir: &Path, profile_dir: &Path, is_in_workspace: bool) {
[INFO] [stdout]     |                                                   ^^^^^^^^^^^ help: if this is intentional, prefix it with an underscore: `_profile_dir`
[INFO] [stdout]     |
[INFO] [stdout]     = note: `#[warn(unused_variables)]` (part of `#[warn(unused)]`) on by default
[INFO] [stdout] 
[INFO] [stdout] 
[INFO] [stderr]    Compiling ctor v0.4.3
[INFO] [stderr]     Checking clap_builder v4.6.7
[INFO] [stderr] warning: sfx@0.1.3: Package name: sfx
[INFO] [stderr] warning: sfx@0.1.3: In workspace: false
[INFO] [stderr] warning: sfx@0.1.3: Manifest directory: /opt/rustwide/workdir
[INFO] [stderr] warning: sfx@0.1.3: Target directory: /opt/rustwide/target
[INFO] [stderr] warning: sfx@0.1.3: Copying default directory to /opt/rustwide/target/debug...
[INFO] [stderr] warning: sfx@0.1.3: Copying: /opt/rustwide/workdir/default/build.rs → /opt/rustwide/target/debug/default/build.rs
[INFO] [stderr] warning: sfx@0.1.3: Copying: /opt/rustwide/workdir/default/Cargo.toml.template → /opt/rustwide/target/debug/default/Cargo.toml.template
[INFO] [stderr] warning: sfx@0.1.3: Copying: /opt/rustwide/workdir/default/programfiles/world/new1 → /opt/rustwide/target/debug/default/programfiles/world/new1
[INFO] [stderr] warning: sfx@0.1.3: Copying: /opt/rustwide/workdir/default/programfiles/local_auth/users → /opt/rustwide/target/debug/default/programfiles/local_auth/users
[INFO] [stderr] warning: sfx@0.1.3: Copying: /opt/rustwide/workdir/default/programfiles/admin_info/admins.json → /opt/rustwide/target/debug/default/programfiles/admin_info/admins.json
[INFO] [stderr] warning: sfx@0.1.3: Copying: /opt/rustwide/workdir/default/programfiles/op/l10n.json → /opt/rustwide/target/debug/default/programfiles/op/l10n.json
[INFO] [stderr] warning: sfx@0.1.3: Copying: /opt/rustwide/workdir/default/programfiles/op/support_lang.json → /opt/rustwide/target/debug/default/programfiles/op/support_lang.json
[INFO] [stderr] warning: sfx@0.1.3: Copying: /opt/rustwide/workdir/default/programfiles/op/footer.json → /opt/rustwide/target/debug/default/programfiles/op/footer.json
[INFO] [stderr] warning: sfx@0.1.3: Copying: /opt/rustwide/workdir/default/programfiles/op/binding.txt → /opt/rustwide/target/debug/default/programfiles/op/binding.txt
[INFO] [stderr] warning: sfx@0.1.3: Copying: /opt/rustwide/workdir/default/programfiles/op/hosts.json → /opt/rustwide/target/debug/default/programfiles/op/hosts.json
[INFO] [stderr] warning: sfx@0.1.3: Copying: /opt/rustwide/workdir/default/programfiles/op/robots.txt → /opt/rustwide/target/debug/default/programfiles/op/robots.txt
[INFO] [stderr] warning: sfx@0.1.3: Copying: /opt/rustwide/workdir/default/programfiles/op/navbar.json → /opt/rustwide/target/debug/default/programfiles/op/navbar.json
[INFO] [stderr] warning: sfx@0.1.3: Copying: /opt/rustwide/workdir/default/templates/index.html → /opt/rustwide/target/debug/default/templates/index.html
[INFO] [stderr] warning: sfx@0.1.3: Copying: /opt/rustwide/workdir/default/templates/base/footer.html → /opt/rustwide/target/debug/default/templates/base/footer.html
[INFO] [stderr] warning: sfx@0.1.3: Copying: /opt/rustwide/workdir/default/templates/base/base.html → /opt/rustwide/target/debug/default/templates/base/base.html
[INFO] [stderr] warning: sfx@0.1.3: Copying: /opt/rustwide/workdir/default/templates/base/path.html → /opt/rustwide/target/debug/default/templates/base/path.html
[INFO] [stderr] warning: sfx@0.1.3: Copying: /opt/rustwide/workdir/default/templates/base/navbar.html → /opt/rustwide/target/debug/default/templates/base/navbar.html
[INFO] [stderr] warning: sfx@0.1.3: Copying: /opt/rustwide/workdir/default/templates/user/forbidden.html → /opt/rustwide/target/debug/default/templates/user/forbidden.html
[INFO] [stderr] warning: sfx@0.1.3: Copying: /opt/rustwide/workdir/default/templates/user/unauthorized.html → /opt/rustwide/target/debug/default/templates/user/unauthorized.html
[INFO] [stderr] warning: sfx@0.1.3: Copying: /opt/rustwide/workdir/default/templates/user/home.html → /opt/rustwide/target/debug/default/templates/user/home.html
[INFO] [stderr] warning: sfx@0.1.3: Copying: /opt/rustwide/workdir/default/templates/user/login.html → /opt/rustwide/target/debug/default/templates/user/login.html
[INFO] [stderr] warning: sfx@0.1.3: Copying: /opt/rustwide/workdir/default/templates/admin/user_edit.html → /opt/rustwide/target/debug/default/templates/admin/user_edit.html
[INFO] [stderr] warning: sfx@0.1.3: Copying: /opt/rustwide/workdir/default/templates/admin/index.html → /opt/rustwide/target/debug/default/templates/admin/index.html
[INFO] [stderr] warning: sfx@0.1.3: Copying: /opt/rustwide/workdir/default/templates/admin/admins.html → /opt/rustwide/target/debug/default/templates/admin/admins.html
[INFO] [stderr] warning: sfx@0.1.3: Copying: /opt/rustwide/workdir/default/templates/admin/panel.html → /opt/rustwide/target/debug/default/templates/admin/panel.html
[INFO] [stderr] warning: sfx@0.1.3: Copying: /opt/rustwide/workdir/default/src/lib.rs → /opt/rustwide/target/debug/default/src/lib.rs
[INFO] [stderr] warning: sfx@0.1.3: Copying: /opt/rustwide/workdir/default/src/main.rs → /opt/rustwide/target/debug/default/src/main.rs
[INFO] [stderr] warning: sfx@0.1.3: Successfully copied default to /opt/rustwide/target/debug
[INFO] [stderr] warning: sfx@0.1.3: Skipping programfiles (not found at /opt/rustwide/workdir/programfiles)
[INFO] [stderr] warning: sfx@0.1.3: Copying default directory to /opt/rustwide/target/debug/deps...
[INFO] [stderr] warning: sfx@0.1.3: Copying: /opt/rustwide/workdir/default/build.rs → /opt/rustwide/target/debug/deps/default/build.rs
[INFO] [stderr] warning: sfx@0.1.3: Copying: /opt/rustwide/workdir/default/Cargo.toml.template → /opt/rustwide/target/debug/deps/default/Cargo.toml.template
[INFO] [stderr] warning: sfx@0.1.3: Copying: /opt/rustwide/workdir/default/programfiles/world/new1 → /opt/rustwide/target/debug/deps/default/programfiles/world/new1
[INFO] [stderr] warning: sfx@0.1.3: Copying: /opt/rustwide/workdir/default/programfiles/local_auth/users → /opt/rustwide/target/debug/deps/default/programfiles/local_auth/users
[INFO] [stderr] warning: sfx@0.1.3: Copying: /opt/rustwide/workdir/default/programfiles/admin_info/admins.json → /opt/rustwide/target/debug/deps/default/programfiles/admin_info/admins.json
[INFO] [stderr] warning: sfx@0.1.3: Copying: /opt/rustwide/workdir/default/programfiles/op/l10n.json → /opt/rustwide/target/debug/deps/default/programfiles/op/l10n.json
[INFO] [stderr] warning: sfx@0.1.3: Copying: /opt/rustwide/workdir/default/programfiles/op/support_lang.json → /opt/rustwide/target/debug/deps/default/programfiles/op/support_lang.json
[INFO] [stderr] warning: sfx@0.1.3: Copying: /opt/rustwide/workdir/default/programfiles/op/footer.json → /opt/rustwide/target/debug/deps/default/programfiles/op/footer.json
[INFO] [stderr] warning: sfx@0.1.3: Copying: /opt/rustwide/workdir/default/programfiles/op/binding.txt → /opt/rustwide/target/debug/deps/default/programfiles/op/binding.txt
[INFO] [stderr] warning: sfx@0.1.3: Copying: /opt/rustwide/workdir/default/programfiles/op/hosts.json → /opt/rustwide/target/debug/deps/default/programfiles/op/hosts.json
[INFO] [stderr] warning: sfx@0.1.3: Copying: /opt/rustwide/workdir/default/programfiles/op/robots.txt → /opt/rustwide/target/debug/deps/default/programfiles/op/robots.txt
[INFO] [stderr] warning: sfx@0.1.3: Copying: /opt/rustwide/workdir/default/programfiles/op/navbar.json → /opt/rustwide/target/debug/deps/default/programfiles/op/navbar.json
[INFO] [stderr] warning: sfx@0.1.3: Copying: /opt/rustwide/workdir/default/templates/index.html → /opt/rustwide/target/debug/deps/default/templates/index.html
[INFO] [stderr] warning: sfx@0.1.3: Copying: /opt/rustwide/workdir/default/templates/base/footer.html → /opt/rustwide/target/debug/deps/default/templates/base/footer.html
[INFO] [stderr] warning: sfx@0.1.3: Copying: /opt/rustwide/workdir/default/templates/base/base.html → /opt/rustwide/target/debug/deps/default/templates/base/base.html
[INFO] [stderr] warning: sfx@0.1.3: Copying: /opt/rustwide/workdir/default/templates/base/path.html → /opt/rustwide/target/debug/deps/default/templates/base/path.html
[INFO] [stderr] warning: sfx@0.1.3: Copying: /opt/rustwide/workdir/default/templates/base/navbar.html → /opt/rustwide/target/debug/deps/default/templates/base/navbar.html
[INFO] [stderr] warning: sfx@0.1.3: Copying: /opt/rustwide/workdir/default/templates/user/forbidden.html → /opt/rustwide/target/debug/deps/default/templates/user/forbidden.html
[INFO] [stderr] warning: sfx@0.1.3: Copying: /opt/rustwide/workdir/default/templates/user/unauthorized.html → /opt/rustwide/target/debug/deps/default/templates/user/unauthorized.html
[INFO] [stderr] warning: sfx@0.1.3: Copying: /opt/rustwide/workdir/default/templates/user/home.html → /opt/rustwide/target/debug/deps/default/templates/user/home.html
[INFO] [stderr] warning: sfx@0.1.3: Copying: /opt/rustwide/workdir/default/templates/user/login.html → /opt/rustwide/target/debug/deps/default/templates/user/login.html
[INFO] [stderr] warning: sfx@0.1.3: Copying: /opt/rustwide/workdir/default/templates/admin/user_edit.html → /opt/rustwide/target/debug/deps/default/templates/admin/user_edit.html
[INFO] [stderr] warning: sfx@0.1.3: Copying: /opt/rustwide/workdir/default/templates/admin/index.html → /opt/rustwide/target/debug/deps/default/templates/admin/index.html
[INFO] [stderr] warning: sfx@0.1.3: Copying: /opt/rustwide/workdir/default/templates/admin/admins.html → /opt/rustwide/target/debug/deps/default/templates/admin/admins.html
[INFO] [stderr] warning: sfx@0.1.3: Copying: /opt/rustwide/workdir/default/templates/admin/panel.html → /opt/rustwide/target/debug/deps/default/templates/admin/panel.html
[INFO] [stderr] warning: sfx@0.1.3: Copying: /opt/rustwide/workdir/default/src/lib.rs → /opt/rustwide/target/debug/deps/default/src/lib.rs
[INFO] [stderr] warning: sfx@0.1.3: Copying: /opt/rustwide/workdir/default/src/main.rs → /opt/rustwide/target/debug/deps/default/src/main.rs
[INFO] [stderr] warning: sfx@0.1.3: Successfully copied default to /opt/rustwide/target/debug/deps
[INFO] [stderr] warning: sfx@0.1.3: Skipping programfiles (not found at /opt/rustwide/workdir/programfiles)
[INFO] [stderr]     Checking webpki-roots v1.0.9
[INFO] [stderr]     Checking rustls-pemfile v2.2.0
[INFO] [stderr]    Compiling quote v1.0.47
[INFO] [stderr]    Compiling syn v3.0.7
[INFO] [stderr]    Compiling syn v2.0.119
[INFO] [stderr]    Compiling include_dir_macros v0.7.4
[INFO] [stderr]     Checking include_dir v0.7.4
[INFO] [stderr]     Checking getrandom v0.2.17
[INFO] [stderr]     Checking parking_lot_core v0.9.12
[INFO] [stderr]     Checking errno v0.3.14
[INFO] [stderr]     Checking mio v1.2.4
[INFO] [stderr]     Checking socket2 v0.6.5
[INFO] [stderr]     Checking getrandom v0.3.4
[INFO] [stderr]     Checking rand_core v0.6.4
[INFO] [stderr]     Checking signal-hook-registry v1.4.8
[INFO] [stderr]     Checking rand_core v0.9.5
[INFO] [stderr]     Checking parking_lot v0.12.5
[INFO] [stderr]     Checking dashmap v6.2.1
[INFO] [stderr]    Compiling ring v0.17.14
[INFO] [stderr]     Checking crypto-common v0.1.7
[INFO] [stderr]     Checking cipher v0.4.4
[INFO] [stderr]     Checking digest v0.10.7
[INFO] [stderr]     Checking universal-hash v0.5.1
[INFO] [stderr]     Checking aead v0.5.2
[INFO] [stderr]     Checking polyval v0.6.2
[INFO] [stderr]     Checking regex-automata v0.4.18
[INFO] [stderr]     Checking hmac v0.12.1
[INFO] [stderr]     Checking sha2 v0.10.9
[INFO] [stderr]     Checking ghash v0.5.1
[INFO] [stderr]     Checking aes v0.8.4
[INFO] [stderr]     Checking ctr v0.9.2
[INFO] [stderr]     Checking hkdf v0.12.4
[INFO] [stderr]     Checking aes-gcm v0.10.3
[INFO] [stderr]     Checking regex v1.13.1
[INFO] [stderr]    Compiling tokio-macros v2.7.2
[INFO] [stderr]    Compiling futures-macro v0.3.34
[INFO] [stderr]    Compiling clap_derive v4.6.7
[INFO] [stderr]     Checking tokio v1.53.2
[INFO] [stderr]     Checking futures-util v0.3.34
[INFO] [stderr]    Compiling akari_macro v0.3.0
[INFO] [stderr]    Compiling ahttpm v0.7.1
[INFO] [stderr]    Compiling tracing-attributes v0.1.31
[INFO] [stderr]     Checking akari v0.2.8
[INFO] [stderr]     Checking ppv-lite86 v0.2.21
[INFO] [stderr]     Checking rustls-webpki v0.103.15
[INFO] [stderr]     Checking rand_chacha v0.9.0
[INFO] [stderr]    Compiling hotaru_core v0.8.6
[INFO] [stderr]     Checking clap v4.6.7
[INFO] [stderr]     Checking rand v0.9.5
[INFO] [stderr]     Checking tracing v0.1.44
[INFO] [stderr]     Checking hotaru_lib v0.8.6
[INFO] [stderr]    Compiling hotaru_trans v0.8.6
[INFO] [stderr]     Checking futures-executor v0.3.34
[INFO] [stderr]     Checking futures v0.3.34
[INFO] [stderr]     Checking tokio-util v0.7.20
[INFO] [stderr]     Checking tokio-rustls v0.26.6
[INFO] [stderr]     Checking hotaru_rt_tokio v0.8.6
[INFO] [stderr]     Checking hotaru_io_tokio v0.8.6
[INFO] [stderr]     Checking hotaru_tls v0.8.6
[INFO] [stderr]     Checking hotaru_http v0.8.6
[INFO] [stderr]     Checking hotaru v0.8.6
[INFO] [stderr]     Checking htmstd v0.8.6
[INFO] [stdout] error: attempting to skip non-existent parameter
[INFO] [stdout]   --> src/admin/api.rs:39:39
[INFO] [stdout]    |
[INFO] [stdout] 39 |     #[instrument(level = "info", skip(req))]
[INFO] [stdout]    |                                       ^^^
[INFO] [stdout] 
[INFO] [stdout] 
[INFO] [stdout] error: attempting to skip non-existent parameter
[INFO] [stdout]   --> src/admin/api.rs:87:39
[INFO] [stdout]    |
[INFO] [stdout] 87 |     #[instrument(level = "info", skip(req))]
[INFO] [stdout]    |                                       ^^^
[INFO] [stdout] 
[INFO] [stdout] 
[INFO] [stdout] error: attempting to skip non-existent parameter
[INFO] [stdout]    --> src/admin/api.rs:142:39
[INFO] [stdout]     |
[INFO] [stdout] 142 |     #[instrument(level = "info", skip(req))]
[INFO] [stdout]     |                                       ^^^
[INFO] [stdout] 
[INFO] [stdout] 
[INFO] [stdout] error: attempting to skip non-existent parameter
[INFO] [stdout]    --> src/admin/api.rs:174:39
[INFO] [stdout]     |
[INFO] [stdout] 174 |     #[instrument(level = "info", skip(req))]
[INFO] [stdout]     |                                       ^^^
[INFO] [stdout] 
[INFO] [stdout] 
[INFO] [stdout] error: attempting to skip non-existent parameter
[INFO] [stdout]   --> src/admin/api.rs:39:39
[INFO] [stdout]    |
[INFO] [stdout] 39 |     #[instrument(level = "info", skip(req))]
[INFO] [stdout]    |                                       ^^^
[INFO] [stdout] 
[INFO] [stdout] 
[INFO] [stdout] error: attempting to skip non-existent parameter
[INFO] [stdout]   --> src/admin/api.rs:87:39
[INFO] [stdout]    |
[INFO] [stdout] 87 |     #[instrument(level = "info", skip(req))]
[INFO] [stdout]    |                                       ^^^
[INFO] [stdout] 
[INFO] [stdout] 
[INFO] [stdout] error: attempting to skip non-existent parameter
[INFO] [stdout]    --> src/admin/api.rs:142:39
[INFO] [stdout]     |
[INFO] [stdout] 142 |     #[instrument(level = "info", skip(req))]
[INFO] [stdout]     |                                       ^^^
[INFO] [stdout] 
[INFO] [stdout] 
[INFO] [stdout] warning: unused import: `hotaru::prelude::*`
[INFO] [stdout]  --> src/local_auth/analyze.rs:1:5
[INFO] [stdout]   |
[INFO] [stdout] 1 | use hotaru::prelude::*; 
[INFO] [stdout]   |     ^^^^^^^^^^^^^^^^^^
[INFO] [stdout]   |
[INFO] [stdout]   = note: `#[warn(unused_imports)]` (part of `#[warn(unused)]`) on by default
[INFO] [stdout] 
[INFO] [stdout] 
[INFO] [stdout] error: attempting to skip non-existent parameter
[INFO] [stdout]    --> src/admin/api.rs:174:39
[INFO] [stdout]     |
[INFO] [stdout] 174 |     #[instrument(level = "info", skip(req))]
[INFO] [stdout]     |                                       ^^^
[INFO] [stdout] 
[INFO] [stdout] 
[INFO] [stdout] warning: unused import: `hotaru::prelude::*`
[INFO] [stdout]  --> src/local_auth/analyze.rs:1:5
[INFO] [stdout]   |
[INFO] [stdout] 1 | use hotaru::prelude::*; 
[INFO] [stdout]   |     ^^^^^^^^^^^^^^^^^^
[INFO] [stdout]   |
[INFO] [stdout]   = note: `#[warn(unused_imports)]` (part of `#[warn(unused)]`) on by default
[INFO] [stdout] 
[INFO] [stdout] 
[INFO] [stdout] error[E0599]: no method named `form_or_default` found for mutable reference `&mut HttpContext` in the current scope
[INFO] [stdout]   --> src/user/endpoints.rs:40:28
[INFO] [stdout]    |
[INFO] [stdout] 40 |             let form = req.form_or_default().await;
[INFO] [stdout]    |                            ^^^^^^^^^^^^^^^ method not found in `&mut HttpContext`
[INFO] [stdout] 
[INFO] [stdout] 
[INFO] [stdout] error[E0599]: no method named `form_or_default` found for mutable reference `&mut HttpContext` in the current scope
[INFO] [stdout]   --> src/user/endpoints.rs:40:28
[INFO] [stdout]    |
[INFO] [stdout] 40 |             let form = req.form_or_default().await;
[INFO] [stdout]    |                            ^^^^^^^^^^^^^^^ method not found in `&mut HttpContext`
[INFO] [stdout] 
[INFO] [stdout] 
[INFO] [stdout] error[E0624]: method `parse_buffer` is private
[INFO] [stdout]   --> src/user/endpoints.rs:60:57
[INFO] [stdout]    |
[INFO] [stdout] 60 |             if let HttpBody::Json(json) = response.body.parse_buffer(&HttpSafety::new()) {
[INFO] [stdout]    |                                                         ^^^^^^^^^^^^ private method
[INFO] [stdout]    |
[INFO] [stdout]   ::: /opt/rustwide/cargo-home/registry/src/index.crates.io-1949cf8c6b5b557f/hotaru_http-0.8.6/src/message/body/parse.rs:11:5
[INFO] [stdout]    |
[INFO] [stdout] 11 |     pub(crate) fn parse_buffer(self, safety: &HttpSafety) -> Result<Self, BodyError> {
[INFO] [stdout]    |     -------------------------------------------------------------------------------- private method defined here
[INFO] [stdout] 
[INFO] [stdout] 
[INFO] [stdout] error[E0624]: method `parse_buffer` is private
[INFO] [stdout]   --> src/user/endpoints.rs:60:57
[INFO] [stdout]    |
[INFO] [stdout] 60 |             if let HttpBody::Json(json) = response.body.parse_buffer(&HttpSafety::new()) {
[INFO] [stdout]    |                                                         ^^^^^^^^^^^^ private method
[INFO] [stdout]    |
[INFO] [stdout]   ::: /opt/rustwide/cargo-home/registry/src/index.crates.io-1949cf8c6b5b557f/hotaru_http-0.8.6/src/message/body/parse.rs:11:5
[INFO] [stdout]    |
[INFO] [stdout] 11 |     pub(crate) fn parse_buffer(self, safety: &HttpSafety) -> Result<Self, BodyError> {
[INFO] [stdout]    |     -------------------------------------------------------------------------------- private method defined here
[INFO] [stdout] 
[INFO] [stdout] 
[INFO] [stdout] error[E0624]: method `parse_buffer` is private
[INFO] [stdout]    --> src/user/fetch.rs:336:49
[INFO] [stdout]     |
[INFO] [stdout] 336 |     if let HttpBody::Json(json) = response.body.parse_buffer(&HttpSafety::new()) {
[INFO] [stdout]     |                                                 ^^^^^^^^^^^^ private method
[INFO] [stdout]     |
[INFO] [stdout]    ::: /opt/rustwide/cargo-home/registry/src/index.crates.io-1949cf8c6b5b557f/hotaru_http-0.8.6/src/message/body/parse.rs:11:5
[INFO] [stdout]     |
[INFO] [stdout]  11 |     pub(crate) fn parse_buffer(self, safety: &HttpSafety) -> Result<Self, BodyError> {
[INFO] [stdout]     |     -------------------------------------------------------------------------------- private method defined here
[INFO] [stdout] 
[INFO] [stdout] 
[INFO] [stdout] error[E0624]: method `parse_buffer` is private
[INFO] [stdout]    --> src/user/fetch.rs:336:49
[INFO] [stdout]     |
[INFO] [stdout] 336 |     if let HttpBody::Json(json) = response.body.parse_buffer(&HttpSafety::new()) {
[INFO] [stdout]     |                                                 ^^^^^^^^^^^^ private method
[INFO] [stdout]     |
[INFO] [stdout]    ::: /opt/rustwide/cargo-home/registry/src/index.crates.io-1949cf8c6b5b557f/hotaru_http-0.8.6/src/message/body/parse.rs:11:5
[INFO] [stdout]     |
[INFO] [stdout]  11 |     pub(crate) fn parse_buffer(self, safety: &HttpSafety) -> Result<Self, BodyError> {
[INFO] [stdout]     |     -------------------------------------------------------------------------------- private method defined here
[INFO] [stdout] 
[INFO] [stdout] 
[INFO] [stdout] error[E0624]: method `parse_buffer` is private
[INFO] [stdout]    --> src/user/fetch.rs:237:49
[INFO] [stdout]     |
[INFO] [stdout] 237 |     if let HttpBody::Json(json) = response.body.parse_buffer(&HttpSafety::new()) {
[INFO] [stdout]     |                                                 ^^^^^^^^^^^^ private method
[INFO] [stdout]     |
[INFO] [stdout]    ::: /opt/rustwide/cargo-home/registry/src/index.crates.io-1949cf8c6b5b557f/hotaru_http-0.8.6/src/message/body/parse.rs:11:5
[INFO] [stdout]     |
[INFO] [stdout]  11 |     pub(crate) fn parse_buffer(self, safety: &HttpSafety) -> Result<Self, BodyError> {
[INFO] [stdout]     |     -------------------------------------------------------------------------------- private method defined here
[INFO] [stdout] 
[INFO] [stdout] 
[INFO] [stdout] error[E0624]: method `parse_buffer` is private
[INFO] [stdout]    --> src/user/fetch.rs:237:49
[INFO] [stdout]     |
[INFO] [stdout] 237 |     if let HttpBody::Json(json) = response.body.parse_buffer(&HttpSafety::new()) {
[INFO] [stdout]     |                                                 ^^^^^^^^^^^^ private method
[INFO] [stdout]     |
[INFO] [stdout]    ::: /opt/rustwide/cargo-home/registry/src/index.crates.io-1949cf8c6b5b557f/hotaru_http-0.8.6/src/message/body/parse.rs:11:5
[INFO] [stdout]     |
[INFO] [stdout]  11 |     pub(crate) fn parse_buffer(self, safety: &HttpSafety) -> Result<Self, BodyError> {
[INFO] [stdout]     |     -------------------------------------------------------------------------------- private method defined here
[INFO] [stdout] 
[INFO] [stdout] 
[INFO] [stdout] error[E0624]: method `parse_buffer` is private
[INFO] [stdout]    --> src/user/fetch.rs:160:30
[INFO] [stdout]     |
[INFO] [stdout] 160 |     let body = response.body.parse_buffer(&HttpSafety::new());
[INFO] [stdout]     |                              ^^^^^^^^^^^^ private method
[INFO] [stdout]     |
[INFO] [stdout]    ::: /opt/rustwide/cargo-home/registry/src/index.crates.io-1949cf8c6b5b557f/hotaru_http-0.8.6/src/message/body/parse.rs:11:5
[INFO] [stdout]     |
[INFO] [stdout]  11 |     pub(crate) fn parse_buffer(self, safety: &HttpSafety) -> Result<Self, BodyError> {
[INFO] [stdout]     |     -------------------------------------------------------------------------------- private method defined here
[INFO] [stdout] 
[INFO] [stdout] 
[INFO] [stdout] error[E0624]: method `parse_buffer` is private
[INFO] [stdout]    --> src/user/fetch.rs:160:30
[INFO] [stdout]     |
[INFO] [stdout] 160 |     let body = response.body.parse_buffer(&HttpSafety::new());
[INFO] [stdout]     |                              ^^^^^^^^^^^^ private method
[INFO] [stdout]     |
[INFO] [stdout]    ::: /opt/rustwide/cargo-home/registry/src/index.crates.io-1949cf8c6b5b557f/hotaru_http-0.8.6/src/message/body/parse.rs:11:5
[INFO] [stdout]     |
[INFO] [stdout]  11 |     pub(crate) fn parse_buffer(self, safety: &HttpSafety) -> Result<Self, BodyError> {
[INFO] [stdout]     |     -------------------------------------------------------------------------------- private method defined here
[INFO] [stdout] 
[INFO] [stdout] 
[INFO] [stdout] error[E0624]: method `parse_buffer` is private
[INFO] [stdout]    --> src/user/fetch.rs:276:49
[INFO] [stdout]     |
[INFO] [stdout] 276 |     if let HttpBody::Json(json) = response.body.parse_buffer(&HttpSafety::new()) {
[INFO] [stdout]     |                                                 ^^^^^^^^^^^^ private method
[INFO] [stdout]     |
[INFO] [stdout]    ::: /opt/rustwide/cargo-home/registry/src/index.crates.io-1949cf8c6b5b557f/hotaru_http-0.8.6/src/message/body/parse.rs:11:5
[INFO] [stdout]     |
[INFO] [stdout]  11 |     pub(crate) fn parse_buffer(self, safety: &HttpSafety) -> Result<Self, BodyError> {
[INFO] [stdout]     |     -------------------------------------------------------------------------------- private method defined here
[INFO] [stdout] 
[INFO] [stdout] 
[INFO] [stdout] error[E0624]: method `parse_buffer` is private
[INFO] [stdout]    --> src/user/fetch.rs:276:49
[INFO] [stdout]     |
[INFO] [stdout] 276 |     if let HttpBody::Json(json) = response.body.parse_buffer(&HttpSafety::new()) {
[INFO] [stdout]     |                                                 ^^^^^^^^^^^^ private method
[INFO] [stdout]     |
[INFO] [stdout]    ::: /opt/rustwide/cargo-home/registry/src/index.crates.io-1949cf8c6b5b557f/hotaru_http-0.8.6/src/message/body/parse.rs:11:5
[INFO] [stdout]     |
[INFO] [stdout]  11 |     pub(crate) fn parse_buffer(self, safety: &HttpSafety) -> Result<Self, BodyError> {
[INFO] [stdout]     |     -------------------------------------------------------------------------------- private method defined here
[INFO] [stdout] 
[INFO] [stdout] 
[INFO] [stdout] error[E0599]: no method named `form_or_default` found for mutable reference `&mut HttpContext` in the current scope
[INFO] [stdout]    --> src/user/endpoints.rs:276:24
[INFO] [stdout]     |
[INFO] [stdout] 276 |         let form = req.form_or_default().await;
[INFO] [stdout]     |                        ^^^^^^^^^^^^^^^ method not found in `&mut HttpContext`
[INFO] [stdout] 
[INFO] [stdout] 
[INFO] [stdout] error[E0624]: method `parse_buffer` is private
[INFO] [stdout]    --> src/user/endpoints.rs:301:53
[INFO] [stdout]     |
[INFO] [stdout] 301 |         if let HttpBody::Json(json) = response.body.parse_buffer(&HttpSafety::new()) {
[INFO] [stdout]     |                                                     ^^^^^^^^^^^^ private method
[INFO] [stdout]     |
[INFO] [stdout]    ::: /opt/rustwide/cargo-home/registry/src/index.crates.io-1949cf8c6b5b557f/hotaru_http-0.8.6/src/message/body/parse.rs:11:5
[INFO] [stdout]     |
[INFO] [stdout]  11 |     pub(crate) fn parse_buffer(self, safety: &HttpSafety) -> Result<Self, BodyError> {
[INFO] [stdout]     |     -------------------------------------------------------------------------------- private method defined here
[INFO] [stdout] 
[INFO] [stdout] 
[INFO] [stdout] error[E0599]: no method named `form_or_default` found for mutable reference `&mut HttpContext` in the current scope
[INFO] [stdout]    --> src/user/endpoints.rs:276:24
[INFO] [stdout]     |
[INFO] [stdout] 276 |         let form = req.form_or_default().await;
[INFO] [stdout]     |                        ^^^^^^^^^^^^^^^ method not found in `&mut HttpContext`
[INFO] [stdout] 
[INFO] [stdout] 
[INFO] [stdout] error[E0624]: method `parse_buffer` is private
[INFO] [stdout]    --> src/user/endpoints.rs:301:53
[INFO] [stdout]     |
[INFO] [stdout] 301 |         if let HttpBody::Json(json) = response.body.parse_buffer(&HttpSafety::new()) {
[INFO] [stdout]     |                                                     ^^^^^^^^^^^^ private method
[INFO] [stdout]     |
[INFO] [stdout]    ::: /opt/rustwide/cargo-home/registry/src/index.crates.io-1949cf8c6b5b557f/hotaru_http-0.8.6/src/message/body/parse.rs:11:5
[INFO] [stdout]     |
[INFO] [stdout]  11 |     pub(crate) fn parse_buffer(self, safety: &HttpSafety) -> Result<Self, BodyError> {
[INFO] [stdout]     |     -------------------------------------------------------------------------------- private method defined here
[INFO] [stdout] 
[INFO] [stdout] 
[INFO] [stdout] error[E0599]: no method named `json_or_default` found for mutable reference `&mut HttpContext` in the current scope
[INFO] [stdout]   --> src/local_auth/endpoints.rs:24:28
[INFO] [stdout]    |
[INFO] [stdout] 24 |         let mut json = req.json_or_default().await; 
[INFO] [stdout]    |                            ^^^^^^^^^^^^^^^ method not found in `&mut HttpContext`
[INFO] [stdout] 
[INFO] [stdout] 
[INFO] [stdout] error[E0599]: no method named `json_or_default` found for mutable reference `&mut HttpContext` in the current scope
[INFO] [stdout]   --> src/local_auth/endpoints.rs:79:24
[INFO] [stdout]    |
[INFO] [stdout] 79 |         let json = req.json_or_default().await; 
[INFO] [stdout]    |                        ^^^^^^^^^^^^^^^ method not found in `&mut HttpContext`
[INFO] [stdout] 
[INFO] [stdout] 
[INFO] [stdout] error[E0599]: no method named `json_or_default` found for mutable reference `&mut HttpContext` in the current scope
[INFO] [stdout]    --> src/local_auth/endpoints.rs:129:24
[INFO] [stdout]     |
[INFO] [stdout] 129 |         let json = req.json_or_default().await;
[INFO] [stdout]     |                        ^^^^^^^^^^^^^^^ method not found in `&mut HttpContext`
[INFO] [stdout] 
[INFO] [stdout] 
[INFO] [stdout] error[E0599]: no method named `json_or_default` found for mutable reference `&mut HttpContext` in the current scope
[INFO] [stdout]   --> src/local_auth/endpoints.rs:24:28
[INFO] [stdout]    |
[INFO] [stdout] 24 |         let mut json = req.json_or_default().await; 
[INFO] [stdout]    |                            ^^^^^^^^^^^^^^^ method not found in `&mut HttpContext`
[INFO] [stdout] 
[INFO] [stdout] 
[INFO] [stdout] error[E0599]: no method named `form_or_default` found for mutable reference `&mut HttpContext` in the current scope
[INFO] [stdout]   --> src/admin/api.rs:61:32
[INFO] [stdout]    |
[INFO] [stdout] 61 |                 let form = req.form_or_default().await.clone();
[INFO] [stdout]    |                                ^^^^^^^^^^^^^^^ method not found in `&mut HttpContext`
[INFO] [stdout] 
[INFO] [stdout] 
[INFO] [stdout] error[E0599]: no method named `json_or_default` found for mutable reference `&mut HttpContext` in the current scope
[INFO] [stdout]   --> src/local_auth/endpoints.rs:79:24
[INFO] [stdout]    |
[INFO] [stdout] 79 |         let json = req.json_or_default().await; 
[INFO] [stdout]    |                        ^^^^^^^^^^^^^^^ method not found in `&mut HttpContext`
[INFO] [stdout] 
[INFO] [stdout] 
[INFO] [stdout] error[E0599]: no method named `form_or_default` found for mutable reference `&mut HttpContext` in the current scope
[INFO] [stdout]    --> src/admin/api.rs:114:32
[INFO] [stdout]     |
[INFO] [stdout] 114 |                 let form = req.form_or_default().await.clone();
[INFO] [stdout]     |                                ^^^^^^^^^^^^^^^ method not found in `&mut HttpContext`
[INFO] [stdout] 
[INFO] [stdout] 
[INFO] [stdout] error[E0599]: no method named `json_or_default` found for mutable reference `&mut HttpContext` in the current scope
[INFO] [stdout]    --> src/local_auth/endpoints.rs:129:24
[INFO] [stdout]     |
[INFO] [stdout] 129 |         let json = req.json_or_default().await;
[INFO] [stdout]     |                        ^^^^^^^^^^^^^^^ method not found in `&mut HttpContext`
[INFO] [stdout] 
[INFO] [stdout] 
[INFO] [stdout] error[E0599]: no method named `form_or_default` found for mutable reference `&mut HttpContext` in the current scope
[INFO] [stdout]    --> src/admin/api.rs:160:24
[INFO] [stdout]     |
[INFO] [stdout] 160 |         let form = req.form_or_default().await.clone();
[INFO] [stdout]     |                        ^^^^^^^^^^^^^^^ method not found in `&mut HttpContext`
[INFO] [stdout] 
[INFO] [stdout] 
[INFO] [stdout] error[E0599]: no method named `form_or_default` found for mutable reference `&mut HttpContext` in the current scope
[INFO] [stdout]   --> src/admin/api.rs:61:32
[INFO] [stdout]    |
[INFO] [stdout] 61 |                 let form = req.form_or_default().await.clone();
[INFO] [stdout]    |                                ^^^^^^^^^^^^^^^ method not found in `&mut HttpContext`
[INFO] [stdout] 
[INFO] [stdout] 
[INFO] [stdout] error[E0599]: no method named `form_or_default` found for mutable reference `&mut HttpContext` in the current scope
[INFO] [stdout]    --> src/admin/api.rs:114:32
[INFO] [stdout]     |
[INFO] [stdout] 114 |                 let form = req.form_or_default().await.clone();
[INFO] [stdout]     |                                ^^^^^^^^^^^^^^^ method not found in `&mut HttpContext`
[INFO] [stdout] 
[INFO] [stdout] 
[INFO] [stdout] error[E0599]: no method named `form_or_default` found for mutable reference `&mut HttpContext` in the current scope
[INFO] [stdout]   --> src/admin/admins.rs:74:24
[INFO] [stdout]    |
[INFO] [stdout] 74 |         let form = req.form_or_default().await.clone();
[INFO] [stdout]    |                        ^^^^^^^^^^^^^^^ method not found in `&mut HttpContext`
[INFO] [stdout] 
[INFO] [stdout] 
[INFO] [stdout] error[E0599]: no method named `form_or_default` found for mutable reference `&mut HttpContext` in the current scope
[INFO] [stdout]    --> src/admin/api.rs:160:24
[INFO] [stdout]     |
[INFO] [stdout] 160 |         let form = req.form_or_default().await.clone();
[INFO] [stdout]     |                        ^^^^^^^^^^^^^^^ method not found in `&mut HttpContext`
[INFO] [stdout] 
[INFO] [stdout] 
[INFO] [stdout] error[E0624]: method `parse_buffer` is private
[INFO] [stdout]   --> src/admin/panel.rs:28:50
[INFO] [stdout]    |
[INFO] [stdout] 28 |     if let HttpBody::Json(json2) = response.body.parse_buffer(&HttpSafety::new()) {
[INFO] [stdout]    |                                                  ^^^^^^^^^^^^ private method
[INFO] [stdout]    |
[INFO] [stdout]   ::: /opt/rustwide/cargo-home/registry/src/index.crates.io-1949cf8c6b5b557f/hotaru_http-0.8.6/src/message/body/parse.rs:11:5
[INFO] [stdout]    |
[INFO] [stdout] 11 |     pub(crate) fn parse_buffer(self, safety: &HttpSafety) -> Result<Self, BodyError> {
[INFO] [stdout]    |     -------------------------------------------------------------------------------- private method defined here
[INFO] [stdout] 
[INFO] [stdout] 
[INFO] [stdout] error[E0599]: no method named `form_or_default` found for mutable reference `&mut HttpContext` in the current scope
[INFO] [stdout]   --> src/admin/admins.rs:74:24
[INFO] [stdout]    |
[INFO] [stdout] 74 |         let form = req.form_or_default().await.clone();
[INFO] [stdout]    |                        ^^^^^^^^^^^^^^^ method not found in `&mut HttpContext`
[INFO] [stdout] 
[INFO] [stdout] 
[INFO] [stdout] error[E0624]: method `parse_buffer` is private
[INFO] [stdout]   --> src/admin/panel.rs:28:50
[INFO] [stdout]    |
[INFO] [stdout] 28 |     if let HttpBody::Json(json2) = response.body.parse_buffer(&HttpSafety::new()) {
[INFO] [stdout]    |                                                  ^^^^^^^^^^^^ private method
[INFO] [stdout]    |
[INFO] [stdout]   ::: /opt/rustwide/cargo-home/registry/src/index.crates.io-1949cf8c6b5b557f/hotaru_http-0.8.6/src/message/body/parse.rs:11:5
[INFO] [stdout]    |
[INFO] [stdout] 11 |     pub(crate) fn parse_buffer(self, safety: &HttpSafety) -> Result<Self, BodyError> {
[INFO] [stdout]    |     -------------------------------------------------------------------------------- private method defined here
[INFO] [stdout] 
[INFO] [stdout] 
[INFO] [stdout] error[E0609]: no field `binding` on type `LazyLock<Arc<App<TcpTransport, TokioRuntime, InboundOnly>>>`
[INFO] [stdout]   --> src/user/server.rs:43:49
[INFO] [stdout]    |
[INFO] [stdout] 43 |             format!("http://{}", crate::op::APP.binding)
[INFO] [stdout]    |                                                 ^^^^^^^ unknown field
[INFO] [stdout]    |
[INFO] [stdout]    = note: available fields are: `registry`, `inbound_state`, `outbound_state`, `runtime`, `config`
[INFO] [stdout] 
[INFO] [stdout] 
[INFO] [stdout] error[E0609]: no field `binding` on type `LazyLock<std::sync::Arc<App<TcpTransport, TokioRuntime, InboundOnly>>>`
[INFO] [stdout]   --> src/user/server.rs:43:49
[INFO] [stdout]    |
[INFO] [stdout] 43 |             format!("http://{}", crate::op::APP.binding)
[INFO] [stdout]    |                                                 ^^^^^^^ unknown field
[INFO] [stdout]    |
[INFO] [stdout]    = note: available fields are: `registry`, `inbound_state`, `outbound_state`, `runtime`, `config`
[INFO] [stdout] 
[INFO] [stdout] 
[INFO] [stdout] Some errors have detailed explanations: E0599, E0609, E0624.
[INFO] [stdout] 
[INFO] [stdout] For more information about an error, try `rustc --explain E0599`.
[INFO] [stdout] 
[INFO] [stderr] warning: sfx@0.1.3: Package name: sfx
[INFO] [stderr] warning: sfx@0.1.3: In workspace: false
[INFO] [stderr] warning: sfx@0.1.3: Manifest directory: /opt/rustwide/workdir
[INFO] [stderr] warning: sfx@0.1.3: Target directory: /opt/rustwide/target
[INFO] [stderr] warning: sfx@0.1.3: Copying default directory to /opt/rustwide/target/debug...
[INFO] [stderr] warning: sfx@0.1.3: Copying: /opt/rustwide/workdir/default/build.rs → /opt/rustwide/target/debug/default/build.rs
[INFO] [stderr] warning: sfx@0.1.3: Copying: /opt/rustwide/workdir/default/Cargo.toml.template → /opt/rustwide/target/debug/default/Cargo.toml.template
[INFO] [stderr] warning: sfx@0.1.3: Copying: /opt/rustwide/workdir/default/programfiles/world/new1 → /opt/rustwide/target/debug/default/programfiles/world/new1
[INFO] [stderr] warning: sfx@0.1.3: Copying: /opt/rustwide/workdir/default/programfiles/local_auth/users → /opt/rustwide/target/debug/default/programfiles/local_auth/users
[INFO] [stderr] warning: sfx@0.1.3: Copying: /opt/rustwide/workdir/default/programfiles/admin_info/admins.json → /opt/rustwide/target/debug/default/programfiles/admin_info/admins.json
[INFO] [stderr] warning: sfx@0.1.3: Copying: /opt/rustwide/workdir/default/programfiles/op/l10n.json → /opt/rustwide/target/debug/default/programfiles/op/l10n.json
[INFO] [stderr] warning: sfx@0.1.3: Copying: /opt/rustwide/workdir/default/programfiles/op/support_lang.json → /opt/rustwide/target/debug/default/programfiles/op/support_lang.json
[INFO] [stderr] warning: sfx@0.1.3: Copying: /opt/rustwide/workdir/default/programfiles/op/footer.json → /opt/rustwide/target/debug/default/programfiles/op/footer.json
[INFO] [stderr] warning: sfx@0.1.3: Copying: /opt/rustwide/workdir/default/programfiles/op/binding.txt → /opt/rustwide/target/debug/default/programfiles/op/binding.txt
[INFO] [stderr] warning: sfx@0.1.3: Copying: /opt/rustwide/workdir/default/programfiles/op/hosts.json → /opt/rustwide/target/debug/default/programfiles/op/hosts.json
[INFO] [stderr] warning: sfx@0.1.3: Copying: /opt/rustwide/workdir/default/programfiles/op/robots.txt → /opt/rustwide/target/debug/default/programfiles/op/robots.txt
[INFO] [stderr] warning: sfx@0.1.3: Copying: /opt/rustwide/workdir/default/programfiles/op/navbar.json → /opt/rustwide/target/debug/default/programfiles/op/navbar.json
[INFO] [stderr] warning: sfx@0.1.3: Copying: /opt/rustwide/workdir/default/templates/index.html → /opt/rustwide/target/debug/default/templates/index.html
[INFO] [stderr] warning: sfx@0.1.3: Copying: /opt/rustwide/workdir/default/templates/base/footer.html → /opt/rustwide/target/debug/default/templates/base/footer.html
[INFO] [stderr] warning: sfx@0.1.3: Copying: /opt/rustwide/workdir/default/templates/base/base.html → /opt/rustwide/target/debug/default/templates/base/base.html
[INFO] [stderr] warning: sfx@0.1.3: Copying: /opt/rustwide/workdir/default/templates/base/path.html → /opt/rustwide/target/debug/default/templates/base/path.html
[INFO] [stderr] warning: sfx@0.1.3: Copying: /opt/rustwide/workdir/default/templates/base/navbar.html → /opt/rustwide/target/debug/default/templates/base/navbar.html
[INFO] [stderr] warning: sfx@0.1.3: Copying: /opt/rustwide/workdir/default/templates/user/forbidden.html → /opt/rustwide/target/debug/default/templates/user/forbidden.html
[INFO] [stderr] warning: sfx@0.1.3: Copying: /opt/rustwide/workdir/default/templates/user/unauthorized.html → /opt/rustwide/target/debug/default/templates/user/unauthorized.html
[INFO] [stderr] warning: sfx@0.1.3: Copying: /opt/rustwide/workdir/default/templates/user/home.html → /opt/rustwide/target/debug/default/templates/user/home.html
[INFO] [stderr] warning: sfx@0.1.3: Copying: /opt/rustwide/workdir/default/templates/user/login.html → /opt/rustwide/target/debug/default/templates/user/login.html
[INFO] [stderr] warning: sfx@0.1.3: Copying: /opt/rustwide/workdir/default/templates/admin/user_edit.html → /opt/rustwide/target/debug/default/templates/admin/user_edit.html
[INFO] [stderr] warning: sfx@0.1.3: Copying: /opt/rustwide/workdir/default/templates/admin/index.html → /opt/rustwide/target/debug/default/templates/admin/index.html
[INFO] [stderr] warning: sfx@0.1.3: Copying: /opt/rustwide/workdir/default/templates/admin/admins.html → /opt/rustwide/target/debug/default/templates/admin/admins.html
[INFO] [stderr] warning: sfx@0.1.3: Copying: /opt/rustwide/workdir/default/templates/admin/panel.html → /opt/rustwide/target/debug/default/templates/admin/panel.html
[INFO] [stderr] warning: sfx@0.1.3: Copying: /opt/rustwide/workdir/default/src/lib.rs → /opt/rustwide/target/debug/default/src/lib.rs
[INFO] [stderr] warning: sfx@0.1.3: Copying: /opt/rustwide/workdir/default/src/main.rs → /opt/rustwide/target/debug/default/src/main.rs
[INFO] [stderr] warning: sfx@0.1.3: Successfully copied default to /opt/rustwide/target/debug
[INFO] [stderr] warning: sfx@0.1.3: Skipping programfiles (not found at /opt/rustwide/workdir/programfiles)
[INFO] [stderr] warning: sfx@0.1.3: Copying default directory to /opt/rustwide/target/debug/deps...
[INFO] [stderr] warning: sfx@0.1.3: Copying: /opt/rustwide/workdir/default/build.rs → /opt/rustwide/target/debug/deps/default/build.rs
[INFO] [stderr] warning: sfx@0.1.3: Copying: /opt/rustwide/workdir/default/Cargo.toml.template → /opt/rustwide/target/debug/deps/default/Cargo.toml.template
[INFO] [stderr] warning: sfx@0.1.3: Copying: /opt/rustwide/workdir/default/programfiles/world/new1 → /opt/rustwide/target/debug/deps/default/programfiles/world/new1
[INFO] [stderr] warning: sfx@0.1.3: Copying: /opt/rustwide/workdir/default/programfiles/local_auth/users → /opt/rustwide/target/debug/deps/default/programfiles/local_auth/users
[INFO] [stderr] warning: sfx@0.1.3: Copying: /opt/rustwide/workdir/default/programfiles/admin_info/admins.json → /opt/rustwide/target/debug/deps/default/programfiles/admin_info/admins.json
[INFO] [stderr] warning: sfx@0.1.3: Copying: /opt/rustwide/workdir/default/programfiles/op/l10n.json → /opt/rustwide/target/debug/deps/default/programfiles/op/l10n.json
[INFO] [stderr] warning: sfx@0.1.3: Copying: /opt/rustwide/workdir/default/programfiles/op/support_lang.json → /opt/rustwide/target/debug/deps/default/programfiles/op/support_lang.json
[INFO] [stderr] warning: sfx@0.1.3: Copying: /opt/rustwide/workdir/default/programfiles/op/footer.json → /opt/rustwide/target/debug/deps/default/programfiles/op/footer.json
[INFO] [stderr] warning: sfx@0.1.3: Copying: /opt/rustwide/workdir/default/programfiles/op/binding.txt → /opt/rustwide/target/debug/deps/default/programfiles/op/binding.txt
[INFO] [stderr] warning: sfx@0.1.3: Copying: /opt/rustwide/workdir/default/programfiles/op/hosts.json → /opt/rustwide/target/debug/deps/default/programfiles/op/hosts.json
[INFO] [stderr] warning: sfx@0.1.3: Copying: /opt/rustwide/workdir/default/programfiles/op/robots.txt → /opt/rustwide/target/debug/deps/default/programfiles/op/robots.txt
[INFO] [stderr] warning: sfx@0.1.3: Copying: /opt/rustwide/workdir/default/programfiles/op/navbar.json → /opt/rustwide/target/debug/deps/default/programfiles/op/navbar.json
[INFO] [stderr] warning: sfx@0.1.3: Copying: /opt/rustwide/workdir/default/templates/index.html → /opt/rustwide/target/debug/deps/default/templates/index.html
[INFO] [stderr] warning: sfx@0.1.3: Copying: /opt/rustwide/workdir/default/templates/base/footer.html → /opt/rustwide/target/debug/deps/default/templates/base/footer.html
[INFO] [stderr] warning: sfx@0.1.3: Copying: /opt/rustwide/workdir/default/templates/base/base.html → /opt/rustwide/target/debug/deps/default/templates/base/base.html
[INFO] [stderr] warning: sfx@0.1.3: Copying: /opt/rustwide/workdir/default/templates/base/path.html → /opt/rustwide/target/debug/deps/default/templates/base/path.html
[INFO] [stderr] warning: sfx@0.1.3: Copying: /opt/rustwide/workdir/default/templates/base/navbar.html → /opt/rustwide/target/debug/deps/default/templates/base/navbar.html
[INFO] [stderr] warning: sfx@0.1.3: Copying: /opt/rustwide/workdir/default/templates/user/forbidden.html → /opt/rustwide/target/debug/deps/default/templates/user/forbidden.html
[INFO] [stderr] warning: sfx@0.1.3: Copying: /opt/rustwide/workdir/default/templates/user/unauthorized.html → /opt/rustwide/target/debug/deps/default/templates/user/unauthorized.html
[INFO] [stderr] warning: sfx@0.1.3: Copying: /opt/rustwide/workdir/default/templates/user/home.html → /opt/rustwide/target/debug/deps/default/templates/user/home.html
[INFO] [stderr] warning: sfx@0.1.3: Copying: /opt/rustwide/workdir/default/templates/user/login.html → /opt/rustwide/target/debug/deps/default/templates/user/login.html
[INFO] [stderr] warning: sfx@0.1.3: Copying: /opt/rustwide/workdir/default/templates/admin/user_edit.html → /opt/rustwide/target/debug/deps/default/templates/admin/user_edit.html
[INFO] [stderr] warning: sfx@0.1.3: Copying: /opt/rustwide/workdir/default/templates/admin/index.html → /opt/rustwide/target/debug/deps/default/templates/admin/index.html
[INFO] [stderr] warning: sfx@0.1.3: Copying: /opt/rustwide/workdir/default/templates/admin/admins.html → /opt/rustwide/target/debug/deps/default/templates/admin/admins.html
[INFO] [stderr] warning: sfx@0.1.3: Copying: /opt/rustwide/workdir/default/templates/admin/panel.html → /opt/rustwide/target/debug/deps/default/templates/admin/panel.html
[INFO] [stderr] warning: sfx@0.1.3: Copying: /opt/rustwide/workdir/default/src/lib.rs → /opt/rustwide/target/debug/deps/default/src/lib.rs
[INFO] [stderr] warning: sfx@0.1.3: Copying: /opt/rustwide/workdir/default/src/main.rs → /opt/rustwide/target/debug/deps/default/src/main.rs
[INFO] [stderr] warning: sfx@0.1.3: Successfully copied default to /opt/rustwide/target/debug/deps
[INFO] [stderr] warning: sfx@0.1.3: Skipping programfiles (not found at /opt/rustwide/workdir/programfiles)
[INFO] [stderr] error: could not compile `sfx` (lib) due to 21 previous errors; 1 warning emitted
[INFO] [stderr] warning: build failed, waiting for other jobs to finish...
[INFO] [stdout] Some errors have detailed explanations: E0599, E0609, E0624.
[INFO] [stdout] 
[INFO] [stdout] For more information about an error, try `rustc --explain E0599`.
[INFO] [stdout] 
[INFO] [stderr] warning: sfx@0.1.3: Package name: sfx
[INFO] [stderr] warning: sfx@0.1.3: In workspace: false
[INFO] [stderr] warning: sfx@0.1.3: Manifest directory: /opt/rustwide/workdir
[INFO] [stderr] warning: sfx@0.1.3: Target directory: /opt/rustwide/target
[INFO] [stderr] warning: sfx@0.1.3: Copying default directory to /opt/rustwide/target/debug...
[INFO] [stderr] warning: sfx@0.1.3: Copying: /opt/rustwide/workdir/default/build.rs → /opt/rustwide/target/debug/default/build.rs
[INFO] [stderr] warning: sfx@0.1.3: Copying: /opt/rustwide/workdir/default/Cargo.toml.template → /opt/rustwide/target/debug/default/Cargo.toml.template
[INFO] [stderr] warning: sfx@0.1.3: Copying: /opt/rustwide/workdir/default/programfiles/world/new1 → /opt/rustwide/target/debug/default/programfiles/world/new1
[INFO] [stderr] warning: sfx@0.1.3: Copying: /opt/rustwide/workdir/default/programfiles/local_auth/users → /opt/rustwide/target/debug/default/programfiles/local_auth/users
[INFO] [stderr] warning: sfx@0.1.3: Copying: /opt/rustwide/workdir/default/programfiles/admin_info/admins.json → /opt/rustwide/target/debug/default/programfiles/admin_info/admins.json
[INFO] [stderr] warning: sfx@0.1.3: Copying: /opt/rustwide/workdir/default/programfiles/op/l10n.json → /opt/rustwide/target/debug/default/programfiles/op/l10n.json
[INFO] [stderr] warning: sfx@0.1.3: Copying: /opt/rustwide/workdir/default/programfiles/op/support_lang.json → /opt/rustwide/target/debug/default/programfiles/op/support_lang.json
[INFO] [stderr] warning: sfx@0.1.3: Copying: /opt/rustwide/workdir/default/programfiles/op/footer.json → /opt/rustwide/target/debug/default/programfiles/op/footer.json
[INFO] [stderr] warning: sfx@0.1.3: Copying: /opt/rustwide/workdir/default/programfiles/op/binding.txt → /opt/rustwide/target/debug/default/programfiles/op/binding.txt
[INFO] [stderr] warning: sfx@0.1.3: Copying: /opt/rustwide/workdir/default/programfiles/op/hosts.json → /opt/rustwide/target/debug/default/programfiles/op/hosts.json
[INFO] [stderr] warning: sfx@0.1.3: Copying: /opt/rustwide/workdir/default/programfiles/op/robots.txt → /opt/rustwide/target/debug/default/programfiles/op/robots.txt
[INFO] [stderr] warning: sfx@0.1.3: Copying: /opt/rustwide/workdir/default/programfiles/op/navbar.json → /opt/rustwide/target/debug/default/programfiles/op/navbar.json
[INFO] [stderr] warning: sfx@0.1.3: Copying: /opt/rustwide/workdir/default/templates/index.html → /opt/rustwide/target/debug/default/templates/index.html
[INFO] [stderr] warning: sfx@0.1.3: Copying: /opt/rustwide/workdir/default/templates/base/footer.html → /opt/rustwide/target/debug/default/templates/base/footer.html
[INFO] [stderr] warning: sfx@0.1.3: Copying: /opt/rustwide/workdir/default/templates/base/base.html → /opt/rustwide/target/debug/default/templates/base/base.html
[INFO] [stderr] warning: sfx@0.1.3: Copying: /opt/rustwide/workdir/default/templates/base/path.html → /opt/rustwide/target/debug/default/templates/base/path.html
[INFO] [stderr] warning: sfx@0.1.3: Copying: /opt/rustwide/workdir/default/templates/base/navbar.html → /opt/rustwide/target/debug/default/templates/base/navbar.html
[INFO] [stderr] warning: sfx@0.1.3: Copying: /opt/rustwide/workdir/default/templates/user/forbidden.html → /opt/rustwide/target/debug/default/templates/user/forbidden.html
[INFO] [stderr] warning: sfx@0.1.3: Copying: /opt/rustwide/workdir/default/templates/user/unauthorized.html → /opt/rustwide/target/debug/default/templates/user/unauthorized.html
[INFO] [stderr] warning: sfx@0.1.3: Copying: /opt/rustwide/workdir/default/templates/user/home.html → /opt/rustwide/target/debug/default/templates/user/home.html
[INFO] [stderr] warning: sfx@0.1.3: Copying: /opt/rustwide/workdir/default/templates/user/login.html → /opt/rustwide/target/debug/default/templates/user/login.html
[INFO] [stderr] warning: sfx@0.1.3: Copying: /opt/rustwide/workdir/default/templates/admin/user_edit.html → /opt/rustwide/target/debug/default/templates/admin/user_edit.html
[INFO] [stderr] warning: sfx@0.1.3: Copying: /opt/rustwide/workdir/default/templates/admin/index.html → /opt/rustwide/target/debug/default/templates/admin/index.html
[INFO] [stderr] warning: sfx@0.1.3: Copying: /opt/rustwide/workdir/default/templates/admin/admins.html → /opt/rustwide/target/debug/default/templates/admin/admins.html
[INFO] [stderr] warning: sfx@0.1.3: Copying: /opt/rustwide/workdir/default/templates/admin/panel.html → /opt/rustwide/target/debug/default/templates/admin/panel.html
[INFO] [stderr] warning: sfx@0.1.3: Copying: /opt/rustwide/workdir/default/src/lib.rs → /opt/rustwide/target/debug/default/src/lib.rs
[INFO] [stderr] warning: sfx@0.1.3: Copying: /opt/rustwide/workdir/default/src/main.rs → /opt/rustwide/target/debug/default/src/main.rs
[INFO] [stderr] warning: sfx@0.1.3: Successfully copied default to /opt/rustwide/target/debug
[INFO] [stderr] warning: sfx@0.1.3: Skipping programfiles (not found at /opt/rustwide/workdir/programfiles)
[INFO] [stderr] warning: sfx@0.1.3: Copying default directory to /opt/rustwide/target/debug/deps...
[INFO] [stderr] warning: sfx@0.1.3: Copying: /opt/rustwide/workdir/default/build.rs → /opt/rustwide/target/debug/deps/default/build.rs
[INFO] [stderr] warning: sfx@0.1.3: Copying: /opt/rustwide/workdir/default/Cargo.toml.template → /opt/rustwide/target/debug/deps/default/Cargo.toml.template
[INFO] [stderr] warning: sfx@0.1.3: Copying: /opt/rustwide/workdir/default/programfiles/world/new1 → /opt/rustwide/target/debug/deps/default/programfiles/world/new1
[INFO] [stderr] warning: sfx@0.1.3: Copying: /opt/rustwide/workdir/default/programfiles/local_auth/users → /opt/rustwide/target/debug/deps/default/programfiles/local_auth/users
[INFO] [stderr] warning: sfx@0.1.3: Copying: /opt/rustwide/workdir/default/programfiles/admin_info/admins.json → /opt/rustwide/target/debug/deps/default/programfiles/admin_info/admins.json
[INFO] [stderr] warning: sfx@0.1.3: Copying: /opt/rustwide/workdir/default/programfiles/op/l10n.json → /opt/rustwide/target/debug/deps/default/programfiles/op/l10n.json
[INFO] [stderr] warning: sfx@0.1.3: Copying: /opt/rustwide/workdir/default/programfiles/op/support_lang.json → /opt/rustwide/target/debug/deps/default/programfiles/op/support_lang.json
[INFO] [stderr] warning: sfx@0.1.3: Copying: /opt/rustwide/workdir/default/programfiles/op/footer.json → /opt/rustwide/target/debug/deps/default/programfiles/op/footer.json
[INFO] [stderr] warning: sfx@0.1.3: Copying: /opt/rustwide/workdir/default/programfiles/op/binding.txt → /opt/rustwide/target/debug/deps/default/programfiles/op/binding.txt
[INFO] [stderr] warning: sfx@0.1.3: Copying: /opt/rustwide/workdir/default/programfiles/op/hosts.json → /opt/rustwide/target/debug/deps/default/programfiles/op/hosts.json
[INFO] [stderr] warning: sfx@0.1.3: Copying: /opt/rustwide/workdir/default/programfiles/op/robots.txt → /opt/rustwide/target/debug/deps/default/programfiles/op/robots.txt
[INFO] [stderr] warning: sfx@0.1.3: Copying: /opt/rustwide/workdir/default/programfiles/op/navbar.json → /opt/rustwide/target/debug/deps/default/programfiles/op/navbar.json
[INFO] [stderr] warning: sfx@0.1.3: Copying: /opt/rustwide/workdir/default/templates/index.html → /opt/rustwide/target/debug/deps/default/templates/index.html
[INFO] [stderr] warning: sfx@0.1.3: Copying: /opt/rustwide/workdir/default/templates/base/footer.html → /opt/rustwide/target/debug/deps/default/templates/base/footer.html
[INFO] [stderr] warning: sfx@0.1.3: Copying: /opt/rustwide/workdir/default/templates/base/base.html → /opt/rustwide/target/debug/deps/default/templates/base/base.html
[INFO] [stderr] warning: sfx@0.1.3: Copying: /opt/rustwide/workdir/default/templates/base/path.html → /opt/rustwide/target/debug/deps/default/templates/base/path.html
[INFO] [stderr] warning: sfx@0.1.3: Copying: /opt/rustwide/workdir/default/templates/base/navbar.html → /opt/rustwide/target/debug/deps/default/templates/base/navbar.html
[INFO] [stderr] warning: sfx@0.1.3: Copying: /opt/rustwide/workdir/default/templates/user/forbidden.html → /opt/rustwide/target/debug/deps/default/templates/user/forbidden.html
[INFO] [stderr] warning: sfx@0.1.3: Copying: /opt/rustwide/workdir/default/templates/user/unauthorized.html → /opt/rustwide/target/debug/deps/default/templates/user/unauthorized.html
[INFO] [stderr] warning: sfx@0.1.3: Copying: /opt/rustwide/workdir/default/templates/user/home.html → /opt/rustwide/target/debug/deps/default/templates/user/home.html
[INFO] [stderr] warning: sfx@0.1.3: Copying: /opt/rustwide/workdir/default/templates/user/login.html → /opt/rustwide/target/debug/deps/default/templates/user/login.html
[INFO] [stderr] warning: sfx@0.1.3: Copying: /opt/rustwide/workdir/default/templates/admin/user_edit.html → /opt/rustwide/target/debug/deps/default/templates/admin/user_edit.html
[INFO] [stderr] warning: sfx@0.1.3: Copying: /opt/rustwide/workdir/default/templates/admin/index.html → /opt/rustwide/target/debug/deps/default/templates/admin/index.html
[INFO] [stderr] warning: sfx@0.1.3: Copying: /opt/rustwide/workdir/default/templates/admin/admins.html → /opt/rustwide/target/debug/deps/default/templates/admin/admins.html
[INFO] [stderr] warning: sfx@0.1.3: Copying: /opt/rustwide/workdir/default/templates/admin/panel.html → /opt/rustwide/target/debug/deps/default/templates/admin/panel.html
[INFO] [stderr] warning: sfx@0.1.3: Copying: /opt/rustwide/workdir/default/src/lib.rs → /opt/rustwide/target/debug/deps/default/src/lib.rs
[INFO] [stderr] warning: sfx@0.1.3: Copying: /opt/rustwide/workdir/default/src/main.rs → /opt/rustwide/target/debug/deps/default/src/main.rs
[INFO] [stderr] warning: sfx@0.1.3: Successfully copied default to /opt/rustwide/target/debug/deps
[INFO] [stderr] warning: sfx@0.1.3: Skipping programfiles (not found at /opt/rustwide/workdir/programfiles)
[INFO] [stderr] error: could not compile `sfx` (lib test) due to 21 previous errors; 1 warning emitted
[INFO] running `Command { std: "docker" "inspect" "d420f99e4baef6b6d7cfa1938cde4e100262acea08f3f8465b85e5bd656588ca", kill_on_drop: false }`
[INFO] running `Command { std: "docker" "rm" "-f" "d420f99e4baef6b6d7cfa1938cde4e100262acea08f3f8465b85e5bd656588ca", kill_on_drop: false }`
[INFO] [stdout] d420f99e4baef6b6d7cfa1938cde4e100262acea08f3f8465b85e5bd656588ca
