[INFO] cloning repository https://github.com/FerLuisxd/small-asr-benchmark
[INFO] running `Command { std: "git" "-c" "credential.helper=" "-c" "credential.helper=/workspace/cargo-home/bin/git-credential-null" "clone" "--bare" "https://github.com/FerLuisxd/small-asr-benchmark" "/workspace/cache/git-repos/https%3A%2F%2Fgithub.com%2FFerLuisxd%2Fsmall-asr-benchmark", kill_on_drop: false }`
[INFO] [stderr] Cloning into bare repository '/workspace/cache/git-repos/https%3A%2F%2Fgithub.com%2FFerLuisxd%2Fsmall-asr-benchmark'...
[INFO] running `Command { std: "git" "rev-parse" "HEAD", kill_on_drop: false }`
[INFO] [stdout] 2c91e959efc280a7a95f080fff1c1012014e9a28
[INFO] checking FerLuisxd/small-asr-benchmark against 3154cc1a3e6424e44f438a95007d043ed5ceaaf6 for pr-133502-30
[INFO] running `Command { std: "git" "clone" "/workspace/cache/git-repos/https%3A%2F%2Fgithub.com%2FFerLuisxd%2Fsmall-asr-benchmark" "/workspace/builds/worker-3-tc2/source", kill_on_drop: false }`
[INFO] [stderr] Cloning into '/workspace/builds/worker-3-tc2/source'...
[INFO] [stderr] done.
[INFO] started tweaking git repo https://github.com/FerLuisxd/small-asr-benchmark
[INFO] finished tweaking git repo https://github.com/FerLuisxd/small-asr-benchmark
[INFO] tweaked toml for git repo https://github.com/FerLuisxd/small-asr-benchmark written to /workspace/builds/worker-3-tc2/source/Cargo.toml
[INFO] validating manifest of git repo https://github.com/FerLuisxd/small-asr-benchmark on toolchain 3154cc1a3e6424e44f438a95007d043ed5ceaaf6
[INFO] running `Command { std: CARGO_HOME="/workspace/cargo-home" RUSTUP_HOME="/workspace/rustup-home" "/workspace/cargo-home/bin/cargo" "+3154cc1a3e6424e44f438a95007d043ed5ceaaf6" "metadata" "--manifest-path" "Cargo.toml" "--no-deps", kill_on_drop: false }`
[INFO] crate git repo https://github.com/FerLuisxd/small-asr-benchmark already has a lockfile, it will not be regenerated
[INFO] running `Command { std: CARGO_HOME="/workspace/cargo-home" RUSTUP_HOME="/workspace/rustup-home" "/workspace/cargo-home/bin/cargo" "+3154cc1a3e6424e44f438a95007d043ed5ceaaf6" "fetch" "--manifest-path" "Cargo.toml", kill_on_drop: false }`
[INFO] running `Command { std: "docker" "create" "-v" "/var/lib/crater-agent-workspace/builds/worker-3-tc2/source:/opt/rustwide/workdir:ro,Z" "-v" "/var/lib/crater-agent-workspace/builds/worker-3-tc2/target:/opt/rustwide/target:rw,Z" "-v" "/var/lib/crater-agent-workspace/cargo-home:/opt/rustwide/cargo-home:ro,Z" "-v" "/var/lib/crater-agent-workspace/rustup-home:/opt/rustwide/rustup-home:ro,Z" "-m" "1610612736" "--network" "none" "ghcr.io/rust-lang/crates-build-env/linux@sha256:77db811e55d90add9212f6832c23229e3de5f1c1f9905e8cb07319ea15df73ac" "sleep" "infinity", kill_on_drop: false }`
[INFO] [stdout] bdf18201a6f30a20cd3dbdaf9311b7ac623459d994e66dfafb145f6c25813fce
[INFO] running `Command { std: "docker" "start" "bdf18201a6f30a20cd3dbdaf9311b7ac623459d994e66dfafb145f6c25813fce", kill_on_drop: false }`
[INFO] running `Command { std: "docker" "inspect" "bdf18201a6f30a20cd3dbdaf9311b7ac623459d994e66dfafb145f6c25813fce", kill_on_drop: false }`
[INFO] running `Command { std: "docker" "exec" "-e" "SOURCE_DIR=/opt/rustwide/workdir" "-e" "CARGO_HOME=/opt/rustwide/cargo-home" "-e" "RUSTUP_HOME=/opt/rustwide/rustup-home" "-e" "CARGO_TARGET_DIR=/opt/rustwide/target" "-w" "/opt/rustwide/workdir" "--user" "0:0" "bdf18201a6f30a20cd3dbdaf9311b7ac623459d994e66dfafb145f6c25813fce" "/opt/rustwide/cargo-home/bin/cargo" "+3154cc1a3e6424e44f438a95007d043ed5ceaaf6" "metadata" "--no-deps" "--format-version=1", kill_on_drop: false }`
[INFO] running `Command { std: "docker" "inspect" "bdf18201a6f30a20cd3dbdaf9311b7ac623459d994e66dfafb145f6c25813fce", kill_on_drop: false }`
[INFO] running `Command { std: "docker" "exec" "-e" "SOURCE_DIR=/opt/rustwide/workdir" "-e" "CARGO_HOME=/opt/rustwide/cargo-home" "-e" "RUSTUP_HOME=/opt/rustwide/rustup-home" "-e" "CARGO_TARGET_DIR=/opt/rustwide/target" "-e" "CARGO_INCREMENTAL=0" "-e" "RUST_BACKTRACE=full" "-e" "RUSTFLAGS=--cap-lints=forbid" "-e" "RUSTDOCFLAGS=--cap-lints=forbid" "-w" "/opt/rustwide/workdir" "--user" "0:0" "bdf18201a6f30a20cd3dbdaf9311b7ac623459d994e66dfafb145f6c25813fce" "/opt/rustwide/cargo-home/bin/cargo" "+3154cc1a3e6424e44f438a95007d043ed5ceaaf6" "check" "--frozen" "--all" "--all-targets" "--message-format=json", kill_on_drop: false }`
[INFO] [stderr]    Compiling serde_core v1.0.229
[INFO] [stderr]    Compiling transcribe-cpp v0.2.2
[INFO] [stderr]    Compiling cmake v0.1.58
[INFO] [stderr]     Checking log v0.4.34
[INFO] [stderr]     Checking hound v3.5.1
[INFO] [stderr]    Compiling syn v3.0.4
[INFO] [stderr]    Compiling thiserror-impl v2.0.20
[INFO] [stderr]    Compiling serde_json v1.0.151
[INFO] [stderr]     Checking thiserror v2.0.20
[INFO] [stderr]    Compiling transcribe-cpp-sys v0.2.2
[INFO] [stderr] error: failed to run custom build command for `transcribe-cpp-sys v0.2.2`
[INFO] [stderr] note: To improve backtraces for build dependencies, set the CARGO_PROFILE_DEV_BUILD_OVERRIDE_DEBUG=true environment variable to enable debug information generation.
[INFO] [stderr] 
[INFO] [stderr] Caused by:
[INFO] [stderr]   process didn't exit successfully: `/opt/rustwide/target/debug/build/transcribe-cpp-sys/e8b2a9450104e316/out/build_script_build` (exit status: 101)
[INFO] [stderr]   --- stdout
[INFO] [stderr]   cargo:rerun-if-changed=/opt/rustwide/cargo-home/registry/src/index.crates.io-1949cf8c6b5b557f/transcribe-cpp-sys-0.2.2/CMakeLists.txt
[INFO] [stderr]   cargo:rerun-if-changed=/opt/rustwide/cargo-home/registry/src/index.crates.io-1949cf8c6b5b557f/transcribe-cpp-sys-0.2.2/CMakePresets.json
[INFO] [stderr]   cargo:rerun-if-changed=/opt/rustwide/cargo-home/registry/src/index.crates.io-1949cf8c6b5b557f/transcribe-cpp-sys-0.2.2/include
[INFO] [stderr]   cargo:rerun-if-changed=/opt/rustwide/cargo-home/registry/src/index.crates.io-1949cf8c6b5b557f/transcribe-cpp-sys-0.2.2/src
[INFO] [stderr]   cargo:rerun-if-changed=/opt/rustwide/cargo-home/registry/src/index.crates.io-1949cf8c6b5b557f/transcribe-cpp-sys-0.2.2/ggml
[INFO] [stderr]   cargo:rerun-if-changed=/opt/rustwide/cargo-home/registry/src/index.crates.io-1949cf8c6b5b557f/transcribe-cpp-sys-0.2.2/cmake
[INFO] [stderr]   cargo:rerun-if-changed=/opt/rustwide/cargo-home/registry/src/index.crates.io-1949cf8c6b5b557f/transcribe-cpp-sys-0.2.2/bindings/rust/sys/build.rs
[INFO] [stderr]   cargo:rerun-if-changed=/opt/rustwide/cargo-home/registry/src/index.crates.io-1949cf8c6b5b557f/transcribe-cpp-sys-0.2.2/bindings/rust/sys/src
[INFO] [stderr]   cargo:rerun-if-env-changed=TRANSCRIBE_CMAKE_ARGS
[INFO] [stderr]   cargo:rerun-if-env-changed=CMAKE_ARGS
[INFO] [stderr]   CMAKE_TOOLCHAIN_FILE_x86_64-unknown-linux-gnu = None
[INFO] [stderr]   CMAKE_TOOLCHAIN_FILE_x86_64_unknown_linux_gnu = None
[INFO] [stderr]   HOST_CMAKE_TOOLCHAIN_FILE = None
[INFO] [stderr]   CMAKE_TOOLCHAIN_FILE = None
[INFO] [stderr]   CMAKE_GENERATOR_x86_64-unknown-linux-gnu = None
[INFO] [stderr]   CMAKE_GENERATOR_x86_64_unknown_linux_gnu = None
[INFO] [stderr]   HOST_CMAKE_GENERATOR = None
[INFO] [stderr]   CMAKE_GENERATOR = None
[INFO] [stderr]   CMAKE_PREFIX_PATH_x86_64-unknown-linux-gnu = None
[INFO] [stderr]   CMAKE_PREFIX_PATH_x86_64_unknown_linux_gnu = None
[INFO] [stderr]   HOST_CMAKE_PREFIX_PATH = None
[INFO] [stderr]   CMAKE_PREFIX_PATH = None
[INFO] [stderr]   CMAKE_x86_64-unknown-linux-gnu = None
[INFO] [stderr]   CMAKE_x86_64_unknown_linux_gnu = None
[INFO] [stderr]   HOST_CMAKE = None
[INFO] [stderr]   CMAKE = None
[INFO] [stderr]   -- The C compiler identification is GNU 15.2.0
[INFO] [stderr]   -- The CXX compiler identification is GNU 15.2.0
[INFO] [stderr]   -- Detecting C compiler ABI info
[INFO] [stderr]   -- Detecting C compiler ABI info - done
[INFO] [stderr]   -- Check for working C compiler: /usr/bin/cc - skipped
[INFO] [stderr]   -- Detecting C compile features
[INFO] [stderr]   -- Detecting C compile features - done
[INFO] [stderr]   -- Detecting CXX compiler ABI info
[INFO] [stderr]   -- Detecting CXX compiler ABI info - done
[INFO] [stderr]   -- Check for working CXX compiler: /usr/bin/c++ - skipped
[INFO] [stderr]   -- Detecting CXX compile features
[INFO] [stderr]   -- Detecting CXX compile features - done
[INFO] [stderr]   -- transcribe version: 0.2.2 (commit unknown)
[INFO] [stderr]   -- The ASM compiler identification is GNU
[INFO] [stderr]   -- Found assembler: /usr/bin/cc
[INFO] [stderr]   -- Performing Test CMAKE_HAVE_LIBC_PTHREAD
[INFO] [stderr]   -- Performing Test CMAKE_HAVE_LIBC_PTHREAD - Success
[INFO] [stderr]   -- Found Threads: TRUE
[INFO] [stderr]   -- Warning: ccache not found - consider installing it for faster compilation or disable this warning with GGML_CCACHE=OFF
[INFO] [stderr]   -- CMAKE_SYSTEM_PROCESSOR: x86_64
[INFO] [stderr]   -- GGML_SYSTEM_ARCH: x86
[INFO] [stderr]   -- Including CPU backend
[INFO] [stderr]   -- x86 detected
[INFO] [stderr]   -- Adding CPU backend variant ggml-cpu-x64:  
[INFO] [stderr]   -- x86 detected
[INFO] [stderr]   -- Adding CPU backend variant ggml-cpu-sse42: -msse4.2 GGML_SSE42
[INFO] [stderr]   -- x86 detected
[INFO] [stderr]   -- Adding CPU backend variant ggml-cpu-sandybridge: -msse4.2;-mavx GGML_SSE42;GGML_AVX
[INFO] [stderr]   -- x86 detected
[INFO] [stderr]   -- Adding CPU backend variant ggml-cpu-ivybridge: -msse4.2;-mf16c;-mavx GGML_SSE42;GGML_F16C;GGML_AVX
[INFO] [stderr]   -- x86 detected
[INFO] [stderr]   -- Adding CPU backend variant ggml-cpu-piledriver: -msse4.2;-mf16c;-mfma;-mavx GGML_SSE42;GGML_F16C;GGML_FMA;GGML_AVX
[INFO] [stderr]   -- x86 detected
[INFO] [stderr]   -- Adding CPU backend variant ggml-cpu-haswell: -msse4.2;-mf16c;-mfma;-mbmi2;-mavx;-mavx2 GGML_SSE42;GGML_F16C;GGML_FMA;GGML_BMI2;GGML_AVX;GGML_AVX2
[INFO] [stderr]   -- x86 detected
[INFO] [stderr]   -- Adding CPU backend variant ggml-cpu-skylakex: -msse4.2;-mf16c;-mfma;-mbmi2;-mavx;-mavx2;-mavx512f;-mavx512cd;-mavx512vl;-mavx512dq;-mavx512bw GGML_SSE42;GGML_F16C;GGML_FMA;GGML_BMI2;GGML_AVX;GGML_AVX2;GGML_AVX512
[INFO] [stderr]   -- x86 detected
[INFO] [stderr]   -- Adding CPU backend variant ggml-cpu-cannonlake: -msse4.2;-mf16c;-mfma;-mbmi2;-mavx;-mavx2;-mavx512f;-mavx512cd;-mavx512vl;-mavx512dq;-mavx512bw;-mavx512vbmi GGML_SSE42;GGML_F16C;GGML_FMA;GGML_BMI2;GGML_AVX;GGML_AVX2;GGML_AVX512;GGML_AVX512_VBMI
[INFO] [stderr]   -- x86 detected
[INFO] [stderr]   -- Adding CPU backend variant ggml-cpu-cascadelake: -msse4.2;-mf16c;-mfma;-mbmi2;-mavx;-mavx2;-mavx512f;-mavx512cd;-mavx512vl;-mavx512dq;-mavx512bw;-mavx512vnni GGML_SSE42;GGML_F16C;GGML_FMA;GGML_BMI2;GGML_AVX;GGML_AVX2;GGML_AVX512;GGML_AVX512_VNNI
[INFO] [stderr]   -- x86 detected
[INFO] [stderr]   -- Adding CPU backend variant ggml-cpu-icelake: -msse4.2;-mf16c;-mfma;-mbmi2;-mavx;-mavx2;-mavx512f;-mavx512cd;-mavx512vl;-mavx512dq;-mavx512bw;-mavx512vbmi;-mavx512vnni GGML_SSE42;GGML_F16C;GGML_FMA;GGML_BMI2;GGML_AVX;GGML_AVX2;GGML_AVX512;GGML_AVX512_VBMI;GGML_AVX512_VNNI
[INFO] [stderr]   -- x86 detected
[INFO] [stderr]   -- Adding CPU backend variant ggml-cpu-cooperlake: -msse4.2;-mf16c;-mfma;-mbmi2;-mavx;-mavx2;-mavx512f;-mavx512cd;-mavx512vl;-mavx512dq;-mavx512bw;-mavx512vnni;-mavx512bf16 GGML_SSE42;GGML_F16C;GGML_FMA;GGML_BMI2;GGML_AVX;GGML_AVX2;GGML_AVX512;GGML_AVX512_VNNI;GGML_AVX512_BF16
[INFO] [stderr]   -- x86 detected
[INFO] [stderr]   -- Adding CPU backend variant ggml-cpu-zen4: -msse4.2;-mf16c;-mfma;-mbmi2;-mavx;-mavx2;-mavx512f;-mavx512cd;-mavx512vl;-mavx512dq;-mavx512bw;-mavx512vbmi;-mavx512vnni;-mavx512bf16 GGML_SSE42;GGML_F16C;GGML_FMA;GGML_BMI2;GGML_AVX;GGML_AVX2;GGML_AVX512;GGML_AVX512_VBMI;GGML_AVX512_VNNI;GGML_AVX512_BF16
[INFO] [stderr]   -- x86 detected
[INFO] [stderr]   -- Adding CPU backend variant ggml-cpu-alderlake: -msse4.2;-mf16c;-mfma;-mbmi2;-mavx;-mavx2;-mavxvnni GGML_SSE42;GGML_F16C;GGML_FMA;GGML_BMI2;GGML_AVX;GGML_AVX2;GGML_AVX_VNNI
[INFO] [stderr]   -- x86 detected
[INFO] [stderr]   -- Adding CPU backend variant ggml-cpu-sapphirerapids: -msse4.2;-mf16c;-mfma;-mbmi2;-mavx;-mavx2;-mavx512f;-mavx512cd;-mavx512vl;-mavx512dq;-mavx512bw;-mavx512vbmi;-mavx512vnni;-mavx512bf16;-mamx-tile;-mamx-int8 GGML_SSE42;GGML_F16C;GGML_FMA;GGML_BMI2;GGML_AVX;GGML_AVX2;GGML_AVX512;GGML_AVX512_VBMI;GGML_AVX512_VNNI;GGML_AVX512_BF16;GGML_AMX_TILE;GGML_AMX_INT8
[INFO] [stderr]   -- ggml version: 0.20.2
[INFO] [stderr]   -- ggml commit:  unknown
[INFO] [stderr]   -- Looking for cblas.h
[INFO] [stderr]   -- Looking for cblas.h - found
[INFO] [stderr]   -- transcribe: BLAS found — decoder will use cblas_sgemv
[INFO] [stderr]   -- transcribe install: 0.2.2 shared=ON backends: cpu (link manifest: lib/transcribe-link.json)
[INFO] [stderr]   -- Configuring done (2.4s)
[INFO] [stderr]   -- Generating done (0.2s)
[INFO] [stderr]   -- Build files have been written to: /opt/rustwide/target/debug/build/transcribe-cpp-sys/6600d6aa3dee9e90/out/build
[INFO] [stderr]   [  0%] Building CXX object ggml/src/CMakeFiles/ggml-cpu-sse42-feats.dir/ggml-cpu/arch/x86/cpu-feats.cpp.o
[INFO] [stderr]   [  1%] Building CXX object ggml/src/CMakeFiles/ggml-cpu-alderlake-feats.dir/ggml-cpu/arch/x86/cpu-feats.cpp.o
[INFO] [stderr]   [  2%] Building CXX object ggml/src/CMakeFiles/ggml-cpu-cascadelake-feats.dir/ggml-cpu/arch/x86/cpu-feats.cpp.o
[INFO] [stderr]   [  3%] Building C object ggml/src/CMakeFiles/ggml-base.dir/ggml.c.o
[INFO] [stderr]   [  3%] Building CXX object ggml/src/CMakeFiles/ggml-cpu-icelake-feats.dir/ggml-cpu/arch/x86/cpu-feats.cpp.o
[INFO] [stderr]   [  3%] Building CXX object ggml/src/CMakeFiles/ggml-cpu-cannonlake-feats.dir/ggml-cpu/arch/x86/cpu-feats.cpp.o
[INFO] [stderr]   [  4%] Building CXX object ggml/src/CMakeFiles/ggml-cpu-x64-feats.dir/ggml-cpu/arch/x86/cpu-feats.cpp.o
[INFO] [stderr]   [  4%] Building CXX object ggml/src/CMakeFiles/ggml-cpu-sandybridge-feats.dir/ggml-cpu/arch/x86/cpu-feats.cpp.o
[INFO] [stderr]   [  4%] Built target ggml-cpu-alderlake-feats
[INFO] [stderr]   [  4%] Built target ggml-cpu-sse42-feats
[INFO] [stderr]   [  4%] Building CXX object ggml/src/CMakeFiles/ggml-cpu-cooperlake-feats.dir/ggml-cpu/arch/x86/cpu-feats.cpp.o
[INFO] [stderr]   [  5%] Building CXX object ggml/src/CMakeFiles/ggml-cpu-piledriver-feats.dir/ggml-cpu/arch/x86/cpu-feats.cpp.o
[INFO] [stderr]   [  5%] Built target ggml-cpu-cascadelake-feats
[INFO] [stderr]   [  5%] Building CXX object ggml/src/CMakeFiles/ggml-cpu-haswell-feats.dir/ggml-cpu/arch/x86/cpu-feats.cpp.o
[INFO] [stderr]   [  5%] Built target ggml-cpu-x64-feats
[INFO] [stderr]   [  5%] Built target ggml-cpu-cannonlake-feats
[INFO] [stderr]   [  5%] Building CXX object ggml/src/CMakeFiles/ggml-base.dir/ggml.cpp.o
[INFO] [stderr]   [  5%] Built target ggml-cpu-sandybridge-feats
[INFO] [stderr]   [  5%] Building C object ggml/src/CMakeFiles/ggml-base.dir/ggml-alloc.c.o
[INFO] [stderr]   [  5%] Building CXX object ggml/src/CMakeFiles/ggml-base.dir/ggml-backend.cpp.o
[INFO] [stderr]   [  5%] Built target ggml-cpu-icelake-feats
[INFO] [stderr]   [  5%] Building CXX object ggml/src/CMakeFiles/ggml-cpu-zen4-feats.dir/ggml-cpu/arch/x86/cpu-feats.cpp.o
[INFO] [stderr]   [  6%] Building CXX object ggml/src/CMakeFiles/ggml-base.dir/ggml-backend-meta.cpp.o
[INFO] [stderr]   [  6%] Built target ggml-cpu-cooperlake-feats
[INFO] [stderr]   [  6%] Built target ggml-cpu-piledriver-feats
[INFO] [stderr]   [  6%] Building CXX object ggml/src/CMakeFiles/ggml-cpu-skylakex-feats.dir/ggml-cpu/arch/x86/cpu-feats.cpp.o
[INFO] [stderr]   [  6%] Built target ggml-cpu-haswell-feats
[INFO] [stderr]   [  6%] Building CXX object ggml/src/CMakeFiles/ggml-cpu-ivybridge-feats.dir/ggml-cpu/arch/x86/cpu-feats.cpp.o
[INFO] [stderr]   [  6%] Building CXX object ggml/src/CMakeFiles/ggml-base.dir/ggml-opt.cpp.o
[INFO] [stderr]   [  6%] Built target ggml-cpu-zen4-feats
[INFO] [stderr]   [  6%] Building CXX object ggml/src/CMakeFiles/ggml-base.dir/ggml-threading.cpp.o
[INFO] [stderr]   [  6%] Building C object ggml/src/CMakeFiles/ggml-base.dir/ggml-quants.c.o
[INFO] [stderr]   [  7%] Building CXX object ggml/src/CMakeFiles/ggml-base.dir/gguf.cpp.o
[INFO] [stderr]   [  7%] Built target ggml-cpu-skylakex-feats
[INFO] [stderr]   [  7%] Built target ggml-cpu-ivybridge-feats
[INFO] [stderr]   [  7%] Building CXX object ggml/src/CMakeFiles/ggml-cpu-sapphirerapids-feats.dir/ggml-cpu/arch/x86/cpu-feats.cpp.o
[INFO] [stderr]   [  7%] Built target ggml-cpu-sapphirerapids-feats
[INFO] [stderr]   [  7%] Linking CXX shared library libggml-base.so
[INFO] [stderr]   [  7%] Built target ggml-base
[INFO] [stderr]   [  7%] Building C object ggml/src/CMakeFiles/ggml-cpu-icelake.dir/ggml-cpu/ggml-cpu.c.o
[INFO] [stderr]   [  7%] Building C object ggml/src/CMakeFiles/ggml-cpu-cooperlake.dir/ggml-cpu/ggml-cpu.c.o
[INFO] [stderr]   [  7%] Building C object ggml/src/CMakeFiles/ggml-cpu-alderlake.dir/ggml-cpu/ggml-cpu.c.o
[INFO] [stderr]   [  7%] Building C object ggml/src/CMakeFiles/ggml-cpu-cascadelake.dir/ggml-cpu/ggml-cpu.c.o
[INFO] [stderr]   [  8%] Building C object ggml/src/CMakeFiles/ggml-cpu-sse42.dir/ggml-cpu/ggml-cpu.c.o
[INFO] [stderr]   [  7%] Building C object ggml/src/CMakeFiles/ggml-cpu-sandybridge.dir/ggml-cpu/ggml-cpu.c.o
[INFO] [stderr]   [  8%] Building C object ggml/src/CMakeFiles/ggml-cpu-cannonlake.dir/ggml-cpu/ggml-cpu.c.o
[INFO] [stderr]   [  8%] Building C object ggml/src/CMakeFiles/ggml-cpu-x64.dir/ggml-cpu/ggml-cpu.c.o
[INFO] [stderr]   [  8%] Building CXX object ggml/src/CMakeFiles/ggml-cpu-sse42.dir/ggml-cpu/ggml-cpu.cpp.o
[INFO] [stderr]   [  9%] Building CXX object ggml/src/CMakeFiles/ggml-cpu-x64.dir/ggml-cpu/ggml-cpu.cpp.o
[INFO] [stderr]   [ 10%] Building CXX object ggml/src/CMakeFiles/ggml-cpu-alderlake.dir/ggml-cpu/ggml-cpu.cpp.o
[INFO] [stderr]   [ 10%] Building CXX object ggml/src/CMakeFiles/ggml-cpu-cooperlake.dir/ggml-cpu/ggml-cpu.cpp.o
[INFO] [stderr]   [ 10%] Building CXX object ggml/src/CMakeFiles/ggml-cpu-icelake.dir/ggml-cpu/ggml-cpu.cpp.o
[INFO] [stderr]   [ 10%] Building CXX object ggml/src/CMakeFiles/ggml-cpu-sandybridge.dir/ggml-cpu/ggml-cpu.cpp.o
[INFO] [stderr]   [ 11%] Building CXX object ggml/src/CMakeFiles/ggml-cpu-cascadelake.dir/ggml-cpu/ggml-cpu.cpp.o
[INFO] [stderr]   [ 11%] Building CXX object ggml/src/CMakeFiles/ggml-cpu-cannonlake.dir/ggml-cpu/ggml-cpu.cpp.o
[INFO] [stderr]   [ 11%] Building CXX object ggml/src/CMakeFiles/ggml-cpu-x64.dir/ggml-cpu/repack.cpp.o
[INFO] [stderr]   [ 11%] Building CXX object ggml/src/CMakeFiles/ggml-cpu-sse42.dir/ggml-cpu/repack.cpp.o
[INFO] [stderr]   [ 12%] Building CXX object ggml/src/CMakeFiles/ggml-cpu-cooperlake.dir/ggml-cpu/repack.cpp.o
[INFO] [stderr]   [ 12%] Building CXX object ggml/src/CMakeFiles/ggml-cpu-cannonlake.dir/ggml-cpu/repack.cpp.o
[INFO] [stderr]   [ 13%] Building CXX object ggml/src/CMakeFiles/ggml-cpu-icelake.dir/ggml-cpu/repack.cpp.o
[INFO] [stderr]   [ 13%] Building CXX object ggml/src/CMakeFiles/ggml-cpu-alderlake.dir/ggml-cpu/repack.cpp.o
[INFO] [stderr]   [ 13%] Building CXX object ggml/src/CMakeFiles/ggml-cpu-sandybridge.dir/ggml-cpu/repack.cpp.o
[INFO] [stderr]   [ 13%] Building CXX object ggml/src/CMakeFiles/ggml-cpu-cascadelake.dir/ggml-cpu/repack.cpp.o
[INFO] [stderr]   [ 13%] Building CXX object ggml/src/CMakeFiles/ggml-cpu-x64.dir/ggml-cpu/hbm.cpp.o
[INFO] [stderr]   [ 13%] Building CXX object ggml/src/CMakeFiles/ggml-cpu-cooperlake.dir/ggml-cpu/hbm.cpp.o
[INFO] [stderr]   [ 13%] Building CXX object ggml/src/CMakeFiles/ggml-cpu-icelake.dir/ggml-cpu/hbm.cpp.o
[INFO] [stderr]   [ 13%] Building C object ggml/src/CMakeFiles/ggml-cpu-cooperlake.dir/ggml-cpu/quants.c.o
[INFO] [stderr]   [ 13%] Building CXX object ggml/src/CMakeFiles/ggml-cpu-cascadelake.dir/ggml-cpu/hbm.cpp.o
[INFO] [stderr]   [ 13%] Building CXX object ggml/src/CMakeFiles/ggml-cpu-cooperlake.dir/ggml-cpu/traits.cpp.o
[INFO] [stderr]   [ 13%] Building C object ggml/src/CMakeFiles/ggml-cpu-sandybridge.dir/ggml-cpu/quants.c.o
[INFO] [stderr]   [ 14%] Building CXX object ggml/src/CMakeFiles/ggml-cpu-sandybridge.dir/ggml-cpu/hbm.cpp.o
[INFO] [stderr]   [ 15%] Building CXX object ggml/src/CMakeFiles/ggml-cpu-cooperlake.dir/ggml-cpu/amx/amx.cpp.o
[INFO] [stderr]   [ 15%] Building C object ggml/src/CMakeFiles/ggml-cpu-icelake.dir/ggml-cpu/quants.c.o
[INFO] [stderr]   [ 15%] Building CXX object ggml/src/CMakeFiles/ggml-cpu-cooperlake.dir/ggml-cpu/amx/mmq.cpp.o
[INFO] [stderr]   [ 15%] Building CXX object ggml/src/CMakeFiles/ggml-cpu-cooperlake.dir/ggml-cpu/binary-ops.cpp.o
[INFO] [stderr]   [ 15%] Building CXX object ggml/src/CMakeFiles/ggml-cpu-cooperlake.dir/ggml-cpu/unary-ops.cpp.o
[INFO] [stderr]   [ 16%] Building CXX object ggml/src/CMakeFiles/ggml-cpu-cooperlake.dir/ggml-cpu/vec.cpp.o
[INFO] [stderr]   [ 17%] Building C object ggml/src/CMakeFiles/ggml-cpu-cascadelake.dir/ggml-cpu/quants.c.o
[INFO] [stderr]   [ 17%] Building CXX object ggml/src/CMakeFiles/ggml-cpu-cascadelake.dir/ggml-cpu/traits.cpp.o
[INFO] [stderr]   [ 17%] Building CXX object ggml/src/CMakeFiles/ggml-cpu-cooperlake.dir/ggml-cpu/ops.cpp.o
[INFO] [stderr]   [ 17%] Building CXX object ggml/src/CMakeFiles/ggml-cpu-cascadelake.dir/ggml-cpu/amx/amx.cpp.o
[INFO] [stderr]   [ 17%] Building CXX object ggml/src/CMakeFiles/ggml-cpu-cascadelake.dir/ggml-cpu/amx/mmq.cpp.o
[INFO] [stderr] 
[INFO] [stderr]   --- stderr
[INFO] [stderr]   running: cd "/opt/rustwide/target/debug/build/transcribe-cpp-sys/6600d6aa3dee9e90/out/build" && CMAKE_PREFIX_PATH="" LC_ALL="C" "cmake" "/opt/rustwide/cargo-home/registry/src/index.crates.io-1949cf8c6b5b557f/transcribe-cpp-sys-0.2.2" "-B" "/opt/rustwide/target/debug/build/transcribe-cpp-sys/6600d6aa3dee9e90/out/build" "-DTRANSCRIBE_INSTALL=ON" "-DTRANSCRIBE_BUILD_TESTS=OFF" "-DTRANSCRIBE_BUILD_EXAMPLES=OFF" "-DTRANSCRIBE_BUILD_TOOLS=OFF" "-DTRANSCRIBE_BUILD_SHARED=ON" "-DTRANSCRIBE_GGML_BACKEND_DL=ON" "-DGGML_CPU_ALL_VARIANTS=ON" "-DTRANSCRIBE_X86_CONSERVATIVE=ON" "-DTRANSCRIBE_USE_OPENMP=OFF" "-DCMAKE_INSTALL_PREFIX=/opt/rustwide/target/debug/build/transcribe-cpp-sys/6600d6aa3dee9e90/out" "-DCMAKE_C_FLAGS= -ffunction-sections -fdata-sections -fPIC -m64 -w" "-DCMAKE_C_COMPILER=/usr/bin/cc" "-DCMAKE_CXX_FLAGS= -ffunction-sections -fdata-sections -fPIC -m64 -w" "-DCMAKE_CXX_COMPILER=/usr/bin/c++" "-DCMAKE_ASM_FLAGS= -ffunction-sections -fdata-sections -fPIC -m64 -w" "-DCMAKE_ASM_COMPILER=/usr/bin/cc" "-DCMAKE_BUILD_TYPE=Release"
[INFO] [stderr]   running: cd "/opt/rustwide/target/debug/build/transcribe-cpp-sys/6600d6aa3dee9e90/out/build" && LC_ALL="C" MAKEFLAGS="-j --jobserver-fds=4,5 --jobserver-auth=4,5" "cmake" "--build" "/opt/rustwide/target/debug/build/transcribe-cpp-sys/6600d6aa3dee9e90/out/build" "--target" "install" "--config" "Release"
[INFO] [stderr]   c++: fatal error: Killed signal terminated program cc1plus
[INFO] [stderr]   compilation terminated.
[INFO] [stderr]   gmake[2]: *** [ggml/src/CMakeFiles/ggml-cpu-cannonlake.dir/build.make:107: ggml/src/CMakeFiles/ggml-cpu-cannonlake.dir/ggml-cpu/repack.cpp.o] Error 1
[INFO] [stderr]   gmake[1]: *** [CMakeFiles/Makefile2:804: ggml/src/CMakeFiles/ggml-cpu-cannonlake.dir/all] Error 2
[INFO] [stderr]   gmake[1]: *** Waiting for unfinished jobs....
[INFO] [stderr]   c++: fatal error: Killed signal terminated program cc1plus
[INFO] [stderr]   compilation terminated.
[INFO] [stderr]   c++: fatal error: Killed signal terminated program cc1plus
[INFO] [stderr]   compilation terminated.
[INFO] [stderr]   gmake[2]: *** [ggml/src/CMakeFiles/ggml-cpu-alderlake.dir/build.make:107: ggml/src/CMakeFiles/ggml-cpu-alderlake.dir/ggml-cpu/repack.cpp.o] Error 1
[INFO] [stderr]   gmake[1]: *** [CMakeFiles/Makefile2:1129: ggml/src/CMakeFiles/ggml-cpu-alderlake.dir/all] Error 2
[INFO] [stderr]   gmake[2]: *** [ggml/src/CMakeFiles/ggml-cpu-sse42.dir/build.make:107: ggml/src/CMakeFiles/ggml-cpu-sse42.dir/ggml-cpu/repack.cpp.o] Error 1
[INFO] [stderr]   c++: fatal error: Killed signal terminated program cc1plus
[INFO] [stderr]   compilation terminated.
[INFO] [stderr]   gmake[1]: *** [CMakeFiles/Makefile2:414: ggml/src/CMakeFiles/ggml-cpu-sse42.dir/all] Error 2
[INFO] [stderr]   gmake[2]: *** [ggml/src/CMakeFiles/ggml-cpu-x64.dir/build.make:107: ggml/src/CMakeFiles/ggml-cpu-x64.dir/ggml-cpu/repack.cpp.o] Error 1
[INFO] [stderr]   gmake[2]: *** Waiting for unfinished jobs....
[INFO] [stderr]   gmake[1]: *** [CMakeFiles/Makefile2:349: ggml/src/CMakeFiles/ggml-cpu-x64.dir/all] Error 2
[INFO] [stderr]   c++: fatal error: Killed signal terminated program cc1plus
[INFO] [stderr]   compilation terminated.
[INFO] [stderr]   gmake[2]: *** [ggml/src/CMakeFiles/ggml-cpu-sandybridge.dir/build.make:107: ggml/src/CMakeFiles/ggml-cpu-sandybridge.dir/ggml-cpu/repack.cpp.o] Error 1
[INFO] [stderr]   gmake[1]: *** [CMakeFiles/Makefile2:479: ggml/src/CMakeFiles/ggml-cpu-sandybridge.dir/all] Error 2
[INFO] [stderr]   c++: fatal error: Killed signal terminated program cc1plus
[INFO] [stderr]   compilation terminated.
[INFO] [stderr]   gmake[2]: *** [ggml/src/CMakeFiles/ggml-cpu-cooperlake.dir/build.make:107: ggml/src/CMakeFiles/ggml-cpu-cooperlake.dir/ggml-cpu/repack.cpp.o] Error 1
[INFO] [stderr]   gmake[2]: *** Waiting for unfinished jobs....
[INFO] [stderr]   c++: fatal error: Killed signal terminated program cc1plus
[INFO] [stderr]   compilation terminated.
[INFO] [stderr]   gmake[2]: *** [ggml/src/CMakeFiles/ggml-cpu-icelake.dir/build.make:107: ggml/src/CMakeFiles/ggml-cpu-icelake.dir/ggml-cpu/repack.cpp.o] Error 1
[INFO] [stderr]   gmake[1]: *** [CMakeFiles/Makefile2:934: ggml/src/CMakeFiles/ggml-cpu-icelake.dir/all] Error 2
[INFO] [stderr]   c++: fatal error: Killed signal terminated program cc1plus
[INFO] [stderr]   compilation terminated.
[INFO] [stderr]   gmake[2]: *** [ggml/src/CMakeFiles/ggml-cpu-cascadelake.dir/build.make:107: ggml/src/CMakeFiles/ggml-cpu-cascadelake.dir/ggml-cpu/repack.cpp.o] Error 1
[INFO] [stderr]   gmake[2]: *** Waiting for unfinished jobs....
[INFO] [stderr]   gmake[1]: *** [CMakeFiles/Makefile2:869: ggml/src/CMakeFiles/ggml-cpu-cascadelake.dir/all] Error 2
[INFO] [stderr]   gmake[1]: *** [CMakeFiles/Makefile2:999: ggml/src/CMakeFiles/ggml-cpu-cooperlake.dir/all] Error 2
[INFO] [stderr]   gmake: *** [Makefile:136: all] Error 2
[INFO] [stderr] 
[INFO] [stderr]   thread 'main' (201) panicked at /opt/rustwide/cargo-home/registry/src/index.crates.io-1949cf8c6b5b557f/cmake-0.1.58/src/lib.rs:1132:5:
[INFO] [stderr] 
[INFO] [stderr]   command did not execute successfully, got: exit status: 2
[INFO] [stderr] 
[INFO] [stderr]   build script failed, must exit now
[INFO] [stderr]   stack backtrace:
[INFO] [stderr]      0:     0x55b8dfd41231 - std[3164a59e47d3bde]::backtrace_rs::backtrace::libunwind::trace
[INFO] [stderr]                                  at /rustc/3154cc1a3e6424e44f438a95007d043ed5ceaaf6/library/std/src/../../backtrace/src/backtrace/libunwind.rs:117:9
[INFO] [stderr]      1:     0x55b8dfd41231 - std[3164a59e47d3bde]::backtrace_rs::backtrace::trace_unsynchronized::<std[3164a59e47d3bde]::sys::backtrace::_print_fmt::{closure#1}>
[INFO] [stderr]                                  at /rustc/3154cc1a3e6424e44f438a95007d043ed5ceaaf6/library/std/src/../../backtrace/src/backtrace/mod.rs:66:14
[INFO] [stderr]      2:     0x55b8dfd41231 - std[3164a59e47d3bde]::sys::backtrace::_print_fmt
[INFO] [stderr]                                  at /rustc/3154cc1a3e6424e44f438a95007d043ed5ceaaf6/library/std/src/sys/backtrace.rs:74:9
[INFO] [stderr]      3:     0x55b8dfd41231 - <<std[3164a59e47d3bde]::sys::backtrace::BacktraceLock>::print::DisplayBacktrace as core[934024a1e6126fb4]::fmt::Display>::fmt
[INFO] [stderr]                                  at /rustc/3154cc1a3e6424e44f438a95007d043ed5ceaaf6/library/std/src/sys/backtrace.rs:44:26
[INFO] [stderr]      4:     0x55b8dfd55bca - <core[934024a1e6126fb4]::fmt::rt::Argument>::fmt
[INFO] [stderr]                                  at /rustc/3154cc1a3e6424e44f438a95007d043ed5ceaaf6/library/core/src/fmt/rt.rs:152:76
[INFO] [stderr]      5:     0x55b8dfd55bca - core[934024a1e6126fb4]::fmt::write
[INFO] [stderr]      6:     0x55b8dfd46c4c - core[934024a1e6126fb4]::io::write::default_write_fmt::<std[3164a59e47d3bde]::sys::stdio::unix::Stderr>
[INFO] [stderr]                                  at /rustc/3154cc1a3e6424e44f438a95007d043ed5ceaaf6/library/core/src/io/write.rs:402:11
[INFO] [stderr]      7:     0x55b8dfd46c4c - <std[3164a59e47d3bde]::sys::stdio::unix::Stderr as core[934024a1e6126fb4]::io::write::Write>::write_fmt
[INFO] [stderr]                                  at /rustc/3154cc1a3e6424e44f438a95007d043ed5ceaaf6/library/core/src/io/write.rs:335:13
[INFO] [stderr]      8:     0x55b8dfd1ed36 - <std[3164a59e47d3bde]::sys::backtrace::BacktraceLock>::print
[INFO] [stderr]                                  at /rustc/3154cc1a3e6424e44f438a95007d043ed5ceaaf6/library/std/src/sys/backtrace.rs:47:9
[INFO] [stderr]      9:     0x55b8dfd1ed36 - std[3164a59e47d3bde]::panicking::default_hook::{closure#0}
[INFO] [stderr]                                  at /rustc/3154cc1a3e6424e44f438a95007d043ed5ceaaf6/library/std/src/panicking.rs:289:27
[INFO] [stderr]     10:     0x55b8dfd3ad11 - std[3164a59e47d3bde]::panicking::default_hook
[INFO] [stderr]                                  at /rustc/3154cc1a3e6424e44f438a95007d043ed5ceaaf6/library/std/src/panicking.rs:316:9
[INFO] [stderr]     11:     0x55b8dfd3aecb - std[3164a59e47d3bde]::panicking::panic_with_hook
[INFO] [stderr]                                  at /rustc/3154cc1a3e6424e44f438a95007d043ed5ceaaf6/library/std/src/panicking.rs:811:13
[INFO] [stderr]     12:     0x55b8dfd1ede2 - std[3164a59e47d3bde]::panicking::panic_handler::{closure#0}
[INFO] [stderr]                                  at /rustc/3154cc1a3e6424e44f438a95007d043ed5ceaaf6/library/std/src/panicking.rs:685:13
[INFO] [stderr]     13:     0x55b8dfd17889 - std[3164a59e47d3bde]::sys::backtrace::__rust_end_short_backtrace::<std[3164a59e47d3bde]::panicking::panic_handler::{closure#0}, !>
[INFO] [stderr]                                  at /rustc/3154cc1a3e6424e44f438a95007d043ed5ceaaf6/library/std/src/sys/backtrace.rs:182:18
[INFO] [stderr]     14:     0x55b8dfd1f5cd - __rustc[2e7b49d4226056d3]::rust_begin_unwind
[INFO] [stderr]                                  at /rustc/3154cc1a3e6424e44f438a95007d043ed5ceaaf6/library/std/src/panicking.rs:676:5
[INFO] [stderr]     15:     0x55b8dfd563bc - core[934024a1e6126fb4]::panicking::panic_fmt
[INFO] [stderr]                                  at /rustc/3154cc1a3e6424e44f438a95007d043ed5ceaaf6/library/core/src/panicking.rs:80:14
[INFO] [stderr]     16:     0x55b8dfca4537 - cmake[88d69019b5068629]::fail
[INFO] [stderr]     17:     0x55b8dfca41c3 - cmake[88d69019b5068629]::run
[INFO] [stderr]     18:     0x55b8dfcaa195 - <cmake[88d69019b5068629]::Config>::build
[INFO] [stderr]     19:     0x55b8dfc7aec0 - build_script_build[8e2afab14f0d09da]::main
[INFO] [stderr]     20:     0x55b8dfc7d7a3 - <fn() as core[934024a1e6126fb4]::ops::function::FnOnce<()>>::call_once
[INFO] [stderr]     21:     0x55b8dfc767fe - std[3164a59e47d3bde]::sys::backtrace::__rust_begin_short_backtrace::<fn(), ()>
[INFO] [stderr]     22:     0x55b8dfc76e99 - std[3164a59e47d3bde]::rt::lang_start::<()>::{closure#0}
[INFO] [stderr]     23:     0x55b8dfd3a018 - <&dyn core[934024a1e6126fb4]::ops::function::Fn<(), Output = i32> + core[934024a1e6126fb4]::marker::Sync + core[934024a1e6126fb4]::panic::unwind_safe::RefUnwindSafe as core[934024a1e6126fb4]::ops::function::FnOnce<()>>::call_once
[INFO] [stderr]                                  at /rustc/3154cc1a3e6424e44f438a95007d043ed5ceaaf6/library/core/src/ops/function.rs:287:21
[INFO] [stderr]     24:     0x55b8dfd3a018 - std[3164a59e47d3bde]::panicking::catch_unwind::do_call::<&dyn core[934024a1e6126fb4]::ops::function::Fn<(), Output = i32> + core[934024a1e6126fb4]::marker::Sync + core[934024a1e6126fb4]::panic::unwind_safe::RefUnwindSafe, i32>
[INFO] [stderr]                                  at /rustc/3154cc1a3e6424e44f438a95007d043ed5ceaaf6/library/std/src/panicking.rs:573:43
[INFO] [stderr]     25:     0x55b8dfd3a018 - std[3164a59e47d3bde]::panicking::catch_unwind::<i32, &dyn core[934024a1e6126fb4]::ops::function::Fn<(), Output = i32> + core[934024a1e6126fb4]::marker::Sync + core[934024a1e6126fb4]::panic::unwind_safe::RefUnwindSafe>
[INFO] [stderr]                                  at /rustc/3154cc1a3e6424e44f438a95007d043ed5ceaaf6/library/std/src/panicking.rs:541:19
[INFO] [stderr]     26:     0x55b8dfd3a018 - std[3164a59e47d3bde]::panic::catch_unwind::<&dyn core[934024a1e6126fb4]::ops::function::Fn<(), Output = i32> + core[934024a1e6126fb4]::marker::Sync + core[934024a1e6126fb4]::panic::unwind_safe::RefUnwindSafe, i32>
[INFO] [stderr]                                  at /rustc/3154cc1a3e6424e44f438a95007d043ed5ceaaf6/library/std/src/panic.rs:359:14
[INFO] [stderr]     27:     0x55b8dfd3a018 - std[3164a59e47d3bde]::rt::lang_start_internal::{closure#0}
[INFO] [stderr]                                  at /rustc/3154cc1a3e6424e44f438a95007d043ed5ceaaf6/library/std/src/rt.rs:175:24
[INFO] [stderr]     28:     0x55b8dfd3a018 - std[3164a59e47d3bde]::panicking::catch_unwind::do_call::<std[3164a59e47d3bde]::rt::lang_start_internal::{closure#0}, isize>
[INFO] [stderr]                                  at /rustc/3154cc1a3e6424e44f438a95007d043ed5ceaaf6/library/std/src/panicking.rs:573:43
[INFO] [stderr]     29:     0x55b8dfd3a018 - std[3164a59e47d3bde]::panicking::catch_unwind::<isize, std[3164a59e47d3bde]::rt::lang_start_internal::{closure#0}>
[INFO] [stderr]                                  at /rustc/3154cc1a3e6424e44f438a95007d043ed5ceaaf6/library/std/src/panicking.rs:541:19
[INFO] [stderr]     30:     0x55b8dfd3a018 - std[3164a59e47d3bde]::panic::catch_unwind::<std[3164a59e47d3bde]::rt::lang_start_internal::{closure#0}, isize>
[INFO] [stderr]                                  at /rustc/3154cc1a3e6424e44f438a95007d043ed5ceaaf6/library/std/src/panic.rs:359:14
[INFO] [stderr]     31:     0x55b8dfd3a018 - std[3164a59e47d3bde]::rt::lang_start_internal
[INFO] [stderr]                                  at /rustc/3154cc1a3e6424e44f438a95007d043ed5ceaaf6/library/std/src/rt.rs:171:5
[INFO] [stderr]     32:     0x55b8dfc767f1 - std[3164a59e47d3bde]::rt::lang_start::<()>
[INFO] [stderr]     33:     0x55b8dfc7d9b5 - main
[INFO] [stderr]     34:     0x707c85002601 - <unknown>
[INFO] [stderr]     35:     0x707c85002718 - __libc_start_main
[INFO] [stderr]     36:     0x55b8dfc749e5 - _start
[INFO] [stderr]     37:                0x0 - <unknown>
[INFO] running `Command { std: "docker" "inspect" "bdf18201a6f30a20cd3dbdaf9311b7ac623459d994e66dfafb145f6c25813fce", kill_on_drop: false }`
[INFO] running `Command { std: "docker" "rm" "-f" "bdf18201a6f30a20cd3dbdaf9311b7ac623459d994e66dfafb145f6c25813fce", kill_on_drop: false }`
[INFO] [stdout] bdf18201a6f30a20cd3dbdaf9311b7ac623459d994e66dfafb145f6c25813fce
