[INFO] cloning repository https://github.com/FengYuchen1314/NodeControll
[INFO] running `Command { std: "git" "-c" "credential.helper=" "-c" "credential.helper=/workspace/cargo-home/bin/git-credential-null" "clone" "--bare" "https://github.com/FengYuchen1314/NodeControll" "/workspace/cache/git-repos/https%3A%2F%2Fgithub.com%2FFengYuchen1314%2FNodeControll", kill_on_drop: false }`
[INFO] [stderr] Cloning into bare repository '/workspace/cache/git-repos/https%3A%2F%2Fgithub.com%2FFengYuchen1314%2FNodeControll'...
[INFO] running `Command { std: "git" "rev-parse" "HEAD", kill_on_drop: false }`
[INFO] [stdout] 6dca3d3c006646aceffeb8c9d803cb9ba83ab87f
[INFO] checking FengYuchen1314/NodeControll against 3154cc1a3e6424e44f438a95007d043ed5ceaaf6 for pr-133502-30
[INFO] running `Command { std: "git" "clone" "/workspace/cache/git-repos/https%3A%2F%2Fgithub.com%2FFengYuchen1314%2FNodeControll" "/workspace/builds/worker-2-tc2/source", kill_on_drop: false }`
[INFO] [stderr] Cloning into '/workspace/builds/worker-2-tc2/source'...
[INFO] [stderr] done.
[INFO] removed /workspace/builds/worker-2-tc2/source/rust-toolchain.toml
[INFO] started tweaking git repo https://github.com/FengYuchen1314/NodeControll
[INFO] finished tweaking git repo https://github.com/FengYuchen1314/NodeControll
[INFO] tweaked toml for git repo https://github.com/FengYuchen1314/NodeControll written to /workspace/builds/worker-2-tc2/source/Cargo.toml
[INFO] validating manifest of git repo https://github.com/FengYuchen1314/NodeControll on toolchain 3154cc1a3e6424e44f438a95007d043ed5ceaaf6
[INFO] running `Command { std: CARGO_HOME="/workspace/cargo-home" RUSTUP_HOME="/workspace/rustup-home" "/workspace/cargo-home/bin/cargo" "+3154cc1a3e6424e44f438a95007d043ed5ceaaf6" "metadata" "--manifest-path" "Cargo.toml" "--no-deps", kill_on_drop: false }`
[INFO] crate git repo https://github.com/FengYuchen1314/NodeControll already has a lockfile, it will not be regenerated
[INFO] running `Command { std: CARGO_HOME="/workspace/cargo-home" RUSTUP_HOME="/workspace/rustup-home" "/workspace/cargo-home/bin/cargo" "+3154cc1a3e6424e44f438a95007d043ed5ceaaf6" "fetch" "--manifest-path" "Cargo.toml", kill_on_drop: false }`
[INFO] [stderr] warning: unused workspace dependency `tower`
[INFO] [stderr]   --> Cargo.toml:74:25
[INFO] [stderr]    |
[INFO] [stderr] 74 | [workspace.dependencies.tower]
[INFO] [stderr]    |                         ^^^^^
[INFO] [stderr]    |
[INFO] [stderr]    = note: `cargo::unused_workspace_dependencies` is set to `warn` by default
[INFO] [stderr] help: consider removing the workspace dependency `tower`
[INFO] [stderr] warning: workspace (manifest) generated 1 warning
[INFO] running `Command { std: "docker" "create" "-v" "/var/lib/crater-agent-workspace/builds/worker-2-tc2/source:/opt/rustwide/workdir:ro,Z" "-v" "/var/lib/crater-agent-workspace/builds/worker-2-tc2/target:/opt/rustwide/target:rw,Z" "-v" "/var/lib/crater-agent-workspace/cargo-home:/opt/rustwide/cargo-home:ro,Z" "-v" "/var/lib/crater-agent-workspace/rustup-home:/opt/rustwide/rustup-home:ro,Z" "-m" "1610612736" "--network" "none" "ghcr.io/rust-lang/crates-build-env/linux@sha256:77db811e55d90add9212f6832c23229e3de5f1c1f9905e8cb07319ea15df73ac" "sleep" "infinity", kill_on_drop: false }`
[INFO] [stdout] bec5dfedce74e6825d1e529e26889e5d1765d53912551d0e47aab75fe88715e0
[INFO] running `Command { std: "docker" "start" "bec5dfedce74e6825d1e529e26889e5d1765d53912551d0e47aab75fe88715e0", kill_on_drop: false }`
[INFO] running `Command { std: "docker" "inspect" "bec5dfedce74e6825d1e529e26889e5d1765d53912551d0e47aab75fe88715e0", kill_on_drop: false }`
[INFO] running `Command { std: "docker" "exec" "-e" "SOURCE_DIR=/opt/rustwide/workdir" "-e" "CARGO_HOME=/opt/rustwide/cargo-home" "-e" "RUSTUP_HOME=/opt/rustwide/rustup-home" "-e" "CARGO_TARGET_DIR=/opt/rustwide/target" "-w" "/opt/rustwide/workdir" "--user" "0:0" "bec5dfedce74e6825d1e529e26889e5d1765d53912551d0e47aab75fe88715e0" "/opt/rustwide/cargo-home/bin/cargo" "+3154cc1a3e6424e44f438a95007d043ed5ceaaf6" "metadata" "--no-deps" "--format-version=1", kill_on_drop: false }`
[INFO] running `Command { std: "docker" "inspect" "bec5dfedce74e6825d1e529e26889e5d1765d53912551d0e47aab75fe88715e0", kill_on_drop: false }`
[INFO] running `Command { std: "docker" "exec" "-e" "SOURCE_DIR=/opt/rustwide/workdir" "-e" "CARGO_HOME=/opt/rustwide/cargo-home" "-e" "RUSTUP_HOME=/opt/rustwide/rustup-home" "-e" "CARGO_TARGET_DIR=/opt/rustwide/target" "-e" "CARGO_INCREMENTAL=0" "-e" "RUST_BACKTRACE=full" "-e" "RUSTFLAGS=--cap-lints=forbid" "-e" "RUSTDOCFLAGS=--cap-lints=forbid" "-w" "/opt/rustwide/workdir" "--user" "0:0" "bec5dfedce74e6825d1e529e26889e5d1765d53912551d0e47aab75fe88715e0" "/opt/rustwide/cargo-home/bin/cargo" "+3154cc1a3e6424e44f438a95007d043ed5ceaaf6" "check" "--frozen" "--all" "--all-targets" "--message-format=json", kill_on_drop: false }`
[INFO] [stderr] warning: unused workspace dependency `tower`
[INFO] [stderr]   --> Cargo.toml:74:25
[INFO] [stderr]    |
[INFO] [stderr] 74 | [workspace.dependencies.tower]
[INFO] [stderr]    |                         ^^^^^
[INFO] [stderr]    |
[INFO] [stderr]    = note: `cargo::unused_workspace_dependencies` is set to `warn` by default
[INFO] [stderr] help: consider removing the workspace dependency `tower`
[INFO] [stderr] warning: workspace (manifest) generated 1 warning
[INFO] [stderr]     Checking block-buffer v0.12.1
[INFO] [stderr]    Compiling syn v3.0.4
[INFO] [stderr]     Checking tracing v0.1.44
[INFO] [stderr]     Checking futures-sink v0.3.34
[INFO] [stderr]    Compiling generic-array v0.14.7
[INFO] [stderr]     Checking digest v0.10.7
[INFO] [stderr]    Compiling uuid v1.25.0
[INFO] [stderr]    Compiling openssl-src v300.6.1+3.6.3
[INFO] [stderr]     Checking slab v0.4.12
[INFO] [stderr]    Compiling form_urlencoded v1.2.2
[INFO] [stderr]    Compiling serde_json v1.0.151
[INFO] [stderr]     Checking futures-channel v0.3.34
[INFO] [stderr]    Compiling tokio-stream v0.1.19
[INFO] [stderr]    Compiling libsqlite3-sys v0.37.0
[INFO] [stderr]    Compiling base64 v0.22.1
[INFO] [stderr]     Checking base64ct v1.8.3
[INFO] [stderr]     Checking digest v0.11.3
[INFO] [stderr]     Checking cipher v0.5.2
[INFO] [stderr]     Checking futures-util v0.3.34
[INFO] [stderr]    Compiling rustix v1.1.4
[INFO] [stderr]    Compiling atoi v2.0.0
[INFO] [stderr]     Checking sha2 v0.11.0
[INFO] [stderr]     Checking hmac v0.13.0
[INFO] [stderr]     Checking password-hash v0.5.0
[INFO] [stderr]    Compiling spin v0.9.9
[INFO] [stderr]    Compiling openssl-sys v0.9.117
[INFO] [stderr]     Checking time v0.3.55
[INFO] [stderr]     Checking sha2 v0.10.9
[INFO] [stderr]     Checking hkdf v0.13.0
[INFO] [stderr]     Checking rusticata-macros v4.1.0
[INFO] [stderr]     Checking chacha20 v0.10.1
[INFO] [stderr]    Compiling futures-executor v0.3.34
[INFO] [stderr]    Compiling crypto-common v0.1.7
[INFO] [stderr]    Compiling block-buffer v0.10.4
[INFO] [stderr]    Compiling flume v0.12.0
[INFO] [stderr]    Compiling asn1-rs-derive v0.5.1
[INFO] [stderr]    Compiling asn1-rs-impl v0.2.0
[INFO] [stderr]     Checking universal-hash v0.6.1
[INFO] [stderr]     Checking poly1305 v0.9.1
[INFO] [stderr]     Checking aead v0.6.1
[INFO] [stderr]     Checking num-integer v0.1.47
[INFO] [stderr]    Compiling oid-registry v0.7.1
[INFO] [stderr]    Compiling openssl v0.10.81
[INFO] [stderr]     Checking stringprep v0.1.5
[INFO] [stderr]     Checking chacha20poly1305 v0.11.0
[INFO] [stderr]     Checking rand v0.10.2
[INFO] [stderr]     Checking sha1 v0.11.0
[INFO] [stderr]     Checking md-5 v0.11.0
[INFO] [stderr]     Checking num-bigint v0.4.8
[INFO] [stderr]    Compiling openssl-macros v0.1.1
[INFO] [stderr]    Compiling webauthn-attestation-ca v0.5.5
[INFO] [stderr]     Checking whoami v2.1.3
[INFO] [stderr]     Checking rand_chacha v0.9.0
[INFO] [stderr]     Checking blake2 v0.10.6
[INFO] [stderr]    Compiling webauthn-rs-core v0.5.5
[INFO] [stderr]     Checking toml_parser v1.1.3+spec-1.1.0
[INFO] [stderr]     Checking toml_datetime v1.1.1+spec-1.1.0
[INFO] [stderr]     Checking serde_spanned v1.1.1
[INFO] [stderr]     Checking regex-syntax v0.8.11
[INFO] [stderr]     Checking rand v0.9.5
[INFO] [stderr]     Checking argon2 v0.5.3
[INFO] [stderr]     Checking axum-core v0.5.6
[INFO] [stderr]    Compiling utoipa-gen v5.5.0
[INFO] [stderr]     Checking tower-http v0.7.0
[INFO] [stderr]     Checking toml v1.1.4+spec-1.1.0
[INFO] [stderr]     Checking config v0.15.25
[INFO] [stderr]     Checking regex-automata v0.4.18
[INFO] [stderr]     Checking matchers v0.2.0
[INFO] [stderr]    Compiling serde_derive v1.0.229
[INFO] [stderr]    Compiling displaydoc v0.2.7
[INFO] [stderr]    Compiling zerovec-derive v0.11.6
[INFO] [stderr]    Compiling thiserror-impl v2.0.20
[INFO] [stderr]    Compiling tokio-macros v2.7.2
[INFO] [stderr]    Compiling async-trait v0.1.92
[INFO] [stderr]     Checking tokio v1.53.1
[INFO] [stderr]     Checking zerotrie v0.2.5
[INFO] [stderr]     Checking asn1-rs v0.6.2
[INFO] [stderr]     Checking zerovec v0.11.8
[INFO] [stderr]     Checking thiserror v2.0.20
[INFO] [stderr]     Checking nodecontroll-secrets v0.1.0 (/opt/rustwide/workdir/crates/secrets)
[INFO] [stderr]    Compiling tinystr v0.8.4
[INFO] [stderr]    Compiling potential_utf v0.1.6
[INFO] [stderr]    Compiling icu_collections v2.3.0
[INFO] [stderr]    Compiling icu_locale_core v2.3.0
[INFO] [stderr]     Checking der-parser v9.0.0
[INFO] [stderr]     Checking x509-parser v0.16.0
[INFO] [stderr]     Checking serde v1.0.229
[INFO] [stderr]    Compiling icu_provider v2.3.1
[INFO] [stderr]    Compiling icu_properties v2.3.0
[INFO] [stderr]    Compiling smallvec v1.15.2
[INFO] [stderr]    Compiling either v1.18.0
[INFO] [stderr]     Checking base64urlsafedata v0.5.5
[INFO] [stderr]     Checking serde_cbor_2 v0.13.0
[INFO] [stderr]     Checking secrecy v0.10.3
[INFO] [stderr]     Checking serde_urlencoded v0.7.1
[INFO] [stderr]     Checking tracing-serde v0.2.0
[INFO] [stderr]     Checking utoipa v5.5.0
[INFO] [stderr]     Checking nodecontroll-config v0.1.0 (/opt/rustwide/workdir/crates/config)
[INFO] [stderr]    Compiling icu_normalizer v2.3.0
[INFO] [stderr]    Compiling parking_lot_core v0.9.12
[INFO] [stderr]     Checking tracing-subscriber v0.3.23
[INFO] [stderr]     Checking nodecontroll-agent v0.1.0 (/opt/rustwide/workdir/apps/agent)
[INFO] [stderr]    Compiling parking_lot v0.12.5
[INFO] [stderr]     Checking futures-intrusive v0.5.0
[INFO] [stderr]     Checking idna_adapter v1.2.2
[INFO] [stderr]     Checking idna v1.1.0
[INFO] [stderr]     Checking url v2.5.8
[INFO] [stderr]     Checking nodecontroll-domain v0.1.0 (/opt/rustwide/workdir/crates/domain)
[INFO] [stderr]     Checking webauthn-rs-proto v0.5.5
[INFO] [stderr]     Checking hyper v1.11.0
[INFO] [stderr]     Checking tower v0.5.3
[INFO] [stderr]     Checking nodecontroll-object-store v0.1.0 (/opt/rustwide/workdir/crates/object-store)
[INFO] [stderr]    Compiling sqlx-core v0.9.0
[INFO] [stderr]     Checking nodecontroll-identity v0.1.0 (/opt/rustwide/workdir/crates/identity)
[INFO] [stderr]     Checking hyper-util v0.1.20
[INFO] [stderr]     Checking axum v0.8.9
[INFO] [stderr]     Checking sqlx-sqlite v0.9.0
[INFO] [stderr]     Checking sqlx-postgres v0.9.0
[INFO] [stderr]    Compiling sqlx-macros-core v0.9.0
[INFO] [stderr]    Compiling sqlx-macros v0.9.0
[INFO] [stderr]     Checking sqlx v0.9.0
[INFO] [stderr]     Checking nodecontroll-persistence v0.1.0 (/opt/rustwide/workdir/crates/persistence)
[INFO] [stdout] error[E0277]: dynamic SQL strings should be audited for possible injections
[INFO] [stdout]     --> crates/persistence/src/webauthn.rs:1479:28
[INFO] [stdout]      |
[INFO] [stdout] 1479 |     let rows = sqlx::query(&query)
[INFO] [stdout]      |                ----------- ^^^^^^ dynamic SQL string
[INFO] [stdout]      |                |
[INFO] [stdout]      |                required by a bound introduced by this call
[INFO] [stdout]      |
[INFO] [stdout]      = help: the trait `SqlSafeStr` is not implemented for `&std::string::String`
[INFO] [stdout]      = note: prefer literal SQL strings with bind parameters or `QueryBuilder` to add dynamic data to a query.
[INFO] [stdout]              
[INFO] [stdout]              To bypass this error, manually audit for potential injection vulnerabilities and wrap with `AssertSqlSafe()`.
[INFO] [stdout]              For details, see the docs for `SqlSafeStr`.
[INFO] [stdout]              
[INFO] [stdout]      = note: this trait is only implemented for `&'static str`, not all `&str` like the compiler error may suggest
[INFO] [stdout] note: required by a bound in `sqlx::query`
[INFO] [stdout]     --> /opt/rustwide/cargo-home/registry/src/index.crates.io-1949cf8c6b5b557f/sqlx-core-0.9.0/src/query.rs:653:32
[INFO] [stdout]      |
[INFO] [stdout]  653 | pub fn query<'a, DB>(sql: impl SqlSafeStr) -> Query<'a, DB, <DB as Database>::Arguments>
[INFO] [stdout]      |                                ^^^^^^^^^^ required by this bound in `query`
[INFO] [stdout] help: consider dereferencing here
[INFO] [stdout]      |
[INFO] [stdout] 1479 |     let rows = sqlx::query(&*query)
[INFO] [stdout]      |                             +
[INFO] [stdout] 
[INFO] [stdout] 
[INFO] [stdout] error[E0277]: dynamic SQL strings should be audited for possible injections
[INFO] [stdout]     --> crates/persistence/src/webauthn.rs:1504:28
[INFO] [stdout]      |
[INFO] [stdout] 1504 |     let rows = sqlx::query(&query)
[INFO] [stdout]      |                ----------- ^^^^^^ dynamic SQL string
[INFO] [stdout]      |                |
[INFO] [stdout]      |                required by a bound introduced by this call
[INFO] [stdout]      |
[INFO] [stdout]      = help: the trait `SqlSafeStr` is not implemented for `&std::string::String`
[INFO] [stdout]      = note: prefer literal SQL strings with bind parameters or `QueryBuilder` to add dynamic data to a query.
[INFO] [stdout]              
[INFO] [stdout]              To bypass this error, manually audit for potential injection vulnerabilities and wrap with `AssertSqlSafe()`.
[INFO] [stdout]              For details, see the docs for `SqlSafeStr`.
[INFO] [stdout]              
[INFO] [stdout]      = note: this trait is only implemented for `&'static str`, not all `&str` like the compiler error may suggest
[INFO] [stdout] note: required by a bound in `sqlx::query`
[INFO] [stdout]     --> /opt/rustwide/cargo-home/registry/src/index.crates.io-1949cf8c6b5b557f/sqlx-core-0.9.0/src/query.rs:653:32
[INFO] [stdout]      |
[INFO] [stdout]  653 | pub fn query<'a, DB>(sql: impl SqlSafeStr) -> Query<'a, DB, <DB as Database>::Arguments>
[INFO] [stdout]      |                                ^^^^^^^^^^ required by this bound in `query`
[INFO] [stdout] help: consider dereferencing here
[INFO] [stdout]      |
[INFO] [stdout] 1504 |     let rows = sqlx::query(&*query)
[INFO] [stdout]      |                             +
[INFO] [stdout] 
[INFO] [stdout] 
[INFO] [stdout] error[E0277]: dynamic SQL strings should be audited for possible injections
[INFO] [stdout]     --> crates/persistence/src/webauthn.rs:1550:28
[INFO] [stdout]      |
[INFO] [stdout] 1550 |     let rows = sqlx::query(&query)
[INFO] [stdout]      |                ----------- ^^^^^^ dynamic SQL string
[INFO] [stdout]      |                |
[INFO] [stdout]      |                required by a bound introduced by this call
[INFO] [stdout]      |
[INFO] [stdout]      = help: the trait `SqlSafeStr` is not implemented for `&std::string::String`
[INFO] [stdout]      = note: prefer literal SQL strings with bind parameters or `QueryBuilder` to add dynamic data to a query.
[INFO] [stdout]              
[INFO] [stdout]              To bypass this error, manually audit for potential injection vulnerabilities and wrap with `AssertSqlSafe()`.
[INFO] [stdout]              For details, see the docs for `SqlSafeStr`.
[INFO] [stdout]              
[INFO] [stdout]      = note: this trait is only implemented for `&'static str`, not all `&str` like the compiler error may suggest
[INFO] [stdout] note: required by a bound in `sqlx::query`
[INFO] [stdout]     --> /opt/rustwide/cargo-home/registry/src/index.crates.io-1949cf8c6b5b557f/sqlx-core-0.9.0/src/query.rs:653:32
[INFO] [stdout]      |
[INFO] [stdout]  653 | pub fn query<'a, DB>(sql: impl SqlSafeStr) -> Query<'a, DB, <DB as Database>::Arguments>
[INFO] [stdout]      |                                ^^^^^^^^^^ required by this bound in `query`
[INFO] [stdout] help: consider dereferencing here
[INFO] [stdout]      |
[INFO] [stdout] 1550 |     let rows = sqlx::query(&*query)
[INFO] [stdout]      |                             +
[INFO] [stdout] 
[INFO] [stdout] 
[INFO] [stdout] error[E0277]: dynamic SQL strings should be audited for possible injections
[INFO] [stdout]     --> crates/persistence/src/webauthn.rs:1587:28
[INFO] [stdout]      |
[INFO] [stdout] 1587 |     let rows = sqlx::query(&query)
[INFO] [stdout]      |                ----------- ^^^^^^ dynamic SQL string
[INFO] [stdout]      |                |
[INFO] [stdout]      |                required by a bound introduced by this call
[INFO] [stdout]      |
[INFO] [stdout]      = help: the trait `SqlSafeStr` is not implemented for `&std::string::String`
[INFO] [stdout]      = note: prefer literal SQL strings with bind parameters or `QueryBuilder` to add dynamic data to a query.
[INFO] [stdout]              
[INFO] [stdout]              To bypass this error, manually audit for potential injection vulnerabilities and wrap with `AssertSqlSafe()`.
[INFO] [stdout]              For details, see the docs for `SqlSafeStr`.
[INFO] [stdout]              
[INFO] [stdout]      = note: this trait is only implemented for `&'static str`, not all `&str` like the compiler error may suggest
[INFO] [stdout] note: required by a bound in `sqlx::query`
[INFO] [stdout]     --> /opt/rustwide/cargo-home/registry/src/index.crates.io-1949cf8c6b5b557f/sqlx-core-0.9.0/src/query.rs:653:32
[INFO] [stdout]      |
[INFO] [stdout]  653 | pub fn query<'a, DB>(sql: impl SqlSafeStr) -> Query<'a, DB, <DB as Database>::Arguments>
[INFO] [stdout]      |                                ^^^^^^^^^^ required by this bound in `query`
[INFO] [stdout] help: consider dereferencing here
[INFO] [stdout]      |
[INFO] [stdout] 1587 |     let rows = sqlx::query(&*query)
[INFO] [stdout]      |                             +
[INFO] [stdout] 
[INFO] [stdout] 
[INFO] [stdout] error[E0277]: dynamic SQL strings should be audited for possible injections
[INFO] [stdout]     --> crates/persistence/src/webauthn.rs:2288:38
[INFO] [stdout]      |
[INFO] [stdout] 2288 |     let credential_row = sqlx::query(&query)
[INFO] [stdout]      |                          ----------- ^^^^^^ dynamic SQL string
[INFO] [stdout]      |                          |
[INFO] [stdout]      |                          required by a bound introduced by this call
[INFO] [stdout]      |
[INFO] [stdout]      = help: the trait `SqlSafeStr` is not implemented for `&std::string::String`
[INFO] [stdout]      = note: prefer literal SQL strings with bind parameters or `QueryBuilder` to add dynamic data to a query.
[INFO] [stdout]              
[INFO] [stdout]              To bypass this error, manually audit for potential injection vulnerabilities and wrap with `AssertSqlSafe()`.
[INFO] [stdout]              For details, see the docs for `SqlSafeStr`.
[INFO] [stdout]              
[INFO] [stdout]      = note: this trait is only implemented for `&'static str`, not all `&str` like the compiler error may suggest
[INFO] [stdout] note: required by a bound in `sqlx::query`
[INFO] [stdout]     --> /opt/rustwide/cargo-home/registry/src/index.crates.io-1949cf8c6b5b557f/sqlx-core-0.9.0/src/query.rs:653:32
[INFO] [stdout]      |
[INFO] [stdout]  653 | pub fn query<'a, DB>(sql: impl SqlSafeStr) -> Query<'a, DB, <DB as Database>::Arguments>
[INFO] [stdout]      |                                ^^^^^^^^^^ required by this bound in `query`
[INFO] [stdout] help: consider dereferencing here
[INFO] [stdout]      |
[INFO] [stdout] 2288 |     let credential_row = sqlx::query(&*query)
[INFO] [stdout]      |                                       +
[INFO] [stdout] 
[INFO] [stdout] 
[INFO] [stdout] error[E0277]: dynamic SQL strings should be audited for possible injections
[INFO] [stdout]     --> crates/persistence/src/webauthn.rs:2353:38
[INFO] [stdout]      |
[INFO] [stdout] 2353 |     let credential_row = sqlx::query(&query)
[INFO] [stdout]      |                          ----------- ^^^^^^ dynamic SQL string
[INFO] [stdout]      |                          |
[INFO] [stdout]      |                          required by a bound introduced by this call
[INFO] [stdout]      |
[INFO] [stdout]      = help: the trait `SqlSafeStr` is not implemented for `&std::string::String`
[INFO] [stdout]      = note: prefer literal SQL strings with bind parameters or `QueryBuilder` to add dynamic data to a query.
[INFO] [stdout]              
[INFO] [stdout]              To bypass this error, manually audit for potential injection vulnerabilities and wrap with `AssertSqlSafe()`.
[INFO] [stdout]              For details, see the docs for `SqlSafeStr`.
[INFO] [stdout]              
[INFO] [stdout]      = note: this trait is only implemented for `&'static str`, not all `&str` like the compiler error may suggest
[INFO] [stdout] note: required by a bound in `sqlx::query`
[INFO] [stdout]     --> /opt/rustwide/cargo-home/registry/src/index.crates.io-1949cf8c6b5b557f/sqlx-core-0.9.0/src/query.rs:653:32
[INFO] [stdout]      |
[INFO] [stdout]  653 | pub fn query<'a, DB>(sql: impl SqlSafeStr) -> Query<'a, DB, <DB as Database>::Arguments>
[INFO] [stdout]      |                                ^^^^^^^^^^ required by this bound in `query`
[INFO] [stdout] help: consider dereferencing here
[INFO] [stdout]      |
[INFO] [stdout] 2353 |     let credential_row = sqlx::query(&*query)
[INFO] [stdout]      |                                       +
[INFO] [stdout] 
[INFO] [stdout] 
[INFO] [stdout] error[E0277]: dynamic SQL strings should be audited for possible injections
[INFO] [stdout]     --> crates/persistence/src/webauthn.rs:2385:27
[INFO] [stdout]      |
[INFO] [stdout] 2385 |     let row = sqlx::query(&query)
[INFO] [stdout]      |               ----------- ^^^^^^ dynamic SQL string
[INFO] [stdout]      |               |
[INFO] [stdout]      |               required by a bound introduced by this call
[INFO] [stdout]      |
[INFO] [stdout]      = help: the trait `SqlSafeStr` is not implemented for `&std::string::String`
[INFO] [stdout]      = note: prefer literal SQL strings with bind parameters or `QueryBuilder` to add dynamic data to a query.
[INFO] [stdout]              
[INFO] [stdout]              To bypass this error, manually audit for potential injection vulnerabilities and wrap with `AssertSqlSafe()`.
[INFO] [stdout]              For details, see the docs for `SqlSafeStr`.
[INFO] [stdout]              
[INFO] [stdout]      = note: this trait is only implemented for `&'static str`, not all `&str` like the compiler error may suggest
[INFO] [stdout] note: required by a bound in `sqlx::query`
[INFO] [stdout]     --> /opt/rustwide/cargo-home/registry/src/index.crates.io-1949cf8c6b5b557f/sqlx-core-0.9.0/src/query.rs:653:32
[INFO] [stdout]      |
[INFO] [stdout]  653 | pub fn query<'a, DB>(sql: impl SqlSafeStr) -> Query<'a, DB, <DB as Database>::Arguments>
[INFO] [stdout]      |                                ^^^^^^^^^^ required by this bound in `query`
[INFO] [stdout] help: consider dereferencing here
[INFO] [stdout]      |
[INFO] [stdout] 2385 |     let row = sqlx::query(&*query)
[INFO] [stdout]      |                            +
[INFO] [stdout] 
[INFO] [stdout] 
[INFO] [stdout] error[E0277]: dynamic SQL strings should be audited for possible injections
[INFO] [stdout]     --> crates/persistence/src/webauthn.rs:2402:27
[INFO] [stdout]      |
[INFO] [stdout] 2402 |     let row = sqlx::query(&query)
[INFO] [stdout]      |               ----------- ^^^^^^ dynamic SQL string
[INFO] [stdout]      |               |
[INFO] [stdout]      |               required by a bound introduced by this call
[INFO] [stdout]      |
[INFO] [stdout]      = help: the trait `SqlSafeStr` is not implemented for `&std::string::String`
[INFO] [stdout]      = note: prefer literal SQL strings with bind parameters or `QueryBuilder` to add dynamic data to a query.
[INFO] [stdout]              
[INFO] [stdout]              To bypass this error, manually audit for potential injection vulnerabilities and wrap with `AssertSqlSafe()`.
[INFO] [stdout]              For details, see the docs for `SqlSafeStr`.
[INFO] [stdout]              
[INFO] [stdout]      = note: this trait is only implemented for `&'static str`, not all `&str` like the compiler error may suggest
[INFO] [stdout] note: required by a bound in `sqlx::query`
[INFO] [stdout]     --> /opt/rustwide/cargo-home/registry/src/index.crates.io-1949cf8c6b5b557f/sqlx-core-0.9.0/src/query.rs:653:32
[INFO] [stdout]      |
[INFO] [stdout]  653 | pub fn query<'a, DB>(sql: impl SqlSafeStr) -> Query<'a, DB, <DB as Database>::Arguments>
[INFO] [stdout]      |                                ^^^^^^^^^^ required by this bound in `query`
[INFO] [stdout] help: consider dereferencing here
[INFO] [stdout]      |
[INFO] [stdout] 2402 |     let row = sqlx::query(&*query)
[INFO] [stdout]      |                            +
[INFO] [stdout] 
[INFO] [stdout] 
[INFO] [stdout] error[E0277]: dynamic SQL strings should be audited for possible injections
[INFO] [stdout]     --> crates/persistence/src/webauthn.rs:1479:28
[INFO] [stdout]      |
[INFO] [stdout] 1479 |     let rows = sqlx::query(&query)
[INFO] [stdout]      |                ----------- ^^^^^^ dynamic SQL string
[INFO] [stdout]      |                |
[INFO] [stdout]      |                required by a bound introduced by this call
[INFO] [stdout]      |
[INFO] [stdout]      = help: the trait `SqlSafeStr` is not implemented for `&std::string::String`
[INFO] [stdout]      = note: prefer literal SQL strings with bind parameters or `QueryBuilder` to add dynamic data to a query.
[INFO] [stdout]              
[INFO] [stdout]              To bypass this error, manually audit for potential injection vulnerabilities and wrap with `AssertSqlSafe()`.
[INFO] [stdout]              For details, see the docs for `SqlSafeStr`.
[INFO] [stdout]              
[INFO] [stdout]      = note: this trait is only implemented for `&'static str`, not all `&str` like the compiler error may suggest
[INFO] [stdout] note: required by a bound in `sqlx::query`
[INFO] [stdout]     --> /opt/rustwide/cargo-home/registry/src/index.crates.io-1949cf8c6b5b557f/sqlx-core-0.9.0/src/query.rs:653:32
[INFO] [stdout]      |
[INFO] [stdout]  653 | pub fn query<'a, DB>(sql: impl SqlSafeStr) -> Query<'a, DB, <DB as Database>::Arguments>
[INFO] [stdout]      |                                ^^^^^^^^^^ required by this bound in `query`
[INFO] [stdout] help: consider dereferencing here
[INFO] [stdout]      |
[INFO] [stdout] 1479 |     let rows = sqlx::query(&*query)
[INFO] [stdout]      |                             +
[INFO] [stdout] 
[INFO] [stdout] 
[INFO] [stdout] error[E0277]: dynamic SQL strings should be audited for possible injections
[INFO] [stdout]     --> crates/persistence/src/webauthn.rs:1504:28
[INFO] [stdout]      |
[INFO] [stdout] 1504 |     let rows = sqlx::query(&query)
[INFO] [stdout]      |                ----------- ^^^^^^ dynamic SQL string
[INFO] [stdout]      |                |
[INFO] [stdout]      |                required by a bound introduced by this call
[INFO] [stdout]      |
[INFO] [stdout]      = help: the trait `SqlSafeStr` is not implemented for `&std::string::String`
[INFO] [stdout]      = note: prefer literal SQL strings with bind parameters or `QueryBuilder` to add dynamic data to a query.
[INFO] [stdout]              
[INFO] [stdout]              To bypass this error, manually audit for potential injection vulnerabilities and wrap with `AssertSqlSafe()`.
[INFO] [stdout]              For details, see the docs for `SqlSafeStr`.
[INFO] [stdout]              
[INFO] [stdout]      = note: this trait is only implemented for `&'static str`, not all `&str` like the compiler error may suggest
[INFO] [stdout] note: required by a bound in `sqlx::query`
[INFO] [stdout]     --> /opt/rustwide/cargo-home/registry/src/index.crates.io-1949cf8c6b5b557f/sqlx-core-0.9.0/src/query.rs:653:32
[INFO] [stdout]      |
[INFO] [stdout]  653 | pub fn query<'a, DB>(sql: impl SqlSafeStr) -> Query<'a, DB, <DB as Database>::Arguments>
[INFO] [stdout]      |                                ^^^^^^^^^^ required by this bound in `query`
[INFO] [stdout] help: consider dereferencing here
[INFO] [stdout]      |
[INFO] [stdout] 1504 |     let rows = sqlx::query(&*query)
[INFO] [stdout]      |                             +
[INFO] [stdout] 
[INFO] [stdout] 
[INFO] [stdout] error[E0277]: dynamic SQL strings should be audited for possible injections
[INFO] [stdout]     --> crates/persistence/src/webauthn.rs:1550:28
[INFO] [stdout]      |
[INFO] [stdout] 1550 |     let rows = sqlx::query(&query)
[INFO] [stdout]      |                ----------- ^^^^^^ dynamic SQL string
[INFO] [stdout]      |                |
[INFO] [stdout]      |                required by a bound introduced by this call
[INFO] [stdout]      |
[INFO] [stdout]      = help: the trait `SqlSafeStr` is not implemented for `&std::string::String`
[INFO] [stdout]      = note: prefer literal SQL strings with bind parameters or `QueryBuilder` to add dynamic data to a query.
[INFO] [stdout]              
[INFO] [stdout]              To bypass this error, manually audit for potential injection vulnerabilities and wrap with `AssertSqlSafe()`.
[INFO] [stdout]              For details, see the docs for `SqlSafeStr`.
[INFO] [stdout]              
[INFO] [stdout]      = note: this trait is only implemented for `&'static str`, not all `&str` like the compiler error may suggest
[INFO] [stdout] note: required by a bound in `sqlx::query`
[INFO] [stdout]     --> /opt/rustwide/cargo-home/registry/src/index.crates.io-1949cf8c6b5b557f/sqlx-core-0.9.0/src/query.rs:653:32
[INFO] [stdout]      |
[INFO] [stdout]  653 | pub fn query<'a, DB>(sql: impl SqlSafeStr) -> Query<'a, DB, <DB as Database>::Arguments>
[INFO] [stdout]      |                                ^^^^^^^^^^ required by this bound in `query`
[INFO] [stdout] help: consider dereferencing here
[INFO] [stdout]      |
[INFO] [stdout] 1550 |     let rows = sqlx::query(&*query)
[INFO] [stdout]      |                             +
[INFO] [stdout] 
[INFO] [stdout] 
[INFO] [stdout] error[E0277]: dynamic SQL strings should be audited for possible injections
[INFO] [stdout]     --> crates/persistence/src/webauthn.rs:1587:28
[INFO] [stdout]      |
[INFO] [stdout] 1587 |     let rows = sqlx::query(&query)
[INFO] [stdout]      |                ----------- ^^^^^^ dynamic SQL string
[INFO] [stdout]      |                |
[INFO] [stdout]      |                required by a bound introduced by this call
[INFO] [stdout]      |
[INFO] [stdout]      = help: the trait `SqlSafeStr` is not implemented for `&std::string::String`
[INFO] [stdout]      = note: prefer literal SQL strings with bind parameters or `QueryBuilder` to add dynamic data to a query.
[INFO] [stdout]              
[INFO] [stdout]              To bypass this error, manually audit for potential injection vulnerabilities and wrap with `AssertSqlSafe()`.
[INFO] [stdout]              For details, see the docs for `SqlSafeStr`.
[INFO] [stdout]              
[INFO] [stdout]      = note: this trait is only implemented for `&'static str`, not all `&str` like the compiler error may suggest
[INFO] [stdout] note: required by a bound in `sqlx::query`
[INFO] [stdout]     --> /opt/rustwide/cargo-home/registry/src/index.crates.io-1949cf8c6b5b557f/sqlx-core-0.9.0/src/query.rs:653:32
[INFO] [stdout]      |
[INFO] [stdout]  653 | pub fn query<'a, DB>(sql: impl SqlSafeStr) -> Query<'a, DB, <DB as Database>::Arguments>
[INFO] [stdout]      |                                ^^^^^^^^^^ required by this bound in `query`
[INFO] [stdout] help: consider dereferencing here
[INFO] [stdout]      |
[INFO] [stdout] 1587 |     let rows = sqlx::query(&*query)
[INFO] [stdout]      |                             +
[INFO] [stdout] 
[INFO] [stdout] 
[INFO] [stdout] error[E0277]: dynamic SQL strings should be audited for possible injections
[INFO] [stdout]     --> crates/persistence/src/webauthn.rs:2288:38
[INFO] [stdout]      |
[INFO] [stdout] 2288 |     let credential_row = sqlx::query(&query)
[INFO] [stdout]      |                          ----------- ^^^^^^ dynamic SQL string
[INFO] [stdout]      |                          |
[INFO] [stdout]      |                          required by a bound introduced by this call
[INFO] [stdout]      |
[INFO] [stdout]      = help: the trait `SqlSafeStr` is not implemented for `&std::string::String`
[INFO] [stdout]      = note: prefer literal SQL strings with bind parameters or `QueryBuilder` to add dynamic data to a query.
[INFO] [stdout]              
[INFO] [stdout]              To bypass this error, manually audit for potential injection vulnerabilities and wrap with `AssertSqlSafe()`.
[INFO] [stdout]              For details, see the docs for `SqlSafeStr`.
[INFO] [stdout]              
[INFO] [stdout]      = note: this trait is only implemented for `&'static str`, not all `&str` like the compiler error may suggest
[INFO] [stdout] note: required by a bound in `sqlx::query`
[INFO] [stdout]     --> /opt/rustwide/cargo-home/registry/src/index.crates.io-1949cf8c6b5b557f/sqlx-core-0.9.0/src/query.rs:653:32
[INFO] [stdout]      |
[INFO] [stdout]  653 | pub fn query<'a, DB>(sql: impl SqlSafeStr) -> Query<'a, DB, <DB as Database>::Arguments>
[INFO] [stdout]      |                                ^^^^^^^^^^ required by this bound in `query`
[INFO] [stdout] help: consider dereferencing here
[INFO] [stdout]      |
[INFO] [stdout] 2288 |     let credential_row = sqlx::query(&*query)
[INFO] [stdout]      |                                       +
[INFO] [stdout] 
[INFO] [stdout] 
[INFO] [stdout] error[E0277]: dynamic SQL strings should be audited for possible injections
[INFO] [stdout]     --> crates/persistence/src/webauthn.rs:2353:38
[INFO] [stdout]      |
[INFO] [stdout] 2353 |     let credential_row = sqlx::query(&query)
[INFO] [stdout]      |                          ----------- ^^^^^^ dynamic SQL string
[INFO] [stdout]      |                          |
[INFO] [stdout]      |                          required by a bound introduced by this call
[INFO] [stdout]      |
[INFO] [stdout]      = help: the trait `SqlSafeStr` is not implemented for `&std::string::String`
[INFO] [stdout]      = note: prefer literal SQL strings with bind parameters or `QueryBuilder` to add dynamic data to a query.
[INFO] [stdout]              
[INFO] [stdout]              To bypass this error, manually audit for potential injection vulnerabilities and wrap with `AssertSqlSafe()`.
[INFO] [stdout]              For details, see the docs for `SqlSafeStr`.
[INFO] [stdout]              
[INFO] [stdout]      = note: this trait is only implemented for `&'static str`, not all `&str` like the compiler error may suggest
[INFO] [stdout] note: required by a bound in `sqlx::query`
[INFO] [stdout]     --> /opt/rustwide/cargo-home/registry/src/index.crates.io-1949cf8c6b5b557f/sqlx-core-0.9.0/src/query.rs:653:32
[INFO] [stdout]      |
[INFO] [stdout]  653 | pub fn query<'a, DB>(sql: impl SqlSafeStr) -> Query<'a, DB, <DB as Database>::Arguments>
[INFO] [stdout]      |                                ^^^^^^^^^^ required by this bound in `query`
[INFO] [stdout] help: consider dereferencing here
[INFO] [stdout]      |
[INFO] [stdout] 2353 |     let credential_row = sqlx::query(&*query)
[INFO] [stdout]      |                                       +
[INFO] [stdout] 
[INFO] [stdout] 
[INFO] [stdout] error[E0277]: dynamic SQL strings should be audited for possible injections
[INFO] [stdout]     --> crates/persistence/src/webauthn.rs:2385:27
[INFO] [stdout]      |
[INFO] [stdout] 2385 |     let row = sqlx::query(&query)
[INFO] [stdout]      |               ----------- ^^^^^^ dynamic SQL string
[INFO] [stdout]      |               |
[INFO] [stdout]      |               required by a bound introduced by this call
[INFO] [stdout]      |
[INFO] [stdout]      = help: the trait `SqlSafeStr` is not implemented for `&std::string::String`
[INFO] [stdout]      = note: prefer literal SQL strings with bind parameters or `QueryBuilder` to add dynamic data to a query.
[INFO] [stdout]              
[INFO] [stdout]              To bypass this error, manually audit for potential injection vulnerabilities and wrap with `AssertSqlSafe()`.
[INFO] [stdout]              For details, see the docs for `SqlSafeStr`.
[INFO] [stdout]              
[INFO] [stdout]      = note: this trait is only implemented for `&'static str`, not all `&str` like the compiler error may suggest
[INFO] [stdout] note: required by a bound in `sqlx::query`
[INFO] [stdout]     --> /opt/rustwide/cargo-home/registry/src/index.crates.io-1949cf8c6b5b557f/sqlx-core-0.9.0/src/query.rs:653:32
[INFO] [stdout]      |
[INFO] [stdout]  653 | pub fn query<'a, DB>(sql: impl SqlSafeStr) -> Query<'a, DB, <DB as Database>::Arguments>
[INFO] [stdout]      |                                ^^^^^^^^^^ required by this bound in `query`
[INFO] [stdout] help: consider dereferencing here
[INFO] [stdout]      |
[INFO] [stdout] 2385 |     let row = sqlx::query(&*query)
[INFO] [stdout]      |                            +
[INFO] [stdout] 
[INFO] [stdout] 
[INFO] [stdout] error[E0277]: dynamic SQL strings should be audited for possible injections
[INFO] [stdout]     --> crates/persistence/src/webauthn.rs:2402:27
[INFO] [stdout]      |
[INFO] [stdout] 2402 |     let row = sqlx::query(&query)
[INFO] [stdout]      |               ----------- ^^^^^^ dynamic SQL string
[INFO] [stdout]      |               |
[INFO] [stdout]      |               required by a bound introduced by this call
[INFO] [stdout]      |
[INFO] [stdout]      = help: the trait `SqlSafeStr` is not implemented for `&std::string::String`
[INFO] [stdout]      = note: prefer literal SQL strings with bind parameters or `QueryBuilder` to add dynamic data to a query.
[INFO] [stdout]              
[INFO] [stdout]              To bypass this error, manually audit for potential injection vulnerabilities and wrap with `AssertSqlSafe()`.
[INFO] [stdout]              For details, see the docs for `SqlSafeStr`.
[INFO] [stdout]              
[INFO] [stdout]      = note: this trait is only implemented for `&'static str`, not all `&str` like the compiler error may suggest
[INFO] [stdout] note: required by a bound in `sqlx::query`
[INFO] [stdout]     --> /opt/rustwide/cargo-home/registry/src/index.crates.io-1949cf8c6b5b557f/sqlx-core-0.9.0/src/query.rs:653:32
[INFO] [stdout]      |
[INFO] [stdout]  653 | pub fn query<'a, DB>(sql: impl SqlSafeStr) -> Query<'a, DB, <DB as Database>::Arguments>
[INFO] [stdout]      |                                ^^^^^^^^^^ required by this bound in `query`
[INFO] [stdout] help: consider dereferencing here
[INFO] [stdout]      |
[INFO] [stdout] 2402 |     let row = sqlx::query(&*query)
[INFO] [stdout]      |                            +
[INFO] [stdout] 
[INFO] [stdout] 
[INFO] [stdout] error[E0277]: dynamic SQL strings should be audited for possible injections
[INFO] [stdout]    --> crates/persistence/src/webauthn_contract.rs:504:40
[INFO] [stdout]     |
[INFO] [stdout] 504 |                 let rows = sqlx::query(&query).fetch_all(pool).await.unwrap_or_default();
[INFO] [stdout]     |                            ----------- ^^^^^^ dynamic SQL string
[INFO] [stdout]     |                            |
[INFO] [stdout]     |                            required by a bound introduced by this call
[INFO] [stdout]     |
[INFO] [stdout]     = help: the trait `SqlSafeStr` is not implemented for `&std::string::String`
[INFO] [stdout]     = note: prefer literal SQL strings with bind parameters or `QueryBuilder` to add dynamic data to a query.
[INFO] [stdout]             
[INFO] [stdout]             To bypass this error, manually audit for potential injection vulnerabilities and wrap with `AssertSqlSafe()`.
[INFO] [stdout]             For details, see the docs for `SqlSafeStr`.
[INFO] [stdout]             
[INFO] [stdout]     = note: this trait is only implemented for `&'static str`, not all `&str` like the compiler error may suggest
[INFO] [stdout] note: required by a bound in `sqlx::query`
[INFO] [stdout]    --> /opt/rustwide/cargo-home/registry/src/index.crates.io-1949cf8c6b5b557f/sqlx-core-0.9.0/src/query.rs:653:32
[INFO] [stdout]     |
[INFO] [stdout] 653 | pub fn query<'a, DB>(sql: impl SqlSafeStr) -> Query<'a, DB, <DB as Database>::Arguments>
[INFO] [stdout]     |                                ^^^^^^^^^^ required by this bound in `query`
[INFO] [stdout] help: consider dereferencing here
[INFO] [stdout]     |
[INFO] [stdout] 504 |                 let rows = sqlx::query(&*query).fetch_all(pool).await.unwrap_or_default();
[INFO] [stdout]     |                                         +
[INFO] [stdout] 
[INFO] [stdout] 
[INFO] [stdout] For more information about this error, try `rustc --explain E0277`.
[INFO] [stdout] 
[INFO] [stderr] error: could not compile `nodecontroll-persistence` (lib) due to 8 previous errors
[INFO] [stderr] warning: build failed, waiting for other jobs to finish...
[INFO] [stdout] For more information about this error, try `rustc --explain E0277`.
[INFO] [stdout] 
[INFO] [stderr] error: could not compile `nodecontroll-persistence` (lib test) due to 9 previous errors
[INFO] running `Command { std: "docker" "inspect" "bec5dfedce74e6825d1e529e26889e5d1765d53912551d0e47aab75fe88715e0", kill_on_drop: false }`
[INFO] running `Command { std: "docker" "rm" "-f" "bec5dfedce74e6825d1e529e26889e5d1765d53912551d0e47aab75fe88715e0", kill_on_drop: false }`
[INFO] [stdout] bec5dfedce74e6825d1e529e26889e5d1765d53912551d0e47aab75fe88715e0
