[INFO] cloning repository https://github.com/Fastop06/himada
[INFO] running `Command { std: "git" "-c" "credential.helper=" "-c" "credential.helper=/workspace/cargo-home/bin/git-credential-null" "clone" "--bare" "https://github.com/Fastop06/himada" "/workspace/cache/git-repos/https%3A%2F%2Fgithub.com%2FFastop06%2Fhimada", kill_on_drop: false }`
[INFO] [stderr] Cloning into bare repository '/workspace/cache/git-repos/https%3A%2F%2Fgithub.com%2FFastop06%2Fhimada'...
[INFO] running `Command { std: "git" "rev-parse" "HEAD", kill_on_drop: false }`
[INFO] [stdout] 05e7cf843177d2bf5adf22a278643ec41ea29ae5
[INFO] checking Fastop06/himada against 3154cc1a3e6424e44f438a95007d043ed5ceaaf6+rustflags=-Znext-solver=coherence for pr-133502-30
[INFO] running `Command { std: "git" "clone" "/workspace/cache/git-repos/https%3A%2F%2Fgithub.com%2FFastop06%2Fhimada" "/workspace/builds/worker-6-tc1/source", kill_on_drop: false }`
[INFO] [stderr] Cloning into '/workspace/builds/worker-6-tc1/source'...
[INFO] [stderr] done.
[INFO] started tweaking git repo https://github.com/Fastop06/himada
[INFO] finished tweaking git repo https://github.com/Fastop06/himada
[INFO] tweaked toml for git repo https://github.com/Fastop06/himada written to /workspace/builds/worker-6-tc1/source/Cargo.toml
[INFO] validating manifest of git repo https://github.com/Fastop06/himada on toolchain 3154cc1a3e6424e44f438a95007d043ed5ceaaf6
[INFO] running `Command { std: CARGO_HOME="/workspace/cargo-home" RUSTUP_HOME="/workspace/rustup-home" "/workspace/cargo-home/bin/cargo" "+3154cc1a3e6424e44f438a95007d043ed5ceaaf6" "metadata" "--manifest-path" "Cargo.toml" "--no-deps", kill_on_drop: false }`
[INFO] crate git repo https://github.com/Fastop06/himada already has a lockfile, it will not be regenerated
[INFO] running `Command { std: CARGO_HOME="/workspace/cargo-home" RUSTUP_HOME="/workspace/rustup-home" "/workspace/cargo-home/bin/cargo" "+3154cc1a3e6424e44f438a95007d043ed5ceaaf6" "fetch" "--manifest-path" "Cargo.toml", kill_on_drop: false }`
[INFO] [stderr] warning: profiles for the non root package will be ignored, specify profiles at the workspace root:
[INFO] [stderr] package:   /workspace/builds/worker-6-tc1/source/himada-python/Cargo.toml
[INFO] [stderr] workspace: /workspace/builds/worker-6-tc1/source/Cargo.toml
[INFO] [stderr]     Updating crates.io index
[INFO] [stderr]  Downloading crates ...
[INFO] [stderr]   Downloaded wide v0.7.33
[INFO] [stderr]   Downloaded matrixmultiply v0.3.11
[INFO] [stderr]   Downloaded simba v0.9.1
[INFO] [stderr]   Downloaded cust_core v0.1.1
[INFO] [stderr]   Downloaded clap_lex v0.7.7
[INFO] [stderr]   Downloaded cust_raw v0.11.3
[INFO] [stderr]   Downloaded mint v0.5.9
[INFO] [stderr]   Downloaded cust_derive v0.2.0
[INFO] [stderr]   Downloaded find_cuda_helper v0.2.0
[INFO] [stderr]   Downloaded clap v4.5.41
[INFO] [stderr]   Downloaded cust v0.3.2
[INFO] [stderr]   Downloaded vek v0.15.10
[INFO] [stderr]   Downloaded clap_builder v4.5.41
[INFO] [stderr]   Downloaded nalgebra v0.33.3
[INFO] [stderr]   Downloaded glam v0.20.5
[INFO] running `Command { std: "docker" "create" "-v" "/var/lib/crater-agent-workspace/builds/worker-6-tc1/source:/opt/rustwide/workdir:ro,Z" "-v" "/var/lib/crater-agent-workspace/builds/worker-6-tc1/target:/opt/rustwide/target:rw,Z" "-v" "/var/lib/crater-agent-workspace/cargo-home:/opt/rustwide/cargo-home:ro,Z" "-v" "/var/lib/crater-agent-workspace/rustup-home:/opt/rustwide/rustup-home:ro,Z" "-m" "1610612736" "--network" "none" "ghcr.io/rust-lang/crates-build-env/linux@sha256:77db811e55d90add9212f6832c23229e3de5f1c1f9905e8cb07319ea15df73ac" "sleep" "infinity", kill_on_drop: false }`
[INFO] [stdout] 61c61a391d372ca7d89bf04d2ac50a0c2e682b691f4c16a321614e028a76e3a4
[INFO] running `Command { std: "docker" "start" "61c61a391d372ca7d89bf04d2ac50a0c2e682b691f4c16a321614e028a76e3a4", kill_on_drop: false }`
[INFO] running `Command { std: "docker" "inspect" "61c61a391d372ca7d89bf04d2ac50a0c2e682b691f4c16a321614e028a76e3a4", kill_on_drop: false }`
[INFO] running `Command { std: "docker" "exec" "-e" "SOURCE_DIR=/opt/rustwide/workdir" "-e" "CARGO_HOME=/opt/rustwide/cargo-home" "-e" "RUSTUP_HOME=/opt/rustwide/rustup-home" "-e" "CARGO_TARGET_DIR=/opt/rustwide/target" "-w" "/opt/rustwide/workdir" "--user" "0:0" "61c61a391d372ca7d89bf04d2ac50a0c2e682b691f4c16a321614e028a76e3a4" "/opt/rustwide/cargo-home/bin/cargo" "+3154cc1a3e6424e44f438a95007d043ed5ceaaf6" "metadata" "--no-deps" "--format-version=1", kill_on_drop: false }`
[INFO] running `Command { std: "docker" "inspect" "61c61a391d372ca7d89bf04d2ac50a0c2e682b691f4c16a321614e028a76e3a4", kill_on_drop: false }`
[INFO] running `Command { std: "docker" "exec" "-e" "SOURCE_DIR=/opt/rustwide/workdir" "-e" "CARGO_HOME=/opt/rustwide/cargo-home" "-e" "RUSTUP_HOME=/opt/rustwide/rustup-home" "-e" "CARGO_TARGET_DIR=/opt/rustwide/target" "-e" "CARGO_INCREMENTAL=0" "-e" "RUST_BACKTRACE=full" "-e" "RUSTFLAGS=--cap-lints=forbid -Znext-solver=coherence" "-e" "RUSTDOCFLAGS=--cap-lints=forbid" "-w" "/opt/rustwide/workdir" "--user" "0:0" "61c61a391d372ca7d89bf04d2ac50a0c2e682b691f4c16a321614e028a76e3a4" "/opt/rustwide/cargo-home/bin/cargo" "+3154cc1a3e6424e44f438a95007d043ed5ceaaf6" "check" "--frozen" "--all" "--all-targets" "--message-format=json", kill_on_drop: false }`
[INFO] [stderr] warning: profiles for the non root package will be ignored, specify profiles at the workspace root:
[INFO] [stderr] package:   /opt/rustwide/workdir/himada-python/Cargo.toml
[INFO] [stderr] workspace: /opt/rustwide/workdir/Cargo.toml
[INFO] [stderr]    Compiling zerocopy v0.8.56
[INFO] [stderr]    Compiling serde_core v1.0.229
[INFO] [stderr]    Compiling serde_json v1.0.151
[INFO] [stderr]     Checking memchr v2.8.3
[INFO] [stderr]    Compiling target-lexicon v0.13.5
[INFO] [stderr]    Compiling himada-core v0.1.1 (/opt/rustwide/workdir/himada-core)
[INFO] [stderr]    Compiling syn v2.0.119
[INFO] [stderr]    Compiling syn v3.0.3
[INFO] [stderr]    Compiling ahash v0.8.12
[INFO] [stderr]    Compiling crossbeam-epoch v0.9.20
[INFO] [stderr]    Compiling num-traits v0.2.19
[INFO] [stderr]     Checking dirs-sys v0.4.1
[INFO] [stderr]    Compiling himada-dispatch v0.1.2 (/opt/rustwide/workdir/himada-dispatch)
[INFO] [stderr]     Checking getrandom v0.3.4
[INFO] [stderr]     Checking clap_lex v0.7.7
[INFO] [stderr]     Checking spin v0.9.9
[INFO] [stderr]     Checking ciborium-io v0.2.2
[INFO] [stderr]     Checking plotters-backend v0.3.7
[INFO] [stderr]     Checking dirs v5.0.1
[INFO] [stderr]     Checking rand_core v0.9.5
[INFO] [stderr]     Checking itertools v0.10.5
[INFO] [stderr]     Checking clap_builder v4.5.41
[INFO] [stderr]     Checking regex-automata v0.4.18
[INFO] [stderr]     Checking cast v0.3.0
[INFO] [stderr]     Checking rustix v1.1.4
[INFO] [stderr]     Checking getrandom v0.4.3
[INFO] [stderr]     Checking plotters-svg v0.3.7
[INFO] [stderr]     Checking is-terminal v0.4.17
[INFO] [stderr]     Checking oorandom v11.1.5
[INFO] [stderr]     Checking anes v0.1.6
[INFO] [stderr]     Checking unicode-ident v1.0.24
[INFO] [stderr]     Checking wait-timeout v0.2.1
[INFO] [stderr]     Checking bit-vec v0.8.0
[INFO] [stderr]     Checking crossbeam-deque v0.8.7
[INFO] [stderr]     Checking quick-error v1.2.3
[INFO] [stderr]     Checking bit-set v0.8.0
[INFO] [stderr]     Checking proc-macro2 v1.0.107
[INFO] [stderr]     Checking rand_xorshift v0.4.0
[INFO] [stderr]     Checking rand v0.9.5
[INFO] [stderr]     Checking unarray v0.1.4
[INFO] [stderr]     Checking rayon-core v1.13.0
[INFO] [stderr]    Compiling pyo3-build-config v0.29.2
[INFO] [stderr]     Checking quote v1.0.47
[INFO] [stderr]     Checking rayon v1.12.0
[INFO] [stderr]     Checking plotters v0.3.7
[INFO] [stderr]    Compiling pyo3-ffi v0.29.2
[INFO] [stderr]    Compiling pyo3 v0.29.2
[INFO] [stderr]     Checking regex v1.13.1
[INFO] [stderr]     Checking criterion-plot v0.5.0
[INFO] [stderr]     Checking clap v4.5.41
[INFO] [stderr]     Checking tempfile v3.27.0
[INFO] [stderr]    Compiling serde_derive v1.0.229
[INFO] [stderr]     Checking rusty-fork v0.3.1
[INFO] [stderr]     Checking himada-macros v0.1.1 (/opt/rustwide/workdir/himada-macros)
[INFO] [stderr]    Compiling pyo3-macros-backend v0.29.2
[INFO] [stderr]     Checking serde v1.0.229
[INFO] [stderr]    Compiling zerocopy-derive v0.8.56
[INFO] [stderr]     Checking tinytemplate v1.2.1
[INFO] [stdout] warning: constant `NT_THRESHOLD` is never used
[INFO] [stdout]  --> himada-core/src/sysmem/page_zero.rs:3:7
[INFO] [stdout]   |
[INFO] [stdout] 3 | const NT_THRESHOLD: usize = 2 * 1024 * 1024;
[INFO] [stdout]   |       ^^^^^^^^^^^^
[INFO] [stdout]   |
[INFO] [stdout]   = note: `#[warn(dead_code)]` (part of `#[warn(unused)]`) on by default
[INFO] [stdout] 
[INFO] [stdout] 
[INFO] [stderr]    Compiling pyo3-macros v0.29.2
[INFO] [stderr]     Checking half v2.7.1
[INFO] [stderr]     Checking ppv-lite86 v0.2.21
[INFO] [stderr]     Checking hashbrown v0.14.5
[INFO] [stderr]     Checking ciborium-ll v0.2.2
[INFO] [stderr]     Checking ciborium v0.2.2
[INFO] [stderr]     Checking rand_chacha v0.9.0
[INFO] [stderr]     Checking proptest v1.11.0
[INFO] [stderr]     Checking criterion v0.5.1
[INFO] [stdout] warning: unused import: `alloc::sync::Arc`
[INFO] [stdout]   --> himada-dispatch/src/lib.rs:10:5
[INFO] [stdout]    |
[INFO] [stdout] 10 | use alloc::sync::Arc;
[INFO] [stdout]    |     ^^^^^^^^^^^^^^^^
[INFO] [stdout]    |
[INFO] [stdout]    = note: `#[warn(unused_imports)]` (part of `#[warn(unused)]`) on by default
[INFO] [stdout] 
[INFO] [stdout] 
[INFO] [stdout] warning: unused import: `alloc::boxed::Box`
[INFO] [stdout]  --> himada-dispatch/src/adapt.rs:5:5
[INFO] [stdout]   |
[INFO] [stdout] 5 | use alloc::boxed::Box;
[INFO] [stdout]   |     ^^^^^^^^^^^^^^^^^
[INFO] [stdout] 
[INFO] [stdout] 
[INFO] [stdout] warning: unused import: `alloc::boxed::Box`
[INFO] [stdout]   --> himada-dispatch/src/alloc.rs:10:5
[INFO] [stdout]    |
[INFO] [stdout] 10 | use alloc::boxed::Box;
[INFO] [stdout]    |     ^^^^^^^^^^^^^^^^^
[INFO] [stdout] 
[INFO] [stdout] 
[INFO] [stdout] warning: unused import: `alloc::sync::Arc`
[INFO] [stdout]   --> himada-dispatch/src/alloc.rs:11:5
[INFO] [stdout]    |
[INFO] [stdout] 11 | use alloc::sync::Arc;
[INFO] [stdout]    |     ^^^^^^^^^^^^^^^^
[INFO] [stdout] 
[INFO] [stdout] 
[INFO] [stdout] warning: unused import: `alloc::string::String`
[INFO] [stdout]  --> himada-dispatch/src/ffi.rs:6:5
[INFO] [stdout]   |
[INFO] [stdout] 6 | use alloc::string::String;
[INFO] [stdout]   |     ^^^^^^^^^^^^^^^^^^^^^
[INFO] [stdout] 
[INFO] [stdout] 
[INFO] [stdout] warning: unused import: `alloc::sync::Arc`
[INFO] [stdout]  --> himada-dispatch/src/ffi.rs:8:5
[INFO] [stdout]   |
[INFO] [stdout] 8 | use alloc::sync::Arc;
[INFO] [stdout]   |     ^^^^^^^^^^^^^^^^
[INFO] [stdout] 
[INFO] [stdout] 
[INFO] [stdout] warning: unused import: `alloc::vec::Vec`
[INFO] [stdout]  --> himada-dispatch/src/gpu.rs:2:5
[INFO] [stdout]   |
[INFO] [stdout] 2 | use alloc::vec::Vec;
[INFO] [stdout]   |     ^^^^^^^^^^^^^^^
[INFO] [stdout] 
[INFO] [stdout] 
[INFO] [stdout] warning: unused import: `alloc::string::String`
[INFO] [stdout]  --> himada-dispatch/src/gpu.rs:3:5
[INFO] [stdout]   |
[INFO] [stdout] 3 | use alloc::string::String;
[INFO] [stdout]   |     ^^^^^^^^^^^^^^^^^^^^^
[INFO] [stdout] 
[INFO] [stdout] 
[INFO] [stdout] warning: unused import: `alloc::boxed::Box`
[INFO] [stdout]  --> himada-dispatch/src/gpu.rs:4:5
[INFO] [stdout]   |
[INFO] [stdout] 4 | use alloc::boxed::Box;
[INFO] [stdout]   |     ^^^^^^^^^^^^^^^^^
[INFO] [stdout] 
[INFO] [stdout] 
[INFO] [stdout] warning: unused import: `alloc::sync::Arc`
[INFO] [stdout]  --> himada-dispatch/src/gpu.rs:5:5
[INFO] [stdout]   |
[INFO] [stdout] 5 | use alloc::sync::Arc;
[INFO] [stdout]   |     ^^^^^^^^^^^^^^^^
[INFO] [stdout] 
[INFO] [stdout] 
[INFO] [stdout] warning: unused import: `alloc::boxed::Box`
[INFO] [stdout]   --> himada-dispatch/src/graph.rs:11:5
[INFO] [stdout]    |
[INFO] [stdout] 11 | use alloc::boxed::Box;
[INFO] [stdout]    |     ^^^^^^^^^^^^^^^^^
[INFO] [stdout] 
[INFO] [stdout] 
[INFO] [stdout] warning: unused import: `alloc::sync::Arc`
[INFO] [stdout]   --> himada-dispatch/src/graph.rs:12:5
[INFO] [stdout]    |
[INFO] [stdout] 12 | use alloc::sync::Arc;
[INFO] [stdout]    |     ^^^^^^^^^^^^^^^^
[INFO] [stdout] 
[INFO] [stdout] 
[INFO] [stdout] warning: unused import: `alloc::boxed::Box`
[INFO] [stdout]   --> himada-dispatch/src/jit.rs:30:5
[INFO] [stdout]    |
[INFO] [stdout] 30 | use alloc::boxed::Box;
[INFO] [stdout]    |     ^^^^^^^^^^^^^^^^^
[INFO] [stdout] 
[INFO] [stdout] 
[INFO] [stdout] warning: unused import: `alloc::sync::Arc`
[INFO] [stdout]   --> himada-dispatch/src/jit.rs:31:5
[INFO] [stdout]    |
[INFO] [stdout] 31 | use alloc::sync::Arc;
[INFO] [stdout]    |     ^^^^^^^^^^^^^^^^
[INFO] [stdout] 
[INFO] [stdout] 
[INFO] [stdout] warning: unused import: `alloc::vec::Vec`
[INFO] [stdout]  --> himada-dispatch/src/kernels/mod.rs:2:5
[INFO] [stdout]   |
[INFO] [stdout] 2 | use alloc::vec::Vec;
[INFO] [stdout]   |     ^^^^^^^^^^^^^^^
[INFO] [stdout] 
[INFO] [stdout] 
[INFO] [stdout] warning: unused import: `alloc::string::String`
[INFO] [stdout]  --> himada-dispatch/src/kernels/mod.rs:3:5
[INFO] [stdout]   |
[INFO] [stdout] 3 | use alloc::string::String;
[INFO] [stdout]   |     ^^^^^^^^^^^^^^^^^^^^^
[INFO] [stdout] 
[INFO] [stdout] 
[INFO] [stdout] warning: unused import: `alloc::boxed::Box`
[INFO] [stdout]  --> himada-dispatch/src/kernels/mod.rs:4:5
[INFO] [stdout]   |
[INFO] [stdout] 4 | use alloc::boxed::Box;
[INFO] [stdout]   |     ^^^^^^^^^^^^^^^^^
[INFO] [stdout] 
[INFO] [stdout] 
[INFO] [stdout] warning: unused import: `alloc::sync::Arc`
[INFO] [stdout]  --> himada-dispatch/src/kernels/mod.rs:5:5
[INFO] [stdout]   |
[INFO] [stdout] 5 | use alloc::sync::Arc;
[INFO] [stdout]   |     ^^^^^^^^^^^^^^^^
[INFO] [stdout] 
[INFO] [stdout] 
[INFO] [stdout] warning: unused import: `alloc::vec::Vec`
[INFO] [stdout]  --> himada-dispatch/src/kernels/conv1d.rs:2:5
[INFO] [stdout]   |
[INFO] [stdout] 2 | use alloc::vec::Vec;
[INFO] [stdout]   |     ^^^^^^^^^^^^^^^
[INFO] [stdout] 
[INFO] [stdout] 
[INFO] [stdout] warning: unused import: `alloc::string::String`
[INFO] [stdout]  --> himada-dispatch/src/kernels/conv1d.rs:3:5
[INFO] [stdout]   |
[INFO] [stdout] 3 | use alloc::string::String;
[INFO] [stdout]   |     ^^^^^^^^^^^^^^^^^^^^^
[INFO] [stdout] 
[INFO] [stdout] 
[INFO] [stdout] warning: unused import: `alloc::boxed::Box`
[INFO] [stdout]  --> himada-dispatch/src/kernels/conv1d.rs:4:5
[INFO] [stdout]   |
[INFO] [stdout] 4 | use alloc::boxed::Box;
[INFO] [stdout]   |     ^^^^^^^^^^^^^^^^^
[INFO] [stdout] 
[INFO] [stdout] 
[INFO] [stdout] warning: unused import: `alloc::sync::Arc`
[INFO] [stdout]  --> himada-dispatch/src/kernels/conv1d.rs:5:5
[INFO] [stdout]   |
[INFO] [stdout] 5 | use alloc::sync::Arc;
[INFO] [stdout]   |     ^^^^^^^^^^^^^^^^
[INFO] [stdout] 
[INFO] [stdout] 
[INFO] [stdout] warning: unused import: `alloc::vec::Vec`
[INFO] [stdout]  --> himada-dispatch/src/kernels/cumsum.rs:2:5
[INFO] [stdout]   |
[INFO] [stdout] 2 | use alloc::vec::Vec;
[INFO] [stdout]   |     ^^^^^^^^^^^^^^^
[INFO] [stdout] 
[INFO] [stdout] 
[INFO] [stdout] warning: unused import: `alloc::string::String`
[INFO] [stdout]  --> himada-dispatch/src/kernels/cumsum.rs:3:5
[INFO] [stdout]   |
[INFO] [stdout] 3 | use alloc::string::String;
[INFO] [stdout]   |     ^^^^^^^^^^^^^^^^^^^^^
[INFO] [stdout] 
[INFO] [stdout] 
[INFO] [stdout] warning: unused import: `alloc::boxed::Box`
[INFO] [stdout]  --> himada-dispatch/src/kernels/cumsum.rs:4:5
[INFO] [stdout]   |
[INFO] [stdout] 4 | use alloc::boxed::Box;
[INFO] [stdout]   |     ^^^^^^^^^^^^^^^^^
[INFO] [stdout] 
[INFO] [stdout] 
[INFO] [stdout] warning: unused import: `alloc::sync::Arc`
[INFO] [stdout]  --> himada-dispatch/src/kernels/cumsum.rs:5:5
[INFO] [stdout]   |
[INFO] [stdout] 5 | use alloc::sync::Arc;
[INFO] [stdout]   |     ^^^^^^^^^^^^^^^^
[INFO] [stdout] 
[INFO] [stdout] 
[INFO] [stdout] warning: unused import: `alloc::vec::Vec`
[INFO] [stdout]  --> himada-dispatch/src/kernels/dot.rs:2:5
[INFO] [stdout]   |
[INFO] [stdout] 2 | use alloc::vec::Vec;
[INFO] [stdout]   |     ^^^^^^^^^^^^^^^
[INFO] [stdout] 
[INFO] [stdout] 
[INFO] [stdout] warning: unused import: `alloc::string::String`
[INFO] [stdout]  --> himada-dispatch/src/kernels/dot.rs:3:5
[INFO] [stdout]   |
[INFO] [stdout] 3 | use alloc::string::String;
[INFO] [stdout]   |     ^^^^^^^^^^^^^^^^^^^^^
[INFO] [stdout] 
[INFO] [stdout] 
[INFO] [stdout] warning: unused import: `alloc::boxed::Box`
[INFO] [stdout]  --> himada-dispatch/src/kernels/dot.rs:4:5
[INFO] [stdout]   |
[INFO] [stdout] 4 | use alloc::boxed::Box;
[INFO] [stdout]   |     ^^^^^^^^^^^^^^^^^
[INFO] [stdout] 
[INFO] [stdout] 
[INFO] [stdout] warning: unused import: `alloc::sync::Arc`
[INFO] [stdout]  --> himada-dispatch/src/kernels/dot.rs:5:5
[INFO] [stdout]   |
[INFO] [stdout] 5 | use alloc::sync::Arc;
[INFO] [stdout]   |     ^^^^^^^^^^^^^^^^
[INFO] [stdout] 
[INFO] [stdout] 
[INFO] [stdout] warning: unused import: `alloc::vec::Vec`
[INFO] [stdout]  --> himada-dispatch/src/kernels/fused.rs:2:5
[INFO] [stdout]   |
[INFO] [stdout] 2 | use alloc::vec::Vec;
[INFO] [stdout]   |     ^^^^^^^^^^^^^^^
[INFO] [stdout] 
[INFO] [stdout] 
[INFO] [stdout] warning: unused import: `alloc::string::String`
[INFO] [stdout]  --> himada-dispatch/src/kernels/fused.rs:5:5
[INFO] [stdout]   |
[INFO] [stdout] 5 | use alloc::string::String;
[INFO] [stdout]   |     ^^^^^^^^^^^^^^^^^^^^^
[INFO] [stdout] 
[INFO] [stdout] 
[INFO] [stdout] warning: unused import: `alloc::boxed::Box`
[INFO] [stdout]  --> himada-dispatch/src/kernels/fused.rs:6:5
[INFO] [stdout]   |
[INFO] [stdout] 6 | use alloc::boxed::Box;
[INFO] [stdout]   |     ^^^^^^^^^^^^^^^^^
[INFO] [stdout] 
[INFO] [stdout] 
[INFO] [stdout] warning: unused import: `alloc::sync::Arc`
[INFO] [stdout]  --> himada-dispatch/src/kernels/fused.rs:7:5
[INFO] [stdout]   |
[INFO] [stdout] 7 | use alloc::sync::Arc;
[INFO] [stdout]   |     ^^^^^^^^^^^^^^^^
[INFO] [stdout] 
[INFO] [stdout] 
[INFO] [stdout] warning: unused import: `alloc::vec::Vec`
[INFO] [stdout]  --> himada-dispatch/src/kernels/gemv.rs:2:5
[INFO] [stdout]   |
[INFO] [stdout] 2 | use alloc::vec::Vec;
[INFO] [stdout]   |     ^^^^^^^^^^^^^^^
[INFO] [stdout] 
[INFO] [stdout] 
[INFO] [stdout] warning: unused import: `alloc::string::String`
[INFO] [stdout]  --> himada-dispatch/src/kernels/gemv.rs:3:5
[INFO] [stdout]   |
[INFO] [stdout] 3 | use alloc::string::String;
[INFO] [stdout]   |     ^^^^^^^^^^^^^^^^^^^^^
[INFO] [stdout] 
[INFO] [stdout] 
[INFO] [stdout] warning: unused import: `alloc::boxed::Box`
[INFO] [stdout]  --> himada-dispatch/src/kernels/gemv.rs:4:5
[INFO] [stdout]   |
[INFO] [stdout] 4 | use alloc::boxed::Box;
[INFO] [stdout]   |     ^^^^^^^^^^^^^^^^^
[INFO] [stdout] 
[INFO] [stdout] 
[INFO] [stdout] warning: unused import: `alloc::sync::Arc`
[INFO] [stdout]  --> himada-dispatch/src/kernels/gemv.rs:5:5
[INFO] [stdout]   |
[INFO] [stdout] 5 | use alloc::sync::Arc;
[INFO] [stdout]   |     ^^^^^^^^^^^^^^^^
[INFO] [stdout] 
[INFO] [stdout] 
[INFO] [stdout] warning: unused import: `alloc::vec::Vec`
[INFO] [stdout]   --> himada-dispatch/src/kernels/int.rs:15:5
[INFO] [stdout]    |
[INFO] [stdout] 15 | use alloc::vec::Vec;
[INFO] [stdout]    |     ^^^^^^^^^^^^^^^
[INFO] [stdout] 
[INFO] [stdout] 
[INFO] [stdout] warning: unused import: `alloc::string::String`
[INFO] [stdout]   --> himada-dispatch/src/kernels/int.rs:16:5
[INFO] [stdout]    |
[INFO] [stdout] 16 | use alloc::string::String;
[INFO] [stdout]    |     ^^^^^^^^^^^^^^^^^^^^^
[INFO] [stdout] 
[INFO] [stdout] 
[INFO] [stdout] warning: unused import: `alloc::boxed::Box`
[INFO] [stdout]   --> himada-dispatch/src/kernels/int.rs:17:5
[INFO] [stdout]    |
[INFO] [stdout] 17 | use alloc::boxed::Box;
[INFO] [stdout]    |     ^^^^^^^^^^^^^^^^^
[INFO] [stdout] 
[INFO] [stdout] 
[INFO] [stdout] warning: unused import: `alloc::sync::Arc`
[INFO] [stdout]   --> himada-dispatch/src/kernels/int.rs:18:5
[INFO] [stdout]    |
[INFO] [stdout] 18 | use alloc::sync::Arc;
[INFO] [stdout]    |     ^^^^^^^^^^^^^^^^
[INFO] [stdout] 
[INFO] [stdout] 
[INFO] [stdout] warning: unused import: `alloc::vec::Vec`
[INFO] [stdout]  --> himada-dispatch/src/kernels/layernorm.rs:2:5
[INFO] [stdout]   |
[INFO] [stdout] 2 | use alloc::vec::Vec;
[INFO] [stdout]   |     ^^^^^^^^^^^^^^^
[INFO] [stdout] 
[INFO] [stdout] 
[INFO] [stdout] warning: unused import: `alloc::string::String`
[INFO] [stdout]  --> himada-dispatch/src/kernels/layernorm.rs:5:5
[INFO] [stdout]   |
[INFO] [stdout] 5 | use alloc::string::String;
[INFO] [stdout]   |     ^^^^^^^^^^^^^^^^^^^^^
[INFO] [stdout] 
[INFO] [stdout] 
[INFO] [stdout] warning: unused import: `alloc::boxed::Box`
[INFO] [stdout]  --> himada-dispatch/src/kernels/layernorm.rs:6:5
[INFO] [stdout]   |
[INFO] [stdout] 6 | use alloc::boxed::Box;
[INFO] [stdout]   |     ^^^^^^^^^^^^^^^^^
[INFO] [stdout] 
[INFO] [stdout] 
[INFO] [stdout] warning: unused import: `alloc::sync::Arc`
[INFO] [stdout]  --> himada-dispatch/src/kernels/layernorm.rs:7:5
[INFO] [stdout]   |
[INFO] [stdout] 7 | use alloc::sync::Arc;
[INFO] [stdout]   |     ^^^^^^^^^^^^^^^^
[INFO] [stdout] 
[INFO] [stdout] 
[INFO] [stdout] warning: unused import: `alloc::vec::Vec`
[INFO] [stdout]  --> himada-dispatch/src/kernels/matmul.rs:2:5
[INFO] [stdout]   |
[INFO] [stdout] 2 | use alloc::vec::Vec;
[INFO] [stdout]   |     ^^^^^^^^^^^^^^^
[INFO] [stdout] 
[INFO] [stdout] 
[INFO] [stdout] warning: unused import: `alloc::string::String`
[INFO] [stdout]  --> himada-dispatch/src/kernels/matmul.rs:3:5
[INFO] [stdout]   |
[INFO] [stdout] 3 | use alloc::string::String;
[INFO] [stdout]   |     ^^^^^^^^^^^^^^^^^^^^^
[INFO] [stdout] 
[INFO] [stdout] 
[INFO] [stdout] warning: unused import: `alloc::boxed::Box`
[INFO] [stdout]  --> himada-dispatch/src/kernels/matmul.rs:4:5
[INFO] [stdout]   |
[INFO] [stdout] 4 | use alloc::boxed::Box;
[INFO] [stdout]   |     ^^^^^^^^^^^^^^^^^
[INFO] [stdout] 
[INFO] [stdout] 
[INFO] [stdout] warning: unused import: `alloc::sync::Arc`
[INFO] [stdout]  --> himada-dispatch/src/kernels/matmul.rs:5:5
[INFO] [stdout]   |
[INFO] [stdout] 5 | use alloc::sync::Arc;
[INFO] [stdout]   |     ^^^^^^^^^^^^^^^^
[INFO] [stdout] 
[INFO] [stdout] 
[INFO] [stdout] warning: unused import: `himada_core::profile`
[INFO] [stdout]    --> himada-dispatch/src/kernels/matmul.rs:219:5
[INFO] [stdout]     |
[INFO] [stdout] 219 | use himada_core::profile;
[INFO] [stdout]     |     ^^^^^^^^^^^^^^^^^^^^
[INFO] [stdout] 
[INFO] [stdout] 
[INFO] [stdout] warning: unused import: `spin::Once`
[INFO] [stdout]    --> himada-dispatch/src/kernels/matmul.rs:220:5
[INFO] [stdout]     |
[INFO] [stdout] 220 | use spin::Once;
[INFO] [stdout]     |     ^^^^^^^^^^
[INFO] [stdout] 
[INFO] [stdout] 
[INFO] [stdout] warning: unused import: `alloc::vec::Vec`
[INFO] [stdout]  --> himada-dispatch/src/kernels/memchr.rs:2:5
[INFO] [stdout]   |
[INFO] [stdout] 2 | use alloc::vec::Vec;
[INFO] [stdout]   |     ^^^^^^^^^^^^^^^
[INFO] [stdout] 
[INFO] [stdout] 
[INFO] [stdout] warning: unused import: `alloc::string::String`
[INFO] [stdout]  --> himada-dispatch/src/kernels/memchr.rs:3:5
[INFO] [stdout]   |
[INFO] [stdout] 3 | use alloc::string::String;
[INFO] [stdout]   |     ^^^^^^^^^^^^^^^^^^^^^
[INFO] [stdout] 
[INFO] [stdout] 
[INFO] [stdout] warning: unused import: `alloc::boxed::Box`
[INFO] [stdout]  --> himada-dispatch/src/kernels/memchr.rs:4:5
[INFO] [stdout]   |
[INFO] [stdout] 4 | use alloc::boxed::Box;
[INFO] [stdout]   |     ^^^^^^^^^^^^^^^^^
[INFO] [stdout] 
[INFO] [stdout] 
[INFO] [stdout] warning: unused import: `alloc::sync::Arc`
[INFO] [stdout]  --> himada-dispatch/src/kernels/memchr.rs:5:5
[INFO] [stdout]   |
[INFO] [stdout] 5 | use alloc::sync::Arc;
[INFO] [stdout]   |     ^^^^^^^^^^^^^^^^
[INFO] [stdout] 
[INFO] [stdout] 
[INFO] [stdout] warning: unused import: `alloc::vec::Vec`
[INFO] [stdout]   --> himada-dispatch/src/kernels/ops.rs:19:5
[INFO] [stdout]    |
[INFO] [stdout] 19 | use alloc::vec::Vec;
[INFO] [stdout]    |     ^^^^^^^^^^^^^^^
[INFO] [stdout] 
[INFO] [stdout] 
[INFO] [stdout] warning: unused import: `alloc::string::String`
[INFO] [stdout]   --> himada-dispatch/src/kernels/ops.rs:20:5
[INFO] [stdout]    |
[INFO] [stdout] 20 | use alloc::string::String;
[INFO] [stdout]    |     ^^^^^^^^^^^^^^^^^^^^^
[INFO] [stdout] 
[INFO] [stdout] 
[INFO] [stdout] warning: unused import: `alloc::boxed::Box`
[INFO] [stdout]   --> himada-dispatch/src/kernels/ops.rs:21:5
[INFO] [stdout]    |
[INFO] [stdout] 21 | use alloc::boxed::Box;
[INFO] [stdout]    |     ^^^^^^^^^^^^^^^^^
[INFO] [stdout] 
[INFO] [stdout] 
[INFO] [stdout] warning: unused import: `alloc::sync::Arc`
[INFO] [stdout]   --> himada-dispatch/src/kernels/ops.rs:22:5
[INFO] [stdout]    |
[INFO] [stdout] 22 | use alloc::sync::Arc;
[INFO] [stdout]    |     ^^^^^^^^^^^^^^^^
[INFO] [stdout] 
[INFO] [stdout] 
[INFO] [stdout] warning: unused import: `himada_core::profile`
[INFO] [stdout]    --> himada-dispatch/src/kernels/ops.rs:784:5
[INFO] [stdout]     |
[INFO] [stdout] 784 | use himada_core::profile;
[INFO] [stdout]     |     ^^^^^^^^^^^^^^^^^^^^
[INFO] [stdout] 
[INFO] [stdout] 
[INFO] [stdout] warning: unused import: `spin::Once`
[INFO] [stdout]    --> himada-dispatch/src/kernels/ops.rs:785:5
[INFO] [stdout]     |
[INFO] [stdout] 785 | use spin::Once;
[INFO] [stdout]     |     ^^^^^^^^^^
[INFO] [stdout] 
[INFO] [stdout] 
[INFO] [stdout] warning: unused import: `alloc::vec::Vec`
[INFO] [stdout]  --> himada-dispatch/src/kernels/reduce.rs:2:5
[INFO] [stdout]   |
[INFO] [stdout] 2 | use alloc::vec::Vec;
[INFO] [stdout]   |     ^^^^^^^^^^^^^^^
[INFO] [stdout] 
[INFO] [stdout] 
[INFO] [stdout] warning: unused import: `alloc::string::String`
[INFO] [stdout]  --> himada-dispatch/src/kernels/reduce.rs:5:5
[INFO] [stdout]   |
[INFO] [stdout] 5 | use alloc::string::String;
[INFO] [stdout]   |     ^^^^^^^^^^^^^^^^^^^^^
[INFO] [stdout] 
[INFO] [stdout] 
[INFO] [stdout] warning: unused import: `alloc::boxed::Box`
[INFO] [stdout]  --> himada-dispatch/src/kernels/reduce.rs:6:5
[INFO] [stdout]   |
[INFO] [stdout] 6 | use alloc::boxed::Box;
[INFO] [stdout]   |     ^^^^^^^^^^^^^^^^^
[INFO] [stdout] 
[INFO] [stdout] 
[INFO] [stdout] warning: unused import: `alloc::sync::Arc`
[INFO] [stdout]  --> himada-dispatch/src/kernels/reduce.rs:7:5
[INFO] [stdout]   |
[INFO] [stdout] 7 | use alloc::sync::Arc;
[INFO] [stdout]   |     ^^^^^^^^^^^^^^^^
[INFO] [stdout] 
[INFO] [stdout] 
[INFO] [stdout] warning: unused import: `alloc::vec::Vec`
[INFO] [stdout]   --> himada-dispatch/src/kernels/softmax.rs:19:5
[INFO] [stdout]    |
[INFO] [stdout] 19 | use alloc::vec::Vec;
[INFO] [stdout]    |     ^^^^^^^^^^^^^^^
[INFO] [stdout] 
[INFO] [stdout] 
[INFO] [stdout] warning: unused import: `alloc::string::String`
[INFO] [stdout]   --> himada-dispatch/src/kernels/softmax.rs:20:5
[INFO] [stdout]    |
[INFO] [stdout] 20 | use alloc::string::String;
[INFO] [stdout]    |     ^^^^^^^^^^^^^^^^^^^^^
[INFO] [stdout] 
[INFO] [stdout] 
[INFO] [stdout] warning: unused import: `alloc::boxed::Box`
[INFO] [stdout]   --> himada-dispatch/src/kernels/softmax.rs:21:5
[INFO] [stdout]    |
[INFO] [stdout] 21 | use alloc::boxed::Box;
[INFO] [stdout]    |     ^^^^^^^^^^^^^^^^^
[INFO] [stdout] 
[INFO] [stdout] 
[INFO] [stdout] warning: unused import: `alloc::sync::Arc`
[INFO] [stdout]   --> himada-dispatch/src/kernels/softmax.rs:22:5
[INFO] [stdout]    |
[INFO] [stdout] 22 | use alloc::sync::Arc;
[INFO] [stdout]    |     ^^^^^^^^^^^^^^^^
[INFO] [stdout] 
[INFO] [stdout] 
[INFO] [stdout] warning: unused import: `alloc::vec::Vec`
[INFO] [stdout]  --> himada-dispatch/src/kernels/sort.rs:2:5
[INFO] [stdout]   |
[INFO] [stdout] 2 | use alloc::vec::Vec;
[INFO] [stdout]   |     ^^^^^^^^^^^^^^^
[INFO] [stdout] 
[INFO] [stdout] 
[INFO] [stdout] warning: unused import: `alloc::string::String`
[INFO] [stdout]  --> himada-dispatch/src/kernels/sort.rs:3:5
[INFO] [stdout]   |
[INFO] [stdout] 3 | use alloc::string::String;
[INFO] [stdout]   |     ^^^^^^^^^^^^^^^^^^^^^
[INFO] [stdout] 
[INFO] [stdout] 
[INFO] [stdout] warning: unused import: `alloc::boxed::Box`
[INFO] [stdout]  --> himada-dispatch/src/kernels/sort.rs:4:5
[INFO] [stdout]   |
[INFO] [stdout] 4 | use alloc::boxed::Box;
[INFO] [stdout]   |     ^^^^^^^^^^^^^^^^^
[INFO] [stdout] 
[INFO] [stdout] 
[INFO] [stdout] warning: unused import: `alloc::sync::Arc`
[INFO] [stdout]  --> himada-dispatch/src/kernels/sort.rs:5:5
[INFO] [stdout]   |
[INFO] [stdout] 5 | use alloc::sync::Arc;
[INFO] [stdout]   |     ^^^^^^^^^^^^^^^^
[INFO] [stdout] 
[INFO] [stdout] 
[INFO] [stdout] warning: unused import: `alloc::vec::Vec`
[INFO] [stdout]  --> himada-dispatch/src/kernels/sve.rs:2:5
[INFO] [stdout]   |
[INFO] [stdout] 2 | use alloc::vec::Vec;
[INFO] [stdout]   |     ^^^^^^^^^^^^^^^
[INFO] [stdout] 
[INFO] [stdout] 
[INFO] [stdout] warning: unused import: `alloc::string::String`
[INFO] [stdout]  --> himada-dispatch/src/kernels/sve.rs:3:5
[INFO] [stdout]   |
[INFO] [stdout] 3 | use alloc::string::String;
[INFO] [stdout]   |     ^^^^^^^^^^^^^^^^^^^^^
[INFO] [stdout] 
[INFO] [stdout] 
[INFO] [stdout] warning: unused import: `alloc::boxed::Box`
[INFO] [stdout]  --> himada-dispatch/src/kernels/sve.rs:4:5
[INFO] [stdout]   |
[INFO] [stdout] 4 | use alloc::boxed::Box;
[INFO] [stdout]   |     ^^^^^^^^^^^^^^^^^
[INFO] [stdout] 
[INFO] [stdout] 
[INFO] [stdout] warning: unused import: `alloc::sync::Arc`
[INFO] [stdout]  --> himada-dispatch/src/kernels/sve.rs:5:5
[INFO] [stdout]   |
[INFO] [stdout] 5 | use alloc::sync::Arc;
[INFO] [stdout]   |     ^^^^^^^^^^^^^^^^
[INFO] [stdout] 
[INFO] [stdout] 
[INFO] [stdout] warning: unused import: `alloc::vec::Vec`
[INFO] [stdout]   --> himada-dispatch/src/kernels/trig.rs:22:5
[INFO] [stdout]    |
[INFO] [stdout] 22 | use alloc::vec::Vec;
[INFO] [stdout]    |     ^^^^^^^^^^^^^^^
[INFO] [stdout] 
[INFO] [stdout] 
[INFO] [stdout] warning: unused import: `alloc::string::String`
[INFO] [stdout]   --> himada-dispatch/src/kernels/trig.rs:25:5
[INFO] [stdout]    |
[INFO] [stdout] 25 | use alloc::string::String;
[INFO] [stdout]    |     ^^^^^^^^^^^^^^^^^^^^^
[INFO] [stdout] 
[INFO] [stdout] 
[INFO] [stdout] warning: unused import: `alloc::boxed::Box`
[INFO] [stdout]   --> himada-dispatch/src/kernels/trig.rs:26:5
[INFO] [stdout]    |
[INFO] [stdout] 26 | use alloc::boxed::Box;
[INFO] [stdout]    |     ^^^^^^^^^^^^^^^^^
[INFO] [stdout] 
[INFO] [stdout] 
[INFO] [stdout] warning: unused import: `alloc::sync::Arc`
[INFO] [stdout]   --> himada-dispatch/src/kernels/trig.rs:27:5
[INFO] [stdout]    |
[INFO] [stdout] 27 | use alloc::sync::Arc;
[INFO] [stdout]    |     ^^^^^^^^^^^^^^^^
[INFO] [stdout] 
[INFO] [stdout] 
[INFO] [stdout] warning: unused import: `alloc::vec::Vec`
[INFO] [stdout]  --> himada-dispatch/src/kernels/wasm_simd.rs:2:5
[INFO] [stdout]   |
[INFO] [stdout] 2 | use alloc::vec::Vec;
[INFO] [stdout]   |     ^^^^^^^^^^^^^^^
[INFO] [stdout] 
[INFO] [stdout] 
[INFO] [stdout] warning: unused import: `alloc::string::String`
[INFO] [stdout]  --> himada-dispatch/src/kernels/wasm_simd.rs:3:5
[INFO] [stdout]   |
[INFO] [stdout] 3 | use alloc::string::String;
[INFO] [stdout]   |     ^^^^^^^^^^^^^^^^^^^^^
[INFO] [stdout] 
[INFO] [stdout] 
[INFO] [stdout] warning: unused import: `alloc::boxed::Box`
[INFO] [stdout]  --> himada-dispatch/src/kernels/wasm_simd.rs:4:5
[INFO] [stdout]   |
[INFO] [stdout] 4 | use alloc::boxed::Box;
[INFO] [stdout]   |     ^^^^^^^^^^^^^^^^^
[INFO] [stdout] 
[INFO] [stdout] 
[INFO] [stdout] warning: unused import: `alloc::sync::Arc`
[INFO] [stdout]  --> himada-dispatch/src/kernels/wasm_simd.rs:5:5
[INFO] [stdout]   |
[INFO] [stdout] 5 | use alloc::sync::Arc;
[INFO] [stdout]   |     ^^^^^^^^^^^^^^^^
[INFO] [stdout] 
[INFO] [stdout] 
[INFO] [stdout] warning: unused import: `alloc::string::String`
[INFO] [stdout]  --> himada-dispatch/src/pad.rs:5:5
[INFO] [stdout]   |
[INFO] [stdout] 5 | use alloc::string::String;
[INFO] [stdout]   |     ^^^^^^^^^^^^^^^^^^^^^
[INFO] [stdout] 
[INFO] [stdout] 
[INFO] [stdout] warning: unused import: `alloc::boxed::Box`
[INFO] [stdout]  --> himada-dispatch/src/pad.rs:6:5
[INFO] [stdout]   |
[INFO] [stdout] 6 | use alloc::boxed::Box;
[INFO] [stdout]   |     ^^^^^^^^^^^^^^^^^
[INFO] [stdout] 
[INFO] [stdout] 
[INFO] [stdout] warning: unused import: `alloc::sync::Arc`
[INFO] [stdout]  --> himada-dispatch/src/pad.rs:7:5
[INFO] [stdout]   |
[INFO] [stdout] 7 | use alloc::sync::Arc;
[INFO] [stdout]   |     ^^^^^^^^^^^^^^^^
[INFO] [stdout] 
[INFO] [stdout] 
[INFO] [stdout] warning: unused import: `alloc::string::String`
[INFO] [stdout]  --> himada-dispatch/src/plugin.rs:3:5
[INFO] [stdout]   |
[INFO] [stdout] 3 | use alloc::string::String;
[INFO] [stdout]   |     ^^^^^^^^^^^^^^^^^^^^^
[INFO] [stdout] 
[INFO] [stdout] 
[INFO] [stdout] warning: unused import: `alloc::sync::Arc`
[INFO] [stdout]  --> himada-dispatch/src/plugin.rs:5:5
[INFO] [stdout]   |
[INFO] [stdout] 5 | use alloc::sync::Arc;
[INFO] [stdout]   |     ^^^^^^^^^^^^^^^^
[INFO] [stdout] 
[INFO] [stdout] 
[INFO] [stdout] warning: unused import: `alloc::vec::Vec`
[INFO] [stdout]  --> himada-dispatch/src/plugin_macros.rs:2:5
[INFO] [stdout]   |
[INFO] [stdout] 2 | use alloc::vec::Vec;
[INFO] [stdout]   |     ^^^^^^^^^^^^^^^
[INFO] [stdout] 
[INFO] [stdout] 
[INFO] [stdout] warning: unused import: `alloc::string::String`
[INFO] [stdout]  --> himada-dispatch/src/plugin_macros.rs:3:5
[INFO] [stdout]   |
[INFO] [stdout] 3 | use alloc::string::String;
[INFO] [stdout]   |     ^^^^^^^^^^^^^^^^^^^^^
[INFO] [stdout] 
[INFO] [stdout] 
[INFO] [stdout] warning: unused import: `alloc::boxed::Box`
[INFO] [stdout]  --> himada-dispatch/src/plugin_macros.rs:4:5
[INFO] [stdout]   |
[INFO] [stdout] 4 | use alloc::boxed::Box;
[INFO] [stdout]   |     ^^^^^^^^^^^^^^^^^
[INFO] [stdout] 
[INFO] [stdout] 
[INFO] [stdout] warning: unused import: `alloc::sync::Arc`
[INFO] [stdout]  --> himada-dispatch/src/plugin_macros.rs:5:5
[INFO] [stdout]   |
[INFO] [stdout] 5 | use alloc::sync::Arc;
[INFO] [stdout]   |     ^^^^^^^^^^^^^^^^
[INFO] [stdout] 
[INFO] [stdout] 
[INFO] [stdout] warning: unused import: `alloc::string::String`
[INFO] [stdout]  --> himada-dispatch/src/precision.rs:6:5
[INFO] [stdout]   |
[INFO] [stdout] 6 | use alloc::string::String;
[INFO] [stdout]   |     ^^^^^^^^^^^^^^^^^^^^^
[INFO] [stdout] 
[INFO] [stdout] 
[INFO] [stdout] warning: unused import: `alloc::boxed::Box`
[INFO] [stdout]  --> himada-dispatch/src/precision.rs:7:5
[INFO] [stdout]   |
[INFO] [stdout] 7 | use alloc::boxed::Box;
[INFO] [stdout]   |     ^^^^^^^^^^^^^^^^^
[INFO] [stdout] 
[INFO] [stdout] 
[INFO] [stdout] warning: unused import: `alloc::sync::Arc`
[INFO] [stdout]  --> himada-dispatch/src/precision.rs:8:5
[INFO] [stdout]   |
[INFO] [stdout] 8 | use alloc::sync::Arc;
[INFO] [stdout]   |     ^^^^^^^^^^^^^^^^
[INFO] [stdout] 
[INFO] [stdout] 
[INFO] [stdout] warning: unused import: `alloc::vec::Vec`
[INFO] [stdout]  --> himada-dispatch/src/time.rs:2:5
[INFO] [stdout]   |
[INFO] [stdout] 2 | use alloc::vec::Vec;
[INFO] [stdout]   |     ^^^^^^^^^^^^^^^
[INFO] [stdout] 
[INFO] [stdout] 
[INFO] [stdout] warning: unused import: `alloc::string::String`
[INFO] [stdout]  --> himada-dispatch/src/time.rs:3:5
[INFO] [stdout]   |
[INFO] [stdout] 3 | use alloc::string::String;
[INFO] [stdout]   |     ^^^^^^^^^^^^^^^^^^^^^
[INFO] [stdout] 
[INFO] [stdout] 
[INFO] [stdout] warning: unused import: `alloc::boxed::Box`
[INFO] [stdout]  --> himada-dispatch/src/time.rs:4:5
[INFO] [stdout]   |
[INFO] [stdout] 4 | use alloc::boxed::Box;
[INFO] [stdout]   |     ^^^^^^^^^^^^^^^^^
[INFO] [stdout] 
[INFO] [stdout] 
[INFO] [stdout] warning: unused import: `alloc::sync::Arc`
[INFO] [stdout]  --> himada-dispatch/src/time.rs:5:5
[INFO] [stdout]   |
[INFO] [stdout] 5 | use alloc::sync::Arc;
[INFO] [stdout]   |     ^^^^^^^^^^^^^^^^
[INFO] [stdout] 
[INFO] [stdout] 
[INFO] [stdout] warning: unused import: `alloc::boxed::Box`
[INFO] [stdout]   --> himada-dispatch/src/shape.rs:10:5
[INFO] [stdout]    |
[INFO] [stdout] 10 | use alloc::boxed::Box;
[INFO] [stdout]    |     ^^^^^^^^^^^^^^^^^
[INFO] [stdout] 
[INFO] [stdout] 
[INFO] [stdout] warning: unused import: `alloc::sync::Arc`
[INFO] [stdout]   --> himada-dispatch/src/shape.rs:11:5
[INFO] [stdout]    |
[INFO] [stdout] 11 | use alloc::sync::Arc;
[INFO] [stdout]    |     ^^^^^^^^^^^^^^^^
[INFO] [stdout] 
[INFO] [stdout] 
[INFO] [stdout] warning: unused import: `alloc::vec::Vec`
[INFO] [stdout]  --> himada-dispatch/src/trace.rs:2:5
[INFO] [stdout]   |
[INFO] [stdout] 2 | use alloc::vec::Vec;
[INFO] [stdout]   |     ^^^^^^^^^^^^^^^
[INFO] [stdout] 
[INFO] [stdout] 
[INFO] [stdout] warning: unused import: `alloc::string::String`
[INFO] [stdout]  --> himada-dispatch/src/trace.rs:3:5
[INFO] [stdout]   |
[INFO] [stdout] 3 | use alloc::string::String;
[INFO] [stdout]   |     ^^^^^^^^^^^^^^^^^^^^^
[INFO] [stdout] 
[INFO] [stdout] 
[INFO] [stdout] warning: unused import: `alloc::boxed::Box`
[INFO] [stdout]  --> himada-dispatch/src/trace.rs:4:5
[INFO] [stdout]   |
[INFO] [stdout] 4 | use alloc::boxed::Box;
[INFO] [stdout]   |     ^^^^^^^^^^^^^^^^^
[INFO] [stdout] 
[INFO] [stdout] 
[INFO] [stdout] warning: unused import: `alloc::sync::Arc`
[INFO] [stdout]  --> himada-dispatch/src/trace.rs:5:5
[INFO] [stdout]   |
[INFO] [stdout] 5 | use alloc::sync::Arc;
[INFO] [stdout]   |     ^^^^^^^^^^^^^^^^
[INFO] [stdout] 
[INFO] [stdout] 
[INFO] [stdout] error[E0599]: no method named `features` found for struct `CpuInfo` in the current scope
[INFO] [stdout]   --> himada-dispatch/src/kernels/conv1d.rs:47:35
[INFO] [stdout]    |
[INFO] [stdout] 47 |         if crate::get_hwdna().cpu.features().contains("sse2") {
[INFO] [stdout]    |                                   ^^^^^^^^-- help: remove the arguments
[INFO] [stdout]    |                                   |
[INFO] [stdout]    |                                   field, not a method
[INFO] [stdout] 
[INFO] [stdout] 
[INFO] [stdout] error[E0599]: no method named `features` found for struct `CpuInfo` in the current scope
[INFO] [stdout]   --> himada-dispatch/src/kernels/conv1d.rs:70:13
[INFO] [stdout]    |
[INFO] [stdout] 70 |     dna.cpu.features().contains("sse2")
[INFO] [stdout]    |             ^^^^^^^^-- help: remove the arguments
[INFO] [stdout]    |             |
[INFO] [stdout]    |             field, not a method
[INFO] [stdout] 
[INFO] [stdout] 
[INFO] [stdout] error[E0599]: no method named `features` found for struct `CpuInfo` in the current scope
[INFO] [stdout]   --> himada-dispatch/src/kernels/conv1d.rs:96:35
[INFO] [stdout]    |
[INFO] [stdout] 96 |         if crate::get_hwdna().cpu.features().contains("avx2") {
[INFO] [stdout]    |                                   ^^^^^^^^-- help: remove the arguments
[INFO] [stdout]    |                                   |
[INFO] [stdout]    |                                   field, not a method
[INFO] [stdout] 
[INFO] [stdout] 
[INFO] [stdout] error[E0599]: no method named `features` found for struct `CpuInfo` in the current scope
[INFO] [stdout]    --> himada-dispatch/src/kernels/conv1d.rs:119:13
[INFO] [stdout]     |
[INFO] [stdout] 119 |     dna.cpu.features().contains("avx2")
[INFO] [stdout]     |             ^^^^^^^^-- help: remove the arguments
[INFO] [stdout]     |             |
[INFO] [stdout]     |             field, not a method
[INFO] [stdout] 
[INFO] [stdout] 
[INFO] [stdout] error[E0599]: no method named `features` found for struct `CpuInfo` in the current scope
[INFO] [stdout]    --> himada-dispatch/src/kernels/conv1d.rs:213:35
[INFO] [stdout]     |
[INFO] [stdout] 213 |         if crate::get_hwdna().cpu.features().contains("sse2") {
[INFO] [stdout]     |                                   ^^^^^^^^-- help: remove the arguments
[INFO] [stdout]     |                                   |
[INFO] [stdout]     |                                   field, not a method
[INFO] [stdout] 
[INFO] [stdout] 
[INFO] [stdout] error[E0599]: no method named `features` found for struct `CpuInfo` in the current scope
[INFO] [stdout]    --> himada-dispatch/src/kernels/conv1d.rs:236:13
[INFO] [stdout]     |
[INFO] [stdout] 236 |     dna.cpu.features().contains("sse2")
[INFO] [stdout]     |             ^^^^^^^^-- help: remove the arguments
[INFO] [stdout]     |             |
[INFO] [stdout]     |             field, not a method
[INFO] [stdout] 
[INFO] [stdout] 
[INFO] [stdout] error[E0599]: no method named `features` found for struct `CpuInfo` in the current scope
[INFO] [stdout]    --> himada-dispatch/src/kernels/conv1d.rs:262:35
[INFO] [stdout]     |
[INFO] [stdout] 262 |         if crate::get_hwdna().cpu.features().contains("avx2") {
[INFO] [stdout]     |                                   ^^^^^^^^-- help: remove the arguments
[INFO] [stdout]     |                                   |
[INFO] [stdout]     |                                   field, not a method
[INFO] [stdout] 
[INFO] [stdout] 
[INFO] [stdout] error[E0599]: no method named `features` found for struct `CpuInfo` in the current scope
[INFO] [stdout]    --> himada-dispatch/src/kernels/conv1d.rs:285:13
[INFO] [stdout]     |
[INFO] [stdout] 285 |     dna.cpu.features().contains("avx2")
[INFO] [stdout]     |             ^^^^^^^^-- help: remove the arguments
[INFO] [stdout]     |             |
[INFO] [stdout]     |             field, not a method
[INFO] [stdout] 
[INFO] [stdout] 
[INFO] [stdout] error[E0599]: no method named `features` found for struct `CpuInfo` in the current scope
[INFO] [stdout]   --> himada-dispatch/src/kernels/cumsum.rs:96:35
[INFO] [stdout]    |
[INFO] [stdout] 96 |         if crate::get_hwdna().cpu.features().contains("sse2") {
[INFO] [stdout]    |                                   ^^^^^^^^-- help: remove the arguments
[INFO] [stdout]    |                                   |
[INFO] [stdout]    |                                   field, not a method
[INFO] [stdout] 
[INFO] [stdout] 
[INFO] [stdout] error[E0599]: no method named `features` found for struct `CpuInfo` in the current scope
[INFO] [stdout]    --> himada-dispatch/src/kernels/cumsum.rs:120:13
[INFO] [stdout]     |
[INFO] [stdout] 120 |     dna.cpu.features().contains("sse2")
[INFO] [stdout]     |             ^^^^^^^^-- help: remove the arguments
[INFO] [stdout]     |             |
[INFO] [stdout]     |             field, not a method
[INFO] [stdout] 
[INFO] [stdout] 
[INFO] [stdout] error[E0599]: no method named `features` found for struct `CpuInfo` in the current scope
[INFO] [stdout]    --> himada-dispatch/src/kernels/cumsum.rs:148:35
[INFO] [stdout]     |
[INFO] [stdout] 148 |         if crate::get_hwdna().cpu.features().contains("avx2") {
[INFO] [stdout]     |                                   ^^^^^^^^-- help: remove the arguments
[INFO] [stdout]     |                                   |
[INFO] [stdout]     |                                   field, not a method
[INFO] [stdout] 
[INFO] [stdout] 
[INFO] [stdout] error[E0599]: no method named `features` found for struct `CpuInfo` in the current scope
[INFO] [stdout]    --> himada-dispatch/src/kernels/cumsum.rs:176:13
[INFO] [stdout]     |
[INFO] [stdout] 176 |     dna.cpu.features().contains("avx2")
[INFO] [stdout]     |             ^^^^^^^^-- help: remove the arguments
[INFO] [stdout]     |             |
[INFO] [stdout]     |             field, not a method
[INFO] [stdout] 
[INFO] [stdout] 
[INFO] [stdout] error[E0599]: no method named `features` found for struct `CpuInfo` in the current scope
[INFO] [stdout]    --> himada-dispatch/src/kernels/cumsum.rs:276:35
[INFO] [stdout]     |
[INFO] [stdout] 276 |         if crate::get_hwdna().cpu.features().contains("sse2") {
[INFO] [stdout]     |                                   ^^^^^^^^-- help: remove the arguments
[INFO] [stdout]     |                                   |
[INFO] [stdout]     |                                   field, not a method
[INFO] [stdout] 
[INFO] [stdout] 
[INFO] [stdout] error[E0599]: no method named `features` found for struct `CpuInfo` in the current scope
[INFO] [stdout]    --> himada-dispatch/src/kernels/cumsum.rs:304:13
[INFO] [stdout]     |
[INFO] [stdout] 304 |     dna.cpu.features().contains("sse2")
[INFO] [stdout]     |             ^^^^^^^^-- help: remove the arguments
[INFO] [stdout]     |             |
[INFO] [stdout]     |             field, not a method
[INFO] [stdout] 
[INFO] [stdout] 
[INFO] [stdout] error[E0599]: no method named `features` found for struct `CpuInfo` in the current scope
[INFO] [stdout]    --> himada-dispatch/src/kernels/cumsum.rs:331:35
[INFO] [stdout]     |
[INFO] [stdout] 331 |         if crate::get_hwdna().cpu.features().contains("avx2") {
[INFO] [stdout]     |                                   ^^^^^^^^-- help: remove the arguments
[INFO] [stdout]     |                                   |
[INFO] [stdout]     |                                   field, not a method
[INFO] [stdout] 
[INFO] [stdout] 
[INFO] [stdout] error[E0599]: no method named `features` found for struct `CpuInfo` in the current scope
[INFO] [stdout]    --> himada-dispatch/src/kernels/cumsum.rs:367:13
[INFO] [stdout]     |
[INFO] [stdout] 367 |     dna.cpu.features().contains("avx2")
[INFO] [stdout]     |             ^^^^^^^^-- help: remove the arguments
[INFO] [stdout]     |             |
[INFO] [stdout]     |             field, not a method
[INFO] [stdout] 
[INFO] [stdout] 
[INFO] [stdout] error[E0599]: no method named `features` found for struct `CpuInfo` in the current scope
[INFO] [stdout]    --> himada-dispatch/src/kernels/cumsum.rs:467:35
[INFO] [stdout]     |
[INFO] [stdout] 467 |         if crate::get_hwdna().cpu.features().contains("sse2") {
[INFO] [stdout]     |                                   ^^^^^^^^-- help: remove the arguments
[INFO] [stdout]     |                                   |
[INFO] [stdout]     |                                   field, not a method
[INFO] [stdout] 
[INFO] [stdout] 
[INFO] [stdout] error[E0599]: no method named `features` found for struct `CpuInfo` in the current scope
[INFO] [stdout]    --> himada-dispatch/src/kernels/cumsum.rs:495:13
[INFO] [stdout]     |
[INFO] [stdout] 495 |     dna.cpu.features().contains("sse2")
[INFO] [stdout]     |             ^^^^^^^^-- help: remove the arguments
[INFO] [stdout]     |             |
[INFO] [stdout]     |             field, not a method
[INFO] [stdout] 
[INFO] [stdout] 
[INFO] [stdout] error[E0599]: no method named `features` found for struct `CpuInfo` in the current scope
[INFO] [stdout]    --> himada-dispatch/src/kernels/cumsum.rs:522:35
[INFO] [stdout]     |
[INFO] [stdout] 522 |         if crate::get_hwdna().cpu.features().contains("avx2") {
[INFO] [stdout]     |                                   ^^^^^^^^-- help: remove the arguments
[INFO] [stdout]     |                                   |
[INFO] [stdout]     |                                   field, not a method
[INFO] [stdout] 
[INFO] [stdout] 
[INFO] [stdout] error[E0599]: no method named `features` found for struct `CpuInfo` in the current scope
[INFO] [stdout]    --> himada-dispatch/src/kernels/cumsum.rs:558:13
[INFO] [stdout]     |
[INFO] [stdout] 558 |     dna.cpu.features().contains("avx2")
[INFO] [stdout]     |             ^^^^^^^^-- help: remove the arguments
[INFO] [stdout]     |             |
[INFO] [stdout]     |             field, not a method
[INFO] [stdout] 
[INFO] [stdout] 
[INFO] [stdout] error[E0599]: no method named `features` found for struct `CpuInfo` in the current scope
[INFO] [stdout]   --> himada-dispatch/src/kernels/dot.rs:39:35
[INFO] [stdout]    |
[INFO] [stdout] 39 |         if crate::get_hwdna().cpu.features().contains("sse2") && len >= 2 {
[INFO] [stdout]    |                                   ^^^^^^^^-- help: remove the arguments
[INFO] [stdout]    |                                   |
[INFO] [stdout]    |                                   field, not a method
[INFO] [stdout] 
[INFO] [stdout] 
[INFO] [stdout] error[E0599]: no method named `features` found for struct `CpuInfo` in the current scope
[INFO] [stdout]   --> himada-dispatch/src/kernels/dot.rs:60:13
[INFO] [stdout]    |
[INFO] [stdout] 60 |     dna.cpu.features().contains("sse2")
[INFO] [stdout]    |             ^^^^^^^^-- help: remove the arguments
[INFO] [stdout]    |             |
[INFO] [stdout]    |             field, not a method
[INFO] [stdout] 
[INFO] [stdout] 
[INFO] [stdout] error[E0599]: no method named `features` found for struct `CpuInfo` in the current scope
[INFO] [stdout]   --> himada-dispatch/src/kernels/dot.rs:93:35
[INFO] [stdout]    |
[INFO] [stdout] 93 |         if crate::get_hwdna().cpu.features().contains("avx2") && len >= 4 {
[INFO] [stdout]    |                                   ^^^^^^^^-- help: remove the arguments
[INFO] [stdout]    |                                   |
[INFO] [stdout]    |                                   field, not a method
[INFO] [stdout] 
[INFO] [stdout] 
[INFO] [stdout] error[E0599]: no method named `features` found for struct `CpuInfo` in the current scope
[INFO] [stdout]    --> himada-dispatch/src/kernels/dot.rs:114:13
[INFO] [stdout]     |
[INFO] [stdout] 114 |     dna.cpu.features().contains("avx2")
[INFO] [stdout]     |             ^^^^^^^^-- help: remove the arguments
[INFO] [stdout]     |             |
[INFO] [stdout]     |             field, not a method
[INFO] [stdout] 
[INFO] [stdout] 
[INFO] [stdout] error[E0599]: no method named `features` found for struct `CpuInfo` in the current scope
[INFO] [stdout]   --> himada-dispatch/src/kernels/fused.rs:96:35
[INFO] [stdout]    |
[INFO] [stdout] 96 |         if crate::get_hwdna().cpu.features().contains("sse2") && len >= 2 {
[INFO] [stdout]    |                                   ^^^^^^^^-- help: remove the arguments
[INFO] [stdout]    |                                   |
[INFO] [stdout]    |                                   field, not a method
[INFO] [stdout] 
[INFO] [stdout] 
[INFO] [stdout] error[E0599]: no method named `features` found for struct `CpuInfo` in the current scope
[INFO] [stdout]    --> himada-dispatch/src/kernels/fused.rs:121:13
[INFO] [stdout]     |
[INFO] [stdout] 121 |     dna.cpu.features().contains("sse2")
[INFO] [stdout]     |             ^^^^^^^^-- help: remove the arguments
[INFO] [stdout]     |             |
[INFO] [stdout]     |             field, not a method
[INFO] [stdout] 
[INFO] [stdout] 
[INFO] [stdout] error[E0599]: no method named `features` found for struct `CpuInfo` in the current scope
[INFO] [stdout]    --> himada-dispatch/src/kernels/fused.rs:147:35
[INFO] [stdout]     |
[INFO] [stdout] 147 |         if crate::get_hwdna().cpu.features().contains("avx2") && len >= 4 {
[INFO] [stdout]     |                                   ^^^^^^^^-- help: remove the arguments
[INFO] [stdout]     |                                   |
[INFO] [stdout]     |                                   field, not a method
[INFO] [stdout] 
[INFO] [stdout] 
[INFO] [stdout] error[E0599]: no method named `features` found for struct `CpuInfo` in the current scope
[INFO] [stdout]    --> himada-dispatch/src/kernels/fused.rs:172:13
[INFO] [stdout]     |
[INFO] [stdout] 172 |     dna.cpu.features().contains("avx2")
[INFO] [stdout]     |             ^^^^^^^^-- help: remove the arguments
[INFO] [stdout]     |             |
[INFO] [stdout]     |             field, not a method
[INFO] [stdout] 
[INFO] [stdout] 
[INFO] [stdout] error[E0599]: no method named `features` found for struct `CpuInfo` in the current scope
[INFO] [stdout]    --> himada-dispatch/src/kernels/fused.rs:339:13
[INFO] [stdout]     |
[INFO] [stdout] 339 |     dna.cpu.features().contains("sse2")
[INFO] [stdout]     |             ^^^^^^^^-- help: remove the arguments
[INFO] [stdout]     |             |
[INFO] [stdout]     |             field, not a method
[INFO] [stdout] 
[INFO] [stdout] 
[INFO] [stdout] error[E0599]: no method named `features` found for struct `CpuInfo` in the current scope
[INFO] [stdout]    --> himada-dispatch/src/kernels/fused.rs:415:13
[INFO] [stdout]     |
[INFO] [stdout] 415 |     dna.cpu.features().contains("avx2")
[INFO] [stdout]     |             ^^^^^^^^-- help: remove the arguments
[INFO] [stdout]     |             |
[INFO] [stdout]     |             field, not a method
[INFO] [stdout] 
[INFO] [stdout] 
[INFO] [stdout] error[E0599]: no method named `features` found for struct `CpuInfo` in the current scope
[INFO] [stdout]   --> himada-dispatch/src/kernels/gemv.rs:57:35
[INFO] [stdout]    |
[INFO] [stdout] 57 |         if crate::get_hwdna().cpu.features().contains("sse2") {
[INFO] [stdout]    |                                   ^^^^^^^^-- help: remove the arguments
[INFO] [stdout]    |                                   |
[INFO] [stdout]    |                                   field, not a method
[INFO] [stdout] 
[INFO] [stdout] 
[INFO] [stdout] error[E0599]: no method named `features` found for struct `CpuInfo` in the current scope
[INFO] [stdout]   --> himada-dispatch/src/kernels/gemv.rs:80:13
[INFO] [stdout]    |
[INFO] [stdout] 80 |     dna.cpu.features().contains("sse2")
[INFO] [stdout]    |             ^^^^^^^^-- help: remove the arguments
[INFO] [stdout]    |             |
[INFO] [stdout]    |             field, not a method
[INFO] [stdout] 
[INFO] [stdout] 
[INFO] [stdout] error[E0599]: no method named `features` found for struct `CpuInfo` in the current scope
[INFO] [stdout]    --> himada-dispatch/src/kernels/gemv.rs:112:35
[INFO] [stdout]     |
[INFO] [stdout] 112 |         if crate::get_hwdna().cpu.features().contains("avx2") {
[INFO] [stdout]     |                                   ^^^^^^^^-- help: remove the arguments
[INFO] [stdout]     |                                   |
[INFO] [stdout]     |                                   field, not a method
[INFO] [stdout] 
[INFO] [stdout] 
[INFO] [stdout] error[E0599]: no method named `features` found for struct `CpuInfo` in the current scope
[INFO] [stdout]    --> himada-dispatch/src/kernels/gemv.rs:135:13
[INFO] [stdout]     |
[INFO] [stdout] 135 |     dna.cpu.features().contains("avx2")
[INFO] [stdout]     |             ^^^^^^^^-- help: remove the arguments
[INFO] [stdout]     |             |
[INFO] [stdout]     |             field, not a method
[INFO] [stdout] 
[INFO] [stdout] 
[INFO] [stdout] error[E0599]: no method named `features` found for struct `CpuInfo` in the current scope
[INFO] [stdout]    --> himada-dispatch/src/kernels/gemv.rs:245:35
[INFO] [stdout]     |
[INFO] [stdout] 245 |         if crate::get_hwdna().cpu.features().contains("sse2") {
[INFO] [stdout]     |                                   ^^^^^^^^-- help: remove the arguments
[INFO] [stdout]     |                                   |
[INFO] [stdout]     |                                   field, not a method
[INFO] [stdout] 
[INFO] [stdout] 
[INFO] [stdout] error[E0425]: cannot find function `page_copy` in module `himada_core::sysmem`
[INFO] [stdout]   --> himada-core/benches/bench_sysmem.rs:73:42
[INFO] [stdout]    |
[INFO] [stdout] 73 |                     himada_core::sysmem::page_copy(
[INFO] [stdout]    |                                          ^^^^^^^^^ not found in `himada_core::sysmem`
[INFO] [stdout] 
[INFO] [stdout] 
[INFO] [stdout] error[E0425]: cannot find function `page_is_zero` in module `himada_core::sysmem`
[INFO] [stdout]    --> himada-core/benches/bench_sysmem.rs:108:46
[INFO] [stdout]     |
[INFO] [stdout] 108 |                         himada_core::sysmem::page_is_zero(black_box(buf.as_ptr()), sz);
[INFO] [stdout]     |                                              ^^^^^^^^^^^^ not found in `himada_core::sysmem`
[INFO] [stdout]     |
[INFO] [stdout] note: similarly named function `page_zero` defined here
[INFO] [stdout]    --> himada-core/src/sysmem/page_zero.rs:9:1
[INFO] [stdout]     |
[INFO] [stdout]   9 | pub unsafe fn page_zero(dst: *mut u8, size_bytes: usize) {
[INFO] [stdout]     | ^^^^^^^^^^^^^^^^^^^^^^^^^^^^^^^^^^^^^^^^^^^^^^^^^^^^^^^^
[INFO] [stdout] help: a function with a similar name exists
[INFO] [stdout]     |
[INFO] [stdout] 108 -                         himada_core::sysmem::page_is_zero(black_box(buf.as_ptr()), sz);
[INFO] [stdout] 108 +                         himada_core::sysmem::page_zero(black_box(buf.as_ptr()), sz);
[INFO] [stdout]     |
[INFO] [stdout] 
[INFO] [stdout] 
[INFO] [stdout] error[E0425]: cannot find function `mem_diff` in module `himada_core::sysmem`
[INFO] [stdout]    --> himada-core/benches/bench_sysmem.rs:130:55
[INFO] [stdout]     |
[INFO] [stdout] 130 |                     let result = himada_core::sysmem::mem_diff(
[INFO] [stdout]     |                                                       ^^^^^^^^ not found in `himada_core::sysmem`
[INFO] [stdout] 
[INFO] [stdout] 
[INFO] [stdout] error[E0425]: cannot find function `mem_diff` in module `himada_core::sysmem`
[INFO] [stdout]    --> himada-core/benches/bench_sysmem.rs:149:55
[INFO] [stdout]     |
[INFO] [stdout] 149 |                     let result = himada_core::sysmem::mem_diff(
[INFO] [stdout]     |                                                       ^^^^^^^^ not found in `himada_core::sysmem`
[INFO] [stdout] 
[INFO] [stdout] 
[INFO] [stdout] error[E0425]: cannot find function `page_is_zero` in module `himada_core::sysmem`
[INFO] [stdout]    --> himada-core/benches/bench_sysmem.rs:192:46
[INFO] [stdout]     |
[INFO] [stdout] 192 |                         himada_core::sysmem::page_is_zero(data.as_ptr(), sz)
[INFO] [stdout]     |                                              ^^^^^^^^^^^^ not found in `himada_core::sysmem`
[INFO] [stdout]     |
[INFO] [stdout] note: similarly named function `page_zero` defined here
[INFO] [stdout]    --> himada-core/src/sysmem/page_zero.rs:9:1
[INFO] [stdout]     |
[INFO] [stdout]   9 | pub unsafe fn page_zero(dst: *mut u8, size_bytes: usize) {
[INFO] [stdout]     | ^^^^^^^^^^^^^^^^^^^^^^^^^^^^^^^^^^^^^^^^^^^^^^^^^^^^^^^^
[INFO] [stdout] help: a function with a similar name exists
[INFO] [stdout]     |
[INFO] [stdout] 192 -                         himada_core::sysmem::page_is_zero(data.as_ptr(), sz)
[INFO] [stdout] 192 +                         himada_core::sysmem::page_zero(data.as_ptr(), sz)
[INFO] [stdout]     |
[INFO] [stdout] 
[INFO] [stdout] 
[INFO] [stdout] error[E0425]: cannot find function `fused_crc_zero_check` in module `himada_core::hash`
[INFO] [stdout]    --> himada-core/benches/bench_sysmem.rs:206:53
[INFO] [stdout]     |
[INFO] [stdout] 206 |                     let result = himada_core::hash::fused_crc_zero_check(
[INFO] [stdout]     |                                                     ^^^^^^^^^^^^^^^^^^^^ not found in `himada_core::hash`
[INFO] [stdout] 
[INFO] [stdout] 
[INFO] [stdout] error[E0599]: no method named `features` found for struct `CpuInfo` in the current scope
[INFO] [stdout]    --> himada-dispatch/src/kernels/gemv.rs:268:13
[INFO] [stdout]     |
[INFO] [stdout] 268 |     dna.cpu.features().contains("sse2")
[INFO] [stdout]     |             ^^^^^^^^-- help: remove the arguments
[INFO] [stdout]     |             |
[INFO] [stdout]     |             field, not a method
[INFO] [stdout] 
[INFO] [stdout] 
[INFO] [stdout] error[E0599]: no method named `features` found for struct `CpuInfo` in the current scope
[INFO] [stdout]    --> himada-dispatch/src/kernels/gemv.rs:299:35
[INFO] [stdout]     |
[INFO] [stdout] 299 |         if crate::get_hwdna().cpu.features().contains("avx2") {
[INFO] [stdout]     |                                   ^^^^^^^^-- help: remove the arguments
[INFO] [stdout]     |                                   |
[INFO] [stdout]     |                                   field, not a method
[INFO] [stdout] 
[INFO] [stdout] 
[INFO] [stdout] error[E0599]: no method named `features` found for struct `CpuInfo` in the current scope
[INFO] [stdout]    --> himada-dispatch/src/kernels/gemv.rs:322:13
[INFO] [stdout]     |
[INFO] [stdout] 322 |     dna.cpu.features().contains("avx2")
[INFO] [stdout]     |             ^^^^^^^^-- help: remove the arguments
[INFO] [stdout]     |             |
[INFO] [stdout]     |             field, not a method
[INFO] [stdout] 
[INFO] [stdout] 
[INFO] [stdout] error[E0599]: no method named `features` found for struct `CpuInfo` in the current scope
[INFO] [stdout]   --> himada-dispatch/src/kernels/int.rs:89:35
[INFO] [stdout]    |
[INFO] [stdout] 89 |         if crate::get_hwdna().cpu.features().contains("sse4.1") {
[INFO] [stdout]    |                                   ^^^^^^^^-- help: remove the arguments
[INFO] [stdout]    |                                   |
[INFO] [stdout]    |                                   field, not a method
[INFO] [stdout] 
[INFO] [stdout] 
[INFO] [stdout] error[E0599]: no method named `features` found for struct `CpuInfo` in the current scope
[INFO] [stdout]    --> himada-dispatch/src/kernels/int.rs:113:10
[INFO] [stdout]     |
[INFO] [stdout] 112 |     dna.cpu
[INFO] [stdout] 113 |         .features().contains("sse4.1")
[INFO] [stdout]     |          ^^^^^^^^-- help: remove the arguments
[INFO] [stdout]     |          |
[INFO] [stdout]     |          field, not a method
[INFO] [stdout] 
[INFO] [stdout] 
[INFO] [stdout] error[E0599]: no method named `features` found for struct `CpuInfo` in the current scope
[INFO] [stdout]    --> himada-dispatch/src/kernels/int.rs:135:35
[INFO] [stdout]     |
[INFO] [stdout] 135 |         if crate::get_hwdna().cpu.features().contains("avx2") {
[INFO] [stdout]     |                                   ^^^^^^^^-- help: remove the arguments
[INFO] [stdout]     |                                   |
[INFO] [stdout]     |                                   field, not a method
[INFO] [stdout] 
[INFO] [stdout] 
[INFO] [stdout] For more information about this error, try `rustc --explain E0425`.
[INFO] [stdout] 
[INFO] [stdout] error[E0599]: no method named `features` found for struct `CpuInfo` in the current scope
[INFO] [stdout]    --> himada-dispatch/src/kernels/int.rs:155:13
[INFO] [stdout]     |
[INFO] [stdout] 155 |     dna.cpu.features().contains("avx2")
[INFO] [stdout]     |             ^^^^^^^^-- help: remove the arguments
[INFO] [stdout]     |             |
[INFO] [stdout]     |             field, not a method
[INFO] [stdout] 
[INFO] [stdout] 
[INFO] [stderr] error: could not compile `himada-core` (bench "bench_sysmem") due to 6 previous errors
[INFO] [stderr] warning: build failed, waiting for other jobs to finish...
[INFO] [stdout] error[E0599]: no method named `features` found for struct `CpuInfo` in the current scope
[INFO] [stdout]    --> himada-dispatch/src/kernels/int.rs:230:35
[INFO] [stdout]     |
[INFO] [stdout] 230 |         if crate::get_hwdna().cpu.features().contains("sse2") {
[INFO] [stdout]     |                                   ^^^^^^^^-- help: remove the arguments
[INFO] [stdout]     |                                   |
[INFO] [stdout]     |                                   field, not a method
[INFO] [stdout] 
[INFO] [stdout] 
[INFO] [stdout] error[E0599]: no method named `features` found for struct `CpuInfo` in the current scope
[INFO] [stdout]    --> himada-dispatch/src/kernels/int.rs:251:13
[INFO] [stdout]     |
[INFO] [stdout] 251 |     dna.cpu.features().contains("sse2")
[INFO] [stdout]     |             ^^^^^^^^-- help: remove the arguments
[INFO] [stdout]     |             |
[INFO] [stdout]     |             field, not a method
[INFO] [stdout] 
[INFO] [stdout] 
[INFO] [stdout] error[E0599]: no method named `features` found for struct `CpuInfo` in the current scope
[INFO] [stdout]    --> himada-dispatch/src/kernels/int.rs:273:35
[INFO] [stdout]     |
[INFO] [stdout] 273 |         if crate::get_hwdna().cpu.features().contains("avx2") {
[INFO] [stdout]     |                                   ^^^^^^^^-- help: remove the arguments
[INFO] [stdout]     |                                   |
[INFO] [stdout]     |                                   field, not a method
[INFO] [stdout] 
[INFO] [stdout] 
[INFO] [stdout] error[E0599]: no method named `features` found for struct `CpuInfo` in the current scope
[INFO] [stdout]    --> himada-dispatch/src/kernels/int.rs:296:13
[INFO] [stdout]     |
[INFO] [stdout] 296 |     dna.cpu.features().contains("avx2")
[INFO] [stdout]     |             ^^^^^^^^-- help: remove the arguments
[INFO] [stdout]     |             |
[INFO] [stdout]     |             field, not a method
[INFO] [stdout] 
[INFO] [stdout] 
[INFO] [stdout] error[E0599]: no method named `features` found for struct `CpuInfo` in the current scope
[INFO] [stdout]    --> himada-dispatch/src/kernels/int.rs:370:35
[INFO] [stdout]     |
[INFO] [stdout] 370 |         if crate::get_hwdna().cpu.features().contains("sse2") {
[INFO] [stdout]     |                                   ^^^^^^^^-- help: remove the arguments
[INFO] [stdout]     |                                   |
[INFO] [stdout]     |                                   field, not a method
[INFO] [stdout] 
[INFO] [stdout] 
[INFO] [stdout] error[E0599]: no method named `features` found for struct `CpuInfo` in the current scope
[INFO] [stdout]    --> himada-dispatch/src/kernels/int.rs:390:13
[INFO] [stdout]     |
[INFO] [stdout] 390 |     dna.cpu.features().contains("sse2")
[INFO] [stdout]     |             ^^^^^^^^-- help: remove the arguments
[INFO] [stdout]     |             |
[INFO] [stdout]     |             field, not a method
[INFO] [stdout] 
[INFO] [stdout] 
[INFO] [stdout] error[E0599]: no method named `features` found for struct `CpuInfo` in the current scope
[INFO] [stdout]    --> himada-dispatch/src/kernels/int.rs:412:35
[INFO] [stdout]     |
[INFO] [stdout] 412 |         if crate::get_hwdna().cpu.features().contains("avx2") {
[INFO] [stdout]     |                                   ^^^^^^^^-- help: remove the arguments
[INFO] [stdout]     |                                   |
[INFO] [stdout]     |                                   field, not a method
[INFO] [stdout] 
[INFO] [stdout] 
[INFO] [stdout] error[E0599]: no method named `features` found for struct `CpuInfo` in the current scope
[INFO] [stdout]    --> himada-dispatch/src/kernels/int.rs:432:13
[INFO] [stdout]     |
[INFO] [stdout] 432 |     dna.cpu.features().contains("avx2")
[INFO] [stdout]     |             ^^^^^^^^-- help: remove the arguments
[INFO] [stdout]     |             |
[INFO] [stdout]     |             field, not a method
[INFO] [stdout] 
[INFO] [stdout] 
[INFO] [stdout] error[E0599]: no method named `features` found for struct `CpuInfo` in the current scope
[INFO] [stdout]    --> himada-dispatch/src/kernels/int.rs:506:35
[INFO] [stdout]     |
[INFO] [stdout] 506 |         if crate::get_hwdna().cpu.features().contains("sse4.1") {
[INFO] [stdout]     |                                   ^^^^^^^^-- help: remove the arguments
[INFO] [stdout]     |                                   |
[INFO] [stdout]     |                                   field, not a method
[INFO] [stdout] 
[INFO] [stdout] 
[INFO] [stdout] error[E0599]: no method named `features` found for struct `CpuInfo` in the current scope
[INFO] [stdout]    --> himada-dispatch/src/kernels/int.rs:533:10
[INFO] [stdout]     |
[INFO] [stdout] 532 |     dna.cpu
[INFO] [stdout] 533 |         .features().contains("sse4.1")
[INFO] [stdout]     |          ^^^^^^^^-- help: remove the arguments
[INFO] [stdout]     |          |
[INFO] [stdout]     |          field, not a method
[INFO] [stdout] 
[INFO] [stdout] 
[INFO] [stdout] error[E0599]: no method named `features` found for struct `CpuInfo` in the current scope
[INFO] [stdout]    --> himada-dispatch/src/kernels/int.rs:555:35
[INFO] [stdout]     |
[INFO] [stdout] 555 |         if crate::get_hwdna().cpu.features().contains("avx2") {
[INFO] [stdout]     |                                   ^^^^^^^^-- help: remove the arguments
[INFO] [stdout]     |                                   |
[INFO] [stdout]     |                                   field, not a method
[INFO] [stdout] 
[INFO] [stdout] 
[INFO] [stdout] error[E0599]: no method named `features` found for struct `CpuInfo` in the current scope
[INFO] [stdout]    --> himada-dispatch/src/kernels/int.rs:581:13
[INFO] [stdout]     |
[INFO] [stdout] 581 |     dna.cpu.features().contains("avx2")
[INFO] [stdout]     |             ^^^^^^^^-- help: remove the arguments
[INFO] [stdout]     |             |
[INFO] [stdout]     |             field, not a method
[INFO] [stdout] 
[INFO] [stdout] 
[INFO] [stdout] error[E0599]: no method named `features` found for struct `CpuInfo` in the current scope
[INFO] [stdout]    --> himada-dispatch/src/kernels/int.rs:657:35
[INFO] [stdout]     |
[INFO] [stdout] 657 |         if crate::get_hwdna().cpu.features().contains("sse2") {
[INFO] [stdout]     |                                   ^^^^^^^^-- help: remove the arguments
[INFO] [stdout]     |                                   |
[INFO] [stdout]     |                                   field, not a method
[INFO] [stdout] 
[INFO] [stdout] 
[INFO] [stdout] error[E0599]: no method named `features` found for struct `CpuInfo` in the current scope
[INFO] [stdout]    --> himada-dispatch/src/kernels/int.rs:679:13
[INFO] [stdout]     |
[INFO] [stdout] 679 |     dna.cpu.features().contains("sse2")
[INFO] [stdout]     |             ^^^^^^^^-- help: remove the arguments
[INFO] [stdout]     |             |
[INFO] [stdout]     |             field, not a method
[INFO] [stdout] 
[INFO] [stdout] 
[INFO] [stdout] error[E0599]: no method named `features` found for struct `CpuInfo` in the current scope
[INFO] [stdout]    --> himada-dispatch/src/kernels/int.rs:700:35
[INFO] [stdout]     |
[INFO] [stdout] 700 |         if crate::get_hwdna().cpu.features().contains("avx2") {
[INFO] [stdout]     |                                   ^^^^^^^^-- help: remove the arguments
[INFO] [stdout]     |                                   |
[INFO] [stdout]     |                                   field, not a method
[INFO] [stdout] 
[INFO] [stdout] 
[INFO] [stdout] error[E0599]: no method named `features` found for struct `CpuInfo` in the current scope
[INFO] [stdout]    --> himada-dispatch/src/kernels/int.rs:719:13
[INFO] [stdout]     |
[INFO] [stdout] 719 |     dna.cpu.features().contains("avx2")
[INFO] [stdout]     |             ^^^^^^^^-- help: remove the arguments
[INFO] [stdout]     |             |
[INFO] [stdout]     |             field, not a method
[INFO] [stdout] 
[INFO] [stdout] 
[INFO] [stdout] error[E0599]: no method named `features` found for struct `CpuInfo` in the current scope
[INFO] [stdout]    --> himada-dispatch/src/kernels/int.rs:789:35
[INFO] [stdout]     |
[INFO] [stdout] 789 |         if crate::get_hwdna().cpu.features().contains("sse2") {
[INFO] [stdout]     |                                   ^^^^^^^^-- help: remove the arguments
[INFO] [stdout]     |                                   |
[INFO] [stdout]     |                                   field, not a method
[INFO] [stdout] 
[INFO] [stdout] 
[INFO] [stdout] error[E0599]: no method named `features` found for struct `CpuInfo` in the current scope
[INFO] [stdout]    --> himada-dispatch/src/kernels/int.rs:808:13
[INFO] [stdout]     |
[INFO] [stdout] 808 |     dna.cpu.features().contains("sse2")
[INFO] [stdout]     |             ^^^^^^^^-- help: remove the arguments
[INFO] [stdout]     |             |
[INFO] [stdout]     |             field, not a method
[INFO] [stdout] 
[INFO] [stdout] 
[INFO] [stdout] error[E0599]: no method named `features` found for struct `CpuInfo` in the current scope
[INFO] [stdout]    --> himada-dispatch/src/kernels/int.rs:829:35
[INFO] [stdout]     |
[INFO] [stdout] 829 |         if crate::get_hwdna().cpu.features().contains("avx2") {
[INFO] [stdout]     |                                   ^^^^^^^^-- help: remove the arguments
[INFO] [stdout]     |                                   |
[INFO] [stdout]     |                                   field, not a method
[INFO] [stdout] 
[INFO] [stdout] 
[INFO] [stdout] error[E0599]: no method named `features` found for struct `CpuInfo` in the current scope
[INFO] [stdout]    --> himada-dispatch/src/kernels/int.rs:848:13
[INFO] [stdout]     |
[INFO] [stdout] 848 |     dna.cpu.features().contains("avx2")
[INFO] [stdout]     |             ^^^^^^^^-- help: remove the arguments
[INFO] [stdout]     |             |
[INFO] [stdout]     |             field, not a method
[INFO] [stdout] 
[INFO] [stdout] 
[INFO] [stdout] error[E0599]: no method named `features` found for struct `CpuInfo` in the current scope
[INFO] [stdout]    --> himada-dispatch/src/kernels/int.rs:918:35
[INFO] [stdout]     |
[INFO] [stdout] 918 |         if crate::get_hwdna().cpu.features().contains("sse2") {
[INFO] [stdout]     |                                   ^^^^^^^^-- help: remove the arguments
[INFO] [stdout]     |                                   |
[INFO] [stdout]     |                                   field, not a method
[INFO] [stdout] 
[INFO] [stdout] 
[INFO] [stdout] error[E0599]: no method named `features` found for struct `CpuInfo` in the current scope
[INFO] [stdout]    --> himada-dispatch/src/kernels/int.rs:937:13
[INFO] [stdout]     |
[INFO] [stdout] 937 |     dna.cpu.features().contains("sse2")
[INFO] [stdout]     |             ^^^^^^^^-- help: remove the arguments
[INFO] [stdout]     |             |
[INFO] [stdout]     |             field, not a method
[INFO] [stdout] 
[INFO] [stdout] 
[INFO] [stdout] error[E0599]: no method named `features` found for struct `CpuInfo` in the current scope
[INFO] [stdout]    --> himada-dispatch/src/kernels/int.rs:958:35
[INFO] [stdout]     |
[INFO] [stdout] 958 |         if crate::get_hwdna().cpu.features().contains("avx2") {
[INFO] [stdout]     |                                   ^^^^^^^^-- help: remove the arguments
[INFO] [stdout]     |                                   |
[INFO] [stdout]     |                                   field, not a method
[INFO] [stdout] 
[INFO] [stdout] 
[INFO] [stdout] error[E0599]: no method named `features` found for struct `CpuInfo` in the current scope
[INFO] [stdout]    --> himada-dispatch/src/kernels/int.rs:977:13
[INFO] [stdout]     |
[INFO] [stdout] 977 |     dna.cpu.features().contains("avx2")
[INFO] [stdout]     |             ^^^^^^^^-- help: remove the arguments
[INFO] [stdout]     |             |
[INFO] [stdout]     |             field, not a method
[INFO] [stdout] 
[INFO] [stdout] 
[INFO] [stdout] error[E0599]: no method named `features` found for struct `CpuInfo` in the current scope
[INFO] [stdout]     --> himada-dispatch/src/kernels/int.rs:1046:35
[INFO] [stdout]      |
[INFO] [stdout] 1046 |         if crate::get_hwdna().cpu.features().contains("sse2") {
[INFO] [stdout]      |                                   ^^^^^^^^-- help: remove the arguments
[INFO] [stdout]      |                                   |
[INFO] [stdout]      |                                   field, not a method
[INFO] [stdout] 
[INFO] [stdout] 
[INFO] [stdout] error[E0599]: no method named `features` found for struct `CpuInfo` in the current scope
[INFO] [stdout]     --> himada-dispatch/src/kernels/int.rs:1067:13
[INFO] [stdout]      |
[INFO] [stdout] 1067 |     dna.cpu.features().contains("sse2")
[INFO] [stdout]      |             ^^^^^^^^-- help: remove the arguments
[INFO] [stdout]      |             |
[INFO] [stdout]      |             field, not a method
[INFO] [stdout] 
[INFO] [stdout] 
[INFO] [stdout] error[E0599]: no method named `features` found for struct `CpuInfo` in the current scope
[INFO] [stdout]     --> himada-dispatch/src/kernels/int.rs:1087:35
[INFO] [stdout]      |
[INFO] [stdout] 1087 |         if crate::get_hwdna().cpu.features().contains("avx2") {
[INFO] [stdout]      |                                   ^^^^^^^^-- help: remove the arguments
[INFO] [stdout]      |                                   |
[INFO] [stdout]      |                                   field, not a method
[INFO] [stdout] 
[INFO] [stdout] 
[INFO] [stdout] error[E0599]: no method named `features` found for struct `CpuInfo` in the current scope
[INFO] [stdout]     --> himada-dispatch/src/kernels/int.rs:1108:13
[INFO] [stdout]      |
[INFO] [stdout] 1108 |     dna.cpu.features().contains("avx2")
[INFO] [stdout]      |             ^^^^^^^^-- help: remove the arguments
[INFO] [stdout]      |             |
[INFO] [stdout]      |             field, not a method
[INFO] [stdout] 
[INFO] [stdout] 
[INFO] [stdout] error[E0599]: no method named `features` found for struct `CpuInfo` in the current scope
[INFO] [stdout]     --> himada-dispatch/src/kernels/int.rs:1189:35
[INFO] [stdout]      |
[INFO] [stdout] 1189 |         if crate::get_hwdna().cpu.features().contains("sse4.1") {
[INFO] [stdout]      |                                   ^^^^^^^^-- help: remove the arguments
[INFO] [stdout]      |                                   |
[INFO] [stdout]      |                                   field, not a method
[INFO] [stdout] 
[INFO] [stdout] 
[INFO] [stdout] error[E0599]: no method named `features` found for struct `CpuInfo` in the current scope
[INFO] [stdout]     --> himada-dispatch/src/kernels/int.rs:1211:10
[INFO] [stdout]      |
[INFO] [stdout] 1210 |     dna.cpu
[INFO] [stdout] 1211 |         .features().contains("sse4.1")
[INFO] [stdout]      |          ^^^^^^^^-- help: remove the arguments
[INFO] [stdout]      |          |
[INFO] [stdout]      |          field, not a method
[INFO] [stdout] 
[INFO] [stdout] 
[INFO] [stdout] error[E0599]: no method named `features` found for struct `CpuInfo` in the current scope
[INFO] [stdout]     --> himada-dispatch/src/kernels/int.rs:1232:35
[INFO] [stdout]      |
[INFO] [stdout] 1232 |         if crate::get_hwdna().cpu.features().contains("avx2") {
[INFO] [stdout]      |                                   ^^^^^^^^-- help: remove the arguments
[INFO] [stdout]      |                                   |
[INFO] [stdout]      |                                   field, not a method
[INFO] [stdout] 
[INFO] [stdout] 
[INFO] [stdout] error[E0599]: no method named `features` found for struct `CpuInfo` in the current scope
[INFO] [stdout]     --> himada-dispatch/src/kernels/int.rs:1253:13
[INFO] [stdout]      |
[INFO] [stdout] 1253 |     dna.cpu.features().contains("avx2")
[INFO] [stdout]      |             ^^^^^^^^-- help: remove the arguments
[INFO] [stdout]      |             |
[INFO] [stdout]      |             field, not a method
[INFO] [stdout] 
[INFO] [stdout] 
[INFO] [stdout] error[E0599]: no method named `features` found for struct `CpuInfo` in the current scope
[INFO] [stdout]     --> himada-dispatch/src/kernels/int.rs:1326:35
[INFO] [stdout]      |
[INFO] [stdout] 1326 |         if crate::get_hwdna().cpu.features().contains("sse2") {
[INFO] [stdout]      |                                   ^^^^^^^^-- help: remove the arguments
[INFO] [stdout]      |                                   |
[INFO] [stdout]      |                                   field, not a method
[INFO] [stdout] 
[INFO] [stdout] 
[INFO] [stdout] error[E0599]: no method named `features` found for struct `CpuInfo` in the current scope
[INFO] [stdout]     --> himada-dispatch/src/kernels/int.rs:1350:13
[INFO] [stdout]      |
[INFO] [stdout] 1350 |     dna.cpu.features().contains("sse2")
[INFO] [stdout]      |             ^^^^^^^^-- help: remove the arguments
[INFO] [stdout]      |             |
[INFO] [stdout]      |             field, not a method
[INFO] [stdout] 
[INFO] [stdout] 
[INFO] [stdout] error[E0599]: no method named `features` found for struct `CpuInfo` in the current scope
[INFO] [stdout]     --> himada-dispatch/src/kernels/int.rs:1370:35
[INFO] [stdout]      |
[INFO] [stdout] 1370 |         if crate::get_hwdna().cpu.features().contains("avx2") {
[INFO] [stdout]      |                                   ^^^^^^^^-- help: remove the arguments
[INFO] [stdout]      |                                   |
[INFO] [stdout]      |                                   field, not a method
[INFO] [stdout] 
[INFO] [stdout] 
[INFO] [stdout] error[E0599]: no method named `features` found for struct `CpuInfo` in the current scope
[INFO] [stdout]     --> himada-dispatch/src/kernels/int.rs:1393:13
[INFO] [stdout]      |
[INFO] [stdout] 1393 |     dna.cpu.features().contains("avx2")
[INFO] [stdout]      |             ^^^^^^^^-- help: remove the arguments
[INFO] [stdout]      |             |
[INFO] [stdout]      |             field, not a method
[INFO] [stdout] 
[INFO] [stdout] 
[INFO] [stdout] error[E0599]: no method named `features` found for struct `CpuInfo` in the current scope
[INFO] [stdout]     --> himada-dispatch/src/kernels/int.rs:1470:35
[INFO] [stdout]      |
[INFO] [stdout] 1470 |         if crate::get_hwdna().cpu.features().contains("sse2") {
[INFO] [stdout]      |                                   ^^^^^^^^-- help: remove the arguments
[INFO] [stdout]      |                                   |
[INFO] [stdout]      |                                   field, not a method
[INFO] [stdout] 
[INFO] [stdout] 
[INFO] [stdout] error[E0599]: no method named `features` found for struct `CpuInfo` in the current scope
[INFO] [stdout]     --> himada-dispatch/src/kernels/int.rs:1491:13
[INFO] [stdout]      |
[INFO] [stdout] 1491 |     dna.cpu.features().contains("sse2")
[INFO] [stdout]      |             ^^^^^^^^-- help: remove the arguments
[INFO] [stdout]      |             |
[INFO] [stdout]      |             field, not a method
[INFO] [stdout] 
[INFO] [stdout] 
[INFO] [stdout] error[E0599]: no method named `features` found for struct `CpuInfo` in the current scope
[INFO] [stdout]     --> himada-dispatch/src/kernels/int.rs:1512:35
[INFO] [stdout]      |
[INFO] [stdout] 1512 |         if crate::get_hwdna().cpu.features().contains("avx2") {
[INFO] [stdout]      |                                   ^^^^^^^^-- help: remove the arguments
[INFO] [stdout]      |                                   |
[INFO] [stdout]      |                                   field, not a method
[INFO] [stdout] 
[INFO] [stdout] 
[INFO] [stdout] error[E0599]: no method named `features` found for struct `CpuInfo` in the current scope
[INFO] [stdout]     --> himada-dispatch/src/kernels/int.rs:1533:13
[INFO] [stdout]      |
[INFO] [stdout] 1533 |     dna.cpu.features().contains("avx2")
[INFO] [stdout]      |             ^^^^^^^^-- help: remove the arguments
[INFO] [stdout]      |             |
[INFO] [stdout]      |             field, not a method
[INFO] [stdout] 
[INFO] [stdout] 
[INFO] [stdout] error[E0599]: no method named `features` found for struct `CpuInfo` in the current scope
[INFO] [stdout]     --> himada-dispatch/src/kernels/int.rs:1610:35
[INFO] [stdout]      |
[INFO] [stdout] 1610 |         if crate::get_hwdna().cpu.features().contains("sse4.1") {
[INFO] [stdout]      |                                   ^^^^^^^^-- help: remove the arguments
[INFO] [stdout]      |                                   |
[INFO] [stdout]      |                                   field, not a method
[INFO] [stdout] 
[INFO] [stdout] 
[INFO] [stdout] error[E0599]: no method named `features` found for struct `CpuInfo` in the current scope
[INFO] [stdout]     --> himada-dispatch/src/kernels/int.rs:1632:10
[INFO] [stdout]      |
[INFO] [stdout] 1631 |     dna.cpu
[INFO] [stdout] 1632 |         .features().contains("sse4.1")
[INFO] [stdout]      |          ^^^^^^^^-- help: remove the arguments
[INFO] [stdout]      |          |
[INFO] [stdout]      |          field, not a method
[INFO] [stdout] 
[INFO] [stdout] 
[INFO] [stdout] error[E0599]: no method named `features` found for struct `CpuInfo` in the current scope
[INFO] [stdout]     --> himada-dispatch/src/kernels/int.rs:1653:35
[INFO] [stdout]      |
[INFO] [stdout] 1653 |         if crate::get_hwdna().cpu.features().contains("avx2") {
[INFO] [stdout]      |                                   ^^^^^^^^-- help: remove the arguments
[INFO] [stdout]      |                                   |
[INFO] [stdout]      |                                   field, not a method
[INFO] [stdout] 
[INFO] [stdout] 
[INFO] [stdout] error[E0599]: no method named `features` found for struct `CpuInfo` in the current scope
[INFO] [stdout]     --> himada-dispatch/src/kernels/int.rs:1674:13
[INFO] [stdout]      |
[INFO] [stdout] 1674 |     dna.cpu.features().contains("avx2")
[INFO] [stdout]      |             ^^^^^^^^-- help: remove the arguments
[INFO] [stdout]      |             |
[INFO] [stdout]      |             field, not a method
[INFO] [stdout] 
[INFO] [stdout] 
[INFO] [stdout] error[E0599]: no method named `features` found for struct `CpuInfo` in the current scope
[INFO] [stdout]     --> himada-dispatch/src/kernels/int.rs:1758:35
[INFO] [stdout]      |
[INFO] [stdout] 1758 |         if crate::get_hwdna().cpu.features().contains("sse4.1") {
[INFO] [stdout]      |                                   ^^^^^^^^-- help: remove the arguments
[INFO] [stdout]      |                                   |
[INFO] [stdout]      |                                   field, not a method
[INFO] [stdout] 
[INFO] [stdout] 
[INFO] [stdout] error[E0599]: no method named `features` found for struct `CpuInfo` in the current scope
[INFO] [stdout]     --> himada-dispatch/src/kernels/int.rs:1782:10
[INFO] [stdout]      |
[INFO] [stdout] 1781 |     dna.cpu
[INFO] [stdout] 1782 |         .features().contains("sse4.1")
[INFO] [stdout]      |          ^^^^^^^^-- help: remove the arguments
[INFO] [stdout]      |          |
[INFO] [stdout]      |          field, not a method
[INFO] [stdout] 
[INFO] [stdout] 
[INFO] [stdout] error[E0599]: no method named `features` found for struct `CpuInfo` in the current scope
[INFO] [stdout]     --> himada-dispatch/src/kernels/int.rs:1803:35
[INFO] [stdout]      |
[INFO] [stdout] 1803 |         if crate::get_hwdna().cpu.features().contains("avx2") {
[INFO] [stdout]      |                                   ^^^^^^^^-- help: remove the arguments
[INFO] [stdout]      |                                   |
[INFO] [stdout]      |                                   field, not a method
[INFO] [stdout] 
[INFO] [stdout] 
[INFO] [stdout] error[E0599]: no method named `features` found for struct `CpuInfo` in the current scope
[INFO] [stdout]     --> himada-dispatch/src/kernels/int.rs:1826:13
[INFO] [stdout]      |
[INFO] [stdout] 1826 |     dna.cpu.features().contains("avx2")
[INFO] [stdout]      |             ^^^^^^^^-- help: remove the arguments
[INFO] [stdout]      |             |
[INFO] [stdout]      |             field, not a method
[INFO] [stdout] 
[INFO] [stdout] 
[INFO] [stdout] error[E0599]: no method named `features` found for struct `CpuInfo` in the current scope
[INFO] [stdout]     --> himada-dispatch/src/kernels/int.rs:1901:35
[INFO] [stdout]      |
[INFO] [stdout] 1901 |         if crate::get_hwdna().cpu.features().contains("sse2") {
[INFO] [stdout]      |                                   ^^^^^^^^-- help: remove the arguments
[INFO] [stdout]      |                                   |
[INFO] [stdout]      |                                   field, not a method
[INFO] [stdout] 
[INFO] [stdout] 
[INFO] [stdout] error[E0599]: no method named `features` found for struct `CpuInfo` in the current scope
[INFO] [stdout]     --> himada-dispatch/src/kernels/int.rs:1928:13
[INFO] [stdout]      |
[INFO] [stdout] 1928 |     dna.cpu.features().contains("sse2")
[INFO] [stdout]      |             ^^^^^^^^-- help: remove the arguments
[INFO] [stdout]      |             |
[INFO] [stdout]      |             field, not a method
[INFO] [stdout] 
[INFO] [stdout] 
[INFO] [stdout] error[E0599]: no method named `features` found for struct `CpuInfo` in the current scope
[INFO] [stdout]     --> himada-dispatch/src/kernels/int.rs:1948:35
[INFO] [stdout]      |
[INFO] [stdout] 1948 |         if crate::get_hwdna().cpu.features().contains("avx2") {
[INFO] [stdout]      |                                   ^^^^^^^^-- help: remove the arguments
[INFO] [stdout]      |                                   |
[INFO] [stdout]      |                                   field, not a method
[INFO] [stdout] 
[INFO] [stdout] 
[INFO] [stdout] error[E0599]: no method named `features` found for struct `CpuInfo` in the current scope
[INFO] [stdout]     --> himada-dispatch/src/kernels/int.rs:1973:13
[INFO] [stdout]      |
[INFO] [stdout] 1973 |     dna.cpu.features().contains("avx2")
[INFO] [stdout]      |             ^^^^^^^^-- help: remove the arguments
[INFO] [stdout]      |             |
[INFO] [stdout]      |             field, not a method
[INFO] [stdout] 
[INFO] [stdout] 
[INFO] [stdout] error[E0599]: no method named `features` found for struct `CpuInfo` in the current scope
[INFO] [stdout]     --> himada-dispatch/src/kernels/int.rs:2053:35
[INFO] [stdout]      |
[INFO] [stdout] 2053 |         if crate::get_hwdna().cpu.features().contains("ssse3") {
[INFO] [stdout]      |                                   ^^^^^^^^-- help: remove the arguments
[INFO] [stdout]      |                                   |
[INFO] [stdout]      |                                   field, not a method
[INFO] [stdout] 
[INFO] [stdout] 
[INFO] [stdout] error[E0599]: no method named `features` found for struct `CpuInfo` in the current scope
[INFO] [stdout]     --> himada-dispatch/src/kernels/int.rs:2077:10
[INFO] [stdout]      |
[INFO] [stdout] 2076 |     dna.cpu
[INFO] [stdout] 2077 |         .features().contains("ssse3")
[INFO] [stdout]      |          ^^^^^^^^-- help: remove the arguments
[INFO] [stdout]      |          |
[INFO] [stdout]      |          field, not a method
[INFO] [stdout] 
[INFO] [stdout] 
[INFO] [stdout] error[E0599]: no method named `features` found for struct `CpuInfo` in the current scope
[INFO] [stdout]     --> himada-dispatch/src/kernels/int.rs:2098:35
[INFO] [stdout]      |
[INFO] [stdout] 2098 |         if crate::get_hwdna().cpu.features().contains("avx2") {
[INFO] [stdout]      |                                   ^^^^^^^^-- help: remove the arguments
[INFO] [stdout]      |                                   |
[INFO] [stdout]      |                                   field, not a method
[INFO] [stdout] 
[INFO] [stdout] 
[INFO] [stdout] error[E0599]: no method named `features` found for struct `CpuInfo` in the current scope
[INFO] [stdout]     --> himada-dispatch/src/kernels/int.rs:2121:13
[INFO] [stdout]      |
[INFO] [stdout] 2121 |     dna.cpu.features().contains("avx2")
[INFO] [stdout]      |             ^^^^^^^^-- help: remove the arguments
[INFO] [stdout]      |             |
[INFO] [stdout]      |             field, not a method
[INFO] [stdout] 
[INFO] [stdout] 
[INFO] [stdout] warning: constant `NT_THRESHOLD` is never used
[INFO] [stdout]  --> himada-core/src/sysmem/page_zero.rs:3:7
[INFO] [stdout]   |
[INFO] [stdout] 3 | const NT_THRESHOLD: usize = 2 * 1024 * 1024;
[INFO] [stdout]   |       ^^^^^^^^^^^^
[INFO] [stdout]   |
[INFO] [stdout]   = note: `#[warn(dead_code)]` (part of `#[warn(unused)]`) on by default
[INFO] [stdout] 
[INFO] [stdout] 
[INFO] [stdout] error[E0599]: no method named `features` found for struct `CpuInfo` in the current scope
[INFO] [stdout]     --> himada-dispatch/src/kernels/int.rs:2201:35
[INFO] [stdout]      |
[INFO] [stdout] 2201 |         if crate::get_hwdna().cpu.features().contains("sse4.1") {
[INFO] [stdout]      |                                   ^^^^^^^^-- help: remove the arguments
[INFO] [stdout]      |                                   |
[INFO] [stdout]      |                                   field, not a method
[INFO] [stdout] 
[INFO] [stdout] 
[INFO] [stdout] error[E0599]: no method named `features` found for struct `CpuInfo` in the current scope
[INFO] [stdout]     --> himada-dispatch/src/kernels/int.rs:2225:10
[INFO] [stdout]      |
[INFO] [stdout] 2224 |     dna.cpu
[INFO] [stdout] 2225 |         .features().contains("sse4.1")
[INFO] [stdout]      |          ^^^^^^^^-- help: remove the arguments
[INFO] [stdout]      |          |
[INFO] [stdout]      |          field, not a method
[INFO] [stdout] 
[INFO] [stdout] 
[INFO] [stdout] error[E0599]: no method named `features` found for struct `CpuInfo` in the current scope
[INFO] [stdout]     --> himada-dispatch/src/kernels/int.rs:2246:35
[INFO] [stdout]      |
[INFO] [stdout] 2246 |         if crate::get_hwdna().cpu.features().contains("avx2") {
[INFO] [stdout]      |                                   ^^^^^^^^-- help: remove the arguments
[INFO] [stdout]      |                                   |
[INFO] [stdout]      |                                   field, not a method
[INFO] [stdout] 
[INFO] [stdout] 
[INFO] [stdout] error[E0599]: no method named `features` found for struct `CpuInfo` in the current scope
[INFO] [stdout]     --> himada-dispatch/src/kernels/int.rs:2269:13
[INFO] [stdout]      |
[INFO] [stdout] 2269 |     dna.cpu.features().contains("avx2")
[INFO] [stdout]      |             ^^^^^^^^-- help: remove the arguments
[INFO] [stdout]      |             |
[INFO] [stdout]      |             field, not a method
[INFO] [stdout] 
[INFO] [stdout] 
[INFO] [stdout] error[E0599]: no method named `features` found for struct `CpuInfo` in the current scope
[INFO] [stdout]     --> himada-dispatch/src/kernels/int.rs:2410:10
[INFO] [stdout]      |
[INFO] [stdout] 2409 |     dna.cpu
[INFO] [stdout] 2410 |         .features().contains("sse4.1")
[INFO] [stdout]      |          ^^^^^^^^-- help: remove the arguments
[INFO] [stdout]      |          |
[INFO] [stdout]      |          field, not a method
[INFO] [stdout] 
[INFO] [stdout] 
[INFO] [stdout] error[E0599]: no method named `features` found for struct `CpuInfo` in the current scope
[INFO] [stdout]     --> himada-dispatch/src/kernels/int.rs:2475:13
[INFO] [stdout]      |
[INFO] [stdout] 2475 |     dna.cpu.features().contains("avx2")
[INFO] [stdout]      |             ^^^^^^^^-- help: remove the arguments
[INFO] [stdout]      |             |
[INFO] [stdout]      |             field, not a method
[INFO] [stdout] 
[INFO] [stdout] 
[INFO] [stdout] error[E0599]: no method named `features` found for struct `CpuInfo` in the current scope
[INFO] [stdout]     --> himada-dispatch/src/kernels/int.rs:2574:13
[INFO] [stdout]      |
[INFO] [stdout] 2574 |     dna.cpu.features().contains("sse2")
[INFO] [stdout]      |             ^^^^^^^^-- help: remove the arguments
[INFO] [stdout]      |             |
[INFO] [stdout]      |             field, not a method
[INFO] [stdout] 
[INFO] [stdout] 
[INFO] [stdout] error[E0599]: no method named `features` found for struct `CpuInfo` in the current scope
[INFO] [stdout]     --> himada-dispatch/src/kernels/int.rs:2605:13
[INFO] [stdout]      |
[INFO] [stdout] 2605 |     dna.cpu.features().contains("avx2")
[INFO] [stdout]      |             ^^^^^^^^-- help: remove the arguments
[INFO] [stdout]      |             |
[INFO] [stdout]      |             field, not a method
[INFO] [stdout] 
[INFO] [stdout] 
[INFO] [stdout] error[E0599]: no method named `features` found for struct `CpuInfo` in the current scope
[INFO] [stdout]     --> himada-dispatch/src/kernels/int.rs:2754:13
[INFO] [stdout]      |
[INFO] [stdout] 2754 |     dna.cpu.features().contains("sse2")
[INFO] [stdout]      |             ^^^^^^^^-- help: remove the arguments
[INFO] [stdout]      |             |
[INFO] [stdout]      |             field, not a method
[INFO] [stdout] 
[INFO] [stdout] 
[INFO] [stdout] error[E0599]: no method named `features` found for struct `CpuInfo` in the current scope
[INFO] [stdout]     --> himada-dispatch/src/kernels/int.rs:2827:13
[INFO] [stdout]      |
[INFO] [stdout] 2827 |     dna.cpu.features().contains("avx2")
[INFO] [stdout]      |             ^^^^^^^^-- help: remove the arguments
[INFO] [stdout]      |             |
[INFO] [stdout]      |             field, not a method
[INFO] [stdout] 
[INFO] [stdout] 
[INFO] [stdout] error[E0599]: no method named `features` found for struct `CpuInfo` in the current scope
[INFO] [stdout]     --> himada-dispatch/src/kernels/int.rs:2995:10
[INFO] [stdout]      |
[INFO] [stdout] 2994 |     dna.cpu
[INFO] [stdout] 2995 |         .features().contains("sse4.1")
[INFO] [stdout]      |          ^^^^^^^^-- help: remove the arguments
[INFO] [stdout]      |          |
[INFO] [stdout]      |          field, not a method
[INFO] [stdout] 
[INFO] [stdout] 
[INFO] [stdout] error[E0599]: no method named `features` found for struct `CpuInfo` in the current scope
[INFO] [stdout]     --> himada-dispatch/src/kernels/int.rs:3087:13
[INFO] [stdout]      |
[INFO] [stdout] 3087 |     dna.cpu.features().contains("avx2")
[INFO] [stdout]      |             ^^^^^^^^-- help: remove the arguments
[INFO] [stdout]      |             |
[INFO] [stdout]      |             field, not a method
[INFO] [stdout] 
[INFO] [stdout] 
[INFO] [stdout] error[E0599]: no method named `features` found for struct `CpuInfo` in the current scope
[INFO] [stdout]     --> himada-dispatch/src/kernels/int.rs:3156:35
[INFO] [stdout]      |
[INFO] [stdout] 3156 |         if crate::get_hwdna().cpu.features().contains("sse4.1") {
[INFO] [stdout]      |                                   ^^^^^^^^-- help: remove the arguments
[INFO] [stdout]      |                                   |
[INFO] [stdout]      |                                   field, not a method
[INFO] [stdout] 
[INFO] [stdout] 
[INFO] [stdout] error[E0599]: no method named `features` found for struct `CpuInfo` in the current scope
[INFO] [stdout]     --> himada-dispatch/src/kernels/int.rs:3176:10
[INFO] [stdout]      |
[INFO] [stdout] 3175 |     dna.cpu
[INFO] [stdout] 3176 |         .features().contains("sse4.1")
[INFO] [stdout]      |          ^^^^^^^^-- help: remove the arguments
[INFO] [stdout]      |          |
[INFO] [stdout]      |          field, not a method
[INFO] [stdout] 
[INFO] [stdout] 
[INFO] [stdout] error[E0599]: no method named `features` found for struct `CpuInfo` in the current scope
[INFO] [stdout]     --> himada-dispatch/src/kernels/int.rs:3194:35
[INFO] [stdout]      |
[INFO] [stdout] 3194 |         if crate::get_hwdna().cpu.features().contains("avx2") {
[INFO] [stdout]      |                                   ^^^^^^^^-- help: remove the arguments
[INFO] [stdout]      |                                   |
[INFO] [stdout]      |                                   field, not a method
[INFO] [stdout] 
[INFO] [stdout] 
[INFO] [stdout] error[E0599]: no method named `features` found for struct `CpuInfo` in the current scope
[INFO] [stdout]     --> himada-dispatch/src/kernels/int.rs:3213:13
[INFO] [stdout]      |
[INFO] [stdout] 3213 |     dna.cpu.features().contains("avx2")
[INFO] [stdout]      |             ^^^^^^^^-- help: remove the arguments
[INFO] [stdout]      |             |
[INFO] [stdout]      |             field, not a method
[INFO] [stdout] 
[INFO] [stdout] 
[INFO] [stdout] error[E0599]: no method named `features` found for struct `CpuInfo` in the current scope
[INFO] [stdout]     --> himada-dispatch/src/kernels/int.rs:3281:35
[INFO] [stdout]      |
[INFO] [stdout] 3281 |         if crate::get_hwdna().cpu.features().contains("sse2") {
[INFO] [stdout]      |                                   ^^^^^^^^-- help: remove the arguments
[INFO] [stdout]      |                                   |
[INFO] [stdout]      |                                   field, not a method
[INFO] [stdout] 
[INFO] [stdout] 
[INFO] [stdout] error[E0599]: no method named `features` found for struct `CpuInfo` in the current scope
[INFO] [stdout]     --> himada-dispatch/src/kernels/int.rs:3298:13
[INFO] [stdout]      |
[INFO] [stdout] 3298 |     dna.cpu.features().contains("sse2")
[INFO] [stdout]      |             ^^^^^^^^-- help: remove the arguments
[INFO] [stdout]      |             |
[INFO] [stdout]      |             field, not a method
[INFO] [stdout] 
[INFO] [stdout] 
[INFO] [stdout] error[E0599]: no method named `features` found for struct `CpuInfo` in the current scope
[INFO] [stdout]     --> himada-dispatch/src/kernels/int.rs:3316:35
[INFO] [stdout]      |
[INFO] [stdout] 3316 |         if crate::get_hwdna().cpu.features().contains("avx2") {
[INFO] [stdout]      |                                   ^^^^^^^^-- help: remove the arguments
[INFO] [stdout]      |                                   |
[INFO] [stdout]      |                                   field, not a method
[INFO] [stdout] 
[INFO] [stdout] 
[INFO] [stdout] error[E0599]: no method named `features` found for struct `CpuInfo` in the current scope
[INFO] [stdout]     --> himada-dispatch/src/kernels/int.rs:3335:13
[INFO] [stdout]      |
[INFO] [stdout] 3335 |     dna.cpu.features().contains("avx2")
[INFO] [stdout]      |             ^^^^^^^^-- help: remove the arguments
[INFO] [stdout]      |             |
[INFO] [stdout]      |             field, not a method
[INFO] [stdout] 
[INFO] [stdout] 
[INFO] [stdout] error[E0599]: no method named `features` found for struct `CpuInfo` in the current scope
[INFO] [stdout]     --> himada-dispatch/src/kernels/int.rs:3398:35
[INFO] [stdout]      |
[INFO] [stdout] 3398 |         if crate::get_hwdna().cpu.features().contains("sse2") {
[INFO] [stdout]      |                                   ^^^^^^^^-- help: remove the arguments
[INFO] [stdout]      |                                   |
[INFO] [stdout]      |                                   field, not a method
[INFO] [stdout] 
[INFO] [stdout] 
[INFO] [stdout] error[E0599]: no method named `features` found for struct `CpuInfo` in the current scope
[INFO] [stdout]     --> himada-dispatch/src/kernels/int.rs:3417:13
[INFO] [stdout]      |
[INFO] [stdout] 3417 |     dna.cpu.features().contains("sse2")
[INFO] [stdout]      |             ^^^^^^^^-- help: remove the arguments
[INFO] [stdout]      |             |
[INFO] [stdout]      |             field, not a method
[INFO] [stdout] 
[INFO] [stdout] 
[INFO] [stdout] error[E0599]: no method named `features` found for struct `CpuInfo` in the current scope
[INFO] [stdout]     --> himada-dispatch/src/kernels/int.rs:3435:35
[INFO] [stdout]      |
[INFO] [stdout] 3435 |         if crate::get_hwdna().cpu.features().contains("avx2") {
[INFO] [stdout]      |                                   ^^^^^^^^-- help: remove the arguments
[INFO] [stdout]      |                                   |
[INFO] [stdout]      |                                   field, not a method
[INFO] [stdout] 
[INFO] [stdout] 
[INFO] [stdout] error[E0599]: no method named `features` found for struct `CpuInfo` in the current scope
[INFO] [stdout]     --> himada-dispatch/src/kernels/int.rs:3454:13
[INFO] [stdout]      |
[INFO] [stdout] 3454 |     dna.cpu.features().contains("avx2")
[INFO] [stdout]      |             ^^^^^^^^-- help: remove the arguments
[INFO] [stdout]      |             |
[INFO] [stdout]      |             field, not a method
[INFO] [stdout] 
[INFO] [stdout] 
[INFO] [stdout] error[E0599]: no method named `features` found for struct `CpuInfo` in the current scope
[INFO] [stdout]     --> himada-dispatch/src/kernels/int.rs:3517:35
[INFO] [stdout]      |
[INFO] [stdout] 3517 |         if crate::get_hwdna().cpu.features().contains("sse4.1") {
[INFO] [stdout]      |                                   ^^^^^^^^-- help: remove the arguments
[INFO] [stdout]      |                                   |
[INFO] [stdout]      |                                   field, not a method
[INFO] [stdout] 
[INFO] [stdout] 
[INFO] [stdout] error[E0599]: no method named `features` found for struct `CpuInfo` in the current scope
[INFO] [stdout]     --> himada-dispatch/src/kernels/int.rs:3546:10
[INFO] [stdout]      |
[INFO] [stdout] 3545 |     dna.cpu
[INFO] [stdout] 3546 |         .features().contains("sse4.1")
[INFO] [stdout]      |          ^^^^^^^^-- help: remove the arguments
[INFO] [stdout]      |          |
[INFO] [stdout]      |          field, not a method
[INFO] [stdout] 
[INFO] [stdout] 
[INFO] [stdout] error[E0599]: no method named `features` found for struct `CpuInfo` in the current scope
[INFO] [stdout]     --> himada-dispatch/src/kernels/int.rs:3564:35
[INFO] [stdout]      |
[INFO] [stdout] 3564 |         if crate::get_hwdna().cpu.features().contains("avx2") {
[INFO] [stdout]      |                                   ^^^^^^^^-- help: remove the arguments
[INFO] [stdout]      |                                   |
[INFO] [stdout]      |                                   field, not a method
[INFO] [stdout] 
[INFO] [stdout] 
[INFO] [stdout] error[E0599]: no method named `features` found for struct `CpuInfo` in the current scope
[INFO] [stdout]     --> himada-dispatch/src/kernels/int.rs:3599:13
[INFO] [stdout]      |
[INFO] [stdout] 3599 |     dna.cpu.features().contains("avx2")
[INFO] [stdout]      |             ^^^^^^^^-- help: remove the arguments
[INFO] [stdout]      |             |
[INFO] [stdout]      |             field, not a method
[INFO] [stdout] 
[INFO] [stdout] 
[INFO] [stdout] error[E0599]: no method named `features` found for struct `CpuInfo` in the current scope
[INFO] [stdout]     --> himada-dispatch/src/kernels/int.rs:3666:35
[INFO] [stdout]      |
[INFO] [stdout] 3666 |         if crate::get_hwdna().cpu.features().contains("sse2") {
[INFO] [stdout]      |                                   ^^^^^^^^-- help: remove the arguments
[INFO] [stdout]      |                                   |
[INFO] [stdout]      |                                   field, not a method
[INFO] [stdout] 
[INFO] [stdout] 
[INFO] [stdout] error[E0599]: no method named `features` found for struct `CpuInfo` in the current scope
[INFO] [stdout]     --> himada-dispatch/src/kernels/int.rs:3682:13
[INFO] [stdout]      |
[INFO] [stdout] 3682 |     dna.cpu.features().contains("sse2")
[INFO] [stdout]      |             ^^^^^^^^-- help: remove the arguments
[INFO] [stdout]      |             |
[INFO] [stdout]      |             field, not a method
[INFO] [stdout] 
[INFO] [stdout] 
[INFO] [stdout] error[E0599]: no method named `features` found for struct `CpuInfo` in the current scope
[INFO] [stdout]     --> himada-dispatch/src/kernels/int.rs:3700:35
[INFO] [stdout]      |
[INFO] [stdout] 3700 |         if crate::get_hwdna().cpu.features().contains("avx2") {
[INFO] [stdout]      |                                   ^^^^^^^^-- help: remove the arguments
[INFO] [stdout]      |                                   |
[INFO] [stdout]      |                                   field, not a method
[INFO] [stdout] 
[INFO] [stdout] 
[INFO] [stdout] error[E0599]: no method named `features` found for struct `CpuInfo` in the current scope
[INFO] [stdout]     --> himada-dispatch/src/kernels/int.rs:3719:13
[INFO] [stdout]      |
[INFO] [stdout] 3719 |     dna.cpu.features().contains("avx2")
[INFO] [stdout]      |             ^^^^^^^^-- help: remove the arguments
[INFO] [stdout]      |             |
[INFO] [stdout]      |             field, not a method
[INFO] [stdout] 
[INFO] [stdout] 
[INFO] [stdout] error[E0599]: no method named `features` found for struct `CpuInfo` in the current scope
[INFO] [stdout]     --> himada-dispatch/src/kernels/int.rs:3782:35
[INFO] [stdout]      |
[INFO] [stdout] 3782 |         if crate::get_hwdna().cpu.features().contains("sse2") {
[INFO] [stdout]      |                                   ^^^^^^^^-- help: remove the arguments
[INFO] [stdout]      |                                   |
[INFO] [stdout]      |                                   field, not a method
[INFO] [stdout] 
[INFO] [stdout] 
[INFO] [stdout] error[E0599]: no method named `features` found for struct `CpuInfo` in the current scope
[INFO] [stdout]     --> himada-dispatch/src/kernels/int.rs:3798:13
[INFO] [stdout]      |
[INFO] [stdout] 3798 |     dna.cpu.features().contains("sse2")
[INFO] [stdout]      |             ^^^^^^^^-- help: remove the arguments
[INFO] [stdout]      |             |
[INFO] [stdout]      |             field, not a method
[INFO] [stdout] 
[INFO] [stdout] 
[INFO] [stdout] error[E0599]: no method named `features` found for struct `CpuInfo` in the current scope
[INFO] [stdout]     --> himada-dispatch/src/kernels/int.rs:3816:35
[INFO] [stdout]      |
[INFO] [stdout] 3816 |         if crate::get_hwdna().cpu.features().contains("avx2") {
[INFO] [stdout]      |                                   ^^^^^^^^-- help: remove the arguments
[INFO] [stdout]      |                                   |
[INFO] [stdout]      |                                   field, not a method
[INFO] [stdout] 
[INFO] [stdout] 
[INFO] [stdout] error[E0599]: no method named `features` found for struct `CpuInfo` in the current scope
[INFO] [stdout]     --> himada-dispatch/src/kernels/int.rs:3835:13
[INFO] [stdout]      |
[INFO] [stdout] 3835 |     dna.cpu.features().contains("avx2")
[INFO] [stdout]      |             ^^^^^^^^-- help: remove the arguments
[INFO] [stdout]      |             |
[INFO] [stdout]      |             field, not a method
[INFO] [stdout] 
[INFO] [stdout] 
[INFO] [stdout] error[E0599]: no method named `features` found for struct `CpuInfo` in the current scope
[INFO] [stdout]     --> himada-dispatch/src/kernels/int.rs:3898:35
[INFO] [stdout]      |
[INFO] [stdout] 3898 |         if crate::get_hwdna().cpu.features().contains("sse2") {
[INFO] [stdout]      |                                   ^^^^^^^^-- help: remove the arguments
[INFO] [stdout]      |                                   |
[INFO] [stdout]      |                                   field, not a method
[INFO] [stdout] 
[INFO] [stdout] 
[INFO] [stdout] error[E0599]: no method named `features` found for struct `CpuInfo` in the current scope
[INFO] [stdout]     --> himada-dispatch/src/kernels/int.rs:3914:13
[INFO] [stdout]      |
[INFO] [stdout] 3914 |     dna.cpu.features().contains("sse2")
[INFO] [stdout]      |             ^^^^^^^^-- help: remove the arguments
[INFO] [stdout]      |             |
[INFO] [stdout]      |             field, not a method
[INFO] [stdout] 
[INFO] [stdout] 
[INFO] [stdout] error[E0599]: no method named `features` found for struct `CpuInfo` in the current scope
[INFO] [stdout]     --> himada-dispatch/src/kernels/int.rs:3932:35
[INFO] [stdout]      |
[INFO] [stdout] 3932 |         if crate::get_hwdna().cpu.features().contains("avx2") {
[INFO] [stdout]      |                                   ^^^^^^^^-- help: remove the arguments
[INFO] [stdout]      |                                   |
[INFO] [stdout]      |                                   field, not a method
[INFO] [stdout] 
[INFO] [stdout] 
[INFO] [stdout] error[E0599]: no method named `features` found for struct `CpuInfo` in the current scope
[INFO] [stdout]     --> himada-dispatch/src/kernels/int.rs:3951:13
[INFO] [stdout]      |
[INFO] [stdout] 3951 |     dna.cpu.features().contains("avx2")
[INFO] [stdout]      |             ^^^^^^^^-- help: remove the arguments
[INFO] [stdout]      |             |
[INFO] [stdout]      |             field, not a method
[INFO] [stdout] 
[INFO] [stdout] 
[INFO] [stdout] error[E0599]: no method named `features` found for struct `CpuInfo` in the current scope
[INFO] [stdout]     --> himada-dispatch/src/kernels/int.rs:4014:35
[INFO] [stdout]      |
[INFO] [stdout] 4014 |         if crate::get_hwdna().cpu.features().contains("sse2") {
[INFO] [stdout]      |                                   ^^^^^^^^-- help: remove the arguments
[INFO] [stdout]      |                                   |
[INFO] [stdout]      |                                   field, not a method
[INFO] [stdout] 
[INFO] [stdout] 
[INFO] [stdout] error[E0599]: no method named `features` found for struct `CpuInfo` in the current scope
[INFO] [stdout]     --> himada-dispatch/src/kernels/int.rs:4030:13
[INFO] [stdout]      |
[INFO] [stdout] 4030 |     dna.cpu.features().contains("sse2")
[INFO] [stdout]      |             ^^^^^^^^-- help: remove the arguments
[INFO] [stdout]      |             |
[INFO] [stdout]      |             field, not a method
[INFO] [stdout] 
[INFO] [stdout] 
[INFO] [stdout] error[E0599]: no method named `features` found for struct `CpuInfo` in the current scope
[INFO] [stdout]     --> himada-dispatch/src/kernels/int.rs:4048:35
[INFO] [stdout]      |
[INFO] [stdout] 4048 |         if crate::get_hwdna().cpu.features().contains("avx2") {
[INFO] [stdout]      |                                   ^^^^^^^^-- help: remove the arguments
[INFO] [stdout]      |                                   |
[INFO] [stdout]      |                                   field, not a method
[INFO] [stdout] 
[INFO] [stdout] 
[INFO] [stdout] error[E0599]: no method named `features` found for struct `CpuInfo` in the current scope
[INFO] [stdout]     --> himada-dispatch/src/kernels/int.rs:4067:13
[INFO] [stdout]      |
[INFO] [stdout] 4067 |     dna.cpu.features().contains("avx2")
[INFO] [stdout]      |             ^^^^^^^^-- help: remove the arguments
[INFO] [stdout]      |             |
[INFO] [stdout]      |             field, not a method
[INFO] [stdout] 
[INFO] [stdout] 
[INFO] [stdout] error[E0599]: no method named `features` found for struct `CpuInfo` in the current scope
[INFO] [stdout]     --> himada-dispatch/src/kernels/int.rs:4134:35
[INFO] [stdout]      |
[INFO] [stdout] 4134 |         if crate::get_hwdna().cpu.features().contains("sse2") {
[INFO] [stdout]      |                                   ^^^^^^^^-- help: remove the arguments
[INFO] [stdout]      |                                   |
[INFO] [stdout]      |                                   field, not a method
[INFO] [stdout] 
[INFO] [stdout] 
[INFO] [stdout] error[E0599]: no method named `features` found for struct `CpuInfo` in the current scope
[INFO] [stdout]     --> himada-dispatch/src/kernels/int.rs:4150:13
[INFO] [stdout]      |
[INFO] [stdout] 4150 |     dna.cpu.features().contains("sse2")
[INFO] [stdout]      |             ^^^^^^^^-- help: remove the arguments
[INFO] [stdout]      |             |
[INFO] [stdout]      |             field, not a method
[INFO] [stdout] 
[INFO] [stdout] 
[INFO] [stdout] error[E0599]: no method named `features` found for struct `CpuInfo` in the current scope
[INFO] [stdout]     --> himada-dispatch/src/kernels/int.rs:4168:35
[INFO] [stdout]      |
[INFO] [stdout] 4168 |         if crate::get_hwdna().cpu.features().contains("avx2") {
[INFO] [stdout]      |                                   ^^^^^^^^-- help: remove the arguments
[INFO] [stdout]      |                                   |
[INFO] [stdout]      |                                   field, not a method
[INFO] [stdout] 
[INFO] [stdout] 
[INFO] [stdout] error[E0599]: no method named `features` found for struct `CpuInfo` in the current scope
[INFO] [stdout]     --> himada-dispatch/src/kernels/int.rs:4187:13
[INFO] [stdout]      |
[INFO] [stdout] 4187 |     dna.cpu.features().contains("avx2")
[INFO] [stdout]      |             ^^^^^^^^-- help: remove the arguments
[INFO] [stdout]      |             |
[INFO] [stdout]      |             field, not a method
[INFO] [stdout] 
[INFO] [stdout] 
[INFO] [stdout] error[E0599]: no method named `features` found for struct `CpuInfo` in the current scope
[INFO] [stdout]     --> himada-dispatch/src/kernels/int.rs:4250:35
[INFO] [stdout]      |
[INFO] [stdout] 4250 |         if crate::get_hwdna().cpu.features().contains("sse2") {
[INFO] [stdout]      |                                   ^^^^^^^^-- help: remove the arguments
[INFO] [stdout]      |                                   |
[INFO] [stdout]      |                                   field, not a method
[INFO] [stdout] 
[INFO] [stdout] 
[INFO] [stdout] error[E0599]: no method named `features` found for struct `CpuInfo` in the current scope
[INFO] [stdout]     --> himada-dispatch/src/kernels/int.rs:4266:13
[INFO] [stdout]      |
[INFO] [stdout] 4266 |     dna.cpu.features().contains("sse2")
[INFO] [stdout]      |             ^^^^^^^^-- help: remove the arguments
[INFO] [stdout]      |             |
[INFO] [stdout]      |             field, not a method
[INFO] [stdout] 
[INFO] [stdout] 
[INFO] [stdout] error[E0599]: no method named `features` found for struct `CpuInfo` in the current scope
[INFO] [stdout]     --> himada-dispatch/src/kernels/int.rs:4284:35
[INFO] [stdout]      |
[INFO] [stdout] 4284 |         if crate::get_hwdna().cpu.features().contains("avx2") {
[INFO] [stdout]      |                                   ^^^^^^^^-- help: remove the arguments
[INFO] [stdout]      |                                   |
[INFO] [stdout]      |                                   field, not a method
[INFO] [stdout] 
[INFO] [stdout] 
[INFO] [stdout] error[E0599]: no method named `features` found for struct `CpuInfo` in the current scope
[INFO] [stdout]     --> himada-dispatch/src/kernels/int.rs:4303:13
[INFO] [stdout]      |
[INFO] [stdout] 4303 |     dna.cpu.features().contains("avx2")
[INFO] [stdout]      |             ^^^^^^^^-- help: remove the arguments
[INFO] [stdout]      |             |
[INFO] [stdout]      |             field, not a method
[INFO] [stdout] 
[INFO] [stdout] 
[INFO] [stdout] error[E0599]: no method named `features` found for struct `CpuInfo` in the current scope
[INFO] [stdout]     --> himada-dispatch/src/kernels/int.rs:4366:35
[INFO] [stdout]      |
[INFO] [stdout] 4366 |         if crate::get_hwdna().cpu.features().contains("sse2") {
[INFO] [stdout]      |                                   ^^^^^^^^-- help: remove the arguments
[INFO] [stdout]      |                                   |
[INFO] [stdout]      |                                   field, not a method
[INFO] [stdout] 
[INFO] [stdout] 
[INFO] [stdout] error[E0599]: no method named `features` found for struct `CpuInfo` in the current scope
[INFO] [stdout]     --> himada-dispatch/src/kernels/int.rs:4382:13
[INFO] [stdout]      |
[INFO] [stdout] 4382 |     dna.cpu.features().contains("sse2")
[INFO] [stdout]      |             ^^^^^^^^-- help: remove the arguments
[INFO] [stdout]      |             |
[INFO] [stdout]      |             field, not a method
[INFO] [stdout] 
[INFO] [stdout] 
[INFO] [stdout] error[E0599]: no method named `features` found for struct `CpuInfo` in the current scope
[INFO] [stdout]     --> himada-dispatch/src/kernels/int.rs:4400:35
[INFO] [stdout]      |
[INFO] [stdout] 4400 |         if crate::get_hwdna().cpu.features().contains("avx2") {
[INFO] [stdout]      |                                   ^^^^^^^^-- help: remove the arguments
[INFO] [stdout]      |                                   |
[INFO] [stdout]      |                                   field, not a method
[INFO] [stdout] 
[INFO] [stdout] 
[INFO] [stdout] error[E0599]: no method named `features` found for struct `CpuInfo` in the current scope
[INFO] [stdout]     --> himada-dispatch/src/kernels/int.rs:4419:13
[INFO] [stdout]      |
[INFO] [stdout] 4419 |     dna.cpu.features().contains("avx2")
[INFO] [stdout]      |             ^^^^^^^^-- help: remove the arguments
[INFO] [stdout]      |             |
[INFO] [stdout]      |             field, not a method
[INFO] [stdout] 
[INFO] [stdout] 
[INFO] [stdout] error[E0599]: no method named `features` found for struct `CpuInfo` in the current scope
[INFO] [stdout]     --> himada-dispatch/src/kernels/int.rs:4482:35
[INFO] [stdout]      |
[INFO] [stdout] 4482 |         if crate::get_hwdna().cpu.features().contains("sse2") {
[INFO] [stdout]      |                                   ^^^^^^^^-- help: remove the arguments
[INFO] [stdout]      |                                   |
[INFO] [stdout]      |                                   field, not a method
[INFO] [stdout] 
[INFO] [stdout] 
[INFO] [stdout] error[E0599]: no method named `features` found for struct `CpuInfo` in the current scope
[INFO] [stdout]     --> himada-dispatch/src/kernels/int.rs:4498:13
[INFO] [stdout]      |
[INFO] [stdout] 4498 |     dna.cpu.features().contains("sse2")
[INFO] [stdout]      |             ^^^^^^^^-- help: remove the arguments
[INFO] [stdout]      |             |
[INFO] [stdout]      |             field, not a method
[INFO] [stdout] 
[INFO] [stdout] 
[INFO] [stdout] error[E0599]: no method named `features` found for struct `CpuInfo` in the current scope
[INFO] [stdout]     --> himada-dispatch/src/kernels/int.rs:4516:35
[INFO] [stdout]      |
[INFO] [stdout] 4516 |         if crate::get_hwdna().cpu.features().contains("avx2") {
[INFO] [stdout]      |                                   ^^^^^^^^-- help: remove the arguments
[INFO] [stdout]      |                                   |
[INFO] [stdout]      |                                   field, not a method
[INFO] [stdout] 
[INFO] [stdout] 
[INFO] [stdout] error[E0599]: no method named `features` found for struct `CpuInfo` in the current scope
[INFO] [stdout]     --> himada-dispatch/src/kernels/int.rs:4535:13
[INFO] [stdout]      |
[INFO] [stdout] 4535 |     dna.cpu.features().contains("avx2")
[INFO] [stdout]      |             ^^^^^^^^-- help: remove the arguments
[INFO] [stdout]      |             |
[INFO] [stdout]      |             field, not a method
[INFO] [stdout] 
[INFO] [stdout] 
[INFO] [stdout] error[E0599]: no method named `features` found for struct `CpuInfo` in the current scope
[INFO] [stdout]     --> himada-dispatch/src/kernels/int.rs:4602:35
[INFO] [stdout]      |
[INFO] [stdout] 4602 |         if crate::get_hwdna().cpu.features().contains("sse4.1") {
[INFO] [stdout]      |                                   ^^^^^^^^-- help: remove the arguments
[INFO] [stdout]      |                                   |
[INFO] [stdout]      |                                   field, not a method
[INFO] [stdout] 
[INFO] [stdout] 
[INFO] [stdout] error[E0599]: no method named `features` found for struct `CpuInfo` in the current scope
[INFO] [stdout]     --> himada-dispatch/src/kernels/int.rs:4622:10
[INFO] [stdout]      |
[INFO] [stdout] 4621 |     dna.cpu
[INFO] [stdout] 4622 |         .features().contains("sse4.1")
[INFO] [stdout]      |          ^^^^^^^^-- help: remove the arguments
[INFO] [stdout]      |          |
[INFO] [stdout]      |          field, not a method
[INFO] [stdout] 
[INFO] [stdout] 
[INFO] [stdout] error[E0599]: no method named `features` found for struct `CpuInfo` in the current scope
[INFO] [stdout]     --> himada-dispatch/src/kernels/int.rs:4640:35
[INFO] [stdout]      |
[INFO] [stdout] 4640 |         if crate::get_hwdna().cpu.features().contains("avx2") {
[INFO] [stdout]      |                                   ^^^^^^^^-- help: remove the arguments
[INFO] [stdout]      |                                   |
[INFO] [stdout]      |                                   field, not a method
[INFO] [stdout] 
[INFO] [stdout] 
[INFO] [stdout] error[E0599]: no method named `features` found for struct `CpuInfo` in the current scope
[INFO] [stdout]     --> himada-dispatch/src/kernels/int.rs:4659:13
[INFO] [stdout]      |
[INFO] [stdout] 4659 |     dna.cpu.features().contains("avx2")
[INFO] [stdout]      |             ^^^^^^^^-- help: remove the arguments
[INFO] [stdout]      |             |
[INFO] [stdout]      |             field, not a method
[INFO] [stdout] 
[INFO] [stdout] 
[INFO] [stdout] error[E0599]: no method named `features` found for struct `CpuInfo` in the current scope
[INFO] [stdout]     --> himada-dispatch/src/kernels/int.rs:4727:35
[INFO] [stdout]      |
[INFO] [stdout] 4727 |         if crate::get_hwdna().cpu.features().contains("sse2") {
[INFO] [stdout]      |                                   ^^^^^^^^-- help: remove the arguments
[INFO] [stdout]      |                                   |
[INFO] [stdout]      |                                   field, not a method
[INFO] [stdout] 
[INFO] [stdout] 
[INFO] [stdout] error[E0599]: no method named `features` found for struct `CpuInfo` in the current scope
[INFO] [stdout]     --> himada-dispatch/src/kernels/int.rs:4744:13
[INFO] [stdout]      |
[INFO] [stdout] 4744 |     dna.cpu.features().contains("sse2")
[INFO] [stdout]      |             ^^^^^^^^-- help: remove the arguments
[INFO] [stdout]      |             |
[INFO] [stdout]      |             field, not a method
[INFO] [stdout] 
[INFO] [stdout] 
[INFO] [stdout] error[E0599]: no method named `features` found for struct `CpuInfo` in the current scope
[INFO] [stdout]     --> himada-dispatch/src/kernels/int.rs:4762:35
[INFO] [stdout]      |
[INFO] [stdout] 4762 |         if crate::get_hwdna().cpu.features().contains("avx2") {
[INFO] [stdout]      |                                   ^^^^^^^^-- help: remove the arguments
[INFO] [stdout]      |                                   |
[INFO] [stdout]      |                                   field, not a method
[INFO] [stdout] 
[INFO] [stdout] 
[INFO] [stdout] error[E0599]: no method named `features` found for struct `CpuInfo` in the current scope
[INFO] [stdout]     --> himada-dispatch/src/kernels/int.rs:4781:13
[INFO] [stdout]      |
[INFO] [stdout] 4781 |     dna.cpu.features().contains("avx2")
[INFO] [stdout]      |             ^^^^^^^^-- help: remove the arguments
[INFO] [stdout]      |             |
[INFO] [stdout]      |             field, not a method
[INFO] [stdout] 
[INFO] [stdout] 
[INFO] [stdout] error[E0599]: no method named `features` found for struct `CpuInfo` in the current scope
[INFO] [stdout]     --> himada-dispatch/src/kernels/int.rs:4844:35
[INFO] [stdout]      |
[INFO] [stdout] 4844 |         if crate::get_hwdna().cpu.features().contains("sse2") {
[INFO] [stdout]      |                                   ^^^^^^^^-- help: remove the arguments
[INFO] [stdout]      |                                   |
[INFO] [stdout]      |                                   field, not a method
[INFO] [stdout] 
[INFO] [stdout] 
[INFO] [stdout] error[E0599]: no method named `features` found for struct `CpuInfo` in the current scope
[INFO] [stdout]     --> himada-dispatch/src/kernels/int.rs:4863:13
[INFO] [stdout]      |
[INFO] [stdout] 4863 |     dna.cpu.features().contains("sse2")
[INFO] [stdout]      |             ^^^^^^^^-- help: remove the arguments
[INFO] [stdout]      |             |
[INFO] [stdout]      |             field, not a method
[INFO] [stdout] 
[INFO] [stdout] 
[INFO] [stdout] error[E0599]: no method named `features` found for struct `CpuInfo` in the current scope
[INFO] [stdout]     --> himada-dispatch/src/kernels/int.rs:4881:35
[INFO] [stdout]      |
[INFO] [stdout] 4881 |         if crate::get_hwdna().cpu.features().contains("avx2") {
[INFO] [stdout]      |                                   ^^^^^^^^-- help: remove the arguments
[INFO] [stdout]      |                                   |
[INFO] [stdout]      |                                   field, not a method
[INFO] [stdout] 
[INFO] [stdout] 
[INFO] [stdout] error[E0599]: no method named `features` found for struct `CpuInfo` in the current scope
[INFO] [stdout]     --> himada-dispatch/src/kernels/int.rs:4900:13
[INFO] [stdout]      |
[INFO] [stdout] 4900 |     dna.cpu.features().contains("avx2")
[INFO] [stdout]      |             ^^^^^^^^-- help: remove the arguments
[INFO] [stdout]      |             |
[INFO] [stdout]      |             field, not a method
[INFO] [stdout] 
[INFO] [stdout] 
[INFO] [stdout] error[E0599]: no method named `features` found for struct `CpuInfo` in the current scope
[INFO] [stdout]     --> himada-dispatch/src/kernels/int.rs:4963:35
[INFO] [stdout]      |
[INFO] [stdout] 4963 |         if crate::get_hwdna().cpu.features().contains("sse4.1") {
[INFO] [stdout]      |                                   ^^^^^^^^-- help: remove the arguments
[INFO] [stdout]      |                                   |
[INFO] [stdout]      |                                   field, not a method
[INFO] [stdout] 
[INFO] [stdout] 
[INFO] [stdout] error[E0599]: no method named `features` found for struct `CpuInfo` in the current scope
[INFO] [stdout]     --> himada-dispatch/src/kernels/int.rs:4992:10
[INFO] [stdout]      |
[INFO] [stdout] 4991 |     dna.cpu
[INFO] [stdout] 4992 |         .features().contains("sse4.1")
[INFO] [stdout]      |          ^^^^^^^^-- help: remove the arguments
[INFO] [stdout]      |          |
[INFO] [stdout]      |          field, not a method
[INFO] [stdout] 
[INFO] [stdout] 
[INFO] [stdout] error[E0599]: no method named `features` found for struct `CpuInfo` in the current scope
[INFO] [stdout]     --> himada-dispatch/src/kernels/int.rs:5010:35
[INFO] [stdout]      |
[INFO] [stdout] 5010 |         if crate::get_hwdna().cpu.features().contains("avx2") {
[INFO] [stdout]      |                                   ^^^^^^^^-- help: remove the arguments
[INFO] [stdout]      |                                   |
[INFO] [stdout]      |                                   field, not a method
[INFO] [stdout] 
[INFO] [stdout] 
[INFO] [stdout] error[E0599]: no method named `features` found for struct `CpuInfo` in the current scope
[INFO] [stdout]     --> himada-dispatch/src/kernels/int.rs:5045:13
[INFO] [stdout]      |
[INFO] [stdout] 5045 |     dna.cpu.features().contains("avx2")
[INFO] [stdout]      |             ^^^^^^^^-- help: remove the arguments
[INFO] [stdout]      |             |
[INFO] [stdout]      |             field, not a method
[INFO] [stdout] 
[INFO] [stdout] 
[INFO] [stdout] error[E0599]: no method named `features` found for struct `CpuInfo` in the current scope
[INFO] [stdout]    --> himada-dispatch/src/kernels/layernorm.rs:171:35
[INFO] [stdout]     |
[INFO] [stdout] 171 |         if crate::get_hwdna().cpu.features().contains("sse2") {
[INFO] [stdout]     |                                   ^^^^^^^^-- help: remove the arguments
[INFO] [stdout]     |                                   |
[INFO] [stdout]     |                                   field, not a method
[INFO] [stdout] 
[INFO] [stdout] 
[INFO] [stdout] error[E0599]: no method named `features` found for struct `CpuInfo` in the current scope
[INFO] [stdout]    --> himada-dispatch/src/kernels/layernorm.rs:187:35
[INFO] [stdout]     |
[INFO] [stdout] 187 |         if crate::get_hwdna().cpu.features().contains("sse2") {
[INFO] [stdout]     |                                   ^^^^^^^^-- help: remove the arguments
[INFO] [stdout]     |                                   |
[INFO] [stdout]     |                                   field, not a method
[INFO] [stdout] 
[INFO] [stdout] 
[INFO] [stdout] error[E0599]: no method named `features` found for struct `CpuInfo` in the current scope
[INFO] [stdout]    --> himada-dispatch/src/kernels/layernorm.rs:205:35
[INFO] [stdout]     |
[INFO] [stdout] 205 |         if crate::get_hwdna().cpu.features().contains("sse2") {
[INFO] [stdout]     |                                   ^^^^^^^^-- help: remove the arguments
[INFO] [stdout]     |                                   |
[INFO] [stdout]     |                                   field, not a method
[INFO] [stdout] 
[INFO] [stdout] 
[INFO] [stdout] error[E0599]: no method named `features` found for struct `CpuInfo` in the current scope
[INFO] [stdout]    --> himada-dispatch/src/kernels/layernorm.rs:226:13
[INFO] [stdout]     |
[INFO] [stdout] 226 |     dna.cpu.features().contains("sse2")
[INFO] [stdout]     |             ^^^^^^^^-- help: remove the arguments
[INFO] [stdout]     |             |
[INFO] [stdout]     |             field, not a method
[INFO] [stdout] 
[INFO] [stdout] 
[INFO] [stdout] error[E0599]: no method named `features` found for struct `CpuInfo` in the current scope
[INFO] [stdout]    --> himada-dispatch/src/kernels/layernorm.rs:268:35
[INFO] [stdout]     |
[INFO] [stdout] 268 |         if crate::get_hwdna().cpu.features().contains("avx2") {
[INFO] [stdout]     |                                   ^^^^^^^^-- help: remove the arguments
[INFO] [stdout]     |                                   |
[INFO] [stdout]     |                                   field, not a method
[INFO] [stdout] 
[INFO] [stdout] 
[INFO] [stdout] error[E0599]: no method named `features` found for struct `CpuInfo` in the current scope
[INFO] [stdout]    --> himada-dispatch/src/kernels/layernorm.rs:284:35
[INFO] [stdout]     |
[INFO] [stdout] 284 |         if crate::get_hwdna().cpu.features().contains("avx2") {
[INFO] [stdout]     |                                   ^^^^^^^^-- help: remove the arguments
[INFO] [stdout]     |                                   |
[INFO] [stdout]     |                                   field, not a method
[INFO] [stdout] 
[INFO] [stdout] 
[INFO] [stdout] error[E0599]: no method named `features` found for struct `CpuInfo` in the current scope
[INFO] [stdout]    --> himada-dispatch/src/kernels/layernorm.rs:302:35
[INFO] [stdout]     |
[INFO] [stdout] 302 |         if crate::get_hwdna().cpu.features().contains("avx2") {
[INFO] [stdout]     |                                   ^^^^^^^^-- help: remove the arguments
[INFO] [stdout]     |                                   |
[INFO] [stdout]     |                                   field, not a method
[INFO] [stdout] 
[INFO] [stdout] 
[INFO] [stdout] error[E0599]: no method named `features` found for struct `CpuInfo` in the current scope
[INFO] [stdout]    --> himada-dispatch/src/kernels/layernorm.rs:323:13
[INFO] [stdout]     |
[INFO] [stdout] 323 |     dna.cpu.features().contains("avx2")
[INFO] [stdout]     |             ^^^^^^^^-- help: remove the arguments
[INFO] [stdout]     |             |
[INFO] [stdout]     |             field, not a method
[INFO] [stdout] 
[INFO] [stdout] 
[INFO] [stdout] error[E0599]: no method named `features` found for struct `CpuInfo` in the current scope
[INFO] [stdout]    --> himada-dispatch/src/kernels/layernorm.rs:496:35
[INFO] [stdout]     |
[INFO] [stdout] 496 |         if crate::get_hwdna().cpu.features().contains("sse2") {
[INFO] [stdout]     |                                   ^^^^^^^^-- help: remove the arguments
[INFO] [stdout]     |                                   |
[INFO] [stdout]     |                                   field, not a method
[INFO] [stdout] 
[INFO] [stdout] 
[INFO] [stdout] error[E0599]: no method named `features` found for struct `CpuInfo` in the current scope
[INFO] [stdout]    --> himada-dispatch/src/kernels/layernorm.rs:512:35
[INFO] [stdout]     |
[INFO] [stdout] 512 |         if crate::get_hwdna().cpu.features().contains("sse2") {
[INFO] [stdout]     |                                   ^^^^^^^^-- help: remove the arguments
[INFO] [stdout]     |                                   |
[INFO] [stdout]     |                                   field, not a method
[INFO] [stdout] 
[INFO] [stdout] 
[INFO] [stdout] error[E0599]: no method named `features` found for struct `CpuInfo` in the current scope
[INFO] [stdout]    --> himada-dispatch/src/kernels/layernorm.rs:530:35
[INFO] [stdout]     |
[INFO] [stdout] 530 |         if crate::get_hwdna().cpu.features().contains("sse2") {
[INFO] [stdout]     |                                   ^^^^^^^^-- help: remove the arguments
[INFO] [stdout]     |                                   |
[INFO] [stdout]     |                                   field, not a method
[INFO] [stdout] 
[INFO] [stdout] 
[INFO] [stdout] error[E0599]: no method named `features` found for struct `CpuInfo` in the current scope
[INFO] [stdout]    --> himada-dispatch/src/kernels/layernorm.rs:551:13
[INFO] [stdout]     |
[INFO] [stdout] 551 |     dna.cpu.features().contains("sse2")
[INFO] [stdout]     |             ^^^^^^^^-- help: remove the arguments
[INFO] [stdout]     |             |
[INFO] [stdout]     |             field, not a method
[INFO] [stdout] 
[INFO] [stdout] 
[INFO] [stdout] error[E0599]: no method named `features` found for struct `CpuInfo` in the current scope
[INFO] [stdout]    --> himada-dispatch/src/kernels/layernorm.rs:593:35
[INFO] [stdout]     |
[INFO] [stdout] 593 |         if crate::get_hwdna().cpu.features().contains("avx2") {
[INFO] [stdout]     |                                   ^^^^^^^^-- help: remove the arguments
[INFO] [stdout]     |                                   |
[INFO] [stdout]     |                                   field, not a method
[INFO] [stdout] 
[INFO] [stdout] 
[INFO] [stdout] error[E0599]: no method named `features` found for struct `CpuInfo` in the current scope
[INFO] [stdout]    --> himada-dispatch/src/kernels/layernorm.rs:609:35
[INFO] [stdout]     |
[INFO] [stdout] 609 |         if crate::get_hwdna().cpu.features().contains("avx2") {
[INFO] [stdout]     |                                   ^^^^^^^^-- help: remove the arguments
[INFO] [stdout]     |                                   |
[INFO] [stdout]     |                                   field, not a method
[INFO] [stdout] 
[INFO] [stdout] 
[INFO] [stdout] error[E0599]: no method named `features` found for struct `CpuInfo` in the current scope
[INFO] [stdout]    --> himada-dispatch/src/kernels/layernorm.rs:627:35
[INFO] [stdout]     |
[INFO] [stdout] 627 |         if crate::get_hwdna().cpu.features().contains("avx2") {
[INFO] [stdout]     |                                   ^^^^^^^^-- help: remove the arguments
[INFO] [stdout]     |                                   |
[INFO] [stdout]     |                                   field, not a method
[INFO] [stdout] 
[INFO] [stdout] 
[INFO] [stdout] error[E0599]: no method named `features` found for struct `CpuInfo` in the current scope
[INFO] [stdout]    --> himada-dispatch/src/kernels/layernorm.rs:648:13
[INFO] [stdout]     |
[INFO] [stdout] 648 |     dna.cpu.features().contains("avx2")
[INFO] [stdout]     |             ^^^^^^^^-- help: remove the arguments
[INFO] [stdout]     |             |
[INFO] [stdout]     |             field, not a method
[INFO] [stdout] 
[INFO] [stdout] 
[INFO] [stdout] error[E0599]: no method named `features` found for struct `CpuInfo` in the current scope
[INFO] [stdout]   --> himada-dispatch/src/kernels/matmul.rs:77:43
[INFO] [stdout]    |
[INFO] [stdout] 77 |                 if crate::get_hwdna().cpu.features().contains("sse2") {
[INFO] [stdout]    |                                           ^^^^^^^^-- help: remove the arguments
[INFO] [stdout]    |                                           |
[INFO] [stdout]    |                                           field, not a method
[INFO] [stdout] 
[INFO] [stdout] 
[INFO] [stdout] error[E0599]: no method named `features` found for struct `CpuInfo` in the current scope
[INFO] [stdout]   --> himada-dispatch/src/kernels/matmul.rs:97:13
[INFO] [stdout]    |
[INFO] [stdout] 97 |     dna.cpu.features().contains("sse2")
[INFO] [stdout]    |             ^^^^^^^^-- help: remove the arguments
[INFO] [stdout]    |             |
[INFO] [stdout]    |             field, not a method
[INFO] [stdout] 
[INFO] [stdout] 
[INFO] [stdout] error[E0599]: no method named `features` found for struct `CpuInfo` in the current scope
[INFO] [stdout]    --> himada-dispatch/src/kernels/matmul.rs:130:43
[INFO] [stdout]     |
[INFO] [stdout] 130 |                 if crate::get_hwdna().cpu.features().contains("avx2") {
[INFO] [stdout]     |                                           ^^^^^^^^-- help: remove the arguments
[INFO] [stdout]     |                                           |
[INFO] [stdout]     |                                           field, not a method
[INFO] [stdout] 
[INFO] [stdout] 
[INFO] [stdout] error[E0599]: no method named `features` found for struct `CpuInfo` in the current scope
[INFO] [stdout]    --> himada-dispatch/src/kernels/matmul.rs:150:13
[INFO] [stdout]     |
[INFO] [stdout] 150 |     dna.cpu.features().contains("avx2")
[INFO] [stdout]     |             ^^^^^^^^-- help: remove the arguments
[INFO] [stdout]     |             |
[INFO] [stdout]     |             field, not a method
[INFO] [stdout] 
[INFO] [stdout] 
[INFO] [stdout] error[E0599]: no method named `features` found for struct `CpuInfo` in the current scope
[INFO] [stdout]   --> himada-dispatch/src/kernels/memchr.rs:35:35
[INFO] [stdout]    |
[INFO] [stdout] 35 |         if crate::get_hwdna().cpu.features().contains("sse2") && len >= 16 {
[INFO] [stdout]    |                                   ^^^^^^^^-- help: remove the arguments
[INFO] [stdout]    |                                   |
[INFO] [stdout]    |                                   field, not a method
[INFO] [stdout] 
[INFO] [stdout] 
[INFO] [stdout] error[E0599]: no method named `features` found for struct `CpuInfo` in the current scope
[INFO] [stdout]   --> himada-dispatch/src/kernels/memchr.rs:57:13
[INFO] [stdout]    |
[INFO] [stdout] 57 |     dna.cpu.features().contains("sse2")
[INFO] [stdout]    |             ^^^^^^^^-- help: remove the arguments
[INFO] [stdout]    |             |
[INFO] [stdout]    |             field, not a method
[INFO] [stdout] 
[INFO] [stdout] 
[INFO] [stdout] error[E0599]: no method named `features` found for struct `CpuInfo` in the current scope
[INFO] [stdout]   --> himada-dispatch/src/kernels/memchr.rs:87:35
[INFO] [stdout]    |
[INFO] [stdout] 87 |         if crate::get_hwdna().cpu.features().contains("avx2") && len >= 32 {
[INFO] [stdout]    |                                   ^^^^^^^^-- help: remove the arguments
[INFO] [stdout]    |                                   |
[INFO] [stdout]    |                                   field, not a method
[INFO] [stdout] 
[INFO] [stdout] 
[INFO] [stdout] error[E0599]: no method named `features` found for struct `CpuInfo` in the current scope
[INFO] [stdout]    --> himada-dispatch/src/kernels/memchr.rs:109:13
[INFO] [stdout]     |
[INFO] [stdout] 109 |     dna.cpu.features().contains("avx2")
[INFO] [stdout]     |             ^^^^^^^^-- help: remove the arguments
[INFO] [stdout]     |             |
[INFO] [stdout]     |             field, not a method
[INFO] [stdout] 
[INFO] [stdout] 
[INFO] [stdout] error[E0599]: no method named `features` found for struct `CpuInfo` in the current scope
[INFO] [stdout]    --> himada-dispatch/src/kernels/ops.rs:149:10
[INFO] [stdout]     |
[INFO] [stdout] 148 |     dna.cpu
[INFO] [stdout] 149 |         .features().contains("sse4.1")
[INFO] [stdout]     |          ^^^^^^^^-- help: remove the arguments
[INFO] [stdout]     |          |
[INFO] [stdout]     |          field, not a method
[INFO] [stdout] 
[INFO] [stdout] 
[INFO] [stdout] error[E0599]: no method named `features` found for struct `CpuInfo` in the current scope
[INFO] [stdout]    --> himada-dispatch/src/kernels/ops.rs:213:13
[INFO] [stdout]     |
[INFO] [stdout] 213 |     dna.cpu.features().contains("avx2")
[INFO] [stdout]     |             ^^^^^^^^-- help: remove the arguments
[INFO] [stdout]     |             |
[INFO] [stdout]     |             field, not a method
[INFO] [stdout] 
[INFO] [stdout] 
[INFO] [stdout] error[E0599]: no method named `features` found for struct `CpuInfo` in the current scope
[INFO] [stdout]    --> himada-dispatch/src/kernels/ops.rs:344:10
[INFO] [stdout]     |
[INFO] [stdout] 343 |     dna.cpu
[INFO] [stdout] 344 |         .features().contains("sse4.1")
[INFO] [stdout]     |          ^^^^^^^^-- help: remove the arguments
[INFO] [stdout]     |          |
[INFO] [stdout]     |          field, not a method
[INFO] [stdout] 
[INFO] [stdout] 
[INFO] [stdout] error[E0599]: no method named `features` found for struct `CpuInfo` in the current scope
[INFO] [stdout]    --> himada-dispatch/src/kernels/ops.rs:415:13
[INFO] [stdout]     |
[INFO] [stdout] 415 |     dna.cpu.features().contains("avx2")
[INFO] [stdout]     |             ^^^^^^^^-- help: remove the arguments
[INFO] [stdout]     |             |
[INFO] [stdout]     |             field, not a method
[INFO] [stdout] 
[INFO] [stdout] 
[INFO] [stdout] error[E0599]: no method named `features` found for struct `CpuInfo` in the current scope
[INFO] [stdout]    --> himada-dispatch/src/kernels/ops.rs:465:35
[INFO] [stdout]     |
[INFO] [stdout] 465 |         if crate::get_hwdna().cpu.features().contains("sse2") {
[INFO] [stdout]     |                                   ^^^^^^^^-- help: remove the arguments
[INFO] [stdout]     |                                   |
[INFO] [stdout]     |                                   field, not a method
[INFO] [stdout] 
[INFO] [stdout] 
[INFO] [stdout] error[E0599]: no method named `features` found for struct `CpuInfo` in the current scope
[INFO] [stdout]    --> himada-dispatch/src/kernels/ops.rs:486:35
[INFO] [stdout]     |
[INFO] [stdout] 486 |         if crate::get_hwdna().cpu.features().contains("sse2") {
[INFO] [stdout]     |                                   ^^^^^^^^-- help: remove the arguments
[INFO] [stdout]     |                                   |
[INFO] [stdout]     |                                   field, not a method
[INFO] [stdout] 
[INFO] [stdout] 
[INFO] [stdout] error[E0599]: no method named `features` found for struct `CpuInfo` in the current scope
[INFO] [stdout]    --> himada-dispatch/src/kernels/ops.rs:517:35
[INFO] [stdout]     |
[INFO] [stdout] 517 |         if crate::get_hwdna().cpu.features().contains("sse2") {
[INFO] [stdout]     |                                   ^^^^^^^^-- help: remove the arguments
[INFO] [stdout]     |                                   |
[INFO] [stdout]     |                                   field, not a method
[INFO] [stdout] 
[INFO] [stdout] 
[INFO] [stdout] error[E0599]: no method named `features` found for struct `CpuInfo` in the current scope
[INFO] [stdout]    --> himada-dispatch/src/kernels/ops.rs:533:13
[INFO] [stdout]     |
[INFO] [stdout] 533 |     dna.cpu.features().contains("sse2")
[INFO] [stdout]     |             ^^^^^^^^-- help: remove the arguments
[INFO] [stdout]     |             |
[INFO] [stdout]     |             field, not a method
[INFO] [stdout] 
[INFO] [stdout] 
[INFO] [stdout] error[E0599]: no method named `features` found for struct `CpuInfo` in the current scope
[INFO] [stdout]    --> himada-dispatch/src/kernels/ops.rs:557:35
[INFO] [stdout]     |
[INFO] [stdout] 557 |         if crate::get_hwdna().cpu.features().contains("avx2") {
[INFO] [stdout]     |                                   ^^^^^^^^-- help: remove the arguments
[INFO] [stdout]     |                                   |
[INFO] [stdout]     |                                   field, not a method
[INFO] [stdout] 
[INFO] [stdout] 
[INFO] [stdout] error[E0599]: no method named `features` found for struct `CpuInfo` in the current scope
[INFO] [stdout]    --> himada-dispatch/src/kernels/ops.rs:579:35
[INFO] [stdout]     |
[INFO] [stdout] 579 |         if crate::get_hwdna().cpu.features().contains("avx2") {
[INFO] [stdout]     |                                   ^^^^^^^^-- help: remove the arguments
[INFO] [stdout]     |                                   |
[INFO] [stdout]     |                                   field, not a method
[INFO] [stdout] 
[INFO] [stdout] 
[INFO] [stdout] error[E0599]: no method named `features` found for struct `CpuInfo` in the current scope
[INFO] [stdout]    --> himada-dispatch/src/kernels/ops.rs:615:35
[INFO] [stdout]     |
[INFO] [stdout] 615 |         if crate::get_hwdna().cpu.features().contains("avx2") {
[INFO] [stdout]     |                                   ^^^^^^^^-- help: remove the arguments
[INFO] [stdout]     |                                   |
[INFO] [stdout]     |                                   field, not a method
[INFO] [stdout] 
[INFO] [stdout] 
[INFO] [stdout] error[E0599]: no method named `features` found for struct `CpuInfo` in the current scope
[INFO] [stdout]    --> himada-dispatch/src/kernels/ops.rs:631:13
[INFO] [stdout]     |
[INFO] [stdout] 631 |     dna.cpu.features().contains("avx2")
[INFO] [stdout]     |             ^^^^^^^^-- help: remove the arguments
[INFO] [stdout]     |             |
[INFO] [stdout]     |             field, not a method
[INFO] [stdout] 
[INFO] [stdout] 
[INFO] [stdout] error[E0599]: no method named `features` found for struct `CpuInfo` in the current scope
[INFO] [stdout]    --> himada-dispatch/src/kernels/ops.rs:843:43
[INFO] [stdout]     |
[INFO] [stdout] 843 |                 if crate::get_hwdna().cpu.features().contains("sse2") {
[INFO] [stdout]     |                                           ^^^^^^^^-- help: remove the arguments
[INFO] [stdout]     |                                           |
[INFO] [stdout]     |                                           field, not a method
[INFO] [stdout] 
[INFO] [stdout] 
[INFO] [stdout] error[E0599]: no method named `features` found for struct `CpuInfo` in the current scope
[INFO] [stdout]    --> himada-dispatch/src/kernels/ops.rs:863:13
[INFO] [stdout]     |
[INFO] [stdout] 863 |     dna.cpu.features().contains("sse2")
[INFO] [stdout]     |             ^^^^^^^^-- help: remove the arguments
[INFO] [stdout]     |             |
[INFO] [stdout]     |             field, not a method
[INFO] [stdout] 
[INFO] [stdout] 
[INFO] [stdout] error[E0599]: no method named `features` found for struct `CpuInfo` in the current scope
[INFO] [stdout]    --> himada-dispatch/src/kernels/ops.rs:888:43
[INFO] [stdout]     |
[INFO] [stdout] 888 |                 if crate::get_hwdna().cpu.features().contains("avx2") {
[INFO] [stdout]     |                                           ^^^^^^^^-- help: remove the arguments
[INFO] [stdout]     |                                           |
[INFO] [stdout]     |                                           field, not a method
[INFO] [stdout] 
[INFO] [stdout] 
[INFO] [stdout] error[E0599]: no method named `features` found for struct `CpuInfo` in the current scope
[INFO] [stdout]    --> himada-dispatch/src/kernels/ops.rs:908:13
[INFO] [stdout]     |
[INFO] [stdout] 908 |     dna.cpu.features().contains("avx2")
[INFO] [stdout]     |             ^^^^^^^^-- help: remove the arguments
[INFO] [stdout]     |             |
[INFO] [stdout]     |             field, not a method
[INFO] [stdout] 
[INFO] [stdout] 
[INFO] [stdout] error[E0599]: no method named `features` found for struct `CpuInfo` in the current scope
[INFO] [stdout]     --> himada-dispatch/src/kernels/ops.rs:1013:35
[INFO] [stdout]      |
[INFO] [stdout] 1013 |         if crate::get_hwdna().cpu.features().contains("sse2") {
[INFO] [stdout]      |                                   ^^^^^^^^-- help: remove the arguments
[INFO] [stdout]      |                                   |
[INFO] [stdout]      |                                   field, not a method
[INFO] [stdout] 
[INFO] [stdout] 
[INFO] [stdout] error[E0599]: no method named `features` found for struct `CpuInfo` in the current scope
[INFO] [stdout]     --> himada-dispatch/src/kernels/ops.rs:1029:13
[INFO] [stdout]      |
[INFO] [stdout] 1029 |     dna.cpu.features().contains("sse2")
[INFO] [stdout]      |             ^^^^^^^^-- help: remove the arguments
[INFO] [stdout]      |             |
[INFO] [stdout]      |             field, not a method
[INFO] [stdout] 
[INFO] [stdout] 
[INFO] [stdout] error[E0599]: no method named `features` found for struct `CpuInfo` in the current scope
[INFO] [stdout]     --> himada-dispatch/src/kernels/ops.rs:1050:35
[INFO] [stdout]      |
[INFO] [stdout] 1050 |         if crate::get_hwdna().cpu.features().contains("avx2") {
[INFO] [stdout]      |                                   ^^^^^^^^-- help: remove the arguments
[INFO] [stdout]      |                                   |
[INFO] [stdout]      |                                   field, not a method
[INFO] [stdout] 
[INFO] [stdout] 
[INFO] [stdout] error[E0599]: no method named `features` found for struct `CpuInfo` in the current scope
[INFO] [stdout]     --> himada-dispatch/src/kernels/ops.rs:1066:13
[INFO] [stdout]      |
[INFO] [stdout] 1066 |     dna.cpu.features().contains("avx2")
[INFO] [stdout]      |             ^^^^^^^^-- help: remove the arguments
[INFO] [stdout]      |             |
[INFO] [stdout]      |             field, not a method
[INFO] [stdout] 
[INFO] [stdout] 
[INFO] [stdout] error[E0599]: no method named `features` found for struct `CpuInfo` in the current scope
[INFO] [stdout]     --> himada-dispatch/src/kernels/ops.rs:1126:35
[INFO] [stdout]      |
[INFO] [stdout] 1126 |         if crate::get_hwdna().cpu.features().contains("sse2") {
[INFO] [stdout]      |                                   ^^^^^^^^-- help: remove the arguments
[INFO] [stdout]      |                                   |
[INFO] [stdout]      |                                   field, not a method
[INFO] [stdout] 
[INFO] [stdout] 
[INFO] [stdout] error[E0599]: no method named `features` found for struct `CpuInfo` in the current scope
[INFO] [stdout]     --> himada-dispatch/src/kernels/ops.rs:1142:13
[INFO] [stdout]      |
[INFO] [stdout] 1142 |     dna.cpu.features().contains("sse2")
[INFO] [stdout]      |             ^^^^^^^^-- help: remove the arguments
[INFO] [stdout]      |             |
[INFO] [stdout]      |             field, not a method
[INFO] [stdout] 
[INFO] [stdout] 
[INFO] [stdout] error[E0599]: no method named `features` found for struct `CpuInfo` in the current scope
[INFO] [stdout]     --> himada-dispatch/src/kernels/ops.rs:1163:35
[INFO] [stdout]      |
[INFO] [stdout] 1163 |         if crate::get_hwdna().cpu.features().contains("avx2") {
[INFO] [stdout]      |                                   ^^^^^^^^-- help: remove the arguments
[INFO] [stdout]      |                                   |
[INFO] [stdout]      |                                   field, not a method
[INFO] [stdout] 
[INFO] [stdout] 
[INFO] [stdout] error[E0599]: no method named `features` found for struct `CpuInfo` in the current scope
[INFO] [stdout]     --> himada-dispatch/src/kernels/ops.rs:1179:13
[INFO] [stdout]      |
[INFO] [stdout] 1179 |     dna.cpu.features().contains("avx2")
[INFO] [stdout]      |             ^^^^^^^^-- help: remove the arguments
[INFO] [stdout]      |             |
[INFO] [stdout]      |             field, not a method
[INFO] [stdout] 
[INFO] [stdout] 
[INFO] [stdout] error[E0599]: no method named `features` found for struct `CpuInfo` in the current scope
[INFO] [stdout]     --> himada-dispatch/src/kernels/ops.rs:1239:35
[INFO] [stdout]      |
[INFO] [stdout] 1239 |         if crate::get_hwdna().cpu.features().contains("sse2") {
[INFO] [stdout]      |                                   ^^^^^^^^-- help: remove the arguments
[INFO] [stdout]      |                                   |
[INFO] [stdout]      |                                   field, not a method
[INFO] [stdout] 
[INFO] [stdout] 
[INFO] [stdout] error[E0599]: no method named `features` found for struct `CpuInfo` in the current scope
[INFO] [stdout]     --> himada-dispatch/src/kernels/ops.rs:1255:13
[INFO] [stdout]      |
[INFO] [stdout] 1255 |     dna.cpu.features().contains("sse2")
[INFO] [stdout]      |             ^^^^^^^^-- help: remove the arguments
[INFO] [stdout]      |             |
[INFO] [stdout]      |             field, not a method
[INFO] [stdout] 
[INFO] [stdout] 
[INFO] [stdout] error[E0599]: no method named `features` found for struct `CpuInfo` in the current scope
[INFO] [stdout]     --> himada-dispatch/src/kernels/ops.rs:1276:35
[INFO] [stdout]      |
[INFO] [stdout] 1276 |         if crate::get_hwdna().cpu.features().contains("avx2") {
[INFO] [stdout]      |                                   ^^^^^^^^-- help: remove the arguments
[INFO] [stdout]      |                                   |
[INFO] [stdout]      |                                   field, not a method
[INFO] [stdout] 
[INFO] [stdout] 
[INFO] [stdout] error[E0599]: no method named `features` found for struct `CpuInfo` in the current scope
[INFO] [stdout]     --> himada-dispatch/src/kernels/ops.rs:1292:13
[INFO] [stdout]      |
[INFO] [stdout] 1292 |     dna.cpu.features().contains("avx2")
[INFO] [stdout]      |             ^^^^^^^^-- help: remove the arguments
[INFO] [stdout]      |             |
[INFO] [stdout]      |             field, not a method
[INFO] [stdout] 
[INFO] [stdout] 
[INFO] [stdout] error[E0599]: no method named `features` found for struct `CpuInfo` in the current scope
[INFO] [stdout]     --> himada-dispatch/src/kernels/ops.rs:1380:35
[INFO] [stdout]      |
[INFO] [stdout] 1380 |         if crate::get_hwdna().cpu.features().contains("sse2") {
[INFO] [stdout]      |                                   ^^^^^^^^-- help: remove the arguments
[INFO] [stdout]      |                                   |
[INFO] [stdout]      |                                   field, not a method
[INFO] [stdout] 
[INFO] [stdout] 
[INFO] [stdout] error[E0599]: no method named `features` found for struct `CpuInfo` in the current scope
[INFO] [stdout]     --> himada-dispatch/src/kernels/ops.rs:1410:13
[INFO] [stdout]      |
[INFO] [stdout] 1410 |     dna.cpu.features().contains("sse2")
[INFO] [stdout]      |             ^^^^^^^^-- help: remove the arguments
[INFO] [stdout]      |             |
[INFO] [stdout]      |             field, not a method
[INFO] [stdout] 
[INFO] [stdout] 
[INFO] [stdout] error[E0599]: no method named `features` found for struct `CpuInfo` in the current scope
[INFO] [stdout]     --> himada-dispatch/src/kernels/ops.rs:1439:35
[INFO] [stdout]      |
[INFO] [stdout] 1439 |         if crate::get_hwdna().cpu.features().contains("avx2") {
[INFO] [stdout]      |                                   ^^^^^^^^-- help: remove the arguments
[INFO] [stdout]      |                                   |
[INFO] [stdout]      |                                   field, not a method
[INFO] [stdout] 
[INFO] [stdout] 
[INFO] [stdout] error[E0599]: no method named `features` found for struct `CpuInfo` in the current scope
[INFO] [stdout]     --> himada-dispatch/src/kernels/ops.rs:1469:13
[INFO] [stdout]      |
[INFO] [stdout] 1469 |     dna.cpu.features().contains("avx2")
[INFO] [stdout]      |             ^^^^^^^^-- help: remove the arguments
[INFO] [stdout]      |             |
[INFO] [stdout]      |             field, not a method
[INFO] [stdout] 
[INFO] [stdout] 
[INFO] [stdout] error[E0599]: no method named `features` found for struct `CpuInfo` in the current scope
[INFO] [stdout]     --> himada-dispatch/src/kernels/ops.rs:1549:35
[INFO] [stdout]      |
[INFO] [stdout] 1549 |         if crate::get_hwdna().cpu.features().contains("sse2") {
[INFO] [stdout]      |                                   ^^^^^^^^-- help: remove the arguments
[INFO] [stdout]      |                                   |
[INFO] [stdout]      |                                   field, not a method
[INFO] [stdout] 
[INFO] [stdout] 
[INFO] [stdout] error[E0599]: no method named `features` found for struct `CpuInfo` in the current scope
[INFO] [stdout]     --> himada-dispatch/src/kernels/ops.rs:1570:13
[INFO] [stdout]      |
[INFO] [stdout] 1570 |     dna.cpu.features().contains("sse2")
[INFO] [stdout]      |             ^^^^^^^^-- help: remove the arguments
[INFO] [stdout]      |             |
[INFO] [stdout]      |             field, not a method
[INFO] [stdout] 
[INFO] [stdout] 
[INFO] [stdout] error[E0599]: no method named `features` found for struct `CpuInfo` in the current scope
[INFO] [stdout]     --> himada-dispatch/src/kernels/ops.rs:1591:35
[INFO] [stdout]      |
[INFO] [stdout] 1591 |         if crate::get_hwdna().cpu.features().contains("avx2") {
[INFO] [stdout]      |                                   ^^^^^^^^-- help: remove the arguments
[INFO] [stdout]      |                                   |
[INFO] [stdout]      |                                   field, not a method
[INFO] [stdout] 
[INFO] [stdout] 
[INFO] [stdout] error[E0599]: no method named `features` found for struct `CpuInfo` in the current scope
[INFO] [stdout]     --> himada-dispatch/src/kernels/ops.rs:1612:13
[INFO] [stdout]      |
[INFO] [stdout] 1612 |     dna.cpu.features().contains("avx2")
[INFO] [stdout]      |             ^^^^^^^^-- help: remove the arguments
[INFO] [stdout]      |             |
[INFO] [stdout]      |             field, not a method
[INFO] [stdout] 
[INFO] [stdout] 
[INFO] [stdout] error[E0599]: no method named `features` found for struct `CpuInfo` in the current scope
[INFO] [stdout]     --> himada-dispatch/src/kernels/ops.rs:1645:35
[INFO] [stdout]      |
[INFO] [stdout] 1645 |         if crate::get_hwdna().cpu.features().contains("sse2") {
[INFO] [stdout]      |                                   ^^^^^^^^-- help: remove the arguments
[INFO] [stdout]      |                                   |
[INFO] [stdout]      |                                   field, not a method
[INFO] [stdout] 
[INFO] [stdout] 
[INFO] [stdout] error[E0599]: no method named `features` found for struct `CpuInfo` in the current scope
[INFO] [stdout]     --> himada-dispatch/src/kernels/ops.rs:1660:13
[INFO] [stdout]      |
[INFO] [stdout] 1660 |     dna.cpu.features().contains("sse2")
[INFO] [stdout]      |             ^^^^^^^^-- help: remove the arguments
[INFO] [stdout]      |             |
[INFO] [stdout]      |             field, not a method
[INFO] [stdout] 
[INFO] [stdout] 
[INFO] [stdout] error[E0599]: no method named `features` found for struct `CpuInfo` in the current scope
[INFO] [stdout]     --> himada-dispatch/src/kernels/ops.rs:1677:35
[INFO] [stdout]      |
[INFO] [stdout] 1677 |         if crate::get_hwdna().cpu.features().contains("avx2") {
[INFO] [stdout]      |                                   ^^^^^^^^-- help: remove the arguments
[INFO] [stdout]      |                                   |
[INFO] [stdout]      |                                   field, not a method
[INFO] [stdout] 
[INFO] [stdout] 
[INFO] [stdout] error[E0599]: no method named `features` found for struct `CpuInfo` in the current scope
[INFO] [stdout]     --> himada-dispatch/src/kernels/ops.rs:1692:13
[INFO] [stdout]      |
[INFO] [stdout] 1692 |     dna.cpu.features().contains("avx2")
[INFO] [stdout]      |             ^^^^^^^^-- help: remove the arguments
[INFO] [stdout]      |             |
[INFO] [stdout]      |             field, not a method
[INFO] [stdout] 
[INFO] [stdout] 
[INFO] [stdout] error[E0599]: no method named `features` found for struct `CpuInfo` in the current scope
[INFO] [stdout]     --> himada-dispatch/src/kernels/ops.rs:1755:35
[INFO] [stdout]      |
[INFO] [stdout] 1755 |         if crate::get_hwdna().cpu.features().contains("sse2") {
[INFO] [stdout]      |                                   ^^^^^^^^-- help: remove the arguments
[INFO] [stdout]      |                                   |
[INFO] [stdout]      |                                   field, not a method
[INFO] [stdout] 
[INFO] [stdout] 
[INFO] [stdout] error[E0599]: no method named `features` found for struct `CpuInfo` in the current scope
[INFO] [stdout]     --> himada-dispatch/src/kernels/ops.rs:1769:13
[INFO] [stdout]      |
[INFO] [stdout] 1769 |     dna.cpu.features().contains("sse2")
[INFO] [stdout]      |             ^^^^^^^^-- help: remove the arguments
[INFO] [stdout]      |             |
[INFO] [stdout]      |             field, not a method
[INFO] [stdout] 
[INFO] [stdout] 
[INFO] [stdout] error[E0599]: no method named `features` found for struct `CpuInfo` in the current scope
[INFO] [stdout]     --> himada-dispatch/src/kernels/ops.rs:1788:35
[INFO] [stdout]      |
[INFO] [stdout] 1788 |         if crate::get_hwdna().cpu.features().contains("avx2") {
[INFO] [stdout]      |                                   ^^^^^^^^-- help: remove the arguments
[INFO] [stdout]      |                                   |
[INFO] [stdout]      |                                   field, not a method
[INFO] [stdout] 
[INFO] [stdout] 
[INFO] [stdout] error[E0599]: no method named `features` found for struct `CpuInfo` in the current scope
[INFO] [stdout]     --> himada-dispatch/src/kernels/ops.rs:1802:13
[INFO] [stdout]      |
[INFO] [stdout] 1802 |     dna.cpu.features().contains("avx2")
[INFO] [stdout]      |             ^^^^^^^^-- help: remove the arguments
[INFO] [stdout]      |             |
[INFO] [stdout]      |             field, not a method
[INFO] [stdout] 
[INFO] [stdout] 
[INFO] [stdout] error[E0599]: no method named `features` found for struct `CpuInfo` in the current scope
[INFO] [stdout]     --> himada-dispatch/src/kernels/ops.rs:1867:35
[INFO] [stdout]      |
[INFO] [stdout] 1867 |         if crate::get_hwdna().cpu.features().contains("sse2") {
[INFO] [stdout]      |                                   ^^^^^^^^-- help: remove the arguments
[INFO] [stdout]      |                                   |
[INFO] [stdout]      |                                   field, not a method
[INFO] [stdout] 
[INFO] [stdout] 
[INFO] [stdout] error[E0599]: no method named `features` found for struct `CpuInfo` in the current scope
[INFO] [stdout]     --> himada-dispatch/src/kernels/ops.rs:1882:13
[INFO] [stdout]      |
[INFO] [stdout] 1882 |     dna.cpu.features().contains("sse2")
[INFO] [stdout]      |             ^^^^^^^^-- help: remove the arguments
[INFO] [stdout]      |             |
[INFO] [stdout]      |             field, not a method
[INFO] [stdout] 
[INFO] [stdout] 
[INFO] [stdout] error[E0599]: no method named `features` found for struct `CpuInfo` in the current scope
[INFO] [stdout]     --> himada-dispatch/src/kernels/ops.rs:1903:35
[INFO] [stdout]      |
[INFO] [stdout] 1903 |         if crate::get_hwdna().cpu.features().contains("avx2") {
[INFO] [stdout]      |                                   ^^^^^^^^-- help: remove the arguments
[INFO] [stdout]      |                                   |
[INFO] [stdout]      |                                   field, not a method
[INFO] [stdout] 
[INFO] [stdout] 
[INFO] [stdout] error[E0599]: no method named `features` found for struct `CpuInfo` in the current scope
[INFO] [stdout]     --> himada-dispatch/src/kernels/ops.rs:1918:13
[INFO] [stdout]      |
[INFO] [stdout] 1918 |     dna.cpu.features().contains("avx2")
[INFO] [stdout]      |             ^^^^^^^^-- help: remove the arguments
[INFO] [stdout]      |             |
[INFO] [stdout]      |             field, not a method
[INFO] [stdout] 
[INFO] [stdout] 
[INFO] [stdout] error[E0599]: no method named `features` found for struct `CpuInfo` in the current scope
[INFO] [stdout]     --> himada-dispatch/src/kernels/ops.rs:2057:35
[INFO] [stdout]      |
[INFO] [stdout] 2057 |         if crate::get_hwdna().cpu.features().contains("sse2") {
[INFO] [stdout]      |                                   ^^^^^^^^-- help: remove the arguments
[INFO] [stdout]      |                                   |
[INFO] [stdout]      |                                   field, not a method
[INFO] [stdout] 
[INFO] [stdout] 
[INFO] [stdout] error[E0599]: no method named `features` found for struct `CpuInfo` in the current scope
[INFO] [stdout]     --> himada-dispatch/src/kernels/ops.rs:2091:13
[INFO] [stdout]      |
[INFO] [stdout] 2091 |     dna.cpu.features().contains("sse2")
[INFO] [stdout]      |             ^^^^^^^^-- help: remove the arguments
[INFO] [stdout]      |             |
[INFO] [stdout]      |             field, not a method
[INFO] [stdout] 
[INFO] [stdout] 
[INFO] [stdout] error[E0599]: no method named `features` found for struct `CpuInfo` in the current scope
[INFO] [stdout]     --> himada-dispatch/src/kernels/ops.rs:2116:35
[INFO] [stdout]      |
[INFO] [stdout] 2116 |         if crate::get_hwdna().cpu.features().contains("avx2") {
[INFO] [stdout]      |                                   ^^^^^^^^-- help: remove the arguments
[INFO] [stdout]      |                                   |
[INFO] [stdout]      |                                   field, not a method
[INFO] [stdout] 
[INFO] [stdout] 
[INFO] [stdout] error[E0599]: no method named `features` found for struct `CpuInfo` in the current scope
[INFO] [stdout]     --> himada-dispatch/src/kernels/ops.rs:2150:13
[INFO] [stdout]      |
[INFO] [stdout] 2150 |     dna.cpu.features().contains("avx2")
[INFO] [stdout]      |             ^^^^^^^^-- help: remove the arguments
[INFO] [stdout]      |             |
[INFO] [stdout]      |             field, not a method
[INFO] [stdout] 
[INFO] [stdout] 
[INFO] [stdout] error[E0599]: no method named `features` found for struct `CpuInfo` in the current scope
[INFO] [stdout]     --> himada-dispatch/src/kernels/ops.rs:2253:35
[INFO] [stdout]      |
[INFO] [stdout] 2253 |         if crate::get_hwdna().cpu.features().contains("sse2") {
[INFO] [stdout]      |                                   ^^^^^^^^-- help: remove the arguments
[INFO] [stdout]      |                                   |
[INFO] [stdout]      |                                   field, not a method
[INFO] [stdout] 
[INFO] [stdout] 
[INFO] [stdout] error[E0599]: no method named `features` found for struct `CpuInfo` in the current scope
[INFO] [stdout]     --> himada-dispatch/src/kernels/ops.rs:2274:13
[INFO] [stdout]      |
[INFO] [stdout] 2274 |     dna.cpu.features().contains("sse2")
[INFO] [stdout]      |             ^^^^^^^^-- help: remove the arguments
[INFO] [stdout]      |             |
[INFO] [stdout]      |             field, not a method
[INFO] [stdout] 
[INFO] [stdout] 
[INFO] [stdout] error[E0599]: no method named `features` found for struct `CpuInfo` in the current scope
[INFO] [stdout]     --> himada-dispatch/src/kernels/ops.rs:2295:35
[INFO] [stdout]      |
[INFO] [stdout] 2295 |         if crate::get_hwdna().cpu.features().contains("avx2") {
[INFO] [stdout]      |                                   ^^^^^^^^-- help: remove the arguments
[INFO] [stdout]      |                                   |
[INFO] [stdout]      |                                   field, not a method
[INFO] [stdout] 
[INFO] [stdout] 
[INFO] [stdout] error[E0599]: no method named `features` found for struct `CpuInfo` in the current scope
[INFO] [stdout]     --> himada-dispatch/src/kernels/ops.rs:2316:13
[INFO] [stdout]      |
[INFO] [stdout] 2316 |     dna.cpu.features().contains("avx2")
[INFO] [stdout]      |             ^^^^^^^^-- help: remove the arguments
[INFO] [stdout]      |             |
[INFO] [stdout]      |             field, not a method
[INFO] [stdout] 
[INFO] [stdout] 
[INFO] [stdout] error[E0599]: no method named `features` found for struct `CpuInfo` in the current scope
[INFO] [stdout]     --> himada-dispatch/src/kernels/ops.rs:2402:35
[INFO] [stdout]      |
[INFO] [stdout] 2402 |         if crate::get_hwdna().cpu.features().contains("sse2") {
[INFO] [stdout]      |                                   ^^^^^^^^-- help: remove the arguments
[INFO] [stdout]      |                                   |
[INFO] [stdout]      |                                   field, not a method
[INFO] [stdout] 
[INFO] [stdout] 
[INFO] [stdout] error[E0599]: no method named `features` found for struct `CpuInfo` in the current scope
[INFO] [stdout]     --> himada-dispatch/src/kernels/ops.rs:2424:13
[INFO] [stdout]      |
[INFO] [stdout] 2424 |     dna.cpu.features().contains("sse2")
[INFO] [stdout]      |             ^^^^^^^^-- help: remove the arguments
[INFO] [stdout]      |             |
[INFO] [stdout]      |             field, not a method
[INFO] [stdout] 
[INFO] [stdout] 
[INFO] [stdout] error[E0599]: no method named `features` found for struct `CpuInfo` in the current scope
[INFO] [stdout]     --> himada-dispatch/src/kernels/ops.rs:2448:35
[INFO] [stdout]      |
[INFO] [stdout] 2448 |         if crate::get_hwdna().cpu.features().contains("avx2") {
[INFO] [stdout]      |                                   ^^^^^^^^-- help: remove the arguments
[INFO] [stdout]      |                                   |
[INFO] [stdout]      |                                   field, not a method
[INFO] [stdout] 
[INFO] [stdout] 
[INFO] [stdout] error[E0599]: no method named `features` found for struct `CpuInfo` in the current scope
[INFO] [stdout]     --> himada-dispatch/src/kernels/ops.rs:2470:13
[INFO] [stdout]      |
[INFO] [stdout] 2470 |     dna.cpu.features().contains("avx2")
[INFO] [stdout]      |             ^^^^^^^^-- help: remove the arguments
[INFO] [stdout]      |             |
[INFO] [stdout]      |             field, not a method
[INFO] [stdout] 
[INFO] [stdout] 
[INFO] [stdout] error[E0599]: no method named `features` found for struct `CpuInfo` in the current scope
[INFO] [stdout]     --> himada-dispatch/src/kernels/ops.rs:2556:35
[INFO] [stdout]      |
[INFO] [stdout] 2556 |         if crate::get_hwdna().cpu.features().contains("sse2") {
[INFO] [stdout]      |                                   ^^^^^^^^-- help: remove the arguments
[INFO] [stdout]      |                                   |
[INFO] [stdout]      |                                   field, not a method
[INFO] [stdout] 
[INFO] [stdout] 
[INFO] [stdout] error[E0599]: no method named `features` found for struct `CpuInfo` in the current scope
[INFO] [stdout]     --> himada-dispatch/src/kernels/ops.rs:2578:13
[INFO] [stdout]      |
[INFO] [stdout] 2578 |     dna.cpu.features().contains("sse2")
[INFO] [stdout]      |             ^^^^^^^^-- help: remove the arguments
[INFO] [stdout]      |             |
[INFO] [stdout]      |             field, not a method
[INFO] [stdout] 
[INFO] [stdout] 
[INFO] [stdout] error[E0599]: no method named `features` found for struct `CpuInfo` in the current scope
[INFO] [stdout]     --> himada-dispatch/src/kernels/ops.rs:2602:35
[INFO] [stdout]      |
[INFO] [stdout] 2602 |         if crate::get_hwdna().cpu.features().contains("avx2") {
[INFO] [stdout]      |                                   ^^^^^^^^-- help: remove the arguments
[INFO] [stdout]      |                                   |
[INFO] [stdout]      |                                   field, not a method
[INFO] [stdout] 
[INFO] [stdout] 
[INFO] [stdout] error[E0599]: no method named `features` found for struct `CpuInfo` in the current scope
[INFO] [stdout]     --> himada-dispatch/src/kernels/ops.rs:2624:13
[INFO] [stdout]      |
[INFO] [stdout] 2624 |     dna.cpu.features().contains("avx2")
[INFO] [stdout]      |             ^^^^^^^^-- help: remove the arguments
[INFO] [stdout]      |             |
[INFO] [stdout]      |             field, not a method
[INFO] [stdout] 
[INFO] [stdout] 
[INFO] [stdout] error[E0599]: no method named `features` found for struct `CpuInfo` in the current scope
[INFO] [stdout]     --> himada-dispatch/src/kernels/ops.rs:2729:35
[INFO] [stdout]      |
[INFO] [stdout] 2729 |         if crate::get_hwdna().cpu.features().contains("sse2") {
[INFO] [stdout]      |                                   ^^^^^^^^-- help: remove the arguments
[INFO] [stdout]      |                                   |
[INFO] [stdout]      |                                   field, not a method
[INFO] [stdout] 
[INFO] [stdout] 
[INFO] [stdout] error[E0599]: no method named `features` found for struct `CpuInfo` in the current scope
[INFO] [stdout]     --> himada-dispatch/src/kernels/ops.rs:2744:13
[INFO] [stdout]      |
[INFO] [stdout] 2744 |     dna.cpu.features().contains("sse2")
[INFO] [stdout]      |             ^^^^^^^^-- help: remove the arguments
[INFO] [stdout]      |             |
[INFO] [stdout]      |             field, not a method
[INFO] [stdout] 
[INFO] [stdout] 
[INFO] [stdout] error[E0599]: no method named `features` found for struct `CpuInfo` in the current scope
[INFO] [stdout]     --> himada-dispatch/src/kernels/ops.rs:2761:35
[INFO] [stdout]      |
[INFO] [stdout] 2761 |         if crate::get_hwdna().cpu.features().contains("avx2") {
[INFO] [stdout]      |                                   ^^^^^^^^-- help: remove the arguments
[INFO] [stdout]      |                                   |
[INFO] [stdout]      |                                   field, not a method
[INFO] [stdout] 
[INFO] [stdout] 
[INFO] [stdout] error[E0599]: no method named `features` found for struct `CpuInfo` in the current scope
[INFO] [stdout]     --> himada-dispatch/src/kernels/ops.rs:2776:13
[INFO] [stdout]      |
[INFO] [stdout] 2776 |     dna.cpu.features().contains("avx2")
[INFO] [stdout]      |             ^^^^^^^^-- help: remove the arguments
[INFO] [stdout]      |             |
[INFO] [stdout]      |             field, not a method
[INFO] [stdout] 
[INFO] [stdout] 
[INFO] [stdout] error[E0599]: no method named `features` found for struct `CpuInfo` in the current scope
[INFO] [stdout]     --> himada-dispatch/src/kernels/ops.rs:2915:35
[INFO] [stdout]      |
[INFO] [stdout] 2915 |         if crate::get_hwdna().cpu.features().contains("sse2") {
[INFO] [stdout]      |                                   ^^^^^^^^-- help: remove the arguments
[INFO] [stdout]      |                                   |
[INFO] [stdout]      |                                   field, not a method
[INFO] [stdout] 
[INFO] [stdout] 
[INFO] [stdout] error[E0599]: no method named `features` found for struct `CpuInfo` in the current scope
[INFO] [stdout]     --> himada-dispatch/src/kernels/ops.rs:2929:13
[INFO] [stdout]      |
[INFO] [stdout] 2929 |     dna.cpu.features().contains("sse2")
[INFO] [stdout]      |             ^^^^^^^^-- help: remove the arguments
[INFO] [stdout]      |             |
[INFO] [stdout]      |             field, not a method
[INFO] [stdout] 
[INFO] [stdout] 
[INFO] [stdout] error[E0599]: no method named `features` found for struct `CpuInfo` in the current scope
[INFO] [stdout]     --> himada-dispatch/src/kernels/ops.rs:2948:35
[INFO] [stdout]      |
[INFO] [stdout] 2948 |         if crate::get_hwdna().cpu.features().contains("avx2") {
[INFO] [stdout]      |                                   ^^^^^^^^-- help: remove the arguments
[INFO] [stdout]      |                                   |
[INFO] [stdout]      |                                   field, not a method
[INFO] [stdout] 
[INFO] [stdout] 
[INFO] [stdout] error[E0599]: no method named `features` found for struct `CpuInfo` in the current scope
[INFO] [stdout]     --> himada-dispatch/src/kernels/ops.rs:2962:13
[INFO] [stdout]      |
[INFO] [stdout] 2962 |     dna.cpu.features().contains("avx2")
[INFO] [stdout]      |             ^^^^^^^^-- help: remove the arguments
[INFO] [stdout]      |             |
[INFO] [stdout]      |             field, not a method
[INFO] [stdout] 
[INFO] [stdout] 
[INFO] [stdout] error[E0599]: no method named `features` found for struct `CpuInfo` in the current scope
[INFO] [stdout]     --> himada-dispatch/src/kernels/ops.rs:3029:35
[INFO] [stdout]      |
[INFO] [stdout] 3029 |         if crate::get_hwdna().cpu.features().contains("sse2") {
[INFO] [stdout]      |                                   ^^^^^^^^-- help: remove the arguments
[INFO] [stdout]      |                                   |
[INFO] [stdout]      |                                   field, not a method
[INFO] [stdout] 
[INFO] [stdout] 
[INFO] [stdout] error[E0599]: no method named `features` found for struct `CpuInfo` in the current scope
[INFO] [stdout]     --> himada-dispatch/src/kernels/ops.rs:3044:13
[INFO] [stdout]      |
[INFO] [stdout] 3044 |     dna.cpu.features().contains("sse2")
[INFO] [stdout]      |             ^^^^^^^^-- help: remove the arguments
[INFO] [stdout]      |             |
[INFO] [stdout]      |             field, not a method
[INFO] [stdout] 
[INFO] [stdout] 
[INFO] [stdout] error[E0599]: no method named `features` found for struct `CpuInfo` in the current scope
[INFO] [stdout]     --> himada-dispatch/src/kernels/ops.rs:3064:35
[INFO] [stdout]      |
[INFO] [stdout] 3064 |         if crate::get_hwdna().cpu.features().contains("avx2") {
[INFO] [stdout]      |                                   ^^^^^^^^-- help: remove the arguments
[INFO] [stdout]      |                                   |
[INFO] [stdout]      |                                   field, not a method
[INFO] [stdout] 
[INFO] [stdout] 
[INFO] [stdout] error[E0599]: no method named `features` found for struct `CpuInfo` in the current scope
[INFO] [stdout]     --> himada-dispatch/src/kernels/ops.rs:3079:13
[INFO] [stdout]      |
[INFO] [stdout] 3079 |     dna.cpu.features().contains("avx2")
[INFO] [stdout]      |             ^^^^^^^^-- help: remove the arguments
[INFO] [stdout]      |             |
[INFO] [stdout]      |             field, not a method
[INFO] [stdout] 
[INFO] [stdout] 
[INFO] [stdout] error[E0599]: no method named `features` found for struct `CpuInfo` in the current scope
[INFO] [stdout]     --> himada-dispatch/src/kernels/ops.rs:3114:35
[INFO] [stdout]      |
[INFO] [stdout] 3114 |         if crate::get_hwdna().cpu.features().contains("sse2") {
[INFO] [stdout]      |                                   ^^^^^^^^-- help: remove the arguments
[INFO] [stdout]      |                                   |
[INFO] [stdout]      |                                   field, not a method
[INFO] [stdout] 
[INFO] [stdout] 
[INFO] [stdout] error[E0599]: no method named `features` found for struct `CpuInfo` in the current scope
[INFO] [stdout]     --> himada-dispatch/src/kernels/ops.rs:3133:13
[INFO] [stdout]      |
[INFO] [stdout] 3133 |     dna.cpu.features().contains("sse2")
[INFO] [stdout]      |             ^^^^^^^^-- help: remove the arguments
[INFO] [stdout]      |             |
[INFO] [stdout]      |             field, not a method
[INFO] [stdout] 
[INFO] [stdout] 
[INFO] [stdout] error[E0599]: no method named `features` found for struct `CpuInfo` in the current scope
[INFO] [stdout]     --> himada-dispatch/src/kernels/ops.rs:3154:35
[INFO] [stdout]      |
[INFO] [stdout] 3154 |         if crate::get_hwdna().cpu.features().contains("avx2") {
[INFO] [stdout]      |                                   ^^^^^^^^-- help: remove the arguments
[INFO] [stdout]      |                                   |
[INFO] [stdout]      |                                   field, not a method
[INFO] [stdout] 
[INFO] [stdout] 
[INFO] [stdout] error[E0599]: no method named `features` found for struct `CpuInfo` in the current scope
[INFO] [stdout]     --> himada-dispatch/src/kernels/ops.rs:3173:13
[INFO] [stdout]      |
[INFO] [stdout] 3173 |     dna.cpu.features().contains("avx2")
[INFO] [stdout]      |             ^^^^^^^^-- help: remove the arguments
[INFO] [stdout]      |             |
[INFO] [stdout]      |             field, not a method
[INFO] [stdout] 
[INFO] [stdout] 
[INFO] [stdout] error[E0599]: no method named `features` found for struct `CpuInfo` in the current scope
[INFO] [stdout]     --> himada-dispatch/src/kernels/ops.rs:3247:35
[INFO] [stdout]      |
[INFO] [stdout] 3247 |         if crate::get_hwdna().cpu.features().contains("sse2") {
[INFO] [stdout]      |                                   ^^^^^^^^-- help: remove the arguments
[INFO] [stdout]      |                                   |
[INFO] [stdout]      |                                   field, not a method
[INFO] [stdout] 
[INFO] [stdout] 
[INFO] [stdout] error[E0599]: no method named `features` found for struct `CpuInfo` in the current scope
[INFO] [stdout]     --> himada-dispatch/src/kernels/ops.rs:3265:13
[INFO] [stdout]      |
[INFO] [stdout] 3265 |     dna.cpu.features().contains("sse2")
[INFO] [stdout]      |             ^^^^^^^^-- help: remove the arguments
[INFO] [stdout]      |             |
[INFO] [stdout]      |             field, not a method
[INFO] [stdout] 
[INFO] [stdout] 
[INFO] [stdout] error[E0599]: no method named `features` found for struct `CpuInfo` in the current scope
[INFO] [stdout]     --> himada-dispatch/src/kernels/ops.rs:3286:35
[INFO] [stdout]      |
[INFO] [stdout] 3286 |         if crate::get_hwdna().cpu.features().contains("avx2") {
[INFO] [stdout]      |                                   ^^^^^^^^-- help: remove the arguments
[INFO] [stdout]      |                                   |
[INFO] [stdout]      |                                   field, not a method
[INFO] [stdout] 
[INFO] [stdout] 
[INFO] [stdout] error[E0599]: no method named `features` found for struct `CpuInfo` in the current scope
[INFO] [stdout]     --> himada-dispatch/src/kernels/ops.rs:3304:13
[INFO] [stdout]      |
[INFO] [stdout] 3304 |     dna.cpu.features().contains("avx2")
[INFO] [stdout]      |             ^^^^^^^^-- help: remove the arguments
[INFO] [stdout]      |             |
[INFO] [stdout]      |             field, not a method
[INFO] [stdout] 
[INFO] [stdout] 
[INFO] [stdout] error[E0599]: no method named `features` found for struct `CpuInfo` in the current scope
[INFO] [stdout]     --> himada-dispatch/src/kernels/ops.rs:3386:35
[INFO] [stdout]      |
[INFO] [stdout] 3386 |         if crate::get_hwdna().cpu.features().contains("sse2") {
[INFO] [stdout]      |                                   ^^^^^^^^-- help: remove the arguments
[INFO] [stdout]      |                                   |
[INFO] [stdout]      |                                   field, not a method
[INFO] [stdout] 
[INFO] [stdout] 
[INFO] [stdout] error[E0599]: no method named `features` found for struct `CpuInfo` in the current scope
[INFO] [stdout]     --> himada-dispatch/src/kernels/ops.rs:3406:13
[INFO] [stdout]      |
[INFO] [stdout] 3406 |     dna.cpu.features().contains("sse2")
[INFO] [stdout]      |             ^^^^^^^^-- help: remove the arguments
[INFO] [stdout]      |             |
[INFO] [stdout]      |             field, not a method
[INFO] [stdout] 
[INFO] [stdout] 
[INFO] [stdout] error[E0599]: no method named `features` found for struct `CpuInfo` in the current scope
[INFO] [stdout]     --> himada-dispatch/src/kernels/ops.rs:3431:35
[INFO] [stdout]      |
[INFO] [stdout] 3431 |         if crate::get_hwdna().cpu.features().contains("avx2") {
[INFO] [stdout]      |                                   ^^^^^^^^-- help: remove the arguments
[INFO] [stdout]      |                                   |
[INFO] [stdout]      |                                   field, not a method
[INFO] [stdout] 
[INFO] [stdout] 
[INFO] [stdout] error[E0599]: no method named `features` found for struct `CpuInfo` in the current scope
[INFO] [stdout]     --> himada-dispatch/src/kernels/ops.rs:3451:13
[INFO] [stdout]      |
[INFO] [stdout] 3451 |     dna.cpu.features().contains("avx2")
[INFO] [stdout]      |             ^^^^^^^^-- help: remove the arguments
[INFO] [stdout]      |             |
[INFO] [stdout]      |             field, not a method
[INFO] [stdout] 
[INFO] [stdout] 
[INFO] [stdout] error[E0599]: no method named `features` found for struct `CpuInfo` in the current scope
[INFO] [stdout]   --> himada-dispatch/src/kernels/reduce.rs:40:35
[INFO] [stdout]    |
[INFO] [stdout] 40 |         if crate::get_hwdna().cpu.features().contains("sse2") {
[INFO] [stdout]    |                                   ^^^^^^^^-- help: remove the arguments
[INFO] [stdout]    |                                   |
[INFO] [stdout]    |                                   field, not a method
[INFO] [stdout] 
[INFO] [stdout] 
[INFO] [stdout] error[E0599]: no method named `features` found for struct `CpuInfo` in the current scope
[INFO] [stdout]   --> himada-dispatch/src/kernels/reduce.rs:59:13
[INFO] [stdout]    |
[INFO] [stdout] 59 |     dna.cpu.features().contains("sse2")
[INFO] [stdout]    |             ^^^^^^^^-- help: remove the arguments
[INFO] [stdout]    |             |
[INFO] [stdout]    |             field, not a method
[INFO] [stdout] 
[INFO] [stdout] 
[INFO] [stdout] error[E0599]: no method named `features` found for struct `CpuInfo` in the current scope
[INFO] [stdout]   --> himada-dispatch/src/kernels/reduce.rs:85:35
[INFO] [stdout]    |
[INFO] [stdout] 85 |         if crate::get_hwdna().cpu.features().contains("avx2") {
[INFO] [stdout]    |                                   ^^^^^^^^-- help: remove the arguments
[INFO] [stdout]    |                                   |
[INFO] [stdout]    |                                   field, not a method
[INFO] [stdout] 
[INFO] [stdout] 
[INFO] [stdout] error[E0599]: no method named `features` found for struct `CpuInfo` in the current scope
[INFO] [stdout]    --> himada-dispatch/src/kernels/reduce.rs:104:13
[INFO] [stdout]     |
[INFO] [stdout] 104 |     dna.cpu.features().contains("avx2")
[INFO] [stdout]     |             ^^^^^^^^-- help: remove the arguments
[INFO] [stdout]     |             |
[INFO] [stdout]     |             field, not a method
[INFO] [stdout] 
[INFO] [stdout] 
[INFO] [stdout] error[E0599]: no method named `features` found for struct `CpuInfo` in the current scope
[INFO] [stdout]    --> himada-dispatch/src/kernels/reduce.rs:190:35
[INFO] [stdout]     |
[INFO] [stdout] 190 |         if crate::get_hwdna().cpu.features().contains("sse2") {
[INFO] [stdout]     |                                   ^^^^^^^^-- help: remove the arguments
[INFO] [stdout]     |                                   |
[INFO] [stdout]     |                                   field, not a method
[INFO] [stdout] 
[INFO] [stdout] 
[INFO] [stdout] error[E0599]: no method named `features` found for struct `CpuInfo` in the current scope
[INFO] [stdout]    --> himada-dispatch/src/kernels/reduce.rs:211:13
[INFO] [stdout]     |
[INFO] [stdout] 211 |     dna.cpu.features().contains("sse2")
[INFO] [stdout]     |             ^^^^^^^^-- help: remove the arguments
[INFO] [stdout]     |             |
[INFO] [stdout]     |             field, not a method
[INFO] [stdout] 
[INFO] [stdout] 
[INFO] [stdout] error[E0599]: no method named `features` found for struct `CpuInfo` in the current scope
[INFO] [stdout]    --> himada-dispatch/src/kernels/reduce.rs:236:35
[INFO] [stdout]     |
[INFO] [stdout] 236 |         if crate::get_hwdna().cpu.features().contains("avx2") {
[INFO] [stdout]     |                                   ^^^^^^^^-- help: remove the arguments
[INFO] [stdout]     |                                   |
[INFO] [stdout]     |                                   field, not a method
[INFO] [stdout] 
[INFO] [stdout] 
[INFO] [stdout] error[E0599]: no method named `features` found for struct `CpuInfo` in the current scope
[INFO] [stdout]    --> himada-dispatch/src/kernels/reduce.rs:257:13
[INFO] [stdout]     |
[INFO] [stdout] 257 |     dna.cpu.features().contains("avx2")
[INFO] [stdout]     |             ^^^^^^^^-- help: remove the arguments
[INFO] [stdout]     |             |
[INFO] [stdout]     |             field, not a method
[INFO] [stdout] 
[INFO] [stdout] 
[INFO] [stdout] error[E0599]: no method named `features` found for struct `CpuInfo` in the current scope
[INFO] [stdout]   --> himada-dispatch/src/kernels/softmax.rs:58:35
[INFO] [stdout]    |
[INFO] [stdout] 58 |         if crate::get_hwdna().cpu.features().contains("sse2") {
[INFO] [stdout]    |                                   ^^^^^^^^-- help: remove the arguments
[INFO] [stdout]    |                                   |
[INFO] [stdout]    |                                   field, not a method
[INFO] [stdout] 
[INFO] [stdout] 
[INFO] [stdout] error[E0599]: no method named `features` found for struct `CpuInfo` in the current scope
[INFO] [stdout]   --> himada-dispatch/src/kernels/softmax.rs:81:35
[INFO] [stdout]    |
[INFO] [stdout] 81 |         if crate::get_hwdna().cpu.features().contains("sse2") {
[INFO] [stdout]    |                                   ^^^^^^^^-- help: remove the arguments
[INFO] [stdout]    |                                   |
[INFO] [stdout]    |                                   field, not a method
[INFO] [stdout] 
[INFO] [stdout] 
[INFO] [stdout] error[E0599]: no method named `features` found for struct `CpuInfo` in the current scope
[INFO] [stdout]    --> himada-dispatch/src/kernels/softmax.rs:113:35
[INFO] [stdout]     |
[INFO] [stdout] 113 |         if crate::get_hwdna().cpu.features().contains("sse2") {
[INFO] [stdout]     |                                   ^^^^^^^^-- help: remove the arguments
[INFO] [stdout]     |                                   |
[INFO] [stdout]     |                                   field, not a method
[INFO] [stdout] 
[INFO] [stdout] 
[INFO] [stdout] error[E0599]: no method named `features` found for struct `CpuInfo` in the current scope
[INFO] [stdout]    --> himada-dispatch/src/kernels/softmax.rs:129:13
[INFO] [stdout]     |
[INFO] [stdout] 129 |     dna.cpu.features().contains("sse2")
[INFO] [stdout]     |             ^^^^^^^^-- help: remove the arguments
[INFO] [stdout]     |             |
[INFO] [stdout]     |             field, not a method
[INFO] [stdout] 
[INFO] [stdout] 
[INFO] [stdout] error[E0599]: no method named `features` found for struct `CpuInfo` in the current scope
[INFO] [stdout]    --> himada-dispatch/src/kernels/softmax.rs:153:35
[INFO] [stdout]     |
[INFO] [stdout] 153 |         if crate::get_hwdna().cpu.features().contains("avx2") {
[INFO] [stdout]     |                                   ^^^^^^^^-- help: remove the arguments
[INFO] [stdout]     |                                   |
[INFO] [stdout]     |                                   field, not a method
[INFO] [stdout] 
[INFO] [stdout] 
[INFO] [stdout] error[E0599]: no method named `features` found for struct `CpuInfo` in the current scope
[INFO] [stdout]    --> himada-dispatch/src/kernels/softmax.rs:177:35
[INFO] [stdout]     |
[INFO] [stdout] 177 |         if crate::get_hwdna().cpu.features().contains("avx2") {
[INFO] [stdout]     |                                   ^^^^^^^^-- help: remove the arguments
[INFO] [stdout]     |                                   |
[INFO] [stdout]     |                                   field, not a method
[INFO] [stdout] 
[INFO] [stdout] 
[INFO] [stdout] error[E0599]: no method named `features` found for struct `CpuInfo` in the current scope
[INFO] [stdout]    --> himada-dispatch/src/kernels/softmax.rs:209:35
[INFO] [stdout]     |
[INFO] [stdout] 209 |         if crate::get_hwdna().cpu.features().contains("avx2") {
[INFO] [stdout]     |                                   ^^^^^^^^-- help: remove the arguments
[INFO] [stdout]     |                                   |
[INFO] [stdout]     |                                   field, not a method
[INFO] [stdout] 
[INFO] [stdout] 
[INFO] [stdout] error[E0599]: no method named `features` found for struct `CpuInfo` in the current scope
[INFO] [stdout]    --> himada-dispatch/src/kernels/softmax.rs:225:13
[INFO] [stdout]     |
[INFO] [stdout] 225 |     dna.cpu.features().contains("avx2")
[INFO] [stdout]     |             ^^^^^^^^-- help: remove the arguments
[INFO] [stdout]     |             |
[INFO] [stdout]     |             field, not a method
[INFO] [stdout] 
[INFO] [stdout] 
[INFO] [stdout] error[E0599]: no method named `features` found for struct `CpuInfo` in the current scope
[INFO] [stdout]   --> himada-dispatch/src/kernels/sort.rs:35:35
[INFO] [stdout]    |
[INFO] [stdout] 35 |         if crate::get_hwdna().cpu.features().contains("sse2") {
[INFO] [stdout]    |                                   ^^^^^^^^-- help: remove the arguments
[INFO] [stdout]    |                                   |
[INFO] [stdout]    |                                   field, not a method
[INFO] [stdout] 
[INFO] [stdout] 
[INFO] [stdout] error[E0599]: no method named `features` found for struct `CpuInfo` in the current scope
[INFO] [stdout]   --> himada-dispatch/src/kernels/sort.rs:67:13
[INFO] [stdout]    |
[INFO] [stdout] 67 |     dna.cpu.features().contains("sse2")
[INFO] [stdout]    |             ^^^^^^^^-- help: remove the arguments
[INFO] [stdout]    |             |
[INFO] [stdout]    |             field, not a method
[INFO] [stdout] 
[INFO] [stdout] 
[INFO] [stdout] error[E0599]: no method named `features` found for struct `CpuInfo` in the current scope
[INFO] [stdout]   --> himada-dispatch/src/kernels/sort.rs:90:35
[INFO] [stdout]    |
[INFO] [stdout] 90 |         if crate::get_hwdna().cpu.features().contains("avx2") {
[INFO] [stdout]    |                                   ^^^^^^^^-- help: remove the arguments
[INFO] [stdout]    |                                   |
[INFO] [stdout]    |                                   field, not a method
[INFO] [stdout] 
[INFO] [stdout] 
[INFO] [stdout] error[E0599]: no method named `features` found for struct `CpuInfo` in the current scope
[INFO] [stdout]    --> himada-dispatch/src/kernels/sort.rs:134:13
[INFO] [stdout]     |
[INFO] [stdout] 134 |     dna.cpu.features().contains("avx2")
[INFO] [stdout]     |             ^^^^^^^^-- help: remove the arguments
[INFO] [stdout]     |             |
[INFO] [stdout]     |             field, not a method
[INFO] [stdout] 
[INFO] [stdout] 
[INFO] [stdout] error[E0599]: no method named `features` found for struct `CpuInfo` in the current scope
[INFO] [stdout]    --> himada-dispatch/src/kernels/sort.rs:221:35
[INFO] [stdout]     |
[INFO] [stdout] 221 |         if crate::get_hwdna().cpu.features().contains("sse2") {
[INFO] [stdout]     |                                   ^^^^^^^^-- help: remove the arguments
[INFO] [stdout]     |                                   |
[INFO] [stdout]     |                                   field, not a method
[INFO] [stdout] 
[INFO] [stdout] 
[INFO] [stdout] error[E0599]: no method named `features` found for struct `CpuInfo` in the current scope
[INFO] [stdout]    --> himada-dispatch/src/kernels/sort.rs:238:13
[INFO] [stdout]     |
[INFO] [stdout] 238 |     dna.cpu.features().contains("sse2")
[INFO] [stdout]     |             ^^^^^^^^-- help: remove the arguments
[INFO] [stdout]     |             |
[INFO] [stdout]     |             field, not a method
[INFO] [stdout] 
[INFO] [stdout] 
[INFO] [stdout] error[E0599]: no method named `features` found for struct `CpuInfo` in the current scope
[INFO] [stdout]    --> himada-dispatch/src/kernels/sort.rs:260:35
[INFO] [stdout]     |
[INFO] [stdout] 260 |         if crate::get_hwdna().cpu.features().contains("avx2") {
[INFO] [stdout]     |                                   ^^^^^^^^-- help: remove the arguments
[INFO] [stdout]     |                                   |
[INFO] [stdout]     |                                   field, not a method
[INFO] [stdout] 
[INFO] [stdout] 
[INFO] [stdout] error[E0599]: no method named `features` found for struct `CpuInfo` in the current scope
[INFO] [stdout]    --> himada-dispatch/src/kernels/sort.rs:298:13
[INFO] [stdout]     |
[INFO] [stdout] 298 |     dna.cpu.features().contains("avx2")
[INFO] [stdout]     |             ^^^^^^^^-- help: remove the arguments
[INFO] [stdout]     |             |
[INFO] [stdout]     |             field, not a method
[INFO] [stdout] 
[INFO] [stdout] 
[INFO] [stdout] error[E0599]: no method named `features` found for struct `CpuInfo` in the current scope
[INFO] [stdout]    --> himada-dispatch/src/kernels/sort.rs:369:35
[INFO] [stdout]     |
[INFO] [stdout] 369 |         if crate::get_hwdna().cpu.features().contains("sse2") {
[INFO] [stdout]     |                                   ^^^^^^^^-- help: remove the arguments
[INFO] [stdout]     |                                   |
[INFO] [stdout]     |                                   field, not a method
[INFO] [stdout] 
[INFO] [stdout] 
[INFO] [stdout] error[E0599]: no method named `features` found for struct `CpuInfo` in the current scope
[INFO] [stdout]    --> himada-dispatch/src/kernels/sort.rs:401:13
[INFO] [stdout]     |
[INFO] [stdout] 401 |     dna.cpu.features().contains("sse2")
[INFO] [stdout]     |             ^^^^^^^^-- help: remove the arguments
[INFO] [stdout]     |             |
[INFO] [stdout]     |             field, not a method
[INFO] [stdout] 
[INFO] [stdout] 
[INFO] [stdout] error[E0599]: no method named `features` found for struct `CpuInfo` in the current scope
[INFO] [stdout]    --> himada-dispatch/src/kernels/sort.rs:423:35
[INFO] [stdout]     |
[INFO] [stdout] 423 |         if crate::get_hwdna().cpu.features().contains("avx2") {
[INFO] [stdout]     |                                   ^^^^^^^^-- help: remove the arguments
[INFO] [stdout]     |                                   |
[INFO] [stdout]     |                                   field, not a method
[INFO] [stdout] 
[INFO] [stdout] 
[INFO] [stdout] error[E0599]: no method named `features` found for struct `CpuInfo` in the current scope
[INFO] [stdout]    --> himada-dispatch/src/kernels/sort.rs:455:13
[INFO] [stdout]     |
[INFO] [stdout] 455 |     dna.cpu.features().contains("avx2")
[INFO] [stdout]     |             ^^^^^^^^-- help: remove the arguments
[INFO] [stdout]     |             |
[INFO] [stdout]     |             field, not a method
[INFO] [stdout] 
[INFO] [stdout] 
[INFO] [stdout] error[E0599]: no method named `features` found for struct `CpuInfo` in the current scope
[INFO] [stdout]   --> himada-dispatch/src/kernels/trig.rs:99:35
[INFO] [stdout]    |
[INFO] [stdout] 99 |         if crate::get_hwdna().cpu.features().contains("sse2") {
[INFO] [stdout]    |                                   ^^^^^^^^-- help: remove the arguments
[INFO] [stdout]    |                                   |
[INFO] [stdout]    |                                   field, not a method
[INFO] [stdout] 
[INFO] [stdout] 
[INFO] [stdout] error[E0599]: no method named `features` found for struct `CpuInfo` in the current scope
[INFO] [stdout]    --> himada-dispatch/src/kernels/trig.rs:117:13
[INFO] [stdout]     |
[INFO] [stdout] 117 |     dna.cpu.features().contains("sse2")
[INFO] [stdout]     |             ^^^^^^^^-- help: remove the arguments
[INFO] [stdout]     |             |
[INFO] [stdout]     |             field, not a method
[INFO] [stdout] 
[INFO] [stdout] 
[INFO] [stdout] error[E0599]: no method named `features` found for struct `CpuInfo` in the current scope
[INFO] [stdout]    --> himada-dispatch/src/kernels/trig.rs:141:35
[INFO] [stdout]     |
[INFO] [stdout] 141 |         if crate::get_hwdna().cpu.features().contains("avx2") {
[INFO] [stdout]     |                                   ^^^^^^^^-- help: remove the arguments
[INFO] [stdout]     |                                   |
[INFO] [stdout]     |                                   field, not a method
[INFO] [stdout] 
[INFO] [stdout] 
[INFO] [stdout] error[E0599]: no method named `features` found for struct `CpuInfo` in the current scope
[INFO] [stdout]    --> himada-dispatch/src/kernels/trig.rs:161:13
[INFO] [stdout]     |
[INFO] [stdout] 161 |     dna.cpu.features().contains("avx2")
[INFO] [stdout]     |             ^^^^^^^^-- help: remove the arguments
[INFO] [stdout]     |             |
[INFO] [stdout]     |             field, not a method
[INFO] [stdout] 
[INFO] [stdout] 
[INFO] [stdout] error[E0599]: no method named `features` found for struct `CpuInfo` in the current scope
[INFO] [stdout]    --> himada-dispatch/src/kernels/trig.rs:238:35
[INFO] [stdout]     |
[INFO] [stdout] 238 |         if crate::get_hwdna().cpu.features().contains("sse2") {
[INFO] [stdout]     |                                   ^^^^^^^^-- help: remove the arguments
[INFO] [stdout]     |                                   |
[INFO] [stdout]     |                                   field, not a method
[INFO] [stdout] 
[INFO] [stdout] 
[INFO] [stdout] error[E0599]: no method named `features` found for struct `CpuInfo` in the current scope
[INFO] [stdout]    --> himada-dispatch/src/kernels/trig.rs:256:13
[INFO] [stdout]     |
[INFO] [stdout] 256 |     dna.cpu.features().contains("sse2")
[INFO] [stdout]     |             ^^^^^^^^-- help: remove the arguments
[INFO] [stdout]     |             |
[INFO] [stdout]     |             field, not a method
[INFO] [stdout] 
[INFO] [stdout] 
[INFO] [stdout] error[E0599]: no method named `features` found for struct `CpuInfo` in the current scope
[INFO] [stdout]    --> himada-dispatch/src/kernels/trig.rs:279:35
[INFO] [stdout]     |
[INFO] [stdout] 279 |         if crate::get_hwdna().cpu.features().contains("avx2") {
[INFO] [stdout]     |                                   ^^^^^^^^-- help: remove the arguments
[INFO] [stdout]     |                                   |
[INFO] [stdout]     |                                   field, not a method
[INFO] [stdout] 
[INFO] [stdout] 
[INFO] [stdout] error[E0599]: no method named `features` found for struct `CpuInfo` in the current scope
[INFO] [stdout]    --> himada-dispatch/src/kernels/trig.rs:299:13
[INFO] [stdout]     |
[INFO] [stdout] 299 |     dna.cpu.features().contains("avx2")
[INFO] [stdout]     |             ^^^^^^^^-- help: remove the arguments
[INFO] [stdout]     |             |
[INFO] [stdout]     |             field, not a method
[INFO] [stdout] 
[INFO] [stdout] 
[INFO] [stdout] error[E0599]: no method named `features` found for struct `CpuInfo` in the current scope
[INFO] [stdout]    --> himada-dispatch/src/kernels/trig.rs:376:35
[INFO] [stdout]     |
[INFO] [stdout] 376 |         if crate::get_hwdna().cpu.features().contains("sse2") {
[INFO] [stdout]     |                                   ^^^^^^^^-- help: remove the arguments
[INFO] [stdout]     |                                   |
[INFO] [stdout]     |                                   field, not a method
[INFO] [stdout] 
[INFO] [stdout] 
[INFO] [stdout] error[E0599]: no method named `features` found for struct `CpuInfo` in the current scope
[INFO] [stdout]    --> himada-dispatch/src/kernels/trig.rs:394:13
[INFO] [stdout]     |
[INFO] [stdout] 394 |     dna.cpu.features().contains("sse2")
[INFO] [stdout]     |             ^^^^^^^^-- help: remove the arguments
[INFO] [stdout]     |             |
[INFO] [stdout]     |             field, not a method
[INFO] [stdout] 
[INFO] [stdout] 
[INFO] [stdout] error[E0599]: no method named `features` found for struct `CpuInfo` in the current scope
[INFO] [stdout]    --> himada-dispatch/src/kernels/trig.rs:417:35
[INFO] [stdout]     |
[INFO] [stdout] 417 |         if crate::get_hwdna().cpu.features().contains("avx2") {
[INFO] [stdout]     |                                   ^^^^^^^^-- help: remove the arguments
[INFO] [stdout]     |                                   |
[INFO] [stdout]     |                                   field, not a method
[INFO] [stdout] 
[INFO] [stdout] 
[INFO] [stdout] error[E0599]: no method named `features` found for struct `CpuInfo` in the current scope
[INFO] [stdout]    --> himada-dispatch/src/kernels/trig.rs:437:13
[INFO] [stdout]     |
[INFO] [stdout] 437 |     dna.cpu.features().contains("avx2")
[INFO] [stdout]     |             ^^^^^^^^-- help: remove the arguments
[INFO] [stdout]     |             |
[INFO] [stdout]     |             field, not a method
[INFO] [stdout] 
[INFO] [stdout] 
[INFO] [stdout] error[E0599]: no method named `features` found for struct `CpuInfo` in the current scope
[INFO] [stdout]    --> himada-dispatch/src/kernels/trig.rs:516:35
[INFO] [stdout]     |
[INFO] [stdout] 516 |         if crate::get_hwdna().cpu.features().contains("sse2") {
[INFO] [stdout]     |                                   ^^^^^^^^-- help: remove the arguments
[INFO] [stdout]     |                                   |
[INFO] [stdout]     |                                   field, not a method
[INFO] [stdout] 
[INFO] [stdout] 
[INFO] [stdout] error[E0599]: no method named `features` found for struct `CpuInfo` in the current scope
[INFO] [stdout]    --> himada-dispatch/src/kernels/trig.rs:536:13
[INFO] [stdout]     |
[INFO] [stdout] 536 |     dna.cpu.features().contains("sse2")
[INFO] [stdout]     |             ^^^^^^^^-- help: remove the arguments
[INFO] [stdout]     |             |
[INFO] [stdout]     |             field, not a method
[INFO] [stdout] 
[INFO] [stdout] 
[INFO] [stdout] error[E0599]: no method named `features` found for struct `CpuInfo` in the current scope
[INFO] [stdout]    --> himada-dispatch/src/kernels/trig.rs:559:35
[INFO] [stdout]     |
[INFO] [stdout] 559 |         if crate::get_hwdna().cpu.features().contains("avx2") {
[INFO] [stdout]     |                                   ^^^^^^^^-- help: remove the arguments
[INFO] [stdout]     |                                   |
[INFO] [stdout]     |                                   field, not a method
[INFO] [stdout] 
[INFO] [stdout] 
[INFO] [stdout] error[E0599]: no method named `features` found for struct `CpuInfo` in the current scope
[INFO] [stdout]    --> himada-dispatch/src/kernels/trig.rs:583:13
[INFO] [stdout]     |
[INFO] [stdout] 583 |     dna.cpu.features().contains("avx2")
[INFO] [stdout]     |             ^^^^^^^^-- help: remove the arguments
[INFO] [stdout]     |             |
[INFO] [stdout]     |             field, not a method
[INFO] [stdout] 
[INFO] [stdout] 
[INFO] [stdout] error[E0599]: no method named `features` found for struct `CpuInfo` in the current scope
[INFO] [stdout]    --> himada-dispatch/src/kernels/trig.rs:662:35
[INFO] [stdout]     |
[INFO] [stdout] 662 |         if crate::get_hwdna().cpu.features().contains("sse2") {
[INFO] [stdout]     |                                   ^^^^^^^^-- help: remove the arguments
[INFO] [stdout]     |                                   |
[INFO] [stdout]     |                                   field, not a method
[INFO] [stdout] 
[INFO] [stdout] 
[INFO] [stdout] error[E0599]: no method named `features` found for struct `CpuInfo` in the current scope
[INFO] [stdout]    --> himada-dispatch/src/kernels/trig.rs:682:13
[INFO] [stdout]     |
[INFO] [stdout] 682 |     dna.cpu.features().contains("sse2")
[INFO] [stdout]     |             ^^^^^^^^-- help: remove the arguments
[INFO] [stdout]     |             |
[INFO] [stdout]     |             field, not a method
[INFO] [stdout] 
[INFO] [stdout] 
[INFO] [stdout] error[E0599]: no method named `features` found for struct `CpuInfo` in the current scope
[INFO] [stdout]    --> himada-dispatch/src/kernels/trig.rs:705:35
[INFO] [stdout]     |
[INFO] [stdout] 705 |         if crate::get_hwdna().cpu.features().contains("avx2") {
[INFO] [stdout]     |                                   ^^^^^^^^-- help: remove the arguments
[INFO] [stdout]     |                                   |
[INFO] [stdout]     |                                   field, not a method
[INFO] [stdout] 
[INFO] [stdout] 
[INFO] [stdout] error[E0599]: no method named `features` found for struct `CpuInfo` in the current scope
[INFO] [stdout]    --> himada-dispatch/src/kernels/trig.rs:729:13
[INFO] [stdout]     |
[INFO] [stdout] 729 |     dna.cpu.features().contains("avx2")
[INFO] [stdout]     |             ^^^^^^^^-- help: remove the arguments
[INFO] [stdout]     |             |
[INFO] [stdout]     |             field, not a method
[INFO] [stdout] 
[INFO] [stdout] 
[INFO] [stdout] error[E0599]: no method named `features` found for struct `CpuInfo` in the current scope
[INFO] [stdout]    --> himada-dispatch/src/kernels/trig.rs:808:35
[INFO] [stdout]     |
[INFO] [stdout] 808 |         if crate::get_hwdna().cpu.features().contains("sse2") {
[INFO] [stdout]     |                                   ^^^^^^^^-- help: remove the arguments
[INFO] [stdout]     |                                   |
[INFO] [stdout]     |                                   field, not a method
[INFO] [stdout] 
[INFO] [stdout] 
[INFO] [stdout] error[E0599]: no method named `features` found for struct `CpuInfo` in the current scope
[INFO] [stdout]    --> himada-dispatch/src/kernels/trig.rs:828:13
[INFO] [stdout]     |
[INFO] [stdout] 828 |     dna.cpu.features().contains("sse2")
[INFO] [stdout]     |             ^^^^^^^^-- help: remove the arguments
[INFO] [stdout]     |             |
[INFO] [stdout]     |             field, not a method
[INFO] [stdout] 
[INFO] [stdout] 
[INFO] [stdout] error[E0599]: no method named `features` found for struct `CpuInfo` in the current scope
[INFO] [stdout]    --> himada-dispatch/src/kernels/trig.rs:851:35
[INFO] [stdout]     |
[INFO] [stdout] 851 |         if crate::get_hwdna().cpu.features().contains("avx2") {
[INFO] [stdout]     |                                   ^^^^^^^^-- help: remove the arguments
[INFO] [stdout]     |                                   |
[INFO] [stdout]     |                                   field, not a method
[INFO] [stdout] 
[INFO] [stdout] 
[INFO] [stdout] error[E0599]: no method named `features` found for struct `CpuInfo` in the current scope
[INFO] [stdout]    --> himada-dispatch/src/kernels/trig.rs:875:13
[INFO] [stdout]     |
[INFO] [stdout] 875 |     dna.cpu.features().contains("avx2")
[INFO] [stdout]     |             ^^^^^^^^-- help: remove the arguments
[INFO] [stdout]     |             |
[INFO] [stdout]     |             field, not a method
[INFO] [stdout] 
[INFO] [stdout] 
[INFO] [stdout] For more information about this error, try `rustc --explain E0599`.
[INFO] [stdout] 
[INFO] [stderr] error: could not compile `himada-dispatch` (lib) due to 338 previous errors; 108 warnings emitted
[INFO] running `Command { std: "docker" "inspect" "61c61a391d372ca7d89bf04d2ac50a0c2e682b691f4c16a321614e028a76e3a4", kill_on_drop: false }`
[INFO] running `Command { std: "docker" "rm" "-f" "61c61a391d372ca7d89bf04d2ac50a0c2e682b691f4c16a321614e028a76e3a4", kill_on_drop: false }`
[INFO] [stdout] 61c61a391d372ca7d89bf04d2ac50a0c2e682b691f4c16a321614e028a76e3a4
