[INFO] cloning repository https://github.com/FaezBarghasa/Oxide-embed
[INFO] running `Command { std: "git" "-c" "credential.helper=" "-c" "credential.helper=/workspace/cargo-home/bin/git-credential-null" "clone" "--bare" "https://github.com/FaezBarghasa/Oxide-embed" "/workspace/cache/git-repos/https%3A%2F%2Fgithub.com%2FFaezBarghasa%2FOxide-embed", kill_on_drop: false }`
[INFO] [stderr] Cloning into bare repository '/workspace/cache/git-repos/https%3A%2F%2Fgithub.com%2FFaezBarghasa%2FOxide-embed'...
[INFO] running `Command { std: "git" "rev-parse" "HEAD", kill_on_drop: false }`
[INFO] [stdout] 9ecee220058e149a7299b5bf582e086ae7341050
[INFO] checking FaezBarghasa/Oxide-embed against 3154cc1a3e6424e44f438a95007d043ed5ceaaf6 for pr-133502-30
[INFO] running `Command { std: "git" "clone" "/workspace/cache/git-repos/https%3A%2F%2Fgithub.com%2FFaezBarghasa%2FOxide-embed" "/workspace/builds/worker-0-tc2/source", kill_on_drop: false }`
[INFO] [stderr] Cloning into '/workspace/builds/worker-0-tc2/source'...
[INFO] [stderr] done.
[INFO] started tweaking git repo https://github.com/FaezBarghasa/Oxide-embed
[INFO] finished tweaking git repo https://github.com/FaezBarghasa/Oxide-embed
[INFO] tweaked toml for git repo https://github.com/FaezBarghasa/Oxide-embed written to /workspace/builds/worker-0-tc2/source/Cargo.toml
[INFO] validating manifest of git repo https://github.com/FaezBarghasa/Oxide-embed on toolchain 3154cc1a3e6424e44f438a95007d043ed5ceaaf6
[INFO] running `Command { std: CARGO_HOME="/workspace/cargo-home" RUSTUP_HOME="/workspace/rustup-home" "/workspace/cargo-home/bin/cargo" "+3154cc1a3e6424e44f438a95007d043ed5ceaaf6" "metadata" "--manifest-path" "Cargo.toml" "--no-deps", kill_on_drop: false }`
[INFO] crate git repo https://github.com/FaezBarghasa/Oxide-embed already has a lockfile, it will not be regenerated
[INFO] running `Command { std: CARGO_HOME="/workspace/cargo-home" RUSTUP_HOME="/workspace/rustup-home" "/workspace/cargo-home/bin/cargo" "+3154cc1a3e6424e44f438a95007d043ed5ceaaf6" "fetch" "--manifest-path" "Cargo.toml", kill_on_drop: false }`
[INFO] running `Command { std: "docker" "create" "-v" "/var/lib/crater-agent-workspace/builds/worker-0-tc2/source:/opt/rustwide/workdir:ro,Z" "-v" "/var/lib/crater-agent-workspace/builds/worker-0-tc2/target:/opt/rustwide/target:rw,Z" "-v" "/var/lib/crater-agent-workspace/cargo-home:/opt/rustwide/cargo-home:ro,Z" "-v" "/var/lib/crater-agent-workspace/rustup-home:/opt/rustwide/rustup-home:ro,Z" "-m" "1610612736" "--network" "none" "ghcr.io/rust-lang/crates-build-env/linux@sha256:77db811e55d90add9212f6832c23229e3de5f1c1f9905e8cb07319ea15df73ac" "sleep" "infinity", kill_on_drop: false }`
[INFO] [stdout] e6302c3483e4d223dd529bab2248814a448331160b98fa007711500a8f22c2b7
[INFO] running `Command { std: "docker" "start" "e6302c3483e4d223dd529bab2248814a448331160b98fa007711500a8f22c2b7", kill_on_drop: false }`
[INFO] running `Command { std: "docker" "inspect" "e6302c3483e4d223dd529bab2248814a448331160b98fa007711500a8f22c2b7", kill_on_drop: false }`
[INFO] running `Command { std: "docker" "exec" "-e" "SOURCE_DIR=/opt/rustwide/workdir" "-e" "CARGO_HOME=/opt/rustwide/cargo-home" "-e" "RUSTUP_HOME=/opt/rustwide/rustup-home" "-e" "CARGO_TARGET_DIR=/opt/rustwide/target" "-w" "/opt/rustwide/workdir" "--user" "0:0" "e6302c3483e4d223dd529bab2248814a448331160b98fa007711500a8f22c2b7" "/opt/rustwide/cargo-home/bin/cargo" "+3154cc1a3e6424e44f438a95007d043ed5ceaaf6" "metadata" "--no-deps" "--format-version=1", kill_on_drop: false }`
[INFO] running `Command { std: "docker" "inspect" "e6302c3483e4d223dd529bab2248814a448331160b98fa007711500a8f22c2b7", kill_on_drop: false }`
[INFO] running `Command { std: "docker" "exec" "-e" "SOURCE_DIR=/opt/rustwide/workdir" "-e" "CARGO_HOME=/opt/rustwide/cargo-home" "-e" "RUSTUP_HOME=/opt/rustwide/rustup-home" "-e" "CARGO_TARGET_DIR=/opt/rustwide/target" "-e" "CARGO_INCREMENTAL=0" "-e" "RUST_BACKTRACE=full" "-e" "RUSTFLAGS=--cap-lints=forbid" "-e" "RUSTDOCFLAGS=--cap-lints=forbid" "-w" "/opt/rustwide/workdir" "--user" "0:0" "e6302c3483e4d223dd529bab2248814a448331160b98fa007711500a8f22c2b7" "/opt/rustwide/cargo-home/bin/cargo" "+3154cc1a3e6424e44f438a95007d043ed5ceaaf6" "check" "--frozen" "--all" "--all-targets" "--message-format=json", kill_on_drop: false }`
[INFO] [stderr]    Compiling proc-macro2 v1.0.107
[INFO] [stderr]     Checking log v0.4.34
[INFO] [stderr]    Compiling num-traits v0.2.19
[INFO] [stderr]    Compiling jobserver v0.1.35
[INFO] [stderr]    Compiling zerocopy v0.8.57
[INFO] [stderr]    Compiling crossbeam-utils v0.8.23
[INFO] [stderr]    Compiling crossbeam-epoch v0.9.21
[INFO] [stderr]     Checking either v1.18.0
[INFO] [stderr]    Compiling crossbeam-deque v0.8.8
[INFO] [stderr]     Checking scopeguard v1.2.0
[INFO] [stderr]     Checking lock_api v0.4.14
[INFO] [stderr]    Compiling rayon-core v1.13.0
[INFO] [stderr]    Compiling cc v1.4.6
[INFO] [stderr]     Checking typenum v1.20.1
[INFO] [stderr]     Checking mio v1.2.3
[INFO] [stderr]     Checking bitflags v2.13.2
[INFO] [stderr]    Compiling pkg-config v0.3.34
[INFO] [stderr]    Compiling tree-sitter-language v0.1.8
[INFO] [stderr]    Compiling quote v1.0.47
[INFO] [stderr]     Checking aho-corasick v1.1.5
[INFO] [stderr]    Compiling serde_json v1.0.151
[INFO] [stderr]    Compiling syn v3.0.5
[INFO] [stderr]    Compiling syn v2.0.119
[INFO] [stderr]     Checking futures-core v0.3.34
[INFO] [stderr]    Compiling rustversion v1.0.23
[INFO] [stderr]     Checking rayon v1.12.0
[INFO] [stderr]     Checking regex-automata v0.4.18
[INFO] [stderr]     Checking indexmap v2.14.2
[INFO] [stderr]     Checking hashbrown v0.16.1
[INFO] [stderr]     Checking generic-array v0.14.7
[INFO] [stderr]     Checking uuid v1.26.1
[INFO] [stderr]     Checking futures-sink v0.3.34
[INFO] [stderr]     Checking crypto-common v0.1.7
[INFO] [stderr]     Checking futures-io v0.3.34
[INFO] [stderr]     Checking futures-channel v0.3.34
[INFO] [stderr]     Checking subtle v2.6.1
[INFO] [stderr]     Checking hybrid-array v0.4.15
[INFO] [stderr]     Checking itertools v0.13.0
[INFO] [stderr]     Checking getrandom v0.2.17
[INFO] [stderr]     Checking futures-task v0.3.34
[INFO] [stderr]     Checking cpufeatures v0.3.1
[INFO] [stderr]     Checking rand_core v0.6.4
[INFO] [stderr]     Checking block-buffer v0.10.4
[INFO] [stderr]     Checking castaway v0.2.4
[INFO] [stderr]    Compiling ahash v0.8.12
[INFO] [stderr]     Checking digest v0.10.7
[INFO] [stderr]    Compiling crc32fast v1.5.2
[INFO] [stderr]    Compiling rustix v1.1.4
[INFO] [stderr]     Checking writeable v0.6.4
[INFO] [stderr]     Checking crypto-common v0.2.2
[INFO] [stderr]     Checking block-buffer v0.12.1
[INFO] [stderr]     Checking const-oid v0.10.2
[INFO] [stderr]     Checking litemap v0.8.3
[INFO] [stderr]     Checking ciborium-io v0.2.2
[INFO] [stderr]    Compiling phf_shared v0.13.1
[INFO] [stderr]     Checking num-integer v0.1.47
[INFO] [stderr]     Checking itertools v0.14.0
[INFO] [stderr]     Checking digest v0.11.3
[INFO] [stderr]     Checking linux-raw-sys v0.12.1
[INFO] [stderr]    Compiling icu_normalizer_data v2.3.0
[INFO] [stderr]    Compiling icu_properties_data v2.3.0
[INFO] [stderr]     Checking toml v1.1.6+spec-1.1.0
[INFO] [stderr]     Checking anstyle-parse v1.0.0
[INFO] [stderr]     Checking sha2 v0.11.0
[INFO] [stderr]     Checking regex v1.13.1
[INFO] [stderr]    Compiling phf_generator v0.13.1
[INFO] [stderr]     Checking directories v6.0.0
[INFO] [stderr]    Compiling pulp v0.22.3
[INFO] [stderr]     Checking colorchoice v1.0.5
[INFO] [stderr]    Compiling heapless v0.8.0
[INFO] [stderr]     Checking anstyle v1.0.14
[INFO] [stderr]    Compiling openssl-sys v0.9.117
[INFO] [stderr]     Checking anstream v1.0.0
[INFO] [stderr]     Checking hash32 v0.3.1
[INFO] [stderr]     Checking raw-cpuid v11.6.0
[INFO] [stderr]    Compiling matrixmultiply v0.3.11
[INFO] [stderr]     Checking pulp-wasm-simd-flag v0.1.1
[INFO] [stderr]     Checking clap_lex v1.1.1
[INFO] [stderr]    Compiling synstructure v0.14.0
[INFO] [stderr]     Checking reborrow v0.5.5
[INFO] [stderr]    Compiling dyn-stack-macros v0.1.3
[INFO] [stderr]     Checking clap_builder v4.6.7
[INFO] [stderr]    Compiling darling_core v0.20.11
[INFO] [stderr]     Checking i_float v1.15.0
[INFO] [stderr]     Checking num_cpus v1.17.0
[INFO] [stderr]    Compiling seq-macro v0.3.6
[INFO] [stderr]     Checking tempfile v3.27.0
[INFO] [stderr]     Checking try-lock v0.2.5
[INFO] [stderr]     Checking rawpointer v0.2.1
[INFO] [stderr]     Checking want v0.3.1
[INFO] [stderr]     Checking i_shape v1.14.0
[INFO] [stderr]    Compiling alloca v0.4.0
[INFO] [stderr]     Checking approx v0.5.1
[INFO] [stderr]     Checking itertools v0.11.0
[INFO] [stderr]    Compiling rust_decimal v1.43.0
[INFO] [stderr]     Checking robust v1.2.0
[INFO] [stderr]     Checking bumpalo v3.20.3
[INFO] [stderr]    Compiling zerocopy-derive v0.8.57
[INFO] [stderr]    Compiling tracing-attributes v0.1.31
[INFO] [stderr]     Checking simd-adler32 v0.3.10
[INFO] [stderr]     Checking arrayvec v0.7.8
[INFO] [stderr]    Compiling serde_derive v1.0.229
[INFO] [stderr]    Compiling bytemuck_derive v1.12.1
[INFO] [stderr]    Compiling thiserror-impl v2.0.20
[INFO] [stderr]    Compiling tokio-macros v2.7.2
[INFO] [stderr]    Compiling zerofrom-derive v0.1.8
[INFO] [stderr]    Compiling yoke-derive v0.8.3
[INFO] [stderr]     Checking tracing v0.1.44
[INFO] [stderr]    Compiling zerovec-derive v0.11.6
[INFO] [stderr]     Checking bytemuck v1.25.2
[INFO] [stderr]    Compiling displaydoc v0.2.7
[INFO] [stderr]     Checking num-complex v0.4.6
[INFO] [stderr]     Checking thiserror v2.0.20
[INFO] [stderr]    Compiling futures-macro v0.3.34
[INFO] [stderr]    Compiling async-trait v0.1.92
[INFO] [stderr]     Checking zerofrom v0.1.8
[INFO] [stderr]     Checking dyn-stack v0.13.2
[INFO] [stderr]     Checking yoke v0.8.3
[INFO] [stderr]    Compiling clap_derive v4.6.7
[INFO] [stderr]     Checking futures-util v0.3.34
[INFO] [stderr]    Compiling darling_macro v0.20.11
[INFO] [stderr]     Checking zerovec v0.11.8
[INFO] [stderr]     Checking zerotrie v0.2.5
[INFO] [stderr]     Checking i_tree v0.16.0
[INFO] [stderr]     Checking i_key_sort v0.6.0
[INFO] [stderr]     Checking plotters-backend v0.3.7
[INFO] [stderr]     Checking zlib-rs v0.6.8
[INFO] [stderr]     Checking plotters-svg v0.3.7
[INFO] [stderr]     Checking i_overlay v4.0.7
[INFO] [stderr]     Checking tinystr v0.8.4
[INFO] [stderr]     Checking icu_locale_core v2.3.0
[INFO] [stderr]     Checking serde v1.0.229
[INFO] [stderr]     Checking smallvec v1.16.1
[INFO] [stderr]     Checking bytes v1.12.1
[INFO] [stderr]     Checking chrono v0.4.45
[INFO] [stderr]     Checking parking_lot_core v0.9.12
[INFO] [stderr]     Checking potential_utf v0.1.6
[INFO] [stderr]     Checking icu_collections v2.3.0
[INFO] [stderr]     Checking parking_lot v0.12.5
[INFO] [stderr]     Checking icu_provider v2.3.1
[INFO] [stderr]     Checking clap v4.6.7
[INFO] [stderr]     Checking rstar v0.12.2
[INFO] [stderr]     Checking spade v2.15.1
[INFO] [stderr]     Checking icu_normalizer v2.3.0
[INFO] [stderr]     Checking tokio v1.53.1
[INFO] [stderr]     Checking http v1.5.0
[INFO] [stderr]     Checking icu_properties v2.3.0
[INFO] [stderr]     Checking oxide-core v0.4.0 (/opt/rustwide/workdir/crates/oxide-core)
[INFO] [stderr]     Checking geo-types v0.7.20
[INFO] [stderr]     Checking flate2 v1.1.10
[INFO] [stderr]     Checking http-body v1.1.0
[INFO] [stderr]     Checking http-body-util v0.1.5
[INFO] [stderr]    Compiling darling v0.20.11
[INFO] [stderr]     Checking ndarray v0.17.2
[INFO] [stderr]     Checking earcutr v0.4.3
[INFO] [stderr]     Checking zopfli v0.8.3
[INFO] [stderr]     Checking ppv-lite86 v0.2.21
[INFO] [stderr]    Compiling phf_codegen v0.13.1
[INFO] [stderr]     Checking idna_adapter v1.2.2
[INFO] [stderr]    Compiling string_cache_codegen v0.6.1
[INFO] [stderr]     Checking form_urlencoded v1.2.2
[INFO] [stderr]     Checking idna v1.1.0
[INFO] [stderr]     Checking rand_chacha v0.9.0
[INFO] [stderr]     Checking rand_chacha v0.3.1
[INFO] [stderr]     Checking rand v0.9.5
[INFO] [stderr]    Compiling onig_sys v69.9.3
[INFO] [stderr]     Checking rand v0.8.8
[INFO] [stderr]    Compiling cmake v0.1.58
[INFO] [stderr]     Checking geographiclib-rs v0.2.7
[INFO] [stderr]    Compiling zeroize v1.9.0
[INFO] [stderr]     Checking float_next_after v1.0.0
[INFO] [stderr]     Checking cast v0.3.0
[INFO] [stderr]    Compiling foreign-types-shared v0.1.1
[INFO] [stderr]     Checking sif-itree v0.4.1
[INFO] [stderr]    Compiling fs_extra v1.3.0
[INFO] [stderr]    Compiling httparse v1.10.1
[INFO] [stderr]     Checking new_debug_unreachable v1.0.6
[INFO] [stderr]     Checking criterion-plot v0.8.2
[INFO] [stderr]     Checking rand_distr v0.5.1
[INFO] [stderr]    Compiling aws-lc-sys v0.45.0
[INFO] [stderr]    Compiling foreign-types v0.3.2
[INFO] [stderr]     Checking zip v8.6.0
[INFO] [stderr]     Checking geo v0.32.0
[INFO] [stderr]    Compiling openssl v0.10.81
[INFO] [stderr]    Compiling prost-derive v0.14.4
[INFO] [stderr]     Checking half v2.7.1
[INFO] [stderr]     Checking ciborium-ll v0.2.2
[INFO] [stderr]     Checking gemm-common v0.19.0
[INFO] [stderr]     Checking ciborium v0.2.2
[INFO] [stderr]    Compiling web_atoms v0.2.6
[INFO] [stderr]     Checking url v2.5.8
[INFO] [stderr]     Checking axum-core v0.5.6
[INFO] [stderr]    Compiling derive_builder_core v0.20.2
[INFO] [stderr]     Checking tinytemplate v1.2.1
[INFO] [stderr]     Checking plotters v0.3.7
[INFO] [stderr]    Compiling openssl-macros v0.1.1
[INFO] [stderr]    Compiling phf_macros v0.13.1
[INFO] [stderr]     Checking tokio-util v0.7.19
[INFO] [stderr]    Compiling pin-project-internal v1.1.13
[INFO] [stderr]     Checking h2 v0.4.19
[INFO] [stderr]     Checking tower v0.5.3
[INFO] [stderr]     Checking inout v0.1.4
[INFO] [stderr]     Checking page_size v0.6.0
[INFO] [stderr]     Checking precomputed-hash v0.1.1
[INFO] [stderr]    Compiling base64ct v1.8.3
[INFO] [stderr]     Checking oorandom v11.1.5
[INFO] [stderr]     Checking minimal-lexical v0.2.1
[INFO] [stderr]    Compiling esaxx-rs v0.1.10
[INFO] [stderr]    Compiling native-tls v0.2.18
[INFO] [stderr]     Checking anes v0.1.6
[INFO] [stderr]     Checking nom v7.1.3
[INFO] [stderr]     Checking pin-project v1.1.13
[INFO] [stderr]    Compiling pem-rfc7468 v1.0.0
[INFO] [stderr]     Checking criterion v0.8.2
[INFO] [stderr]     Checking axum v0.8.9
[INFO] [stderr]     Checking string_cache v0.9.0
[INFO] [stderr]     Checking cipher v0.4.4
[INFO] [stderr]     Checking phf v0.13.1
[INFO] [stderr]    Compiling derive_builder_macro v0.20.2
[INFO] [stderr]     Checking tokio-stream v0.1.19
[INFO] [stderr]     Checking prost v0.14.4
[INFO] [stderr]    Compiling flatbuffers v25.12.19
[INFO] [stderr]    Compiling rustls-pki-types v1.15.1
[INFO] [stderr]    Compiling monostate-impl v0.1.18
[INFO] [stderr]     Checking hyper v1.11.1
[INFO] [stderr]    Compiling zeroize_derive v1.5.0
[INFO] [stderr]    Compiling lz4-sys v1.11.1+lz4-1.10.0
[INFO] [stderr]     Checking base64 v0.13.1
[INFO] [stderr]    Compiling openssl-probe v0.2.1
[INFO] [stderr]    Compiling macro_rules_attribute-proc_macro v0.2.3
[INFO] [stderr]    Compiling base64 v0.23.1
[INFO] [stderr]    Compiling serde_core v1.0.229
[INFO] [stderr]     Checking macro_rules_attribute v0.2.3
[INFO] [stderr]     Checking event-listener v5.4.2
[INFO] [stderr]     Checking password-hash v0.5.0
[INFO] [stderr]    Compiling ureq-proto v0.6.4
[INFO] [stderr]    Compiling socks v0.3.4
[INFO] [stderr]     Checking spm_precompiled v0.1.4
[INFO] [stderr]    Compiling webpki-root-certs v1.0.9
[INFO] [stderr]     Checking monostate v0.1.18
[INFO] [stderr]     Checking onig v6.5.3
[INFO] [stderr]     Checking derive_builder v0.20.2
[INFO] [stderr]    Compiling der v0.8.2
[INFO] [stderr]     Checking hyper-util v0.1.20
[INFO] [stderr]     Checking gemm-f32 v0.19.0
[INFO] [stderr]     Checking diskann-wide v0.54.0
[INFO] [stderr]     Checking compact_str v0.9.1
[INFO] [stderr]     Checking tendril v0.5.1
[INFO] [stderr]     Checking futures-executor v0.3.34
[INFO] [stderr]     Checking hyper-timeout v0.5.2
[INFO] [stderr]     Checking unicode-normalization-alignments v0.1.12
[INFO] [stderr]     Checking roaring v0.11.5
[INFO] [stderr]     Checking dary_heap v0.3.9
[INFO] [stderr]    Compiling revision-derive v0.30.0
[INFO] [stderr]    Compiling storekey-derive v0.11.0
[INFO] [stdout] error[E0283]: type annotations needed
[INFO] [stdout]    --> /opt/rustwide/cargo-home/registry/src/index.crates.io-1949cf8c6b5b557f/diskann-wide-0.54.0/src/arch/x86_64/v3/mod.rs:435:82
[INFO] [stdout]     |
[INFO] [stdout] 435 |         let f: unsafe fn(Self, T0::Of<'_>) -> R = Self::run_function_with_1::<F, _, _>;
[INFO] [stdout]     |                                                                                  ^ cannot infer type
[INFO] [stdout]     |
[INFO] [stdout]     = note: the type must implement `AddLifetime`
[INFO] [stdout]     = help: the following types implement trait `AddLifetime`:
[INFO] [stdout]               As<T>
[INFO] [stdout]               Mut<T>
[INFO] [stdout]               String
[INFO] [stdout]               bool
[INFO] [stdout]               f32
[INFO] [stdout]               f64
[INFO] [stdout]               half::f16
[INFO] [stdout]               i16
[INFO] [stdout]             and 9 others
[INFO] [stdout] note: required by a bound in `V3::run_function_with_1`
[INFO] [stdout]    --> /opt/rustwide/cargo-home/registry/src/index.crates.io-1949cf8c6b5b557f/diskann-wide-0.54.0/src/arch/x86_64/v3/mod.rs:296:17
[INFO] [stdout]     |
[INFO] [stdout] 111 | impl V3 {
[INFO] [stdout] ...
[INFO] [stdout] 294 |         pub(super) unsafe fn run_function_with_1<F, T0, R>(self, x0: T0::Of<'_>) -> R
[INFO] [stdout] 295 |         where
[INFO] [stdout] 296 |             T0: AddLifetime,
[INFO] [stdout]     |                 ^^^^^^^^^^^ required by this bound in `V3::run_function_with_1`
[INFO] [stdout] 
[INFO] [stdout] 
[INFO] [stdout] error[E0283]: type annotations needed
[INFO] [stdout]    --> /opt/rustwide/cargo-home/registry/src/index.crates.io-1949cf8c6b5b557f/diskann-wide-0.54.0/src/arch/x86_64/v3/mod.rs:450:44
[INFO] [stdout]     |
[INFO] [stdout] 450 |             Self::run_function_with_2::<F, _, _, _>;
[INFO] [stdout]     |                                            ^ cannot infer type
[INFO] [stdout]     |
[INFO] [stdout]     = note: the type must implement `AddLifetime`
[INFO] [stdout]     = help: the following types implement trait `AddLifetime`:
[INFO] [stdout]               As<T>
[INFO] [stdout]               Mut<T>
[INFO] [stdout]               String
[INFO] [stdout]               bool
[INFO] [stdout]               f32
[INFO] [stdout]               f64
[INFO] [stdout]               half::f16
[INFO] [stdout]               i16
[INFO] [stdout]             and 9 others
[INFO] [stdout] note: required by a bound in `V3::run_function_with_2`
[INFO] [stdout]    --> /opt/rustwide/cargo-home/registry/src/index.crates.io-1949cf8c6b5b557f/diskann-wide-0.54.0/src/arch/x86_64/v3/mod.rs:313:17
[INFO] [stdout]     |
[INFO] [stdout] 111 | impl V3 {
[INFO] [stdout] ...
[INFO] [stdout] 307 |         pub(super) unsafe fn run_function_with_2<F, T0, T1, R>(
[INFO] [stdout] ...
[INFO] [stdout] 313 |             T0: AddLifetime,
[INFO] [stdout]     |                 ^^^^^^^^^^^ required by this bound in `V3::run_function_with_2`
[INFO] [stdout] 
[INFO] [stdout] 
[INFO] [stdout] error[E0283]: type annotations needed
[INFO] [stdout]    --> /opt/rustwide/cargo-home/registry/src/index.crates.io-1949cf8c6b5b557f/diskann-wide-0.54.0/src/arch/x86_64/v3/mod.rs:466:44
[INFO] [stdout]     |
[INFO] [stdout] 466 |             Self::run_function_with_3::<F, _, _, _, _>;
[INFO] [stdout]     |                                            ^ cannot infer type
[INFO] [stdout]     |
[INFO] [stdout]     = note: the type must implement `AddLifetime`
[INFO] [stdout]     = help: the following types implement trait `AddLifetime`:
[INFO] [stdout]               As<T>
[INFO] [stdout]               Mut<T>
[INFO] [stdout]               String
[INFO] [stdout]               bool
[INFO] [stdout]               f32
[INFO] [stdout]               f64
[INFO] [stdout]               half::f16
[INFO] [stdout]               i16
[INFO] [stdout]             and 9 others
[INFO] [stdout] note: required by a bound in `V3::run_function_with_3`
[INFO] [stdout]    --> /opt/rustwide/cargo-home/registry/src/index.crates.io-1949cf8c6b5b557f/diskann-wide-0.54.0/src/arch/x86_64/v3/mod.rs:332:17
[INFO] [stdout]     |
[INFO] [stdout] 111 | impl V3 {
[INFO] [stdout] ...
[INFO] [stdout] 325 |         pub(super) unsafe fn run_function_with_3<F, T0, T1, T2, R>(
[INFO] [stdout] ...
[INFO] [stdout] 332 |             T0: AddLifetime,
[INFO] [stdout]     |                 ^^^^^^^^^^^ required by this bound in `V3::run_function_with_3`
[INFO] [stdout] 
[INFO] [stdout] 
[INFO] [stdout] error[E0283]: type annotations needed
[INFO] [stdout]    --> /opt/rustwide/cargo-home/registry/src/index.crates.io-1949cf8c6b5b557f/diskann-wide-0.54.0/src/arch/x86_64/v4/mod.rs:540:82
[INFO] [stdout]     |
[INFO] [stdout] 540 |         let f: unsafe fn(Self, T0::Of<'_>) -> R = Self::run_function_with_1::<F, _, _>;
[INFO] [stdout]     |                                                                                  ^ cannot infer type
[INFO] [stdout]     |
[INFO] [stdout]     = note: the type must implement `AddLifetime`
[INFO] [stdout]     = help: the following types implement trait `AddLifetime`:
[INFO] [stdout]               As<T>
[INFO] [stdout]               Mut<T>
[INFO] [stdout]               String
[INFO] [stdout]               bool
[INFO] [stdout]               f32
[INFO] [stdout]               f64
[INFO] [stdout]               half::f16
[INFO] [stdout]               i16
[INFO] [stdout]             and 9 others
[INFO] [stdout] note: required by a bound in `v4::V4::run_function_with_1`
[INFO] [stdout]    --> /opt/rustwide/cargo-home/registry/src/index.crates.io-1949cf8c6b5b557f/diskann-wide-0.54.0/src/arch/x86_64/v4/mod.rs:401:17
[INFO] [stdout]     |
[INFO] [stdout] 213 | impl V4 {
[INFO] [stdout] ...
[INFO] [stdout] 399 |         pub(super) unsafe fn run_function_with_1<F, T0, R>(self, x0: T0::Of<'_>) -> R
[INFO] [stdout] 400 |         where
[INFO] [stdout] 401 |             T0: AddLifetime,
[INFO] [stdout]     |                 ^^^^^^^^^^^ required by this bound in `V4::run_function_with_1`
[INFO] [stdout] 
[INFO] [stdout] 
[INFO] [stdout] error[E0283]: type annotations needed
[INFO] [stdout]    --> /opt/rustwide/cargo-home/registry/src/index.crates.io-1949cf8c6b5b557f/diskann-wide-0.54.0/src/arch/x86_64/v4/mod.rs:555:44
[INFO] [stdout]     |
[INFO] [stdout] 555 |             Self::run_function_with_2::<F, _, _, _>;
[INFO] [stdout]     |                                            ^ cannot infer type
[INFO] [stdout]     |
[INFO] [stdout]     = note: the type must implement `AddLifetime`
[INFO] [stdout]     = help: the following types implement trait `AddLifetime`:
[INFO] [stdout]               As<T>
[INFO] [stdout]               Mut<T>
[INFO] [stdout]               String
[INFO] [stdout]               bool
[INFO] [stdout]               f32
[INFO] [stdout]               f64
[INFO] [stdout]               half::f16
[INFO] [stdout]               i16
[INFO] [stdout]             and 9 others
[INFO] [stdout] note: required by a bound in `v4::V4::run_function_with_2`
[INFO] [stdout]    --> /opt/rustwide/cargo-home/registry/src/index.crates.io-1949cf8c6b5b557f/diskann-wide-0.54.0/src/arch/x86_64/v4/mod.rs:418:17
[INFO] [stdout]     |
[INFO] [stdout] 213 | impl V4 {
[INFO] [stdout] ...
[INFO] [stdout] 412 |         pub(super) unsafe fn run_function_with_2<F, T0, T1, R>(
[INFO] [stdout] ...
[INFO] [stdout] 418 |             T0: AddLifetime,
[INFO] [stdout]     |                 ^^^^^^^^^^^ required by this bound in `V4::run_function_with_2`
[INFO] [stdout] 
[INFO] [stdout] 
[INFO] [stdout] error[E0283]: type annotations needed
[INFO] [stdout]    --> /opt/rustwide/cargo-home/registry/src/index.crates.io-1949cf8c6b5b557f/diskann-wide-0.54.0/src/arch/x86_64/v4/mod.rs:571:44
[INFO] [stdout]     |
[INFO] [stdout] 571 |             Self::run_function_with_3::<F, _, _, _, _>;
[INFO] [stdout]     |                                            ^ cannot infer type
[INFO] [stdout]     |
[INFO] [stdout]     = note: the type must implement `AddLifetime`
[INFO] [stdout]     = help: the following types implement trait `AddLifetime`:
[INFO] [stdout]               As<T>
[INFO] [stdout]               Mut<T>
[INFO] [stdout]               String
[INFO] [stdout]               bool
[INFO] [stdout]               f32
[INFO] [stdout]               f64
[INFO] [stdout]               half::f16
[INFO] [stdout]               i16
[INFO] [stdout]             and 9 others
[INFO] [stdout] note: required by a bound in `v4::V4::run_function_with_3`
[INFO] [stdout]    --> /opt/rustwide/cargo-home/registry/src/index.crates.io-1949cf8c6b5b557f/diskann-wide-0.54.0/src/arch/x86_64/v4/mod.rs:437:17
[INFO] [stdout]     |
[INFO] [stdout] 213 | impl V4 {
[INFO] [stdout] ...
[INFO] [stdout] 430 |         pub(super) unsafe fn run_function_with_3<F, T0, T1, T2, R>(
[INFO] [stdout] ...
[INFO] [stdout] 437 |             T0: AddLifetime,
[INFO] [stdout]     |                 ^^^^^^^^^^^ required by this bound in `V4::run_function_with_3`
[INFO] [stdout] 
[INFO] [stdout] 
[INFO] [stderr]     Checking tonic v0.14.6
[INFO] [stderr]     Checking rayon-cond v0.4.0
[INFO] [stderr]     Checking sha2 v0.10.9
[INFO] [stderr]     Checking sha1 v0.10.7
[INFO] [stdout] For more information about this error, try `rustc --explain E0283`.
[INFO] [stdout] 
[INFO] [stderr]     Checking arc-swap v1.9.2
[INFO] [stderr] error: could not compile `diskann-wide` (lib) due to 6 previous errors
[INFO] [stderr] warning: build failed, waiting for other jobs to finish...
[INFO] running `Command { std: "docker" "inspect" "e6302c3483e4d223dd529bab2248814a448331160b98fa007711500a8f22c2b7", kill_on_drop: false }`
[INFO] running `Command { std: "docker" "rm" "-f" "e6302c3483e4d223dd529bab2248814a448331160b98fa007711500a8f22c2b7", kill_on_drop: false }`
[INFO] [stdout] e6302c3483e4d223dd529bab2248814a448331160b98fa007711500a8f22c2b7
