[INFO] cloning repository https://github.com/Fabonas/ripe
[INFO] running `Command { std: "git" "-c" "credential.helper=" "-c" "credential.helper=/workspace/cargo-home/bin/git-credential-null" "clone" "--bare" "https://github.com/Fabonas/ripe" "/workspace/cache/git-repos/https%3A%2F%2Fgithub.com%2FFabonas%2Fripe", kill_on_drop: false }`
[INFO] [stderr] Cloning into bare repository '/workspace/cache/git-repos/https%3A%2F%2Fgithub.com%2FFabonas%2Fripe'...
[INFO] running `Command { std: "git" "rev-parse" "HEAD", kill_on_drop: false }`
[INFO] [stdout] 925ee90ae58eb80f15ca617e33a7e7942d9ae229
[INFO] checking Fabonas/ripe against 3154cc1a3e6424e44f438a95007d043ed5ceaaf6+rustflags=-Znext-solver=coherence for pr-133502-30
[INFO] running `Command { std: "git" "clone" "/workspace/cache/git-repos/https%3A%2F%2Fgithub.com%2FFabonas%2Fripe" "/workspace/builds/worker-6-tc1/source", kill_on_drop: false }`
[INFO] [stderr] Cloning into '/workspace/builds/worker-6-tc1/source'...
[INFO] [stderr] done.
[INFO] started tweaking git repo https://github.com/Fabonas/ripe
[INFO] finished tweaking git repo https://github.com/Fabonas/ripe
[INFO] tweaked toml for git repo https://github.com/Fabonas/ripe written to /workspace/builds/worker-6-tc1/source/Cargo.toml
[INFO] validating manifest of git repo https://github.com/Fabonas/ripe on toolchain 3154cc1a3e6424e44f438a95007d043ed5ceaaf6
[INFO] running `Command { std: CARGO_HOME="/workspace/cargo-home" RUSTUP_HOME="/workspace/rustup-home" "/workspace/cargo-home/bin/cargo" "+3154cc1a3e6424e44f438a95007d043ed5ceaaf6" "metadata" "--manifest-path" "Cargo.toml" "--no-deps", kill_on_drop: false }`
[INFO] crate git repo https://github.com/Fabonas/ripe already has a lockfile, it will not be regenerated
[INFO] running `Command { std: CARGO_HOME="/workspace/cargo-home" RUSTUP_HOME="/workspace/rustup-home" "/workspace/cargo-home/bin/cargo" "+3154cc1a3e6424e44f438a95007d043ed5ceaaf6" "fetch" "--manifest-path" "Cargo.toml", kill_on_drop: false }`
[INFO] running `Command { std: "docker" "create" "-v" "/var/lib/crater-agent-workspace/builds/worker-6-tc1/source:/opt/rustwide/workdir:ro,Z" "-v" "/var/lib/crater-agent-workspace/builds/worker-6-tc1/target:/opt/rustwide/target:rw,Z" "-v" "/var/lib/crater-agent-workspace/cargo-home:/opt/rustwide/cargo-home:ro,Z" "-v" "/var/lib/crater-agent-workspace/rustup-home:/opt/rustwide/rustup-home:ro,Z" "-m" "1610612736" "--network" "none" "ghcr.io/rust-lang/crates-build-env/linux@sha256:77db811e55d90add9212f6832c23229e3de5f1c1f9905e8cb07319ea15df73ac" "sleep" "infinity", kill_on_drop: false }`
[INFO] [stdout] a3f35d18069729c7b49304c098ad7401512c03d7e5d6cdab5456989f60ba3630
[INFO] running `Command { std: "docker" "start" "a3f35d18069729c7b49304c098ad7401512c03d7e5d6cdab5456989f60ba3630", kill_on_drop: false }`
[INFO] running `Command { std: "docker" "inspect" "a3f35d18069729c7b49304c098ad7401512c03d7e5d6cdab5456989f60ba3630", kill_on_drop: false }`
[INFO] running `Command { std: "docker" "exec" "-e" "SOURCE_DIR=/opt/rustwide/workdir" "-e" "CARGO_HOME=/opt/rustwide/cargo-home" "-e" "RUSTUP_HOME=/opt/rustwide/rustup-home" "-e" "CARGO_TARGET_DIR=/opt/rustwide/target" "-w" "/opt/rustwide/workdir" "--user" "0:0" "a3f35d18069729c7b49304c098ad7401512c03d7e5d6cdab5456989f60ba3630" "/opt/rustwide/cargo-home/bin/cargo" "+3154cc1a3e6424e44f438a95007d043ed5ceaaf6" "metadata" "--no-deps" "--format-version=1", kill_on_drop: false }`
[INFO] running `Command { std: "docker" "inspect" "a3f35d18069729c7b49304c098ad7401512c03d7e5d6cdab5456989f60ba3630", kill_on_drop: false }`
[INFO] running `Command { std: "docker" "exec" "-e" "SOURCE_DIR=/opt/rustwide/workdir" "-e" "CARGO_HOME=/opt/rustwide/cargo-home" "-e" "RUSTUP_HOME=/opt/rustwide/rustup-home" "-e" "CARGO_TARGET_DIR=/opt/rustwide/target" "-e" "CARGO_INCREMENTAL=0" "-e" "RUST_BACKTRACE=full" "-e" "RUSTFLAGS=--cap-lints=forbid -Znext-solver=coherence" "-e" "RUSTDOCFLAGS=--cap-lints=forbid" "-w" "/opt/rustwide/workdir" "--user" "0:0" "a3f35d18069729c7b49304c098ad7401512c03d7e5d6cdab5456989f60ba3630" "/opt/rustwide/cargo-home/bin/cargo" "+3154cc1a3e6424e44f438a95007d043ed5ceaaf6" "check" "--frozen" "--all" "--all-targets" "--message-format=json", kill_on_drop: false }`
[INFO] [stderr]    Compiling libc v0.2.189
[INFO] [stderr]    Compiling libsqlite3-sys v0.38.2
[INFO] [stderr]     Checking hashbrown v0.17.1
[INFO] [stderr]    Compiling thiserror-impl v2.0.20
[INFO] [stderr]     Checking smallvec v1.15.2
[INFO] [stderr]     Checking chrono v0.4.45
[INFO] [stderr]     Checking serde_json v1.0.151
[INFO] [stderr]     Checking serde v1.0.229
[INFO] [stderr]     Checking hashlink v0.12.1
[INFO] [stderr]     Checking rusqlite v0.40.2
[INFO] [stderr]     Checking thiserror v2.0.20
[INFO] [stderr]     Checking getrandom v0.2.17
[INFO] [stderr]     Checking rand_core v0.6.4
[INFO] [stderr]     Checking rand_chacha v0.3.1
[INFO] [stderr]     Checking rand v0.8.7
[INFO] [stderr]     Checking ripe v0.1.0 (/opt/rustwide/workdir)
[INFO] [stdout] error[E0425]: cannot find function `get_event` in this scope
[INFO] [stdout]   --> src/actions.rs:89:22
[INFO] [stdout]    |
[INFO] [stdout] 89 |   let event: Event = get_event(tx, name)?;
[INFO] [stdout]    |                      ^^^^^^^^^ not found in this scope
[INFO] [stdout]    |
[INFO] [stdout] help: consider importing this function
[INFO] [stdout]    |
[INFO] [stdout]  1 + use crate::storage::get_event;
[INFO] [stdout]    |
[INFO] [stdout] 
[INFO] [stdout] 
[INFO] [stdout] warning: unused import: `std::process::Command`
[INFO] [stdout]  --> src/storage.rs:1:5
[INFO] [stdout]   |
[INFO] [stdout] 1 | use std::process::Command;
[INFO] [stdout]   |     ^^^^^^^^^^^^^^^^^^^^^
[INFO] [stdout]   |
[INFO] [stdout]   = note: `#[warn(unused_imports)]` (part of `#[warn(unused)]`) on by default
[INFO] [stdout] 
[INFO] [stdout] 
[INFO] [stdout] warning: unused import: `Transaction`
[INFO] [stdout]   --> src/main.rs:13:28
[INFO] [stdout]    |
[INFO] [stdout] 13 | use rusqlite::{Connection, Transaction};
[INFO] [stdout]    |                            ^^^^^^^^^^^
[INFO] [stdout] 
[INFO] [stdout] 
[INFO] [stdout] warning: unused import: `Stdin`
[INFO] [stdout]   --> src/main.rs:15:23
[INFO] [stdout]    |
[INFO] [stdout] 15 |   io::{self, BufRead, Stdin, Write},
[INFO] [stdout]    |                       ^^^^^
[INFO] [stdout] 
[INFO] [stdout] 
[INFO] [stdout] error[E0425]: cannot find function `get_event` in this scope
[INFO] [stdout]   --> src/actions.rs:89:22
[INFO] [stdout]    |
[INFO] [stdout] 89 |   let event: Event = get_event(tx, name)?;
[INFO] [stdout]    |                      ^^^^^^^^^ not found in this scope
[INFO] [stdout]    |
[INFO] [stdout] help: consider importing this function
[INFO] [stdout]    |
[INFO] [stdout]  1 + use crate::storage::get_event;
[INFO] [stdout]    |
[INFO] [stdout] 
[INFO] [stdout] 
[INFO] [stdout] warning: unused import: `std::process::Command`
[INFO] [stdout]  --> src/storage.rs:1:5
[INFO] [stdout]   |
[INFO] [stdout] 1 | use std::process::Command;
[INFO] [stdout]   |     ^^^^^^^^^^^^^^^^^^^^^
[INFO] [stdout]   |
[INFO] [stdout]   = note: `#[warn(unused_imports)]` (part of `#[warn(unused)]`) on by default
[INFO] [stdout] 
[INFO] [stdout] 
[INFO] [stdout] warning: unused import: `Transaction`
[INFO] [stdout]   --> src/main.rs:13:28
[INFO] [stdout]    |
[INFO] [stdout] 13 | use rusqlite::{Connection, Transaction};
[INFO] [stdout]    |                            ^^^^^^^^^^^
[INFO] [stdout] 
[INFO] [stdout] 
[INFO] [stdout] warning: unused import: `Stdin`
[INFO] [stdout]   --> src/main.rs:15:23
[INFO] [stdout]    |
[INFO] [stdout] 15 |   io::{self, BufRead, Stdin, Write},
[INFO] [stdout]    |                       ^^^^^
[INFO] [stdout] 
[INFO] [stdout] 
[INFO] [stdout] error[E0308]: mismatched types
[INFO] [stdout]    --> src/actions.rs:356:25
[INFO] [stdout]     |
[INFO] [stdout] 356 |       Command::Exit.run(&mut Connection::open_in_memory().unwrap()),
[INFO] [stdout]     |                     --- ^^^^^^^^^^^^^^^^^^^^^^^^^^^^^^^^^^^^^^^^^^ expected `&mut Transaction<'_>`, found `&mut Connection`
[INFO] [stdout]     |                     |
[INFO] [stdout]     |                     arguments to this method are incorrect
[INFO] [stdout]     |
[INFO] [stdout]     = note: expected mutable reference `&mut Transaction<'_>`
[INFO] [stdout]                found mutable reference `&mut Connection`
[INFO] [stdout] note: method defined here
[INFO] [stdout]    --> src/actions.rs:24:10
[INFO] [stdout]     |
[INFO] [stdout]  24 |   pub fn run(self, tx: &mut Transaction) -> RunResult<Report> {
[INFO] [stdout]     |          ^^^       --------------------
[INFO] [stdout] 
[INFO] [stdout] 
[INFO] [stdout] warning: unused variable: `name`
[INFO] [stdout]    --> src/storage.rs:173:43
[INFO] [stdout]     |
[INFO] [stdout] 173 | pub(crate) fn get_event(tx: &Transaction, name: String) -> StorageResult<Event> {
[INFO] [stdout]     |                                           ^^^^ help: if this is intentional, prefix it with an underscore: `_name`
[INFO] [stdout]     |
[INFO] [stdout]     = note: `#[warn(unused_variables)]` (part of `#[warn(unused)]`) on by default
[INFO] [stdout] 
[INFO] [stdout] 
[INFO] [stdout] For more information about this error, try `rustc --explain E0425`.
[INFO] [stdout] 
[INFO] [stderr] error: could not compile `ripe` (bin "ripe") due to 1 previous error; 4 warnings emitted
[INFO] [stderr] warning: build failed, waiting for other jobs to finish...
[INFO] [stdout] warning: variable does not need to be mutable
[INFO] [stdout]    --> src/actions.rs:251:9
[INFO] [stdout]     |
[INFO] [stdout] 251 |     let mut db = Connection::open_in_memory().expect("in memory database");
[INFO] [stdout]     |         ----^^
[INFO] [stdout]     |         |
[INFO] [stdout]     |         help: remove this `mut`
[INFO] [stdout]     |
[INFO] [stdout]     = note: `#[warn(unused_mut)]` (part of `#[warn(unused)]`) on by default
[INFO] [stdout] 
[INFO] [stdout] 
[INFO] [stdout] warning: unused variable: `name`
[INFO] [stdout]    --> src/storage.rs:173:43
[INFO] [stdout]     |
[INFO] [stdout] 173 | pub(crate) fn get_event(tx: &Transaction, name: String) -> StorageResult<Event> {
[INFO] [stdout]     |                                           ^^^^ help: if this is intentional, prefix it with an underscore: `_name`
[INFO] [stdout]     |
[INFO] [stdout]     = note: `#[warn(unused_variables)]` (part of `#[warn(unused)]`) on by default
[INFO] [stdout] 
[INFO] [stdout] 
[INFO] [stdout] Some errors have detailed explanations: E0308, E0425.
[INFO] [stdout] 
[INFO] [stdout] For more information about an error, try `rustc --explain E0308`.
[INFO] [stdout] 
[INFO] [stderr] error: could not compile `ripe` (bin "ripe" test) due to 2 previous errors; 5 warnings emitted
[INFO] running `Command { std: "docker" "inspect" "a3f35d18069729c7b49304c098ad7401512c03d7e5d6cdab5456989f60ba3630", kill_on_drop: false }`
[INFO] running `Command { std: "docker" "rm" "-f" "a3f35d18069729c7b49304c098ad7401512c03d7e5d6cdab5456989f60ba3630", kill_on_drop: false }`
[INFO] [stdout] a3f35d18069729c7b49304c098ad7401512c03d7e5d6cdab5456989f60ba3630
