[INFO] cloning repository https://github.com/Faariq-Siddiqui/Dioxus_Weather
[INFO] running `Command { std: "git" "-c" "credential.helper=" "-c" "credential.helper=/workspace/cargo-home/bin/git-credential-null" "clone" "--bare" "https://github.com/Faariq-Siddiqui/Dioxus_Weather" "/workspace/cache/git-repos/https%3A%2F%2Fgithub.com%2FFaariq-Siddiqui%2FDioxus_Weather", kill_on_drop: false }`
[INFO] [stderr] Cloning into bare repository '/workspace/cache/git-repos/https%3A%2F%2Fgithub.com%2FFaariq-Siddiqui%2FDioxus_Weather'...
[INFO] running `Command { std: "git" "rev-parse" "HEAD", kill_on_drop: false }`
[INFO] [stdout] 0cfcc62b42b3a6371561ae432e4bec975eec77d2
[INFO] checking Faariq-Siddiqui/Dioxus_Weather against 3154cc1a3e6424e44f438a95007d043ed5ceaaf6+rustflags=-Znext-solver=coherence for pr-133502-30
[INFO] running `Command { std: "git" "clone" "/workspace/cache/git-repos/https%3A%2F%2Fgithub.com%2FFaariq-Siddiqui%2FDioxus_Weather" "/workspace/builds/worker-5-tc1/source", kill_on_drop: false }`
[INFO] [stderr] Cloning into '/workspace/builds/worker-5-tc1/source'...
[INFO] [stderr] done.
[INFO] started tweaking git repo https://github.com/Faariq-Siddiqui/Dioxus_Weather
[INFO] finished tweaking git repo https://github.com/Faariq-Siddiqui/Dioxus_Weather
[INFO] tweaked toml for git repo https://github.com/Faariq-Siddiqui/Dioxus_Weather written to /workspace/builds/worker-5-tc1/source/Cargo.toml
[INFO] validating manifest of git repo https://github.com/Faariq-Siddiqui/Dioxus_Weather on toolchain 3154cc1a3e6424e44f438a95007d043ed5ceaaf6
[INFO] running `Command { std: CARGO_HOME="/workspace/cargo-home" RUSTUP_HOME="/workspace/rustup-home" "/workspace/cargo-home/bin/cargo" "+3154cc1a3e6424e44f438a95007d043ed5ceaaf6" "metadata" "--manifest-path" "Cargo.toml" "--no-deps", kill_on_drop: false }`
[INFO] crate git repo https://github.com/Faariq-Siddiqui/Dioxus_Weather already has a lockfile, it will not be regenerated
[INFO] running `Command { std: CARGO_HOME="/workspace/cargo-home" RUSTUP_HOME="/workspace/rustup-home" "/workspace/cargo-home/bin/cargo" "+3154cc1a3e6424e44f438a95007d043ed5ceaaf6" "fetch" "--manifest-path" "Cargo.toml", kill_on_drop: false }`
[INFO] [stderr]     Updating crates.io index
[INFO] [stderr]  Downloading crates ...
[INFO] [stderr]   Downloaded subsecond v0.7.10
[INFO] [stderr]   Downloaded dioxus-logger v0.4.1
[INFO] [stderr]   Downloaded warnings-macro v0.2.0
[INFO] [stderr]   Downloaded warnings v0.2.1
[INFO] [stderr]   Downloaded dioxus v0.7.10
[INFO] [stderr]   Downloaded manganis-macro v0.7.10
[INFO] [stderr]   Downloaded const-serialize v0.8.0-alpha.0
[INFO] [stderr]   Downloaded lazy-js-bundle v0.7.10
[INFO] [stderr]   Downloaded dioxus-stores v0.7.10
[INFO] [stderr]   Downloaded subsecond-types v0.7.10
[INFO] [stderr]   Downloaded const-serialize-macro v0.7.2
[INFO] [stderr]   Downloaded sledgehammer_bindgen_macro v0.6.5
[INFO] [stderr]   Downloaded dioxus-devtools v0.7.10
[INFO] [stderr]   Downloaded dioxus-hooks v0.7.10
[INFO] [stderr]   Downloaded serde_qs v0.15.0
[INFO] [stderr]   Downloaded dioxus-html-internal-macro v0.7.10
[INFO] [stderr]   Downloaded dioxus-history v0.7.10
[INFO] [stderr]   Downloaded manganis-core v0.7.10
[INFO] [stderr]   Downloaded const-serialize-macro v0.8.0-alpha.1
[INFO] [stderr]   Downloaded dioxus-logger v0.7.10
[INFO] [stderr]   Downloaded dioxus-core-types v0.7.10
[INFO] [stderr]   Downloaded generational-box v0.7.10
[INFO] [stderr]   Downloaded sledgehammer_utils v0.3.1
[INFO] [stderr]   Downloaded dioxus-cli-config v0.7.10
[INFO] [stderr]   Downloaded dioxus-document v0.7.10
[INFO] [stderr]   Downloaded dioxus-devtools-types v0.7.10
[INFO] [stderr]   Downloaded dioxus-stores-macro v0.7.10
[INFO] [stderr]   Downloaded dioxus-asset-resolver v0.7.10
[INFO] [stderr]   Downloaded manganis v0.7.10
[INFO] [stderr]   Downloaded const-serialize v0.7.2
[INFO] [stderr]   Downloaded dioxus-core-macro v0.7.10
[INFO] [stderr]   Downloaded dioxus-rsx v0.7.10
[INFO] [stderr]   Downloaded dioxus-fullstack-macro v0.7.10
[INFO] [stderr]   Downloaded dioxus-fullstack-core v0.7.10
[INFO] [stderr]   Downloaded dioxus-web v0.7.10
[INFO] [stderr]   Downloaded dioxus-signals v0.7.10
[INFO] [stderr]   Downloaded dioxus-core v0.7.10
[INFO] [stderr]   Downloaded dioxus-interpreter-js v0.7.10
[INFO] [stderr]   Downloaded sledgehammer_bindgen v0.6.0
[INFO] [stderr]   Downloaded dioxus-html v0.7.10
[INFO] [stderr]   Downloaded const-str v0.7.1
[INFO] [stderr]   Downloaded dioxus-fullstack v0.7.10
[INFO] [stderr]   Downloaded charset v0.1.5
[INFO] [stderr]   Downloaded dioxus-config-macros v0.7.10
[INFO] [stderr]   Downloaded dioxus-config-macro v0.7.10
[INFO] [stderr]   Downloaded content_disposition v0.4.0
[INFO] [stderr]   Downloaded async-tungstenite v0.31.0
[INFO] running `Command { std: "docker" "create" "-v" "/var/lib/crater-agent-workspace/builds/worker-5-tc1/source:/opt/rustwide/workdir:ro,Z" "-v" "/var/lib/crater-agent-workspace/builds/worker-5-tc1/target:/opt/rustwide/target:rw,Z" "-v" "/var/lib/crater-agent-workspace/cargo-home:/opt/rustwide/cargo-home:ro,Z" "-v" "/var/lib/crater-agent-workspace/rustup-home:/opt/rustwide/rustup-home:ro,Z" "-m" "1610612736" "--network" "none" "ghcr.io/rust-lang/crates-build-env/linux@sha256:77db811e55d90add9212f6832c23229e3de5f1c1f9905e8cb07319ea15df73ac" "sleep" "infinity", kill_on_drop: false }`
[INFO] [stdout] b36bddc874a8a72a126305de28d8498c2b46459b1d3488cb8236feedb34f2700
[INFO] running `Command { std: "docker" "start" "b36bddc874a8a72a126305de28d8498c2b46459b1d3488cb8236feedb34f2700", kill_on_drop: false }`
[INFO] running `Command { std: "docker" "inspect" "b36bddc874a8a72a126305de28d8498c2b46459b1d3488cb8236feedb34f2700", kill_on_drop: false }`
[INFO] running `Command { std: "docker" "exec" "-e" "SOURCE_DIR=/opt/rustwide/workdir" "-e" "CARGO_HOME=/opt/rustwide/cargo-home" "-e" "RUSTUP_HOME=/opt/rustwide/rustup-home" "-e" "CARGO_TARGET_DIR=/opt/rustwide/target" "-w" "/opt/rustwide/workdir" "--user" "0:0" "b36bddc874a8a72a126305de28d8498c2b46459b1d3488cb8236feedb34f2700" "/opt/rustwide/cargo-home/bin/cargo" "+3154cc1a3e6424e44f438a95007d043ed5ceaaf6" "metadata" "--no-deps" "--format-version=1", kill_on_drop: false }`
[INFO] running `Command { std: "docker" "inspect" "b36bddc874a8a72a126305de28d8498c2b46459b1d3488cb8236feedb34f2700", kill_on_drop: false }`
[INFO] running `Command { std: "docker" "exec" "-e" "SOURCE_DIR=/opt/rustwide/workdir" "-e" "CARGO_HOME=/opt/rustwide/cargo-home" "-e" "RUSTUP_HOME=/opt/rustwide/rustup-home" "-e" "CARGO_TARGET_DIR=/opt/rustwide/target" "-e" "CARGO_INCREMENTAL=0" "-e" "RUST_BACKTRACE=full" "-e" "RUSTFLAGS=--cap-lints=forbid -Znext-solver=coherence" "-e" "RUSTDOCFLAGS=--cap-lints=forbid" "-w" "/opt/rustwide/workdir" "--user" "0:0" "b36bddc874a8a72a126305de28d8498c2b46459b1d3488cb8236feedb34f2700" "/opt/rustwide/cargo-home/bin/cargo" "+3154cc1a3e6424e44f438a95007d043ed5ceaaf6" "check" "--frozen" "--all" "--all-targets" "--message-format=json", kill_on_drop: false }`
[INFO] [stderr]    Compiling syn v2.0.119
[INFO] [stderr]    Compiling syn v3.0.3
[INFO] [stderr]     Checking futures-sink v0.3.34
[INFO] [stderr]     Checking futures-io v0.3.34
[INFO] [stderr]     Checking smallvec v1.15.2
[INFO] [stderr]    Compiling slotmap v1.1.1
[INFO] [stderr]     Checking konst_macro_rules v0.2.19
[INFO] [stderr]     Checking dioxus-core-types v0.7.10
[INFO] [stderr]     Checking rustc-hash v2.1.3
[INFO] [stderr]    Compiling const_format_proc_macros v0.2.34
[INFO] [stderr]     Checking longest-increasing-subsequence v0.1.0
[INFO] [stderr]    Compiling cc v1.4.3
[INFO] [stderr]    Compiling lazy-js-bundle v0.7.10
[INFO] [stderr]    Compiling convert_case v0.8.0
[INFO] [stderr]    Compiling proc-macro2-diagnostics v0.10.1
[INFO] [stderr]     Checking litemap v0.8.3
[INFO] [stderr]     Checking writeable v0.6.4
[INFO] [stderr]    Compiling icu_normalizer_data v2.3.0
[INFO] [stderr]    Compiling icu_properties_data v2.3.0
[INFO] [stderr]    Compiling openssl v0.10.81
[INFO] [stderr]     Checking serde_json v1.0.151
[INFO] [stderr]    Compiling native-tls v0.2.18
[INFO] [stderr]     Checking regex-automata v0.4.18
[INFO] [stderr]     Checking konst v0.2.20
[INFO] [stderr]     Checking sha1 v0.10.7
[INFO] [stderr]     Checking parking_lot_core v0.9.12
[INFO] [stderr]    Compiling dioxus-document v0.7.10
[INFO] [stderr]    Compiling dioxus-interpreter-js v0.7.10
[INFO] [stderr]     Checking euclid v0.22.14
[INFO] [stderr]     Checking keyboard-types v0.7.0
[INFO] [stderr]     Checking data-encoding v2.11.1
[INFO] [stderr]     Checking sledgehammer_utils v0.3.1
[INFO] [stderr]    Compiling dioxus-web v0.7.10
[INFO] [stderr]     Checking http-body v0.4.6
[INFO] [stderr]     Checking socket2 v0.5.10
[INFO] [stderr]     Checking send_wrapper v0.6.0
[INFO] [stderr]    Compiling weather_dashboard v0.1.0 (/opt/rustwide/workdir)
[INFO] [stderr]     Checking rustls-pemfile v1.0.4
[INFO] [stderr]    Compiling dioxus-config-macro v0.7.10
[INFO] [stderr]     Checking sync_wrapper v0.1.2
[INFO] [stderr]     Checking ipnet v2.12.1
[INFO] [stderr]     Checking parking_lot v0.12.5
[INFO] [stderr]     Checking dioxus-config-macros v0.7.10
[INFO] [stderr]     Checking const_format v0.2.36
[INFO] [stderr]    Compiling openssl-sys v0.9.117
[INFO] [stderr]     Checking matchers v0.2.0
[INFO] [stderr]    Compiling serde_derive v1.0.229
[INFO] [stderr]    Compiling futures-macro v0.3.34
[INFO] [stderr]    Compiling thiserror-impl v2.0.20
[INFO] [stderr]    Compiling zerovec-derive v0.11.4
[INFO] [stderr]    Compiling displaydoc v0.2.7
[INFO] [stderr]    Compiling tokio-macros v2.7.2
[INFO] [stderr]    Compiling async-trait v0.1.92
[INFO] [stderr]    Compiling wasm-bindgen-macro-support v0.2.127
[INFO] [stderr]    Compiling synstructure v0.13.2
[INFO] [stderr]    Compiling darling_core v0.21.3
[INFO] [stderr]    Compiling macro-string v0.1.4
[INFO] [stderr]     Checking tokio v1.53.1
[INFO] [stderr]    Compiling dioxus-rsx v0.7.10
[INFO] [stderr]     Checking futures-util v0.3.34
[INFO] [stderr]    Compiling tracing-attributes v0.1.31
[INFO] [stderr]    Compiling zerofrom-derive v0.1.7
[INFO] [stderr]    Compiling yoke-derive v0.8.2
[INFO] [stderr]    Compiling pin-project-internal v1.1.13
[INFO] [stderr]    Compiling const-serialize-macro v0.7.2
[INFO] [stderr]    Compiling warnings-macro v0.2.0
[INFO] [stderr]    Compiling const-serialize-macro v0.8.0-alpha.1
[INFO] [stderr]    Compiling openssl-macros v0.1.1
[INFO] [stderr]    Compiling sledgehammer_bindgen_macro v0.6.5
[INFO] [stderr]     Checking thiserror v2.0.20
[INFO] [stderr]    Compiling dioxus-html-internal-macro v0.7.10
[INFO] [stderr]     Checking tungstenite v0.28.0
[INFO] [stderr]    Compiling const-serialize v0.7.2
[INFO] [stderr]    Compiling dioxus-stores-macro v0.7.10
[INFO] [stderr]    Compiling thiserror-impl v1.0.69
[INFO] [stderr]     Checking pin-project v1.1.13
[INFO] [stderr]     Checking zerofrom v0.1.8
[INFO] [stderr]     Checking tracing v0.1.44
[INFO] [stderr]    Compiling dioxus-core-macro v0.7.10
[INFO] [stderr]     Checking yoke v0.8.3
[INFO] [stderr]     Checking zerovec v0.11.7
[INFO] [stderr]     Checking generational-box v0.7.10
[INFO] [stderr]     Checking warnings v0.2.1
[INFO] [stderr]     Checking zerotrie v0.2.5
[INFO] [stderr]     Checking tracing-subscriber v0.3.23
[INFO] [stderr]     Checking serde v1.0.229
[INFO] [stderr]     Checking tinystr v0.8.4
[INFO] [stderr]     Checking potential_utf v0.1.6
[INFO] [stderr]     Checking thiserror v1.0.69
[INFO] [stderr]     Checking icu_collections v2.3.0
[INFO] [stderr]     Checking icu_locale_core v2.3.0
[INFO] [stderr]    Compiling darling_macro v0.21.3
[INFO] [stderr]    Compiling darling v0.21.3
[INFO] [stderr]    Compiling enumset_derive v0.15.0
[INFO] [stderr]     Checking subsecond-types v0.7.10
[INFO] [stderr]     Checking const-serialize v0.8.0-alpha.0
[INFO] [stderr]     Checking serde_urlencoded v0.7.1
[INFO] [stderr]     Checking chrono v0.4.45
[INFO] [stderr]     Checking subsecond v0.7.10
[INFO] [stderr]    Compiling manganis-core v0.7.10
[INFO] [stderr]     Checking icu_provider v2.3.0
[INFO] [stderr]     Checking icu_normalizer v2.3.0
[INFO] [stderr]     Checking icu_properties v2.3.0
[INFO] [stderr]     Checking dioxus-core v0.7.10
[INFO] [stderr]     Checking enumset v1.1.14
[INFO] [stderr]    Compiling manganis-macro v0.7.10
[INFO] [stderr]    Compiling wasm-bindgen-macro v0.2.127
[INFO] [stderr]     Checking tokio-util v0.7.19
[INFO] [stderr]     Checking wasm-bindgen v0.2.127
[INFO] [stderr]     Checking idna_adapter v1.2.2
[INFO] [stderr]     Checking tokio-native-tls v0.3.1
[INFO] [stderr]     Checking idna v1.1.0
[INFO] [stderr]     Checking h2 v0.3.27
[INFO] [stderr]     Checking url v2.5.8
[INFO] [stderr]     Checking dioxus-signals v0.7.10
[INFO] [stderr]     Checking dioxus-devtools-types v0.7.10
[INFO] [stderr]     Checking dioxus-history v0.7.10
[INFO] [stderr]     Checking js-sys v0.3.104
[INFO] [stderr]     Checking dioxus-cli-config v0.7.10
[INFO] [stderr]     Checking sledgehammer_bindgen v0.6.0
[INFO] [stderr]     Checking dioxus-logger v0.7.10
[INFO] [stderr]     Checking dioxus-hooks v0.7.10
[INFO] [stderr]     Checking dioxus-devtools v0.7.10
[INFO] [stderr]     Checking dioxus-stores v0.7.10
[INFO] [stderr]     Checking dioxus-html v0.7.10
[INFO] [stderr]     Checking manganis v0.7.10
[INFO] [stderr]     Checking hyper v0.14.32
[INFO] [stderr]     Checking hyper-tls v0.5.0
[INFO] [stderr]     Checking reqwest v0.11.27
[INFO] [stderr]     Checking web-sys v0.3.104
[INFO] [stderr]     Checking wasm-bindgen-futures v0.4.77
[INFO] [stderr]     Checking serde-wasm-bindgen v0.6.5
[INFO] [stderr]     Checking gloo-timers v0.3.0
[INFO] [stderr]     Checking wasm-streams v0.4.2
[INFO] [stderr]     Checking dioxus-asset-resolver v0.7.10
[INFO] [stderr]     Checking dioxus-logger v0.4.1
[INFO] [stderr]     Checking dioxus v0.7.10
[INFO] [stdout] error: Asset at /assets/config.json doesn't exist
[INFO] [stdout]   --> src/app.rs:26:29
[INFO] [stdout]    |
[INFO] [stdout] 26 | const CONFIG_ASSET: Asset = asset!("/assets/config.json");
[INFO] [stdout]    |                             ^^^^^^^^^^^^^^^^^^^^^^^^^^^^^
[INFO] [stdout]    |
[INFO] [stdout]    = note: this error originates in the macro `asset` (in Nightly builds, run with -Z macro-backtrace for more info)
[INFO] [stdout] 
[INFO] [stdout] 
[INFO] [stdout] error: Asset at /assets/config.json doesn't exist
[INFO] [stdout]   --> src/app.rs:26:29
[INFO] [stdout]    |
[INFO] [stdout] 26 | const CONFIG_ASSET: Asset = asset!("/assets/config.json");
[INFO] [stdout]    |                             ^^^^^^^^^^^^^^^^^^^^^^^^^^^^^
[INFO] [stdout]    |
[INFO] [stdout]    = note: this error originates in the macro `asset` (in Nightly builds, run with -Z macro-backtrace for more info)
[INFO] [stdout] 
[INFO] [stdout] 
[INFO] [stdout] error[E0432]: unresolved import `web_time`
[INFO] [stdout]  --> src/app.rs:7:5
[INFO] [stdout]   |
[INFO] [stdout] 7 | use web_time::{SystemTime, UNIX_EPOCH};
[INFO] [stdout]   |     ^^^^^^^^ use of unresolved module or unlinked crate `web_time`
[INFO] [stdout]   |
[INFO] [stdout]   = help: if you wanted to use a crate named `web_time`, use `cargo add web_time` to add it to your `Cargo.toml`
[INFO] [stdout] 
[INFO] [stdout] 
[INFO] [stdout] error[E0432]: unresolved import `web_time`
[INFO] [stdout]  --> src/app.rs:7:5
[INFO] [stdout]   |
[INFO] [stdout] 7 | use web_time::{SystemTime, UNIX_EPOCH};
[INFO] [stdout]   |     ^^^^^^^^ use of unresolved module or unlinked crate `web_time`
[INFO] [stdout]   |
[INFO] [stdout]   = help: if you wanted to use a crate named `web_time`, use `cargo add web_time` to add it to your `Cargo.toml`
[INFO] [stdout] 
[INFO] [stdout] 
[INFO] [stdout] error[E0433]: cannot find module or crate `gloo_timers` in this scope
[INFO] [stdout]   --> src/app.rs:66:5
[INFO] [stdout]    |
[INFO] [stdout] 66 |     gloo_timers::future::TimeoutFuture::new(duration.as_millis() as u32).await;
[INFO] [stdout]    |     ^^^^^^^^^^^ use of unresolved module or unlinked crate `gloo_timers`
[INFO] [stdout]    |
[INFO] [stdout]    = help: if you wanted to use a crate named `gloo_timers`, use `cargo add gloo_timers` to add it to your `Cargo.toml`
[INFO] [stdout] 
[INFO] [stdout] 
[INFO] [stdout] error[E0433]: cannot find module or crate `gloo_timers` in this scope
[INFO] [stdout]   --> src/app.rs:66:5
[INFO] [stdout]    |
[INFO] [stdout] 66 |     gloo_timers::future::TimeoutFuture::new(duration.as_millis() as u32).await;
[INFO] [stdout]    |     ^^^^^^^^^^^ use of unresolved module or unlinked crate `gloo_timers`
[INFO] [stdout]    |
[INFO] [stdout]    = help: if you wanted to use a crate named `gloo_timers`, use `cargo add gloo_timers` to add it to your `Cargo.toml`
[INFO] [stdout] 
[INFO] [stdout] 
[INFO] [stdout] error[E0433]: cannot find module or crate `web_sys` in this scope
[INFO] [stdout]   --> src/app.rs:31:18
[INFO] [stdout]    |
[INFO] [stdout] 31 |     let origin = web_sys::window()
[INFO] [stdout]    |                  ^^^^^^^ use of unresolved module or unlinked crate `web_sys`
[INFO] [stdout]    |
[INFO] [stdout]    = help: if you wanted to use a crate named `web_sys`, use `cargo add web_sys` to add it to your `Cargo.toml`
[INFO] [stdout] 
[INFO] [stdout] 
[INFO] [stdout] error[E0433]: cannot find module or crate `web_sys` in this scope
[INFO] [stdout]   --> src/app.rs:31:18
[INFO] [stdout]    |
[INFO] [stdout] 31 |     let origin = web_sys::window()
[INFO] [stdout]    |                  ^^^^^^^ use of unresolved module or unlinked crate `web_sys`
[INFO] [stdout]    |
[INFO] [stdout]    = help: if you wanted to use a crate named `web_sys`, use `cargo add web_sys` to add it to your `Cargo.toml`
[INFO] [stdout] 
[INFO] [stdout] 
[INFO] [stdout] Some errors have detailed explanations: E0432, E0433.
[INFO] [stdout] 
[INFO] [stdout] For more information about an error, try `rustc --explain E0432`.
[INFO] [stdout] 
[INFO] [stdout] Some errors have detailed explanations: E0432, E0433.
[INFO] [stdout] 
[INFO] [stdout] For more information about an error, try `rustc --explain E0432`.
[INFO] [stdout] 
[INFO] [stderr] error: could not compile `weather_dashboard` (bin "weather_dashboard" test) due to 4 previous errors
[INFO] [stderr] warning: build failed, waiting for other jobs to finish...
[INFO] [stderr] error: could not compile `weather_dashboard` (bin "weather_dashboard") due to 4 previous errors
[INFO] running `Command { std: "docker" "inspect" "b36bddc874a8a72a126305de28d8498c2b46459b1d3488cb8236feedb34f2700", kill_on_drop: false }`
[INFO] running `Command { std: "docker" "rm" "-f" "b36bddc874a8a72a126305de28d8498c2b46459b1d3488cb8236feedb34f2700", kill_on_drop: false }`
[INFO] [stdout] b36bddc874a8a72a126305de28d8498c2b46459b1d3488cb8236feedb34f2700
