[INFO] cloning repository https://github.com/FRANORDE/CozyMDT
[INFO] running `Command { std: "git" "-c" "credential.helper=" "-c" "credential.helper=/workspace/cargo-home/bin/git-credential-null" "clone" "--bare" "https://github.com/FRANORDE/CozyMDT" "/workspace/cache/git-repos/https%3A%2F%2Fgithub.com%2FFRANORDE%2FCozyMDT", kill_on_drop: false }`
[INFO] [stderr] Cloning into bare repository '/workspace/cache/git-repos/https%3A%2F%2Fgithub.com%2FFRANORDE%2FCozyMDT'...
[INFO] running `Command { std: "git" "rev-parse" "HEAD", kill_on_drop: false }`
[INFO] [stdout] 7efedee701d76bd6483e5d8448073590a56f9a4b
[INFO] checking FRANORDE/CozyMDT against 3154cc1a3e6424e44f438a95007d043ed5ceaaf6+rustflags=-Znext-solver=coherence for pr-133502-30
[INFO] running `Command { std: "git" "clone" "/workspace/cache/git-repos/https%3A%2F%2Fgithub.com%2FFRANORDE%2FCozyMDT" "/workspace/builds/worker-4-tc1/source", kill_on_drop: false }`
[INFO] [stderr] Cloning into '/workspace/builds/worker-4-tc1/source'...
[INFO] [stderr] done.
[INFO] removed /workspace/builds/worker-4-tc1/source/.cargo/config.toml
[INFO] started tweaking git repo https://github.com/FRANORDE/CozyMDT
[INFO] finished tweaking git repo https://github.com/FRANORDE/CozyMDT
[INFO] tweaked toml for git repo https://github.com/FRANORDE/CozyMDT written to /workspace/builds/worker-4-tc1/source/Cargo.toml
[INFO] validating manifest of git repo https://github.com/FRANORDE/CozyMDT on toolchain 3154cc1a3e6424e44f438a95007d043ed5ceaaf6
[INFO] running `Command { std: CARGO_HOME="/workspace/cargo-home" RUSTUP_HOME="/workspace/rustup-home" "/workspace/cargo-home/bin/cargo" "+3154cc1a3e6424e44f438a95007d043ed5ceaaf6" "metadata" "--manifest-path" "Cargo.toml" "--no-deps", kill_on_drop: false }`
[INFO] crate git repo https://github.com/FRANORDE/CozyMDT already has a lockfile, it will not be regenerated
[INFO] running `Command { std: CARGO_HOME="/workspace/cargo-home" RUSTUP_HOME="/workspace/rustup-home" "/workspace/cargo-home/bin/cargo" "+3154cc1a3e6424e44f438a95007d043ed5ceaaf6" "fetch" "--manifest-path" "Cargo.toml", kill_on_drop: false }`
[INFO] [stderr] warning: Cargo.toml: unused manifest key: package.licence
[INFO] [stderr] warning: `cozymdt` (manifest) generated 1 warning
[INFO] [stderr]     Blocking waiting for file lock on package cache
[INFO] [stderr]     Updating crates.io index
[INFO] [stderr]     Blocking waiting for file lock on package cache
[INFO] [stderr]  Downloading crates ...
[INFO] [stderr]   Downloaded queue-ext v0.4.2
[INFO] [stderr]   Downloaded mpsc v0.3.0
[INFO] [stderr]   Downloaded dequemap v0.3.0
[INFO] [stderr]   Downloaded std-ext v0.4.0
[INFO] [stderr]   Downloaded immutable-chunkmap v2.1.4
[INFO] running `Command { std: "docker" "create" "-v" "/var/lib/crater-agent-workspace/builds/worker-4-tc1/source:/opt/rustwide/workdir:ro,Z" "-v" "/var/lib/crater-agent-workspace/builds/worker-4-tc1/target:/opt/rustwide/target:rw,Z" "-v" "/var/lib/crater-agent-workspace/cargo-home:/opt/rustwide/cargo-home:ro,Z" "-v" "/var/lib/crater-agent-workspace/rustup-home:/opt/rustwide/rustup-home:ro,Z" "-m" "1610612736" "--network" "none" "ghcr.io/rust-lang/crates-build-env/linux@sha256:77db811e55d90add9212f6832c23229e3de5f1c1f9905e8cb07319ea15df73ac" "sleep" "infinity", kill_on_drop: false }`
[INFO] [stdout] 732b1c5fe5c080fce82887f5ed9dae0acba5a5cdac1e90da39c2c74a33c8b62a
[INFO] running `Command { std: "docker" "start" "732b1c5fe5c080fce82887f5ed9dae0acba5a5cdac1e90da39c2c74a33c8b62a", kill_on_drop: false }`
[INFO] running `Command { std: "docker" "inspect" "732b1c5fe5c080fce82887f5ed9dae0acba5a5cdac1e90da39c2c74a33c8b62a", kill_on_drop: false }`
[INFO] running `Command { std: "docker" "exec" "-e" "SOURCE_DIR=/opt/rustwide/workdir" "-e" "CARGO_HOME=/opt/rustwide/cargo-home" "-e" "RUSTUP_HOME=/opt/rustwide/rustup-home" "-e" "CARGO_TARGET_DIR=/opt/rustwide/target" "-w" "/opt/rustwide/workdir" "--user" "0:0" "732b1c5fe5c080fce82887f5ed9dae0acba5a5cdac1e90da39c2c74a33c8b62a" "/opt/rustwide/cargo-home/bin/cargo" "+3154cc1a3e6424e44f438a95007d043ed5ceaaf6" "metadata" "--no-deps" "--format-version=1", kill_on_drop: false }`
[INFO] running `Command { std: "docker" "inspect" "732b1c5fe5c080fce82887f5ed9dae0acba5a5cdac1e90da39c2c74a33c8b62a", kill_on_drop: false }`
[INFO] running `Command { std: "docker" "exec" "-e" "SOURCE_DIR=/opt/rustwide/workdir" "-e" "CARGO_HOME=/opt/rustwide/cargo-home" "-e" "RUSTUP_HOME=/opt/rustwide/rustup-home" "-e" "CARGO_TARGET_DIR=/opt/rustwide/target" "-e" "CARGO_INCREMENTAL=0" "-e" "RUST_BACKTRACE=full" "-e" "RUSTFLAGS=--cap-lints=forbid -Znext-solver=coherence" "-e" "RUSTDOCFLAGS=--cap-lints=forbid" "-w" "/opt/rustwide/workdir" "--user" "0:0" "732b1c5fe5c080fce82887f5ed9dae0acba5a5cdac1e90da39c2c74a33c8b62a" "/opt/rustwide/cargo-home/bin/cargo" "+3154cc1a3e6424e44f438a95007d043ed5ceaaf6" "check" "--frozen" "--all" "--all-targets" "--message-format=json", kill_on_drop: false }`
[INFO] [stderr] warning: Cargo.toml: unused manifest key: package.licence
[INFO] [stderr] warning: `cozymdt` (manifest) generated 1 warning
[INFO] [stderr]    Compiling syn v3.0.6
[INFO] [stderr]    Compiling syn v2.0.119
[INFO] [stderr]     Checking bitflags v2.13.2
[INFO] [stderr]    Compiling rustix v1.1.5
[INFO] [stderr]    Compiling serde_core v1.0.229
[INFO] [stderr]     Checking smallvec v1.16.1
[INFO] [stderr]    Compiling toml_parser v1.1.5+spec-1.1.0
[INFO] [stderr]    Compiling find-msvc-tools v0.1.12
[INFO] [stderr]    Compiling indexmap v2.14.2
[INFO] [stderr]    Compiling zerocopy v0.8.57
[INFO] [stderr]    Compiling crossbeam-utils v0.8.23
[INFO] [stderr]     Checking futures-channel v0.3.34
[INFO] [stderr]     Checking sha1 v0.10.7
[INFO] [stderr]     Checking getrandom v0.3.4
[INFO] [stderr]     Checking immutable-chunkmap v2.1.4
[INFO] [stderr]    Compiling crc32fast v1.5.2
[INFO] [stderr]     Checking parking_lot_core v0.9.12
[INFO] [stderr]    Compiling cc v1.4.6
[INFO] [stderr]     Checking nix v0.29.0
[INFO] [stderr]     Checking rustix v0.38.44
[INFO] [stderr]     Checking xkbcommon-dl v0.4.2
[INFO] [stderr]     Checking hashbrown v0.15.5
[INFO] [stderr]     Checking parking_lot v0.12.5
[INFO] [stderr]     Checking glutin_glx_sys v0.6.1
[INFO] [stderr]     Checking flate2 v1.1.10
[INFO] [stderr]    Compiling glutin-winit v0.5.0
[INFO] [stderr]     Checking is-docker v0.2.0
[INFO] [stderr]     Checking web-time v1.1.0
[INFO] [stderr]     Checking glow v0.14.2
[INFO] [stderr]     Checking glutin v0.32.3
[INFO] [stderr]     Checking accesskit_consumer v0.24.3
[INFO] [stderr]     Checking concurrent-queue v2.5.0
[INFO] [stderr]     Checking dashmap v6.2.1
[INFO] [stderr]     Checking dirs-sys v0.4.1
[INFO] [stderr]     Checking png v0.18.1
[INFO] [stderr]     Checking async-channel v2.5.0
[INFO] [stderr]     Checking async-executor v1.14.0
[INFO] [stderr]     Checking crossbeam-queue v0.3.14
[INFO] [stderr]     Checking dequemap v0.3.0
[INFO] [stderr]     Checking is-wsl v0.4.0
[INFO] [stderr]     Checking ucd-trie v0.1.7
[INFO] [stderr]     Checking blocking v1.7.0
[INFO] [stderr]     Checking open v5.4.4
[INFO] [stderr]     Checking dirs v5.0.1
[INFO] [stderr]     Checking std-ext v0.4.0
[INFO] [stderr]     Checking async-fs v2.2.0
[INFO] [stderr]    Compiling wayland-backend v0.3.17
[INFO] [stderr]    Compiling toml_datetime v1.1.2+spec-1.1.0
[INFO] [stderr]    Compiling serde_spanned v1.1.2
[INFO] [stderr]    Compiling toml_edit v0.25.15+spec-1.1.0
[INFO] [stderr]    Compiling toml v1.1.8+spec-1.1.0
[INFO] [stderr]    Compiling proc-macro-crate v3.5.0
[INFO] [stderr]    Compiling zvariant_utils v2.1.0
[INFO] [stderr]     Checking polling v3.11.0
[INFO] [stderr]     Checking gethostname v1.1.0
[INFO] [stderr]    Compiling winresource v0.1.31
[INFO] [stderr]     Checking x11rb v0.13.2
[INFO] [stderr]     Checking ppv-lite86 v0.2.21
[INFO] [stderr]     Checking ahash v0.8.12
[INFO] [stderr]     Checking async-io v2.6.0
[INFO] [stderr]    Compiling enumflags2_derive v0.7.12
[INFO] [stderr]    Compiling zvariant_derive v4.2.0
[INFO] [stderr]    Compiling tracing-attributes v0.1.31
[INFO] [stderr]    Compiling thiserror-impl v1.0.69
[INFO] [stderr]    Compiling zbus_macros v4.4.0
[INFO] [stderr]    Compiling pin-project-internal v1.1.13
[INFO] [stderr]    Compiling cozymdt v1.3.1 (/opt/rustwide/workdir)
[INFO] [stderr]     Checking rand_chacha v0.3.1
[INFO] [stderr]     Checking rand v0.8.8
[INFO] [stderr]    Compiling synstructure v0.14.0
[INFO] [stderr]     Checking wayland-client v0.31.15
[INFO] [stderr]     Checking thiserror v1.0.69
[INFO] [stderr]     Checking wayland-csd-frame v0.3.0
[INFO] [stderr]     Checking pin-project v1.1.13
[INFO] [stderr]     Checking calloop v0.13.0
[INFO] [stderr]     Checking tracing v0.1.44
[INFO] [stderr]     Checking calloop v0.14.4
[INFO] [stderr]    Compiling serde_derive v1.0.229
[INFO] [stderr]    Compiling futures-macro v0.3.34
[INFO] [stderr]    Compiling bytemuck_derive v1.12.1
[INFO] [stderr]    Compiling zerovec-derive v0.11.6
[INFO] [stderr]    Compiling displaydoc v0.2.7
[INFO] [stderr]    Compiling async-trait v0.1.92
[INFO] [stderr]    Compiling serde_repr v0.1.21
[INFO] [stderr]    Compiling thiserror-impl v2.0.20
[INFO] [stderr]    Compiling zerofrom-derive v0.1.8
[INFO] [stderr]    Compiling yoke-derive v0.8.3
[INFO] [stderr]     Checking arboard v3.6.1
[INFO] [stderr]     Checking futures-util v0.3.34
[INFO] [stderr]     Checking zerofrom v0.1.8
[INFO] [stderr]     Checking wayland-protocols v0.32.13
[INFO] [stderr]     Checking wayland-cursor v0.31.14
[INFO] [stderr]     Checking calloop-wayland-source v0.3.0
[INFO] [stderr]     Checking calloop-wayland-source v0.4.1
[INFO] [stderr]     Checking yoke v0.8.3
[INFO] [stderr]     Checking bytemuck v1.25.2
[INFO] [stderr]     Checking zerovec v0.11.8
[INFO] [stderr]     Checking zerotrie v0.2.5
[INFO] [stderr]     Checking thiserror v2.0.20
[INFO] [stderr]     Checking tiny-skia-path v0.11.4
[INFO] [stderr]     Checking emath v0.29.1
[INFO] [stderr]     Checking image v0.25.10
[INFO] [stderr]     Checking ecolor v0.29.1
[INFO] [stderr]     Checking epaint v0.29.1
[INFO] [stderr]     Checking tinystr v0.8.4
[INFO] [stderr]     Checking potential_utf v0.1.6
[INFO] [stderr]     Checking icu_collections v2.3.0
[INFO] [stderr]     Checking tiny-skia v0.11.4
[INFO] [stderr]     Checking icu_locale_core v2.3.0
[INFO] [stderr]     Checking egui v0.29.1
[INFO] [stderr]     Checking icu_provider v2.3.1
[INFO] [stderr]     Checking icu_properties v2.3.0
[INFO] [stderr]     Checking icu_normalizer v2.3.0
[INFO] [stderr]     Checking serde v1.0.229
[INFO] [stderr]     Checking futures-executor v0.3.34
[INFO] [stderr]     Checking futures v0.3.34
[INFO] [stderr]     Checking queue-ext v0.4.2
[INFO] [stderr]     Checking mpsc v0.3.0
[INFO] [stderr]     Checking enumflags2 v0.7.12
[INFO] [stderr]     Checking quick-xml v0.30.0
[INFO] [stderr]     Checking json5 v1.3.1
[INFO] [stderr]     Checking idna_adapter v1.2.2
[INFO] [stderr]     Checking zvariant v4.2.0
[INFO] [stderr]     Checking idna v1.1.0
[INFO] [stderr]     Checking url v2.5.8
[INFO] [stderr]     Checking webbrowser v1.2.4
[INFO] [stderr]     Checking egui_glow v0.29.1
[INFO] [stderr]     Checking zbus_names v3.0.0
[INFO] [stderr]     Checking wayland-protocols-wlr v0.3.12
[INFO] [stderr]     Checking wayland-protocols-plasma v0.3.12
[INFO] [stderr]     Checking wayland-protocols-experimental v20250721.0.1
[INFO] [stderr]     Checking wayland-protocols-misc v0.3.12
[INFO] [stderr]     Checking zbus_xml v4.0.0
[INFO] [stderr]     Checking zbus v4.4.0
[INFO] [stderr]     Checking zbus-lockstep v0.4.4
[INFO] [stderr]    Compiling zbus-lockstep-macros v0.4.4
[INFO] [stderr]     Checking smithay-client-toolkit v0.19.2
[INFO] [stderr]     Checking smithay-client-toolkit v0.20.0
[INFO] [stderr]     Checking sctk-adwaita v0.10.1
[INFO] [stderr]     Checking smithay-clipboard v0.7.3
[INFO] [stderr]     Checking winit v0.30.13
[INFO] [stderr]     Checking atspi-common v0.6.0
[INFO] [stderr]     Checking atspi-proxies v0.6.0
[INFO] [stderr]     Checking accesskit_atspi_common v0.9.3
[INFO] [stderr]     Checking atspi-connection v0.6.0
[INFO] [stderr]     Checking atspi v0.22.0
[INFO] [stderr]     Checking accesskit_unix v0.12.3
[INFO] [stderr]     Checking accesskit_winit v0.22.4
[INFO] [stderr]     Checking egui-winit v0.29.1
[INFO] [stderr]     Checking eframe v0.29.1
[INFO] [stdout] error[E0433]: cannot find `windows` in `os`
[INFO] [stdout]  --> src/main.rs:8:14
[INFO] [stdout]   |
[INFO] [stdout] 8 | use std::os::windows::process::CommandExt;
[INFO] [stdout]   |              ^^^^^^^ could not find `windows` in `os`
[INFO] [stdout]   |
[INFO] [stdout] note: found an item that was configured out
[INFO] [stdout]  --> /rustc/3154cc1a3e6424e44f438a95007d043ed5ceaaf6/library/std/src/os/mod.rs:62:4
[INFO] [stdout]   |
[INFO] [stdout]   = note: the item is gated behind the `windows` feature
[INFO] [stdout] 
[INFO] [stdout] 
[INFO] [stdout] error[E0433]: cannot find `windows` in `os`
[INFO] [stdout]  --> src/main.rs:8:14
[INFO] [stdout]   |
[INFO] [stdout] 8 | use std::os::windows::process::CommandExt;
[INFO] [stdout]   |              ^^^^^^^ could not find `windows` in `os`
[INFO] [stdout]   |
[INFO] [stdout] note: found an item that was configured out
[INFO] [stdout]  --> /rustc/3154cc1a3e6424e44f438a95007d043ed5ceaaf6/library/std/src/os/mod.rs:62:4
[INFO] [stdout]   |
[INFO] [stdout]   = note: the item is gated behind the `windows` feature
[INFO] [stdout] 
[INFO] [stdout] 
[INFO] [stdout] error[E0599]: no method named `creation_flags` found for mutable reference `&mut Command` in the current scope
[INFO] [stdout]    --> src/main.rs:369:10
[INFO] [stdout]     |
[INFO] [stdout] 367 |     let _ = Command::new("taskkill")
[INFO] [stdout] 368 |         .args(["/PID", &pid.to_string(), "/T", "/F"])
[INFO] [stdout] 369 |         .creation_flags(CREATE_NO_WINDOW)
[INFO] [stdout]     |          ^^^^^^^^^^^^^^ method not found in `&mut Command`
[INFO] [stdout] 
[INFO] [stdout] 
[INFO] [stdout] error[E0599]: no method named `creation_flags` found for mutable reference `&mut Command` in the current scope
[INFO] [stdout]    --> src/main.rs:369:10
[INFO] [stdout]     |
[INFO] [stdout] 367 |     let _ = Command::new("taskkill")
[INFO] [stdout] 368 |         .args(["/PID", &pid.to_string(), "/T", "/F"])
[INFO] [stdout] 369 |         .creation_flags(CREATE_NO_WINDOW)
[INFO] [stdout]     |          ^^^^^^^^^^^^^^ method not found in `&mut Command`
[INFO] [stdout] 
[INFO] [stdout] 
[INFO] [stdout] error[E0599]: no method named `raw_arg` found for struct `Command` in the current scope
[INFO] [stdout]    --> src/main.rs:581:21
[INFO] [stdout]     |
[INFO] [stdout] 581 |                 cmd.raw_arg("/S /C").raw_arg(format!("\"{}\"", args[1]));
[INFO] [stdout]     |                     ^^^^^^^ method not found in `Command`
[INFO] [stdout] 
[INFO] [stdout] 
[INFO] [stdout] error[E0599]: no method named `raw_arg` found for struct `Command` in the current scope
[INFO] [stdout]    --> src/main.rs:581:21
[INFO] [stdout]     |
[INFO] [stdout] 581 |                 cmd.raw_arg("/S /C").raw_arg(format!("\"{}\"", args[1]));
[INFO] [stdout]     |                     ^^^^^^^ method not found in `Command`
[INFO] [stdout] 
[INFO] [stdout] 
[INFO] [stdout] error[E0599]: no method named `creation_flags` found for mutable reference `&mut Command` in the current scope
[INFO] [stdout]    --> src/main.rs:589:18
[INFO] [stdout]     |
[INFO] [stdout] 586 |             cmd.current_dir(&cwd)
[INFO] [stdout] 587 |                 .stdout(Stdio::piped())
[INFO] [stdout] 588 |                 .stderr(Stdio::piped())
[INFO] [stdout] 589 |                 .creation_flags(CREATE_NO_WINDOW);
[INFO] [stdout]     |                  ^^^^^^^^^^^^^^ method not found in `&mut Command`
[INFO] [stdout] 
[INFO] [stdout] 
[INFO] [stdout] error[E0599]: no method named `creation_flags` found for mutable reference `&mut Command` in the current scope
[INFO] [stdout]    --> src/main.rs:589:18
[INFO] [stdout]     |
[INFO] [stdout] 586 |             cmd.current_dir(&cwd)
[INFO] [stdout] 587 |                 .stdout(Stdio::piped())
[INFO] [stdout] 588 |                 .stderr(Stdio::piped())
[INFO] [stdout] 589 |                 .creation_flags(CREATE_NO_WINDOW);
[INFO] [stdout]     |                  ^^^^^^^^^^^^^^ method not found in `&mut Command`
[INFO] [stdout] 
[INFO] [stdout] 
[INFO] [stdout] Some errors have detailed explanations: E0433, E0599.
[INFO] [stdout] 
[INFO] [stdout] For more information about an error, try `rustc --explain E0433`.
[INFO] [stdout] 
[INFO] [stdout] Some errors have detailed explanations: E0433, E0599.
[INFO] [stdout] 
[INFO] [stdout] For more information about an error, try `rustc --explain E0433`.
[INFO] [stdout] 
[INFO] [stderr] error: could not compile `cozymdt` (bin "CozyMDT") due to 4 previous errors
[INFO] [stderr] warning: build failed, waiting for other jobs to finish...
[INFO] [stderr] error: could not compile `cozymdt` (bin "CozyMDT" test) due to 4 previous errors
[INFO] [stderr] warning: unused dependency `mpsc`
[INFO] [stderr]   --> Cargo.toml:12:1
[INFO] [stderr]    |
[INFO] [stderr] 12 | mpsc = "0.3.0"
[INFO] [stderr]    | ^^^^^^^^^^^^^^
[INFO] [stderr]    |
[INFO] [stderr]    = note: `cargo::unused_dependencies` is set to `warn` by default
[INFO] [stderr] help: consider removing the dependency on `mpsc`
[INFO] [stderr] warning: `cozymdt` (manifest) generated 1 warning
[INFO] running `Command { std: "docker" "inspect" "732b1c5fe5c080fce82887f5ed9dae0acba5a5cdac1e90da39c2c74a33c8b62a", kill_on_drop: false }`
[INFO] running `Command { std: "docker" "rm" "-f" "732b1c5fe5c080fce82887f5ed9dae0acba5a5cdac1e90da39c2c74a33c8b62a", kill_on_drop: false }`
[INFO] [stdout] 732b1c5fe5c080fce82887f5ed9dae0acba5a5cdac1e90da39c2c74a33c8b62a
