[INFO] cloning repository https://github.com/FNE-stack/GD-Test
[INFO] running `Command { std: "git" "-c" "credential.helper=" "-c" "credential.helper=/workspace/cargo-home/bin/git-credential-null" "clone" "--bare" "https://github.com/FNE-stack/GD-Test" "/workspace/cache/git-repos/https%3A%2F%2Fgithub.com%2FFNE-stack%2FGD-Test", kill_on_drop: false }`
[INFO] [stderr] Cloning into bare repository '/workspace/cache/git-repos/https%3A%2F%2Fgithub.com%2FFNE-stack%2FGD-Test'...
[INFO] running `Command { std: "git" "rev-parse" "HEAD", kill_on_drop: false }`
[INFO] [stdout] 3024a5990c1876eedce2065f4d0764376d2e64b2
[INFO] checking FNE-stack/GD-Test against 3154cc1a3e6424e44f438a95007d043ed5ceaaf6 for pr-133502-30
[INFO] running `Command { std: "git" "clone" "/workspace/cache/git-repos/https%3A%2F%2Fgithub.com%2FFNE-stack%2FGD-Test" "/workspace/builds/worker-6-tc2/source", kill_on_drop: false }`
[INFO] [stderr] Cloning into '/workspace/builds/worker-6-tc2/source'...
[INFO] [stderr] done.
[INFO] removed /workspace/builds/worker-6-tc2/source/rust-toolchain.toml
[INFO] started tweaking git repo https://github.com/FNE-stack/GD-Test
[INFO] finished tweaking git repo https://github.com/FNE-stack/GD-Test
[INFO] tweaked toml for git repo https://github.com/FNE-stack/GD-Test written to /workspace/builds/worker-6-tc2/source/Cargo.toml
[INFO] validating manifest of git repo https://github.com/FNE-stack/GD-Test on toolchain 3154cc1a3e6424e44f438a95007d043ed5ceaaf6
[INFO] running `Command { std: CARGO_HOME="/workspace/cargo-home" RUSTUP_HOME="/workspace/rustup-home" "/workspace/cargo-home/bin/cargo" "+3154cc1a3e6424e44f438a95007d043ed5ceaaf6" "metadata" "--manifest-path" "Cargo.toml" "--no-deps", kill_on_drop: false }`
[INFO] crate git repo https://github.com/FNE-stack/GD-Test already has a lockfile, it will not be regenerated
[INFO] running `Command { std: CARGO_HOME="/workspace/cargo-home" RUSTUP_HOME="/workspace/rustup-home" "/workspace/cargo-home/bin/cargo" "+3154cc1a3e6424e44f438a95007d043ed5ceaaf6" "fetch" "--manifest-path" "Cargo.toml", kill_on_drop: false }`
[INFO] running `Command { std: "docker" "create" "-v" "/var/lib/crater-agent-workspace/builds/worker-6-tc2/source:/opt/rustwide/workdir:ro,Z" "-v" "/var/lib/crater-agent-workspace/builds/worker-6-tc2/target:/opt/rustwide/target:rw,Z" "-v" "/var/lib/crater-agent-workspace/cargo-home:/opt/rustwide/cargo-home:ro,Z" "-v" "/var/lib/crater-agent-workspace/rustup-home:/opt/rustwide/rustup-home:ro,Z" "-m" "1610612736" "--network" "none" "ghcr.io/rust-lang/crates-build-env/linux@sha256:77db811e55d90add9212f6832c23229e3de5f1c1f9905e8cb07319ea15df73ac" "sleep" "infinity", kill_on_drop: false }`
[INFO] [stdout] 373f09e1fe3385c1cc98b89e3048a8b6532dc04651fb9eddbae1c780f5c1d140
[INFO] running `Command { std: "docker" "start" "373f09e1fe3385c1cc98b89e3048a8b6532dc04651fb9eddbae1c780f5c1d140", kill_on_drop: false }`
[INFO] running `Command { std: "docker" "inspect" "373f09e1fe3385c1cc98b89e3048a8b6532dc04651fb9eddbae1c780f5c1d140", kill_on_drop: false }`
[INFO] running `Command { std: "docker" "exec" "-e" "SOURCE_DIR=/opt/rustwide/workdir" "-e" "CARGO_HOME=/opt/rustwide/cargo-home" "-e" "RUSTUP_HOME=/opt/rustwide/rustup-home" "-e" "CARGO_TARGET_DIR=/opt/rustwide/target" "-w" "/opt/rustwide/workdir" "--user" "0:0" "373f09e1fe3385c1cc98b89e3048a8b6532dc04651fb9eddbae1c780f5c1d140" "/opt/rustwide/cargo-home/bin/cargo" "+3154cc1a3e6424e44f438a95007d043ed5ceaaf6" "metadata" "--no-deps" "--format-version=1", kill_on_drop: false }`
[INFO] running `Command { std: "docker" "inspect" "373f09e1fe3385c1cc98b89e3048a8b6532dc04651fb9eddbae1c780f5c1d140", kill_on_drop: false }`
[INFO] running `Command { std: "docker" "exec" "-e" "SOURCE_DIR=/opt/rustwide/workdir" "-e" "CARGO_HOME=/opt/rustwide/cargo-home" "-e" "RUSTUP_HOME=/opt/rustwide/rustup-home" "-e" "CARGO_TARGET_DIR=/opt/rustwide/target" "-e" "CARGO_INCREMENTAL=0" "-e" "RUST_BACKTRACE=full" "-e" "RUSTFLAGS=--cap-lints=forbid" "-e" "RUSTDOCFLAGS=--cap-lints=forbid" "-w" "/opt/rustwide/workdir" "--user" "0:0" "373f09e1fe3385c1cc98b89e3048a8b6532dc04651fb9eddbae1c780f5c1d140" "/opt/rustwide/cargo-home/bin/cargo" "+3154cc1a3e6424e44f438a95007d043ed5ceaaf6" "check" "--frozen" "--all" "--all-targets" "--message-format=json", kill_on_drop: false }`
[INFO] [stderr]    Compiling proc-macro2 v1.0.107
[INFO] [stderr]    Compiling quote v1.0.47
[INFO] [stderr]    Compiling serde_core v1.0.229
[INFO] [stderr]    Compiling serde v1.0.229
[INFO] [stderr]    Compiling serde_json v1.0.151
[INFO] [stderr]     Checking memchr v2.8.3
[INFO] [stderr]     Checking log v0.4.34
[INFO] [stderr]     Checking chunked_transfer v1.5.0
[INFO] [stderr]     Checking ascii v1.1.0
[INFO] [stderr]     Checking tiny_http v0.12.0
[INFO] [stderr]    Compiling syn v3.0.4
[INFO] [stderr]    Compiling serde_derive v1.0.229
[INFO] [stderr]     Checking serde-big-array v0.4.1
[INFO] [stderr]     Checking parser v0.1.0 (/opt/rustwide/workdir/vendor_save_parser)
[INFO] [stdout] warning: hiding a lifetime that's elided elsewhere is confusing
[INFO] [stdout]  --> vendor_save_parser/src/parser/parser.rs:7:19
[INFO] [stdout]   |
[INFO] [stdout] 7 |     fn get_source(&self) -> RefMut<dyn Read>;
[INFO] [stdout]   |                   ^^^^^     ^^^^^^^^^^^^^^^^ the same lifetime is hidden here
[INFO] [stdout]   |                   |
[INFO] [stdout]   |                   the lifetime is elided here
[INFO] [stdout]   |
[INFO] [stdout]   = help: the same lifetime is referred to in inconsistent ways, making the signature confusing
[INFO] [stdout]   = note: `#[warn(mismatched_lifetime_syntaxes)]` on by default
[INFO] [stdout] help: use `'_` for type paths
[INFO] [stdout]   |
[INFO] [stdout] 7 |     fn get_source(&self) -> RefMut<'_, dyn Read>;
[INFO] [stdout]   |                                    +++
[INFO] [stdout] 
[INFO] [stdout] 
[INFO] [stdout] warning: hiding a lifetime that's elided elsewhere is confusing
[INFO] [stdout]   --> vendor_save_parser/src/parser/reader/character.rs:42:19
[INFO] [stdout]    |
[INFO] [stdout] 42 |     fn get_source(&self) -> RefMut<dyn Read> {
[INFO] [stdout]    |                   ^^^^^     ^^^^^^^^^^^^^^^^ the same lifetime is hidden here
[INFO] [stdout]    |                   |
[INFO] [stdout]    |                   the lifetime is elided here
[INFO] [stdout]    |
[INFO] [stdout]    = help: the same lifetime is referred to in inconsistent ways, making the signature confusing
[INFO] [stdout] help: use `'_` for type paths
[INFO] [stdout]    |
[INFO] [stdout] 42 |     fn get_source(&self) -> RefMut<'_, dyn Read> {
[INFO] [stdout]    |                                    +++
[INFO] [stdout] 
[INFO] [stdout] 
[INFO] [stdout] warning: hiding a lifetime that's elided elsewhere is confusing
[INFO] [stdout]   --> vendor_save_parser/src/parser/reader/formulas.rs:31:19
[INFO] [stdout]    |
[INFO] [stdout] 31 |     fn get_source(&self) -> RefMut<dyn Read> {
[INFO] [stdout]    |                   ^^^^^     ^^^^^^^^^^^^^^^^ the same lifetime is hidden here
[INFO] [stdout]    |                   |
[INFO] [stdout]    |                   the lifetime is elided here
[INFO] [stdout]    |
[INFO] [stdout]    = help: the same lifetime is referred to in inconsistent ways, making the signature confusing
[INFO] [stdout] help: use `'_` for type paths
[INFO] [stdout]    |
[INFO] [stdout] 31 |     fn get_source(&self) -> RefMut<'_, dyn Read> {
[INFO] [stdout]    |                                    +++
[INFO] [stdout] 
[INFO] [stdout] 
[INFO] [stdout] warning: hiding a lifetime that's elided elsewhere is confusing
[INFO] [stdout]   --> vendor_save_parser/src/parser/reader/stash.rs:43:19
[INFO] [stdout]    |
[INFO] [stdout] 43 |     fn get_source(&self) -> RefMut<dyn Read> {
[INFO] [stdout]    |                   ^^^^^     ^^^^^^^^^^^^^^^^ the same lifetime is hidden here
[INFO] [stdout]    |                   |
[INFO] [stdout]    |                   the lifetime is elided here
[INFO] [stdout]    |
[INFO] [stdout]    = help: the same lifetime is referred to in inconsistent ways, making the signature confusing
[INFO] [stdout] help: use `'_` for type paths
[INFO] [stdout]    |
[INFO] [stdout] 43 |     fn get_source(&self) -> RefMut<'_, dyn Read> {
[INFO] [stdout]    |                                    +++
[INFO] [stdout] 
[INFO] [stdout] 
[INFO] [stderr]     Checking gd-gear-compare v0.1.0 (/opt/rustwide/workdir)
[INFO] [stdout] error[E0433]: cannot find `windows` in `os`
[INFO] [stdout]    --> src/main.rs:117:18
[INFO] [stdout]     |
[INFO] [stdout] 117 |     use std::os::windows::process::CommandExt;
[INFO] [stdout]     |                  ^^^^^^^ could not find `windows` in `os`
[INFO] [stdout]     |
[INFO] [stdout] note: found an item that was configured out
[INFO] [stdout]    --> /rustc/3154cc1a3e6424e44f438a95007d043ed5ceaaf6/library/std/src/os/mod.rs:62:4
[INFO] [stdout]     |
[INFO] [stdout]     = note: the item is gated behind the `windows` feature
[INFO] [stdout] 
[INFO] [stdout] 
[INFO] [stdout] error[E0433]: cannot find module or crate `windows_sys` in this scope
[INFO] [stdout]    --> src/main.rs:131:9
[INFO] [stdout]     |
[INFO] [stdout] 131 |     use windows_sys::Win32::UI::WindowsAndMessaging::{MessageBoxW, MB_ICONERROR, MB_OK};
[INFO] [stdout]     |         ^^^^^^^^^^^ use of unresolved module or unlinked crate `windows_sys`
[INFO] [stdout]     |
[INFO] [stdout]     = help: if you wanted to use a crate named `windows_sys`, use `cargo add windows_sys` to add it to your `Cargo.toml`
[INFO] [stdout] 
[INFO] [stdout] 
[INFO] [stdout] error[E0433]: cannot find `windows` in `os`
[INFO] [stdout]    --> src/main.rs:117:18
[INFO] [stdout]     |
[INFO] [stdout] 117 |     use std::os::windows::process::CommandExt;
[INFO] [stdout]     |                  ^^^^^^^ could not find `windows` in `os`
[INFO] [stdout]     |
[INFO] [stdout] note: found an item that was configured out
[INFO] [stdout]    --> /rustc/3154cc1a3e6424e44f438a95007d043ed5ceaaf6/library/std/src/os/mod.rs:62:4
[INFO] [stdout]     |
[INFO] [stdout]     = note: the item is gated behind the `windows` feature
[INFO] [stdout] 
[INFO] [stdout] 
[INFO] [stdout] error[E0433]: cannot find module or crate `windows_sys` in this scope
[INFO] [stdout]    --> src/main.rs:131:9
[INFO] [stdout]     |
[INFO] [stdout] 131 |     use windows_sys::Win32::UI::WindowsAndMessaging::{MessageBoxW, MB_ICONERROR, MB_OK};
[INFO] [stdout]     |         ^^^^^^^^^^^ use of unresolved module or unlinked crate `windows_sys`
[INFO] [stdout]     |
[INFO] [stdout]     = help: if you wanted to use a crate named `windows_sys`, use `cargo add windows_sys` to add it to your `Cargo.toml`
[INFO] [stdout] 
[INFO] [stdout] 
[INFO] [stdout] error[E0599]: no method named `creation_flags` found for mutable reference `&mut Command` in the current scope
[INFO] [stdout]    --> src/main.rs:121:10
[INFO] [stdout]     |
[INFO] [stdout] 119 |     std::process::Command::new("cmd")
[INFO] [stdout] 120 |         .args(["/C", "start", "", url])
[INFO] [stdout] 121 |         .creation_flags(CREATE_NO_WINDOW)
[INFO] [stdout]     |          ^^^^^^^^^^^^^^ method not found in `&mut Command`
[INFO] [stdout] 
[INFO] [stdout] 
[INFO] [stdout] Some errors have detailed explanations: E0433, E0599.
[INFO] [stdout] 
[INFO] [stdout] For more information about an error, try `rustc --explain E0433`.
[INFO] [stdout] 
[INFO] [stderr] error: could not compile `gd-gear-compare` (bin "gd-gear-compare") due to 3 previous errors
[INFO] [stderr] warning: build failed, waiting for other jobs to finish...
[INFO] [stdout] error[E0599]: no method named `creation_flags` found for mutable reference `&mut Command` in the current scope
[INFO] [stdout]    --> src/main.rs:121:10
[INFO] [stdout]     |
[INFO] [stdout] 119 |     std::process::Command::new("cmd")
[INFO] [stdout] 120 |         .args(["/C", "start", "", url])
[INFO] [stdout] 121 |         .creation_flags(CREATE_NO_WINDOW)
[INFO] [stdout]     |          ^^^^^^^^^^^^^^ method not found in `&mut Command`
[INFO] [stdout] 
[INFO] [stdout] 
[INFO] [stdout] Some errors have detailed explanations: E0433, E0599.
[INFO] [stdout] 
[INFO] [stdout] For more information about an error, try `rustc --explain E0433`.
[INFO] [stdout] 
[INFO] [stderr] error: could not compile `gd-gear-compare` (bin "gd-gear-compare" test) due to 3 previous errors
[INFO] running `Command { std: "docker" "inspect" "373f09e1fe3385c1cc98b89e3048a8b6532dc04651fb9eddbae1c780f5c1d140", kill_on_drop: false }`
[INFO] running `Command { std: "docker" "rm" "-f" "373f09e1fe3385c1cc98b89e3048a8b6532dc04651fb9eddbae1c780f5c1d140", kill_on_drop: false }`
[INFO] [stdout] 373f09e1fe3385c1cc98b89e3048a8b6532dc04651fb9eddbae1c780f5c1d140
