[INFO] cloning repository https://github.com/F33D3R-Inc/fabric
[INFO] running `Command { std: "git" "-c" "credential.helper=" "-c" "credential.helper=/workspace/cargo-home/bin/git-credential-null" "clone" "--bare" "https://github.com/F33D3R-Inc/fabric" "/workspace/cache/git-repos/https%3A%2F%2Fgithub.com%2FF33D3R-Inc%2Ffabric", kill_on_drop: false }`
[INFO] [stderr] Cloning into bare repository '/workspace/cache/git-repos/https%3A%2F%2Fgithub.com%2FF33D3R-Inc%2Ffabric'...
[INFO] running `Command { std: "git" "rev-parse" "HEAD", kill_on_drop: false }`
[INFO] [stdout] 74dae0593b30c20186dfac443b8b8b9a8c8ead10
[INFO] checking F33D3R-Inc/fabric against 3154cc1a3e6424e44f438a95007d043ed5ceaaf6+rustflags=-Znext-solver=coherence for pr-133502-30
[INFO] running `Command { std: "git" "clone" "/workspace/cache/git-repos/https%3A%2F%2Fgithub.com%2FF33D3R-Inc%2Ffabric" "/workspace/builds/worker-4-tc1/source", kill_on_drop: false }`
[INFO] [stderr] Cloning into '/workspace/builds/worker-4-tc1/source'...
[INFO] [stderr] done.
[INFO] started tweaking git repo https://github.com/F33D3R-Inc/fabric
[INFO] finished tweaking git repo https://github.com/F33D3R-Inc/fabric
[INFO] tweaked toml for git repo https://github.com/F33D3R-Inc/fabric written to /workspace/builds/worker-4-tc1/source/Cargo.toml
[INFO] validating manifest of git repo https://github.com/F33D3R-Inc/fabric on toolchain 3154cc1a3e6424e44f438a95007d043ed5ceaaf6
[INFO] running `Command { std: CARGO_HOME="/workspace/cargo-home" RUSTUP_HOME="/workspace/rustup-home" "/workspace/cargo-home/bin/cargo" "+3154cc1a3e6424e44f438a95007d043ed5ceaaf6" "metadata" "--manifest-path" "Cargo.toml" "--no-deps", kill_on_drop: false }`
[INFO] crate git repo https://github.com/F33D3R-Inc/fabric already has a lockfile, it will not be regenerated
[INFO] running `Command { std: CARGO_HOME="/workspace/cargo-home" RUSTUP_HOME="/workspace/rustup-home" "/workspace/cargo-home/bin/cargo" "+3154cc1a3e6424e44f438a95007d043ed5ceaaf6" "fetch" "--manifest-path" "Cargo.toml", kill_on_drop: false }`
[INFO] running `Command { std: "docker" "create" "-v" "/var/lib/crater-agent-workspace/builds/worker-4-tc1/source:/opt/rustwide/workdir:ro,Z" "-v" "/var/lib/crater-agent-workspace/builds/worker-4-tc1/target:/opt/rustwide/target:rw,Z" "-v" "/var/lib/crater-agent-workspace/cargo-home:/opt/rustwide/cargo-home:ro,Z" "-v" "/var/lib/crater-agent-workspace/rustup-home:/opt/rustwide/rustup-home:ro,Z" "-m" "1610612736" "--network" "none" "ghcr.io/rust-lang/crates-build-env/linux@sha256:77db811e55d90add9212f6832c23229e3de5f1c1f9905e8cb07319ea15df73ac" "sleep" "infinity", kill_on_drop: false }`
[INFO] [stdout] 659e6aafe0872c058af21b92b032bbfd84f5f0bc92b9870cded84d7b382047b3
[INFO] running `Command { std: "docker" "start" "659e6aafe0872c058af21b92b032bbfd84f5f0bc92b9870cded84d7b382047b3", kill_on_drop: false }`
[INFO] running `Command { std: "docker" "inspect" "659e6aafe0872c058af21b92b032bbfd84f5f0bc92b9870cded84d7b382047b3", kill_on_drop: false }`
[INFO] running `Command { std: "docker" "exec" "-e" "SOURCE_DIR=/opt/rustwide/workdir" "-e" "CARGO_HOME=/opt/rustwide/cargo-home" "-e" "RUSTUP_HOME=/opt/rustwide/rustup-home" "-e" "CARGO_TARGET_DIR=/opt/rustwide/target" "-w" "/opt/rustwide/workdir" "--user" "0:0" "659e6aafe0872c058af21b92b032bbfd84f5f0bc92b9870cded84d7b382047b3" "/opt/rustwide/cargo-home/bin/cargo" "+3154cc1a3e6424e44f438a95007d043ed5ceaaf6" "metadata" "--no-deps" "--format-version=1", kill_on_drop: false }`
[INFO] running `Command { std: "docker" "inspect" "659e6aafe0872c058af21b92b032bbfd84f5f0bc92b9870cded84d7b382047b3", kill_on_drop: false }`
[INFO] running `Command { std: "docker" "exec" "-e" "SOURCE_DIR=/opt/rustwide/workdir" "-e" "CARGO_HOME=/opt/rustwide/cargo-home" "-e" "RUSTUP_HOME=/opt/rustwide/rustup-home" "-e" "CARGO_TARGET_DIR=/opt/rustwide/target" "-e" "CARGO_INCREMENTAL=0" "-e" "RUST_BACKTRACE=full" "-e" "RUSTFLAGS=--cap-lints=forbid -Znext-solver=coherence" "-e" "RUSTDOCFLAGS=--cap-lints=forbid" "-w" "/opt/rustwide/workdir" "--user" "0:0" "659e6aafe0872c058af21b92b032bbfd84f5f0bc92b9870cded84d7b382047b3" "/opt/rustwide/cargo-home/bin/cargo" "+3154cc1a3e6424e44f438a95007d043ed5ceaaf6" "check" "--frozen" "--all" "--all-targets" "--message-format=json", kill_on_drop: false }`
[INFO] [stderr]    Compiling serde_core v1.0.229
[INFO] [stderr]    Compiling syn v3.0.4
[INFO] [stderr]    Compiling syn v2.0.119
[INFO] [stderr]     Checking tracing v0.1.44
[INFO] [stderr]     Checking futures-util v0.3.34
[INFO] [stderr]    Compiling cc v1.4.5
[INFO] [stderr]     Checking getrandom v0.2.17
[INFO] [stderr]     Checking http v0.2.12
[INFO] [stderr]     Checking indexmap v2.14.1
[INFO] [stderr]     Checking axum-core v0.5.6
[INFO] [stderr]     Checking http-body v0.4.6
[INFO] [stderr]    Compiling ring v0.17.14
[INFO] [stderr]     Checking serde_json v1.0.151
[INFO] [stderr]     Checking serde_path_to_error v0.1.20
[INFO] [stderr]    Compiling synstructure v0.13.2
[INFO] [stderr]    Compiling zerofrom-derive v0.1.7
[INFO] [stderr]    Compiling yoke-derive v0.8.2
[INFO] [stderr]     Checking zerofrom v0.1.8
[INFO] [stderr]     Checking yoke v0.8.3
[INFO] [stderr]    Compiling rustls v0.21.12
[INFO] [stderr]    Compiling serde_derive v1.0.229
[INFO] [stderr]    Compiling tokio-macros v2.7.2
[INFO] [stderr]    Compiling zerovec-derive v0.11.6
[INFO] [stderr]    Compiling displaydoc v0.2.7
[INFO] [stderr]     Checking tokio v1.53.1
[INFO] [stderr]     Checking zerotrie v0.2.5
[INFO] [stderr]     Checking zerovec v0.11.8
[INFO] [stderr]     Checking rustls-webpki v0.101.7
[INFO] [stderr]     Checking sct v0.7.1
[INFO] [stderr]     Checking tinystr v0.8.4
[INFO] [stderr]     Checking potential_utf v0.1.6
[INFO] [stderr]     Checking icu_collections v2.3.0
[INFO] [stderr]     Checking icu_locale_core v2.3.0
[INFO] [stderr]     Checking serde v1.0.229
[INFO] [stderr]     Checking icu_provider v2.3.1
[INFO] [stderr]     Checking icu_properties v2.3.0
[INFO] [stderr]     Checking icu_normalizer v2.3.0
[INFO] [stderr]     Checking fabric-core v0.1.0 (/opt/rustwide/workdir/crates/fabric-core)
[INFO] [stderr]     Checking serde_urlencoded v0.7.1
[INFO] [stderr]     Checking fabric-telemetry v0.1.0 (/opt/rustwide/workdir/crates/fabric-telemetry)
[INFO] [stderr]     Checking fabric-topology v0.1.0 (/opt/rustwide/workdir/crates/fabric-topology)
[INFO] [stderr]     Checking fabric-migration v0.1.0 (/opt/rustwide/workdir/crates/fabric-migration)
[INFO] [stderr]     Checking fabric-workload v0.1.0 (/opt/rustwide/workdir/crates/fabric-workload)
[INFO] [stderr]     Checking fabric-replication v0.1.0 (/opt/rustwide/workdir/crates/fabric-replication)
[INFO] [stderr]     Checking fabric-ml v0.1.0 (/opt/rustwide/workdir/crates/fabric-ml)
[INFO] [stderr]     Checking fabric-optimizer v0.1.0 (/opt/rustwide/workdir/crates/fabric-optimizer)
[INFO] [stderr]     Checking fabric-controller v0.1.0 (/opt/rustwide/workdir/crates/fabric-controller)
[INFO] [stderr]     Checking fabric-routing v0.1.0 (/opt/rustwide/workdir/crates/fabric-routing)
[INFO] [stderr]     Checking idna_adapter v1.2.2
[INFO] [stderr]     Checking idna v1.1.0
[INFO] [stderr]     Checking url v2.5.8
[INFO] [stderr]     Checking hyper v1.11.1
[INFO] [stderr]     Checking tower v0.5.3
[INFO] [stderr]     Checking tokio-util v0.7.19
[INFO] [stderr]     Checking tokio-rustls v0.24.1
[INFO] [stderr]     Checking h2 v0.3.27
[INFO] [stderr]     Checking hyper-util v0.1.20
[INFO] [stderr]     Checking axum v0.8.9
[INFO] [stderr]     Checking hyper v0.14.32
[INFO] [stderr]     Checking fabric-protocol v0.1.0 (/opt/rustwide/workdir/crates/fabric-protocol)
[INFO] [stderr]     Checking fabric-runtime v0.1.0 (/opt/rustwide/workdir/crates/fabric-runtime)
[INFO] [stderr]     Checking fabric-simulator v0.1.0 (/opt/rustwide/workdir/crates/fabric-simulator)
[INFO] [stdout] error[E0583]: file not found for module `mechanism`
[INFO] [stdout]   --> crates/fabric-runtime/src/lib.rs:36:1
[INFO] [stdout]    |
[INFO] [stdout] 36 | pub mod mechanism;
[INFO] [stdout]    | ^^^^^^^^^^^^^^^^^^
[INFO] [stdout]    |
[INFO] [stdout]    = help: to create the module `mechanism`, create file "crates/fabric-runtime/src/mechanism.rs" or "crates/fabric-runtime/src/mechanism/mod.rs"
[INFO] [stdout]    = note: if there is a `mod mechanism` elsewhere in the crate already, import it with `use crate::...` instead
[INFO] [stdout] 
[INFO] [stdout] 
[INFO] [stdout] error[E0583]: file not found for module `placement`
[INFO] [stdout]   --> crates/fabric-runtime/src/lib.rs:37:1
[INFO] [stdout]    |
[INFO] [stdout] 37 | pub mod placement;
[INFO] [stdout]    | ^^^^^^^^^^^^^^^^^^
[INFO] [stdout]    |
[INFO] [stdout]    = help: to create the module `placement`, create file "crates/fabric-runtime/src/placement.rs" or "crates/fabric-runtime/src/placement/mod.rs"
[INFO] [stdout]    = note: if there is a `mod placement` elsewhere in the crate already, import it with `use crate::...` instead
[INFO] [stdout] 
[INFO] [stdout] 
[INFO] [stdout] error[E0583]: file not found for module `registry`
[INFO] [stdout]   --> crates/fabric-runtime/src/lib.rs:38:1
[INFO] [stdout]    |
[INFO] [stdout] 38 | pub mod registry;
[INFO] [stdout]    | ^^^^^^^^^^^^^^^^^
[INFO] [stdout]    |
[INFO] [stdout]    = help: to create the module `registry`, create file "crates/fabric-runtime/src/registry.rs" or "crates/fabric-runtime/src/registry/mod.rs"
[INFO] [stdout]    = note: if there is a `mod registry` elsewhere in the crate already, import it with `use crate::...` instead
[INFO] [stdout] 
[INFO] [stdout] 
[INFO] [stdout] error[E0583]: file not found for module `mechanism`
[INFO] [stdout]   --> crates/fabric-runtime/src/lib.rs:36:1
[INFO] [stdout]    |
[INFO] [stdout] 36 | pub mod mechanism;
[INFO] [stdout]    | ^^^^^^^^^^^^^^^^^^
[INFO] [stdout]    |
[INFO] [stdout]    = help: to create the module `mechanism`, create file "crates/fabric-runtime/src/mechanism.rs" or "crates/fabric-runtime/src/mechanism/mod.rs"
[INFO] [stdout]    = note: if there is a `mod mechanism` elsewhere in the crate already, import it with `use crate::...` instead
[INFO] [stdout] 
[INFO] [stdout] 
[INFO] [stdout] error[E0583]: file not found for module `placement`
[INFO] [stdout]   --> crates/fabric-runtime/src/lib.rs:37:1
[INFO] [stdout]    |
[INFO] [stdout] 37 | pub mod placement;
[INFO] [stdout]    | ^^^^^^^^^^^^^^^^^^
[INFO] [stdout]    |
[INFO] [stdout]    = help: to create the module `placement`, create file "crates/fabric-runtime/src/placement.rs" or "crates/fabric-runtime/src/placement/mod.rs"
[INFO] [stdout]    = note: if there is a `mod placement` elsewhere in the crate already, import it with `use crate::...` instead
[INFO] [stdout] 
[INFO] [stdout] 
[INFO] [stdout] error[E0583]: file not found for module `registry`
[INFO] [stdout]   --> crates/fabric-runtime/src/lib.rs:38:1
[INFO] [stdout]    |
[INFO] [stdout] 38 | pub mod registry;
[INFO] [stdout]    | ^^^^^^^^^^^^^^^^^
[INFO] [stdout]    |
[INFO] [stdout]    = help: to create the module `registry`, create file "crates/fabric-runtime/src/registry.rs" or "crates/fabric-runtime/src/registry/mod.rs"
[INFO] [stdout]    = note: if there is a `mod registry` elsewhere in the crate already, import it with `use crate::...` instead
[INFO] [stdout] 
[INFO] [stdout] 
[INFO] [stdout] For more information about this error, try `rustc --explain E0583`.
[INFO] [stdout] 
[INFO] [stderr] error: could not compile `fabric-runtime` (lib) due to 3 previous errors
[INFO] [stderr] warning: build failed, waiting for other jobs to finish...
[INFO] [stdout] For more information about this error, try `rustc --explain E0583`.
[INFO] [stdout] 
[INFO] [stderr] error: could not compile `fabric-runtime` (lib test) due to 3 previous errors
[INFO] running `Command { std: "docker" "inspect" "659e6aafe0872c058af21b92b032bbfd84f5f0bc92b9870cded84d7b382047b3", kill_on_drop: false }`
[INFO] running `Command { std: "docker" "rm" "-f" "659e6aafe0872c058af21b92b032bbfd84f5f0bc92b9870cded84d7b382047b3", kill_on_drop: false }`
[INFO] [stdout] 659e6aafe0872c058af21b92b032bbfd84f5f0bc92b9870cded84d7b382047b3
