[INFO] cloning repository https://github.com/EurekaZang/CloudFolder
[INFO] running `Command { std: "git" "-c" "credential.helper=" "-c" "credential.helper=/workspace/cargo-home/bin/git-credential-null" "clone" "--bare" "https://github.com/EurekaZang/CloudFolder" "/workspace/cache/git-repos/https%3A%2F%2Fgithub.com%2FEurekaZang%2FCloudFolder", kill_on_drop: false }`
[INFO] [stderr] Cloning into bare repository '/workspace/cache/git-repos/https%3A%2F%2Fgithub.com%2FEurekaZang%2FCloudFolder'...
[INFO] running `Command { std: "git" "rev-parse" "HEAD", kill_on_drop: false }`
[INFO] [stdout] 1b3ed1a24a0ef1e976f75f8dce07f670abc50bb2
[INFO] checking EurekaZang/CloudFolder against 3154cc1a3e6424e44f438a95007d043ed5ceaaf6+rustflags=-Znext-solver=coherence for pr-133502-30
[INFO] running `Command { std: "git" "clone" "/workspace/cache/git-repos/https%3A%2F%2Fgithub.com%2FEurekaZang%2FCloudFolder" "/workspace/builds/worker-4-tc1/source", kill_on_drop: false }`
[INFO] [stderr] Cloning into '/workspace/builds/worker-4-tc1/source'...
[INFO] [stderr] done.
[INFO] started tweaking git repo https://github.com/EurekaZang/CloudFolder
[INFO] finished tweaking git repo https://github.com/EurekaZang/CloudFolder
[INFO] tweaked toml for git repo https://github.com/EurekaZang/CloudFolder written to /workspace/builds/worker-4-tc1/source/Cargo.toml
[INFO] validating manifest of git repo https://github.com/EurekaZang/CloudFolder on toolchain 3154cc1a3e6424e44f438a95007d043ed5ceaaf6
[INFO] running `Command { std: CARGO_HOME="/workspace/cargo-home" RUSTUP_HOME="/workspace/rustup-home" "/workspace/cargo-home/bin/cargo" "+3154cc1a3e6424e44f438a95007d043ed5ceaaf6" "metadata" "--manifest-path" "Cargo.toml" "--no-deps", kill_on_drop: false }`
[INFO] crate git repo https://github.com/EurekaZang/CloudFolder already has a lockfile, it will not be regenerated
[INFO] running `Command { std: CARGO_HOME="/workspace/cargo-home" RUSTUP_HOME="/workspace/rustup-home" "/workspace/cargo-home/bin/cargo" "+3154cc1a3e6424e44f438a95007d043ed5ceaaf6" "fetch" "--manifest-path" "Cargo.toml", kill_on_drop: false }`
[INFO] running `Command { std: "docker" "create" "-v" "/var/lib/crater-agent-workspace/builds/worker-4-tc1/source:/opt/rustwide/workdir:ro,Z" "-v" "/var/lib/crater-agent-workspace/builds/worker-4-tc1/target:/opt/rustwide/target:rw,Z" "-v" "/var/lib/crater-agent-workspace/cargo-home:/opt/rustwide/cargo-home:ro,Z" "-v" "/var/lib/crater-agent-workspace/rustup-home:/opt/rustwide/rustup-home:ro,Z" "-m" "1610612736" "--network" "none" "ghcr.io/rust-lang/crates-build-env/linux@sha256:77db811e55d90add9212f6832c23229e3de5f1c1f9905e8cb07319ea15df73ac" "sleep" "infinity", kill_on_drop: false }`
[INFO] [stdout] 52fbc8adddc58e32ec661330da4dc3f999dbfc9e0690b4d0bb561ca83da11478
[INFO] running `Command { std: "docker" "start" "52fbc8adddc58e32ec661330da4dc3f999dbfc9e0690b4d0bb561ca83da11478", kill_on_drop: false }`
[INFO] running `Command { std: "docker" "inspect" "52fbc8adddc58e32ec661330da4dc3f999dbfc9e0690b4d0bb561ca83da11478", kill_on_drop: false }`
[INFO] running `Command { std: "docker" "exec" "-e" "SOURCE_DIR=/opt/rustwide/workdir" "-e" "CARGO_HOME=/opt/rustwide/cargo-home" "-e" "RUSTUP_HOME=/opt/rustwide/rustup-home" "-e" "CARGO_TARGET_DIR=/opt/rustwide/target" "-w" "/opt/rustwide/workdir" "--user" "0:0" "52fbc8adddc58e32ec661330da4dc3f999dbfc9e0690b4d0bb561ca83da11478" "/opt/rustwide/cargo-home/bin/cargo" "+3154cc1a3e6424e44f438a95007d043ed5ceaaf6" "metadata" "--no-deps" "--format-version=1", kill_on_drop: false }`
[INFO] running `Command { std: "docker" "inspect" "52fbc8adddc58e32ec661330da4dc3f999dbfc9e0690b4d0bb561ca83da11478", kill_on_drop: false }`
[INFO] running `Command { std: "docker" "exec" "-e" "SOURCE_DIR=/opt/rustwide/workdir" "-e" "CARGO_HOME=/opt/rustwide/cargo-home" "-e" "RUSTUP_HOME=/opt/rustwide/rustup-home" "-e" "CARGO_TARGET_DIR=/opt/rustwide/target" "-e" "CARGO_INCREMENTAL=0" "-e" "RUST_BACKTRACE=full" "-e" "RUSTFLAGS=--cap-lints=forbid -Znext-solver=coherence" "-e" "RUSTDOCFLAGS=--cap-lints=forbid" "-w" "/opt/rustwide/workdir" "--user" "0:0" "52fbc8adddc58e32ec661330da4dc3f999dbfc9e0690b4d0bb561ca83da11478" "/opt/rustwide/cargo-home/bin/cargo" "+3154cc1a3e6424e44f438a95007d043ed5ceaaf6" "check" "--frozen" "--all" "--all-targets" "--message-format=json", kill_on_drop: false }`
[INFO] [stderr]    Compiling serde_core v1.0.229
[INFO] [stderr]     Checking smallvec v1.15.2
[INFO] [stderr]    Compiling libc v0.2.189
[INFO] [stderr]    Compiling serde_json v1.0.151
[INFO] [stderr]    Compiling syn v2.0.119
[INFO] [stderr]    Compiling syn v3.0.3
[INFO] [stderr]     Checking windows-link v0.2.1
[INFO] [stderr]     Checking memchr v2.8.3
[INFO] [stderr]     Checking windows-service v0.8.1
[INFO] [stderr]     Checking chrono v0.4.45
[INFO] [stderr]     Checking windows-sys v0.61.2
[INFO] [stderr]     Checking getrandom v0.3.4
[INFO] [stderr]    Compiling displaydoc v0.2.7
[INFO] [stderr]    Compiling serde_derive v1.0.229
[INFO] [stderr]    Compiling synstructure v0.13.2
[INFO] [stderr]    Compiling zerofrom-derive v0.1.7
[INFO] [stderr]    Compiling yoke-derive v0.8.2
[INFO] [stderr]    Compiling zerovec-derive v0.11.3
[INFO] [stderr]     Checking zerofrom v0.1.8
[INFO] [stderr]     Checking yoke v0.8.3
[INFO] [stderr]     Checking serde v1.0.229
[INFO] [stderr]     Checking zerovec v0.11.6
[INFO] [stderr]     Checking zerotrie v0.2.4
[INFO] [stderr]     Checking serde_spanned v0.6.9
[INFO] [stderr]     Checking toml_datetime v0.6.11
[INFO] [stderr]     Checking toml_edit v0.22.27
[INFO] [stderr]     Checking tinystr v0.8.3
[INFO] [stderr]     Checking potential_utf v0.1.5
[INFO] [stderr]     Checking icu_collections v2.2.0
[INFO] [stderr]     Checking icu_locale_core v2.2.0
[INFO] [stderr]     Checking toml v0.8.23
[INFO] [stderr]     Checking icu_provider v2.2.0
[INFO] [stderr]     Checking icu_properties v2.2.0
[INFO] [stderr]     Checking icu_normalizer v2.2.0
[INFO] [stderr]     Checking idna_adapter v1.2.2
[INFO] [stderr]     Checking idna v1.1.0
[INFO] [stderr]     Checking url v2.5.8
[INFO] [stderr]     Checking cloudfolder-service v0.9.1 (/opt/rustwide/workdir)
[INFO] [stdout] error[E0433]: cannot find `windows` in `os`
[INFO] [stdout]  --> src/supervisor.rs:8:14
[INFO] [stdout]   |
[INFO] [stdout] 8 | use std::os::windows::fs::MetadataExt;
[INFO] [stdout]   |              ^^^^^^^ could not find `windows` in `os`
[INFO] [stdout]   |
[INFO] [stdout] note: found an item that was configured out
[INFO] [stdout]  --> /rustc/3154cc1a3e6424e44f438a95007d043ed5ceaaf6/library/std/src/os/mod.rs:62:4
[INFO] [stdout]   |
[INFO] [stdout]   = note: the item is gated behind the `windows` feature
[INFO] [stdout] 
[INFO] [stdout] 
[INFO] [stdout] error[E0433]: cannot find `windows` in `os`
[INFO] [stdout]  --> src/supervisor.rs:9:14
[INFO] [stdout]   |
[INFO] [stdout] 9 | use std::os::windows::io::AsRawHandle;
[INFO] [stdout]   |              ^^^^^^^ could not find `windows` in `os`
[INFO] [stdout]   |
[INFO] [stdout] note: found an item that was configured out
[INFO] [stdout]  --> /rustc/3154cc1a3e6424e44f438a95007d043ed5ceaaf6/library/std/src/os/mod.rs:62:4
[INFO] [stdout]   |
[INFO] [stdout]   = note: the item is gated behind the `windows` feature
[INFO] [stdout] 
[INFO] [stdout] 
[INFO] [stdout] error[E0433]: cannot find `windows` in `os`
[INFO] [stdout]   --> src/supervisor.rs:10:14
[INFO] [stdout]    |
[INFO] [stdout] 10 | use std::os::windows::process::CommandExt;
[INFO] [stdout]    |              ^^^^^^^ could not find `windows` in `os`
[INFO] [stdout]    |
[INFO] [stdout] note: found an item that was configured out
[INFO] [stdout]   --> /rustc/3154cc1a3e6424e44f438a95007d043ed5ceaaf6/library/std/src/os/mod.rs:62:4
[INFO] [stdout]    |
[INFO] [stdout]    = note: the item is gated behind the `windows` feature
[INFO] [stdout] 
[INFO] [stdout] 
[INFO] [stdout] error[E0433]: cannot find `windows` in `os`
[INFO] [stdout]  --> src/supervisor.rs:8:14
[INFO] [stdout]   |
[INFO] [stdout] 8 | use std::os::windows::fs::MetadataExt;
[INFO] [stdout]   |              ^^^^^^^ could not find `windows` in `os`
[INFO] [stdout]   |
[INFO] [stdout] note: found an item that was configured out
[INFO] [stdout]  --> /rustc/3154cc1a3e6424e44f438a95007d043ed5ceaaf6/library/std/src/os/mod.rs:62:4
[INFO] [stdout]   |
[INFO] [stdout]   = note: the item is gated behind the `windows` feature
[INFO] [stdout] 
[INFO] [stdout] 
[INFO] [stdout] error[E0433]: cannot find `windows` in `os`
[INFO] [stdout]  --> src/supervisor.rs:9:14
[INFO] [stdout]   |
[INFO] [stdout] 9 | use std::os::windows::io::AsRawHandle;
[INFO] [stdout]   |              ^^^^^^^ could not find `windows` in `os`
[INFO] [stdout]   |
[INFO] [stdout] note: found an item that was configured out
[INFO] [stdout]  --> /rustc/3154cc1a3e6424e44f438a95007d043ed5ceaaf6/library/std/src/os/mod.rs:62:4
[INFO] [stdout]   |
[INFO] [stdout]   = note: the item is gated behind the `windows` feature
[INFO] [stdout] 
[INFO] [stdout] 
[INFO] [stdout] error[E0433]: cannot find `windows` in `os`
[INFO] [stdout]   --> src/supervisor.rs:10:14
[INFO] [stdout]    |
[INFO] [stdout] 10 | use std::os::windows::process::CommandExt;
[INFO] [stdout]    |              ^^^^^^^ could not find `windows` in `os`
[INFO] [stdout]    |
[INFO] [stdout] note: found an item that was configured out
[INFO] [stdout]   --> /rustc/3154cc1a3e6424e44f438a95007d043ed5ceaaf6/library/std/src/os/mod.rs:62:4
[INFO] [stdout]    |
[INFO] [stdout]    = note: the item is gated behind the `windows` feature
[INFO] [stdout] 
[INFO] [stdout] 
[INFO] [stdout] error[E0432]: unresolved import `windows_service::define_windows_service`
[INFO] [stdout]   --> src/main.rs:14:5
[INFO] [stdout]    |
[INFO] [stdout] 14 | use windows_service::define_windows_service;
[INFO] [stdout]    |     ^^^^^^^^^^^^^^^^^----------------------
[INFO] [stdout]    |                      |
[INFO] [stdout]    |                      no `define_windows_service` in the root
[INFO] [stdout] 
[INFO] [stdout] 
[INFO] [stdout] error[E0432]: unresolved import `windows_service::service`
[INFO] [stdout]   --> src/main.rs:15:22
[INFO] [stdout]    |
[INFO] [stdout] 15 | use windows_service::service::{
[INFO] [stdout]    |                      ^^^^^^^ could not find `service` in `windows_service`
[INFO] [stdout] 
[INFO] [stdout] 
[INFO] [stdout] error[E0432]: unresolved import `windows_service::service_control_handler`
[INFO] [stdout]   --> src/main.rs:18:22
[INFO] [stdout]    |
[INFO] [stdout] 18 | use windows_service::service_control_handler::{self, ServiceControlHandlerResult};
[INFO] [stdout]    |                      ^^^^^^^^^^^^^^^^^^^^^^^ could not find `service_control_handler` in `windows_service`
[INFO] [stdout] 
[INFO] [stdout] 
[INFO] [stdout] error[E0432]: unresolved import `windows_service::service_dispatcher`
[INFO] [stdout]   --> src/main.rs:19:5
[INFO] [stdout]    |
[INFO] [stdout] 19 | use windows_service::service_dispatcher;
[INFO] [stdout]    |     ^^^^^^^^^^^^^^^^^------------------
[INFO] [stdout]    |                      |
[INFO] [stdout]    |                      no `service_dispatcher` in the root
[INFO] [stdout] 
[INFO] [stdout] 
[INFO] [stdout] error[E0425]: cannot find value `ffi_service_main` in this scope
[INFO] [stdout]    --> src/main.rs:88:46
[INFO] [stdout]     |
[INFO] [stdout]  88 |     service_dispatcher::start(&service_name, ffi_service_main)
[INFO] [stdout]     |                                              ^^^^^^^^^^^^^^^^ not found in this scope
[INFO] [stdout]     |
[INFO] [stdout] note: similarly named function `service_main` defined here
[INFO] [stdout]    --> src/main.rs:111:1
[INFO] [stdout]     |
[INFO] [stdout] 111 | fn service_main(_arguments: Vec<OsString>) {
[INFO] [stdout]     | ^^^^^^^^^^^^^^^^^^^^^^^^^^^^^^^^^^^^^^^^^^
[INFO] [stdout] help: a function with a similar name exists
[INFO] [stdout]     |
[INFO] [stdout]  88 -     service_dispatcher::start(&service_name, ffi_service_main)
[INFO] [stdout]  88 +     service_dispatcher::start(&service_name, service_main)
[INFO] [stdout]     |
[INFO] [stdout] 
[INFO] [stdout] 
[INFO] [stdout] error[E0432]: unresolved import `windows_service::define_windows_service`
[INFO] [stdout]   --> src/main.rs:14:5
[INFO] [stdout]    |
[INFO] [stdout] 14 | use windows_service::define_windows_service;
[INFO] [stdout]    |     ^^^^^^^^^^^^^^^^^----------------------
[INFO] [stdout]    |                      |
[INFO] [stdout]    |                      no `define_windows_service` in the root
[INFO] [stdout] 
[INFO] [stdout] 
[INFO] [stdout] error[E0432]: unresolved import `windows_service::service`
[INFO] [stdout]   --> src/main.rs:15:22
[INFO] [stdout]    |
[INFO] [stdout] 15 | use windows_service::service::{
[INFO] [stdout]    |                      ^^^^^^^ could not find `service` in `windows_service`
[INFO] [stdout] 
[INFO] [stdout] 
[INFO] [stdout] error[E0432]: unresolved import `windows_service::service_control_handler`
[INFO] [stdout]   --> src/main.rs:18:22
[INFO] [stdout]    |
[INFO] [stdout] 18 | use windows_service::service_control_handler::{self, ServiceControlHandlerResult};
[INFO] [stdout]    |                      ^^^^^^^^^^^^^^^^^^^^^^^ could not find `service_control_handler` in `windows_service`
[INFO] [stdout] 
[INFO] [stdout] 
[INFO] [stdout] error[E0432]: unresolved import `windows_service::service_dispatcher`
[INFO] [stdout]   --> src/main.rs:19:5
[INFO] [stdout]    |
[INFO] [stdout] 19 | use windows_service::service_dispatcher;
[INFO] [stdout]    |     ^^^^^^^^^^^^^^^^^------------------
[INFO] [stdout]    |                      |
[INFO] [stdout]    |                      no `service_dispatcher` in the root
[INFO] [stdout] 
[INFO] [stdout] 
[INFO] [stdout] error[E0425]: cannot find value `ffi_service_main` in this scope
[INFO] [stdout]    --> src/main.rs:88:46
[INFO] [stdout]     |
[INFO] [stdout]  88 |     service_dispatcher::start(&service_name, ffi_service_main)
[INFO] [stdout]     |                                              ^^^^^^^^^^^^^^^^ not found in this scope
[INFO] [stdout]     |
[INFO] [stdout] note: similarly named function `service_main` defined here
[INFO] [stdout]    --> src/main.rs:111:1
[INFO] [stdout]     |
[INFO] [stdout] 111 | fn service_main(_arguments: Vec<OsString>) {
[INFO] [stdout]     | ^^^^^^^^^^^^^^^^^^^^^^^^^^^^^^^^^^^^^^^^^^
[INFO] [stdout] help: a function with a similar name exists
[INFO] [stdout]     |
[INFO] [stdout]  88 -     service_dispatcher::start(&service_name, ffi_service_main)
[INFO] [stdout]  88 +     service_dispatcher::start(&service_name, service_main)
[INFO] [stdout]     |
[INFO] [stdout] 
[INFO] [stdout] 
[INFO] [stdout] error[E0599]: no method named `as_raw_handle` found for reference `&Child` in the current scope
[INFO] [stdout]   --> src/supervisor.rs:58:29
[INFO] [stdout]    |
[INFO] [stdout] 58 |         let process = child.as_raw_handle() as HANDLE;
[INFO] [stdout]    |                             ^^^^^^^^^^^^^ method not found in `&Child`
[INFO] [stdout] 
[INFO] [stdout] 
[INFO] [stdout] error[E0599]: no method named `as_raw_handle` found for reference `&Child` in the current scope
[INFO] [stdout]   --> src/supervisor.rs:58:29
[INFO] [stdout]    |
[INFO] [stdout] 58 |         let process = child.as_raw_handle() as HANDLE;
[INFO] [stdout]    |                             ^^^^^^^^^^^^^ method not found in `&Child`
[INFO] [stdout] 
[INFO] [stdout] 
[INFO] [stdout] error[E0599]: no method named `creation_flags` found for struct `Command` in the current scope
[INFO] [stdout]    --> src/supervisor.rs:195:10
[INFO] [stdout]     |
[INFO] [stdout] 194 |     let output = Command::new(&cfg.mount.rclone_exe)
[INFO] [stdout] 195 |         .creation_flags(CREATE_NO_WINDOW)
[INFO] [stdout]     |          ^^^^^^^^^^^^^^ method not found in `Command`
[INFO] [stdout] 
[INFO] [stdout] 
[INFO] [stdout] error[E0599]: no method named `creation_flags` found for struct `Command` in the current scope
[INFO] [stdout]    --> src/supervisor.rs:245:10
[INFO] [stdout]     |
[INFO] [stdout] 244 |     command
[INFO] [stdout] 245 |         .creation_flags(CREATE_NO_WINDOW)
[INFO] [stdout]     |          ^^^^^^^^^^^^^^ method not found in `Command`
[INFO] [stdout] 
[INFO] [stdout] 
[INFO] [stdout] error[E0599]: no method named `creation_flags` found for struct `std::process::Command` in the current scope
[INFO] [stdout]    --> src/supervisor.rs:195:10
[INFO] [stdout]     |
[INFO] [stdout] 194 |     let output = Command::new(&cfg.mount.rclone_exe)
[INFO] [stdout] 195 |         .creation_flags(CREATE_NO_WINDOW)
[INFO] [stdout]     |          ^^^^^^^^^^^^^^ method not found in `std::process::Command`
[INFO] [stdout] 
[INFO] [stdout] 
[INFO] [stdout] error[E0599]: no method named `creation_flags` found for struct `Command` in the current scope
[INFO] [stdout]    --> src/supervisor.rs:429:10
[INFO] [stdout]     |
[INFO] [stdout] 428 |     let mut child = Command::new(exe)
[INFO] [stdout] 429 |         .creation_flags(CREATE_NO_WINDOW)
[INFO] [stdout]     |          ^^^^^^^^^^^^^^ method not found in `Command`
[INFO] [stdout] 
[INFO] [stdout] 
[INFO] [stdout] error[E0599]: no method named `creation_flags` found for struct `std::process::Command` in the current scope
[INFO] [stdout]    --> src/supervisor.rs:245:10
[INFO] [stdout]     |
[INFO] [stdout] 244 |     command
[INFO] [stdout] 245 |         .creation_flags(CREATE_NO_WINDOW)
[INFO] [stdout]     |          ^^^^^^^^^^^^^^ method not found in `std::process::Command`
[INFO] [stdout] 
[INFO] [stdout] 
[INFO] [stdout] error[E0599]: no method named `creation_flags` found for struct `Command` in the current scope
[INFO] [stdout]    --> src/supervisor.rs:491:13
[INFO] [stdout]     |
[INFO] [stdout] 491 |         ssh.creation_flags(CREATE_NO_WINDOW)
[INFO] [stdout]     |             ^^^^^^^^^^^^^^ method not found in `Command`
[INFO] [stdout] 
[INFO] [stdout] 
[INFO] [stdout] error[E0599]: no method named `creation_flags` found for struct `std::process::Command` in the current scope
[INFO] [stdout]    --> src/supervisor.rs:429:10
[INFO] [stdout]     |
[INFO] [stdout] 428 |     let mut child = Command::new(exe)
[INFO] [stdout] 429 |         .creation_flags(CREATE_NO_WINDOW)
[INFO] [stdout]     |          ^^^^^^^^^^^^^^ method not found in `std::process::Command`
[INFO] [stdout] 
[INFO] [stdout] 
[INFO] [stdout] error[E0599]: no method named `creation_flags` found for struct `std::process::Command` in the current scope
[INFO] [stdout]    --> src/supervisor.rs:491:13
[INFO] [stdout]     |
[INFO] [stdout] 491 |         ssh.creation_flags(CREATE_NO_WINDOW)
[INFO] [stdout]     |             ^^^^^^^^^^^^^^ method not found in `std::process::Command`
[INFO] [stdout] 
[INFO] [stdout] 
[INFO] [stdout] error[E0599]: no method named `creation_flags` found for struct `Command` in the current scope
[INFO] [stdout]    --> src/supervisor.rs:776:14
[INFO] [stdout]     |
[INFO] [stdout] 775 |         Command::new(exe)
[INFO] [stdout] 776 |             .creation_flags(CREATE_NO_WINDOW)
[INFO] [stdout]     |              ^^^^^^^^^^^^^^ method not found in `Command`
[INFO] [stdout] 
[INFO] [stdout] 
[INFO] [stdout] error[E0599]: no method named `creation_flags` found for struct `Command` in the current scope
[INFO] [stdout]    --> src/supervisor.rs:864:10
[INFO] [stdout]     |
[INFO] [stdout] 863 |     command
[INFO] [stdout] 864 |         .creation_flags(CREATE_NO_WINDOW)
[INFO] [stdout]     |          ^^^^^^^^^^^^^^ method not found in `Command`
[INFO] [stdout] 
[INFO] [stdout] 
[INFO] [stdout] error[E0599]: no method named `creation_flags` found for struct `std::process::Command` in the current scope
[INFO] [stdout]    --> src/supervisor.rs:776:14
[INFO] [stdout]     |
[INFO] [stdout] 775 |         Command::new(exe)
[INFO] [stdout] 776 |             .creation_flags(CREATE_NO_WINDOW)
[INFO] [stdout]     |              ^^^^^^^^^^^^^^ method not found in `std::process::Command`
[INFO] [stdout] 
[INFO] [stdout] 
[INFO] [stdout] error[E0599]: no method named `file_attributes` found for struct `Metadata` in the current scope
[INFO] [stdout]    --> src/supervisor.rs:934:32
[INFO] [stdout]     |
[INFO] [stdout] 934 |     let is_reparse = (metadata.file_attributes() & FILE_ATTRIBUTE_REPARSE_POINT) != 0;
[INFO] [stdout]     |                                ^^^^^^^^^^^^^^^
[INFO] [stdout]     |
[INFO] [stdout] help: there is a method `file_type` with a similar name
[INFO] [stdout]     |
[INFO] [stdout] 934 -     let is_reparse = (metadata.file_attributes() & FILE_ATTRIBUTE_REPARSE_POINT) != 0;
[INFO] [stdout] 934 +     let is_reparse = (metadata.file_type() & FILE_ATTRIBUTE_REPARSE_POINT) != 0;
[INFO] [stdout]     |
[INFO] [stdout] 
[INFO] [stdout] 
[INFO] [stdout] error[E0599]: no method named `creation_flags` found for struct `std::process::Command` in the current scope
[INFO] [stdout]    --> src/supervisor.rs:864:10
[INFO] [stdout]     |
[INFO] [stdout] 863 |     command
[INFO] [stdout] 864 |         .creation_flags(CREATE_NO_WINDOW)
[INFO] [stdout]     |          ^^^^^^^^^^^^^^ method not found in `std::process::Command`
[INFO] [stdout] 
[INFO] [stdout] 
[INFO] [stdout] error[E0599]: no method named `file_attributes` found for struct `Metadata` in the current scope
[INFO] [stdout]    --> src/supervisor.rs:934:32
[INFO] [stdout]     |
[INFO] [stdout] 934 |     let is_reparse = (metadata.file_attributes() & FILE_ATTRIBUTE_REPARSE_POINT) != 0;
[INFO] [stdout]     |                                ^^^^^^^^^^^^^^^
[INFO] [stdout]     |
[INFO] [stdout] help: there is a method `file_type` with a similar name
[INFO] [stdout]     |
[INFO] [stdout] 934 -     let is_reparse = (metadata.file_attributes() & FILE_ATTRIBUTE_REPARSE_POINT) != 0;
[INFO] [stdout] 934 +     let is_reparse = (metadata.file_type() & FILE_ATTRIBUTE_REPARSE_POINT) != 0;
[INFO] [stdout]     |
[INFO] [stdout] 
[INFO] [stdout] 
[INFO] [stdout] error[E0599]: no method named `creation_flags` found for struct `Command` in the current scope
[INFO] [stdout]    --> src/supervisor.rs:941:14
[INFO] [stdout]     |
[INFO] [stdout] 940 |         let _ = Command::new("mountvol.exe")
[INFO] [stdout] 941 |             .creation_flags(CREATE_NO_WINDOW)
[INFO] [stdout]     |              ^^^^^^^^^^^^^^ method not found in `Command`
[INFO] [stdout] 
[INFO] [stdout] 
[INFO] [stdout] error[E0599]: no method named `creation_flags` found for struct `std::process::Command` in the current scope
[INFO] [stdout]    --> src/supervisor.rs:941:14
[INFO] [stdout]     |
[INFO] [stdout] 940 |         let _ = Command::new("mountvol.exe")
[INFO] [stdout] 941 |             .creation_flags(CREATE_NO_WINDOW)
[INFO] [stdout]     |              ^^^^^^^^^^^^^^ method not found in `std::process::Command`
[INFO] [stdout] 
[INFO] [stdout] 
[INFO] [stdout] error[E0599]: no method named `file_attributes` found for struct `Metadata` in the current scope
[INFO] [stdout]     --> src/supervisor.rs:1095:25
[INFO] [stdout]      |
[INFO] [stdout] 1095 |         assert_eq!(meta.file_attributes() & FILE_ATTRIBUTE_REPARSE_POINT, 0);
[INFO] [stdout]      |                         ^^^^^^^^^^^^^^^
[INFO] [stdout]      |
[INFO] [stdout] help: there is a method `file_type` with a similar name
[INFO] [stdout]      |
[INFO] [stdout] 1095 -         assert_eq!(meta.file_attributes() & FILE_ATTRIBUTE_REPARSE_POINT, 0);
[INFO] [stdout] 1095 +         assert_eq!(meta.file_type() & FILE_ATTRIBUTE_REPARSE_POINT, 0);
[INFO] [stdout]      |
[INFO] [stdout] 
[INFO] [stdout] 
[INFO] [stdout] Some errors have detailed explanations: E0425, E0432, E0433, E0599.
[INFO] [stdout] 
[INFO] [stdout] For more information about an error, try `rustc --explain E0425`.
[INFO] [stdout] 
[INFO] [stderr] error: could not compile `cloudfolder-service` (bin "CloudFolderService") due to 17 previous errors
[INFO] [stderr] warning: build failed, waiting for other jobs to finish...
[INFO] [stdout] Some errors have detailed explanations: E0425, E0432, E0433, E0599.
[INFO] [stdout] 
[INFO] [stdout] For more information about an error, try `rustc --explain E0425`.
[INFO] [stdout] 
[INFO] [stderr] error: could not compile `cloudfolder-service` (bin "CloudFolderService" test) due to 18 previous errors
[INFO] running `Command { std: "docker" "inspect" "52fbc8adddc58e32ec661330da4dc3f999dbfc9e0690b4d0bb561ca83da11478", kill_on_drop: false }`
[INFO] running `Command { std: "docker" "rm" "-f" "52fbc8adddc58e32ec661330da4dc3f999dbfc9e0690b4d0bb561ca83da11478", kill_on_drop: false }`
[INFO] [stdout] 52fbc8adddc58e32ec661330da4dc3f999dbfc9e0690b4d0bb561ca83da11478
