[INFO] cloning repository https://github.com/Erix4/rsvelte
[INFO] running `Command { std: "git" "-c" "credential.helper=" "-c" "credential.helper=/workspace/cargo-home/bin/git-credential-null" "clone" "--bare" "https://github.com/Erix4/rsvelte" "/workspace/cache/git-repos/https%3A%2F%2Fgithub.com%2FErix4%2Frsvelte", kill_on_drop: false }`
[INFO] [stderr] Cloning into bare repository '/workspace/cache/git-repos/https%3A%2F%2Fgithub.com%2FErix4%2Frsvelte'...
[INFO] running `Command { std: "git" "rev-parse" "HEAD", kill_on_drop: false }`
[INFO] [stdout] 34d8efb881121c12cd6ea1214f8b9ad8a7b52864
[INFO] checking Erix4/rsvelte against 3154cc1a3e6424e44f438a95007d043ed5ceaaf6+rustflags=-Znext-solver=coherence for pr-133502-30
[INFO] running `Command { std: "git" "clone" "/workspace/cache/git-repos/https%3A%2F%2Fgithub.com%2FErix4%2Frsvelte" "/workspace/builds/worker-6-tc1/source", kill_on_drop: false }`
[INFO] [stderr] Cloning into '/workspace/builds/worker-6-tc1/source'...
[INFO] [stderr] done.
[INFO] started tweaking git repo https://github.com/Erix4/rsvelte
[INFO] finished tweaking git repo https://github.com/Erix4/rsvelte
[INFO] tweaked toml for git repo https://github.com/Erix4/rsvelte written to /workspace/builds/worker-6-tc1/source/Cargo.toml
[INFO] validating manifest of git repo https://github.com/Erix4/rsvelte on toolchain 3154cc1a3e6424e44f438a95007d043ed5ceaaf6
[INFO] running `Command { std: CARGO_HOME="/workspace/cargo-home" RUSTUP_HOME="/workspace/rustup-home" "/workspace/cargo-home/bin/cargo" "+3154cc1a3e6424e44f438a95007d043ed5ceaaf6" "metadata" "--manifest-path" "Cargo.toml" "--no-deps", kill_on_drop: false }`
[INFO] crate git repo https://github.com/Erix4/rsvelte already has a lockfile, it will not be regenerated
[INFO] running `Command { std: CARGO_HOME="/workspace/cargo-home" RUSTUP_HOME="/workspace/rustup-home" "/workspace/cargo-home/bin/cargo" "+3154cc1a3e6424e44f438a95007d043ed5ceaaf6" "fetch" "--manifest-path" "Cargo.toml", kill_on_drop: false }`
[INFO] [stderr]  Downloading crates ...
[INFO] [stderr]   Downloaded jiff-static v0.2.16
[INFO] [stderr]   Downloaded jiff v0.2.16
[INFO] running `Command { std: "docker" "create" "-v" "/var/lib/crater-agent-workspace/builds/worker-6-tc1/source:/opt/rustwide/workdir:ro,Z" "-v" "/var/lib/crater-agent-workspace/builds/worker-6-tc1/target:/opt/rustwide/target:rw,Z" "-v" "/var/lib/crater-agent-workspace/cargo-home:/opt/rustwide/cargo-home:ro,Z" "-v" "/var/lib/crater-agent-workspace/rustup-home:/opt/rustwide/rustup-home:ro,Z" "-m" "1610612736" "--network" "none" "ghcr.io/rust-lang/crates-build-env/linux@sha256:77db811e55d90add9212f6832c23229e3de5f1c1f9905e8cb07319ea15df73ac" "sleep" "infinity", kill_on_drop: false }`
[INFO] [stdout] 65fcce632e0d5ee63d1a645dd1c25c25c1e5dbece68036c20442c94199a3bff8
[INFO] running `Command { std: "docker" "start" "65fcce632e0d5ee63d1a645dd1c25c25c1e5dbece68036c20442c94199a3bff8", kill_on_drop: false }`
[INFO] running `Command { std: "docker" "inspect" "65fcce632e0d5ee63d1a645dd1c25c25c1e5dbece68036c20442c94199a3bff8", kill_on_drop: false }`
[INFO] running `Command { std: "docker" "exec" "-e" "SOURCE_DIR=/opt/rustwide/workdir" "-e" "CARGO_HOME=/opt/rustwide/cargo-home" "-e" "RUSTUP_HOME=/opt/rustwide/rustup-home" "-e" "CARGO_TARGET_DIR=/opt/rustwide/target" "-w" "/opt/rustwide/workdir" "--user" "0:0" "65fcce632e0d5ee63d1a645dd1c25c25c1e5dbece68036c20442c94199a3bff8" "/opt/rustwide/cargo-home/bin/cargo" "+3154cc1a3e6424e44f438a95007d043ed5ceaaf6" "metadata" "--no-deps" "--format-version=1", kill_on_drop: false }`
[INFO] running `Command { std: "docker" "inspect" "65fcce632e0d5ee63d1a645dd1c25c25c1e5dbece68036c20442c94199a3bff8", kill_on_drop: false }`
[INFO] running `Command { std: "docker" "exec" "-e" "SOURCE_DIR=/opt/rustwide/workdir" "-e" "CARGO_HOME=/opt/rustwide/cargo-home" "-e" "RUSTUP_HOME=/opt/rustwide/rustup-home" "-e" "CARGO_TARGET_DIR=/opt/rustwide/target" "-e" "CARGO_INCREMENTAL=0" "-e" "RUST_BACKTRACE=full" "-e" "RUSTFLAGS=--cap-lints=forbid -Znext-solver=coherence" "-e" "RUSTDOCFLAGS=--cap-lints=forbid" "-w" "/opt/rustwide/workdir" "--user" "0:0" "65fcce632e0d5ee63d1a645dd1c25c25c1e5dbece68036c20442c94199a3bff8" "/opt/rustwide/cargo-home/bin/cargo" "+3154cc1a3e6424e44f438a95007d043ed5ceaaf6" "check" "--frozen" "--all" "--all-targets" "--message-format=json", kill_on_drop: false }`
[INFO] [stderr]    Compiling proc-macro2 v1.0.103
[INFO] [stderr]    Compiling quote v1.0.42
[INFO] [stderr]    Compiling unicode-ident v1.0.22
[INFO] [stderr]    Compiling libc v0.2.185
[INFO] [stderr]    Compiling wasm-bindgen-shared v0.2.106
[INFO] [stderr]    Compiling bumpalo v3.19.0
[INFO] [stderr]    Compiling wasm-bindgen v0.2.106
[INFO] [stderr]     Checking memchr v2.7.6
[INFO] [stderr]     Checking once_cell v1.21.3
[INFO] [stderr]     Checking regex-syntax v0.8.8
[INFO] [stderr]     Checking utf8parse v0.2.2
[INFO] [stderr]     Checking anstyle-parse v0.2.7
[INFO] [stderr]     Checking instant v0.1.13
[INFO] [stderr]     Checking remove_dir_all v0.5.3
[INFO] [stderr]     Checking anstyle v1.0.13
[INFO] [stderr]     Checking colorchoice v1.0.4
[INFO] [stderr]     Checking is_terminal_polyfill v1.70.2
[INFO] [stderr]     Checking same-file v1.0.6
[INFO] [stderr]    Compiling rsvelte v0.1.0 (/opt/rustwide/workdir)
[INFO] [stderr]     Checking anstyle-query v1.1.5
[INFO] [stderr]     Checking notify-types v1.0.1
[INFO] [stderr]     Checking walkdir v2.5.0
[INFO] [stderr]     Checking anstream v0.6.21
[INFO] [stderr]     Checking aho-corasick v1.1.4
[INFO] [stderr]     Checking colored v3.0.0
[INFO] [stderr]     Checking jiff v0.2.16
[INFO] [stderr]    Compiling syn v2.0.111
[INFO] [stderr]     Checking regex-automata v0.4.13
[INFO] [stderr]     Checking inotify-sys v0.1.5
[INFO] [stderr]     Checking rand v0.4.6
[INFO] [stderr]     Checking filetime v0.2.27
[INFO] [stderr]     Checking mio v1.2.0
[INFO] [stderr]     Checking inotify v0.10.2
[INFO] [stderr]     Checking notify v7.0.0
[INFO] [stderr]     Checking tempdir v0.3.7
[INFO] [stderr]     Checking regex v1.12.2
[INFO] [stderr]     Checking env_filter v0.1.4
[INFO] [stderr]    Compiling wasm-bindgen-macro-support v0.2.106
[INFO] [stderr]     Checking env_logger v0.11.8
[INFO] [stderr]    Compiling wasm-bindgen-macro v0.2.106
[INFO] [stderr]     Checking js-sys v0.3.83
[INFO] [stderr]     Checking web-sys v0.3.83
[INFO] [stdout] error[E0425]: cannot find value `state_vars` in this scope
[INFO] [stdout]    --> src/code_gen/new_func.rs:137:29
[INFO] [stdout]     |
[INFO] [stdout] 137 | ...                   state_vars,
[INFO] [stdout]     |                       ^^^^^^^^^^ not found in this scope
[INFO] [stdout] 
[INFO] [stdout] 
[INFO] [stdout] error[E0425]: cannot find value `reactive_vars` in this scope
[INFO] [stdout]    --> src/code_gen/new_func.rs:138:29
[INFO] [stdout]     |
[INFO] [stdout] 138 | ...                   reactive_vars,
[INFO] [stdout]     |                       ^^^^^^^^^^^^^ not found in this scope
[INFO] [stdout] 
[INFO] [stdout] 
[INFO] [stdout] error[E0425]: cannot find value `scope_vars` in this scope
[INFO] [stdout]    --> src/code_gen/new_func.rs:139:29
[INFO] [stdout]     |
[INFO] [stdout] 139 | ...                   scope_vars,
[INFO] [stdout]     |                       ^^^^^^^^^^ not found in this scope
[INFO] [stdout] 
[INFO] [stdout] 
[INFO] [stdout] error[E0425]: cannot find value `props_code` in this scope
[INFO] [stdout]    --> src/code_gen/new_func.rs:145:78
[INFO] [stdout]     |
[INFO] [stdout] 145 |                         <#comp_name as crate::RootFragment>::State::startup(#props_code),
[INFO] [stdout]     |                                                                              ^^^^^^^^^^ not found in this scope
[INFO] [stdout] 
[INFO] [stdout] 
[INFO] [stdout] error[E0603]: module `expr` is private
[INFO] [stdout]    --> src/code_gen/new_func.rs:135:43
[INFO] [stdout]     |
[INFO] [stdout] 135 |                         crate::transform::expr::transform_content_expr(
[INFO] [stdout]     |                                           ^^^^  ---------------------- function `transform_content_expr` is not publicly re-exported
[INFO] [stdout]     |                                           |
[INFO] [stdout]     |                                           private module
[INFO] [stdout]     |
[INFO] [stdout] note: the module `expr` is defined here
[INFO] [stdout]    --> src/transform/mod.rs:20:1
[INFO] [stdout]     |
[INFO] [stdout]  20 | mod expr;
[INFO] [stdout]     | ^^^^^^^^^
[INFO] [stdout] 
[INFO] [stdout] 
[INFO] [stdout] warning: unused import: `token::At`
[INFO] [stdout]  --> src/code_gen/proc_func.rs:1:19
[INFO] [stdout]   |
[INFO] [stdout] 1 | use syn::{ItemFn, token::At};
[INFO] [stdout]   |                   ^^^^^^^^^
[INFO] [stdout]   |
[INFO] [stdout]   = note: `#[warn(unused_imports)]` (part of `#[warn(unused)]`) on by default
[INFO] [stdout] 
[INFO] [stdout] 
[INFO] [stdout] warning: unused import: `Path`
[INFO] [stdout]  --> src/parse/mod.rs:6:12
[INFO] [stdout]   |
[INFO] [stdout] 6 |     path::{Path, PathBuf},
[INFO] [stdout]   |            ^^^^
[INFO] [stdout] 
[INFO] [stdout] 
[INFO] [stdout] warning: unused import: `default`
[INFO] [stdout]  --> src/parse/html_parse.rs:1:11
[INFO] [stdout]   |
[INFO] [stdout] 1 | use std::{default, fmt::Debug};
[INFO] [stdout]   |           ^^^^^^^
[INFO] [stdout] 
[INFO] [stdout] 
[INFO] [stdout] error[E0425]: cannot find value `state_vars` in this scope
[INFO] [stdout]    --> src/code_gen/new_func.rs:137:29
[INFO] [stdout]     |
[INFO] [stdout] 137 | ...                   state_vars,
[INFO] [stdout]     |                       ^^^^^^^^^^ not found in this scope
[INFO] [stdout] 
[INFO] [stdout] 
[INFO] [stdout] error[E0425]: cannot find value `reactive_vars` in this scope
[INFO] [stdout]    --> src/code_gen/new_func.rs:138:29
[INFO] [stdout]     |
[INFO] [stdout] 138 | ...                   reactive_vars,
[INFO] [stdout]     |                       ^^^^^^^^^^^^^ not found in this scope
[INFO] [stdout] 
[INFO] [stdout] 
[INFO] [stdout] error[E0425]: cannot find value `scope_vars` in this scope
[INFO] [stdout]    --> src/code_gen/new_func.rs:139:29
[INFO] [stdout]     |
[INFO] [stdout] 139 | ...                   scope_vars,
[INFO] [stdout]     |                       ^^^^^^^^^^ not found in this scope
[INFO] [stdout] 
[INFO] [stdout] 
[INFO] [stdout] error[E0425]: cannot find value `props_code` in this scope
[INFO] [stdout]    --> src/code_gen/new_func.rs:145:78
[INFO] [stdout]     |
[INFO] [stdout] 145 |                         <#comp_name as crate::RootFragment>::State::startup(#props_code),
[INFO] [stdout]     |                                                                              ^^^^^^^^^^ not found in this scope
[INFO] [stdout] 
[INFO] [stdout] 
[INFO] [stdout] error[E0603]: module `expr` is private
[INFO] [stdout]    --> src/code_gen/new_func.rs:135:43
[INFO] [stdout]     |
[INFO] [stdout] 135 |                         crate::transform::expr::transform_content_expr(
[INFO] [stdout]     |                                           ^^^^  ---------------------- function `transform_content_expr` is not publicly re-exported
[INFO] [stdout]     |                                           |
[INFO] [stdout]     |                                           private module
[INFO] [stdout]     |
[INFO] [stdout] note: the module `expr` is defined here
[INFO] [stdout]    --> src/transform/mod.rs:20:1
[INFO] [stdout]     |
[INFO] [stdout]  20 | mod expr;
[INFO] [stdout]     | ^^^^^^^^^
[INFO] [stdout] 
[INFO] [stdout] 
[INFO] [stdout] warning: unused import: `token::At`
[INFO] [stdout]  --> src/code_gen/proc_func.rs:1:19
[INFO] [stdout]   |
[INFO] [stdout] 1 | use syn::{ItemFn, token::At};
[INFO] [stdout]   |                   ^^^^^^^^^
[INFO] [stdout]   |
[INFO] [stdout]   = note: `#[warn(unused_imports)]` (part of `#[warn(unused)]`) on by default
[INFO] [stdout] 
[INFO] [stdout] 
[INFO] [stdout] warning: unused import: `Path`
[INFO] [stdout]  --> src/parse/mod.rs:6:12
[INFO] [stdout]   |
[INFO] [stdout] 6 |     path::{Path, PathBuf},
[INFO] [stdout]   |            ^^^^
[INFO] [stdout] 
[INFO] [stdout] 
[INFO] [stdout] warning: unused import: `default`
[INFO] [stdout]  --> src/parse/html_parse.rs:1:11
[INFO] [stdout]   |
[INFO] [stdout] 1 | use std::{default, fmt::Debug};
[INFO] [stdout]   |           ^^^^^^^
[INFO] [stdout] 
[INFO] [stdout] 
[INFO] [stdout] error[E0308]: mismatched types
[INFO] [stdout]    --> src/parse/html_parse.rs:151:59
[INFO] [stdout]     |
[INFO] [stdout] 151 | ...                   ContentType::SnippetDef(name, props, content);
[INFO] [stdout]     |                       -----------------------       ^^^^^ expected `Vec<Prop>`, found `Vec<SnippetDefProp>`
[INFO] [stdout]     |                       |
[INFO] [stdout]     |                       arguments to this enum variant are incorrect
[INFO] [stdout]     |
[INFO] [stdout]     = note: expected struct `Vec<Prop>`
[INFO] [stdout]                found struct `Vec<SnippetDefProp>`
[INFO] [stdout] note: tuple variant defined here
[INFO] [stdout]    --> src/parse/html_parse.rs:22:5
[INFO] [stdout]     |
[INFO] [stdout]  22 |     SnippetDef(String, Vec<parse::Prop>, Vec<Element>), // snippet name, props, contents
[INFO] [stdout]     |     ^^^^^^^^^^
[INFO] [stdout] 
[INFO] [stdout] 
[INFO] [stdout] error[E0308]: mismatched types
[INFO] [stdout]    --> src/parse/mod.rs:140:9
[INFO] [stdout]     |
[INFO] [stdout] 139 |     let tag = match tag {
[INFO] [stdout]     |                     --- this expression has type `Result<TagType, utils::CompileError>`
[INFO] [stdout] 140 |         TagType::Opening(tag) => tag,
[INFO] [stdout]     |         ^^^^^^^^^^^^^^^^^^^^^ expected `Result<TagType, CompileError>`, found `TagType`
[INFO] [stdout]     |
[INFO] [stdout]     = note: expected enum `Result<TagType, utils::CompileError>`
[INFO] [stdout]                found enum `TagType`
[INFO] [stdout] help: try wrapping the pattern in `Ok`
[INFO] [stdout]     |
[INFO] [stdout] 140 |         Ok(TagType::Opening(tag)) => tag,
[INFO] [stdout]     |         +++                     +
[INFO] [stdout] 
[INFO] [stdout] 
[INFO] [stdout] error[E0308]: mismatched types
[INFO] [stdout]    --> src/parse/mod.rs:141:9
[INFO] [stdout]     |
[INFO] [stdout] 139 |     let tag = match tag {
[INFO] [stdout]     |                     --- this expression has type `Result<TagType, utils::CompileError>`
[INFO] [stdout] 140 |         TagType::Opening(tag) => tag,
[INFO] [stdout] 141 |         TagType::Closing(name) => {
[INFO] [stdout]     |         ^^^^^^^^^^^^^^^^^^^^^^ expected `Result<TagType, CompileError>`, found `TagType`
[INFO] [stdout]     |
[INFO] [stdout]     = note: expected enum `Result<TagType, utils::CompileError>`
[INFO] [stdout]                found enum `TagType`
[INFO] [stdout] help: try wrapping the pattern in `Ok`
[INFO] [stdout]     |
[INFO] [stdout] 141 |         Ok(TagType::Closing(name)) => {
[INFO] [stdout]     |         +++                      +
[INFO] [stdout] 
[INFO] [stdout] 
[INFO] [stdout] error[E0308]: mismatched types
[INFO] [stdout]    --> src/parse/html_parse.rs:151:59
[INFO] [stdout]     |
[INFO] [stdout] 151 | ...                   ContentType::SnippetDef(name, props, content);
[INFO] [stdout]     |                       -----------------------       ^^^^^ expected `Vec<Prop>`, found `Vec<SnippetDefProp>`
[INFO] [stdout]     |                       |
[INFO] [stdout]     |                       arguments to this enum variant are incorrect
[INFO] [stdout]     |
[INFO] [stdout]     = note: expected struct `Vec<Prop>`
[INFO] [stdout]                found struct `Vec<SnippetDefProp>`
[INFO] [stdout] note: tuple variant defined here
[INFO] [stdout]    --> src/parse/html_parse.rs:22:5
[INFO] [stdout]     |
[INFO] [stdout]  22 |     SnippetDef(String, Vec<parse::Prop>, Vec<Element>), // snippet name, props, contents
[INFO] [stdout]     |     ^^^^^^^^^^
[INFO] [stdout] 
[INFO] [stdout] 
[INFO] [stdout] error[E0277]: can't compare `PathBuf` with `&str`
[INFO] [stdout]    --> src/transform/mod.rs:142:25
[INFO] [stdout]     |
[INFO] [stdout] 142 |             import.path == comp.source_path.as_os_str().to_str().unwrap()
[INFO] [stdout]     |                         ^^ no implementation for `PathBuf == &str`
[INFO] [stdout]     |
[INFO] [stdout]     = help: the trait `PartialEq<&str>` is not implemented for `PathBuf`
[INFO] [stdout] help: consider dereferencing both sides of the expression
[INFO] [stdout]     |
[INFO] [stdout] 142 |             *import.path == *comp.source_path.as_os_str().to_str().unwrap()
[INFO] [stdout]     |             +               +
[INFO] [stdout] 
[INFO] [stdout] 
[INFO] [stdout] error[E0308]: mismatched types
[INFO] [stdout]    --> src/parse/mod.rs:140:9
[INFO] [stdout]     |
[INFO] [stdout] 139 |     let tag = match tag {
[INFO] [stdout]     |                     --- this expression has type `Result<TagType, utils::CompileError>`
[INFO] [stdout] 140 |         TagType::Opening(tag) => tag,
[INFO] [stdout]     |         ^^^^^^^^^^^^^^^^^^^^^ expected `Result<TagType, CompileError>`, found `TagType`
[INFO] [stdout]     |
[INFO] [stdout]     = note: expected enum `Result<TagType, utils::CompileError>`
[INFO] [stdout]                found enum `TagType`
[INFO] [stdout] help: try wrapping the pattern in `Ok`
[INFO] [stdout]     |
[INFO] [stdout] 140 |         Ok(TagType::Opening(tag)) => tag,
[INFO] [stdout]     |         +++                     +
[INFO] [stdout] 
[INFO] [stdout] 
[INFO] [stdout] error[E0308]: mismatched types
[INFO] [stdout]    --> src/parse/mod.rs:141:9
[INFO] [stdout]     |
[INFO] [stdout] 139 |     let tag = match tag {
[INFO] [stdout]     |                     --- this expression has type `Result<TagType, utils::CompileError>`
[INFO] [stdout] 140 |         TagType::Opening(tag) => tag,
[INFO] [stdout] 141 |         TagType::Closing(name) => {
[INFO] [stdout]     |         ^^^^^^^^^^^^^^^^^^^^^^ expected `Result<TagType, CompileError>`, found `TagType`
[INFO] [stdout]     |
[INFO] [stdout]     = note: expected enum `Result<TagType, utils::CompileError>`
[INFO] [stdout]                found enum `TagType`
[INFO] [stdout] help: try wrapping the pattern in `Ok`
[INFO] [stdout]     |
[INFO] [stdout] 141 |         Ok(TagType::Closing(name)) => {
[INFO] [stdout]     |         +++                      +
[INFO] [stdout] 
[INFO] [stdout] 
[INFO] [stdout] error[E0277]: can't compare `PathBuf` with `&str`
[INFO] [stdout]    --> src/transform/mod.rs:142:25
[INFO] [stdout]     |
[INFO] [stdout] 142 |             import.path == comp.source_path.as_os_str().to_str().unwrap()
[INFO] [stdout]     |                         ^^ no implementation for `PathBuf == &str`
[INFO] [stdout]     |
[INFO] [stdout]     = help: the trait `PartialEq<&str>` is not implemented for `PathBuf`
[INFO] [stdout] help: consider dereferencing both sides of the expression
[INFO] [stdout]     |
[INFO] [stdout] 142 |             *import.path == *comp.source_path.as_os_str().to_str().unwrap()
[INFO] [stdout]     |             +               +
[INFO] [stdout] 
[INFO] [stdout] 
[INFO] [stdout] error[E0004]: non-exhaustive patterns: `ContentType::SnippetDef(_, _, _)` and `ContentType::SnippetRender(_, _)` not covered
[INFO] [stdout]    --> src/transform/node/mod.rs:125:29
[INFO] [stdout]     |
[INFO] [stdout] 125 |         let content = match value.content {
[INFO] [stdout]     |                             ^^^^^^^^^^^^^ patterns `ContentType::SnippetDef(_, _, _)` and `ContentType::SnippetRender(_, _)` not covered
[INFO] [stdout]     |
[INFO] [stdout] note: `ContentType` defined here
[INFO] [stdout]    --> src/parse/html_parse.rs:16:10
[INFO] [stdout]     |
[INFO] [stdout]  16 | pub enum ContentType {
[INFO] [stdout]     |          ^^^^^^^^^^^
[INFO] [stdout] ...
[INFO] [stdout]  22 |     SnippetDef(String, Vec<parse::Prop>, Vec<Element>), // snippet name, props, contents
[INFO] [stdout]     |     ---------- not covered
[INFO] [stdout]  23 |     SnippetRender(String, Vec<syn::Expr>), // snippet name, prop expressions
[INFO] [stdout]     |     ------------- not covered
[INFO] [stdout]     = note: the matched value is of type `ContentType`
[INFO] [stdout] help: ensure that all possible cases are being handled by adding a match arm with a wildcard pattern, a match arm with multiple or-patterns as shown, or multiple match arms
[INFO] [stdout]     |
[INFO] [stdout] 386 ~             },
[INFO] [stdout] 387 +             ContentType::SnippetDef(_, _, _) | ContentType::SnippetRender(_, _) => todo!()
[INFO] [stdout]     |
[INFO] [stdout] 
[INFO] [stdout] 
[INFO] [stdout] Some errors have detailed explanations: E0004, E0277, E0308, E0425, E0603.
[INFO] [stdout] 
[INFO] [stdout] For more information about an error, try `rustc --explain E0004`.
[INFO] [stdout] 
[INFO] [stderr] error: could not compile `rsvelte` (lib test) due to 10 previous errors; 3 warnings emitted
[INFO] [stderr] warning: build failed, waiting for other jobs to finish...
[INFO] [stdout] error[E0004]: non-exhaustive patterns: `ContentType::SnippetDef(_, _, _)` and `ContentType::SnippetRender(_, _)` not covered
[INFO] [stdout]    --> src/transform/node/mod.rs:125:29
[INFO] [stdout]     |
[INFO] [stdout] 125 |         let content = match value.content {
[INFO] [stdout]     |                             ^^^^^^^^^^^^^ patterns `ContentType::SnippetDef(_, _, _)` and `ContentType::SnippetRender(_, _)` not covered
[INFO] [stdout]     |
[INFO] [stdout] note: `ContentType` defined here
[INFO] [stdout]    --> src/parse/html_parse.rs:16:10
[INFO] [stdout]     |
[INFO] [stdout]  16 | pub enum ContentType {
[INFO] [stdout]     |          ^^^^^^^^^^^
[INFO] [stdout] ...
[INFO] [stdout]  22 |     SnippetDef(String, Vec<parse::Prop>, Vec<Element>), // snippet name, props, contents
[INFO] [stdout]     |     ---------- not covered
[INFO] [stdout]  23 |     SnippetRender(String, Vec<syn::Expr>), // snippet name, prop expressions
[INFO] [stdout]     |     ------------- not covered
[INFO] [stdout]     = note: the matched value is of type `ContentType`
[INFO] [stdout] help: ensure that all possible cases are being handled by adding a match arm with a wildcard pattern, a match arm with multiple or-patterns as shown, or multiple match arms
[INFO] [stdout]     |
[INFO] [stdout] 386 ~             },
[INFO] [stdout] 387 +             ContentType::SnippetDef(_, _, _) | ContentType::SnippetRender(_, _) => todo!()
[INFO] [stdout]     |
[INFO] [stdout] 
[INFO] [stdout] 
[INFO] [stdout] Some errors have detailed explanations: E0004, E0277, E0308, E0425, E0603.
[INFO] [stdout] 
[INFO] [stdout] For more information about an error, try `rustc --explain E0004`.
[INFO] [stdout] 
[INFO] [stderr] error: could not compile `rsvelte` (lib) due to 10 previous errors; 3 warnings emitted
[INFO] [stderr] warning: unused dependency `web-sys`
[INFO] [stderr]   --> Cargo.toml:13:15
[INFO] [stderr]    |
[INFO] [stderr] 13 | [dependencies.web-sys]
[INFO] [stderr]    |               ^^^^^^^^
[INFO] [stderr]    |
[INFO] [stderr]    = note: `cargo::unused_dependencies` is set to `warn` by default
[INFO] [stderr] help: consider removing the dependency on `web-sys`
[INFO] [stderr] warning: `rsvelte` (manifest) generated 1 warning
[INFO] running `Command { std: "docker" "inspect" "65fcce632e0d5ee63d1a645dd1c25c25c1e5dbece68036c20442c94199a3bff8", kill_on_drop: false }`
[INFO] running `Command { std: "docker" "rm" "-f" "65fcce632e0d5ee63d1a645dd1c25c25c1e5dbece68036c20442c94199a3bff8", kill_on_drop: false }`
[INFO] [stdout] 65fcce632e0d5ee63d1a645dd1c25c25c1e5dbece68036c20442c94199a3bff8
