[INFO] cloning repository https://github.com/ErisianArchitect/terp
[INFO] running `Command { std: "git" "-c" "credential.helper=" "-c" "credential.helper=/workspace/cargo-home/bin/git-credential-null" "clone" "--bare" "https://github.com/ErisianArchitect/terp" "/workspace/cache/git-repos/https%3A%2F%2Fgithub.com%2FErisianArchitect%2Fterp", kill_on_drop: false }`
[INFO] [stderr] Cloning into bare repository '/workspace/cache/git-repos/https%3A%2F%2Fgithub.com%2FErisianArchitect%2Fterp'...
[INFO] running `Command { std: "git" "rev-parse" "HEAD", kill_on_drop: false }`
[INFO] [stdout] d84ff30872852811e836c96b25d4405822abc259
[INFO] checking ErisianArchitect/terp against 3154cc1a3e6424e44f438a95007d043ed5ceaaf6+rustflags=-Znext-solver=coherence for pr-133502-30
[INFO] running `Command { std: "git" "clone" "/workspace/cache/git-repos/https%3A%2F%2Fgithub.com%2FErisianArchitect%2Fterp" "/workspace/builds/worker-3-tc1/source", kill_on_drop: false }`
[INFO] [stderr] Cloning into '/workspace/builds/worker-3-tc1/source'...
[INFO] [stderr] done.
[INFO] started tweaking git repo https://github.com/ErisianArchitect/terp
[INFO] finished tweaking git repo https://github.com/ErisianArchitect/terp
[INFO] tweaked toml for git repo https://github.com/ErisianArchitect/terp written to /workspace/builds/worker-3-tc1/source/Cargo.toml
[INFO] validating manifest of git repo https://github.com/ErisianArchitect/terp on toolchain 3154cc1a3e6424e44f438a95007d043ed5ceaaf6
[INFO] running `Command { std: CARGO_HOME="/workspace/cargo-home" RUSTUP_HOME="/workspace/rustup-home" "/workspace/cargo-home/bin/cargo" "+3154cc1a3e6424e44f438a95007d043ed5ceaaf6" "metadata" "--manifest-path" "Cargo.toml" "--no-deps", kill_on_drop: false }`
[INFO] crate git repo https://github.com/ErisianArchitect/terp already has a lockfile, it will not be regenerated
[INFO] running `Command { std: CARGO_HOME="/workspace/cargo-home" RUSTUP_HOME="/workspace/rustup-home" "/workspace/cargo-home/bin/cargo" "+3154cc1a3e6424e44f438a95007d043ed5ceaaf6" "fetch" "--manifest-path" "Cargo.toml", kill_on_drop: false }`
[INFO] [stderr]     Blocking waiting for file lock on package cache
[INFO] [stderr]     Updating crates.io index
[INFO] [stderr]  Downloading crates ...
[INFO] [stderr]   Downloaded byteset v1.2.0
[INFO] [stderr]   Downloaded isit v0.1.2
[INFO] running `Command { std: "docker" "create" "-v" "/var/lib/crater-agent-workspace/builds/worker-3-tc1/source:/opt/rustwide/workdir:ro,Z" "-v" "/var/lib/crater-agent-workspace/builds/worker-3-tc1/target:/opt/rustwide/target:rw,Z" "-v" "/var/lib/crater-agent-workspace/cargo-home:/opt/rustwide/cargo-home:ro,Z" "-v" "/var/lib/crater-agent-workspace/rustup-home:/opt/rustwide/rustup-home:ro,Z" "-m" "1610612736" "--network" "none" "ghcr.io/rust-lang/crates-build-env/linux@sha256:77db811e55d90add9212f6832c23229e3de5f1c1f9905e8cb07319ea15df73ac" "sleep" "infinity", kill_on_drop: false }`
[INFO] [stdout] 8eea9b56b6e8b81ffe8ae86e867a42a68e1a1abad3d7b481958087a554dfdcbf
[INFO] running `Command { std: "docker" "start" "8eea9b56b6e8b81ffe8ae86e867a42a68e1a1abad3d7b481958087a554dfdcbf", kill_on_drop: false }`
[INFO] running `Command { std: "docker" "inspect" "8eea9b56b6e8b81ffe8ae86e867a42a68e1a1abad3d7b481958087a554dfdcbf", kill_on_drop: false }`
[INFO] running `Command { std: "docker" "exec" "-e" "SOURCE_DIR=/opt/rustwide/workdir" "-e" "CARGO_HOME=/opt/rustwide/cargo-home" "-e" "RUSTUP_HOME=/opt/rustwide/rustup-home" "-e" "CARGO_TARGET_DIR=/opt/rustwide/target" "-w" "/opt/rustwide/workdir" "--user" "0:0" "8eea9b56b6e8b81ffe8ae86e867a42a68e1a1abad3d7b481958087a554dfdcbf" "/opt/rustwide/cargo-home/bin/cargo" "+3154cc1a3e6424e44f438a95007d043ed5ceaaf6" "metadata" "--no-deps" "--format-version=1", kill_on_drop: false }`
[INFO] running `Command { std: "docker" "inspect" "8eea9b56b6e8b81ffe8ae86e867a42a68e1a1abad3d7b481958087a554dfdcbf", kill_on_drop: false }`
[INFO] running `Command { std: "docker" "exec" "-e" "SOURCE_DIR=/opt/rustwide/workdir" "-e" "CARGO_HOME=/opt/rustwide/cargo-home" "-e" "RUSTUP_HOME=/opt/rustwide/rustup-home" "-e" "CARGO_TARGET_DIR=/opt/rustwide/target" "-e" "CARGO_INCREMENTAL=0" "-e" "RUST_BACKTRACE=full" "-e" "RUSTFLAGS=--cap-lints=forbid -Znext-solver=coherence" "-e" "RUSTDOCFLAGS=--cap-lints=forbid" "-w" "/opt/rustwide/workdir" "--user" "0:0" "8eea9b56b6e8b81ffe8ae86e867a42a68e1a1abad3d7b481958087a554dfdcbf" "/opt/rustwide/cargo-home/bin/cargo" "+3154cc1a3e6424e44f438a95007d043ed5ceaaf6" "check" "--frozen" "--all" "--all-targets" "--message-format=json", kill_on_drop: false }`
[INFO] [stderr]     Checking byteset v1.2.0
[INFO] [stderr]     Checking isit v0.1.2
[INFO] [stderr]    Compiling syn v3.0.3
[INFO] [stderr]    Compiling thiserror-impl v2.0.20
[INFO] [stderr]     Checking thiserror v2.0.20
[INFO] [stderr]     Checking terp v0.1.0 (/opt/rustwide/workdir)
[INFO] [stdout] warning: unnecessary parentheses around assigned value
[INFO] [stdout]   --> src/util.rs:43:19
[INFO] [stdout]    |
[INFO] [stdout] 43 |         self.0 |= (1 << bit);
[INFO] [stdout]    |                   ^        ^
[INFO] [stdout]    |
[INFO] [stdout]    = note: `#[warn(unused_parens)]` (part of `#[warn(unused)]`) on by default
[INFO] [stdout] help: remove these parentheses
[INFO] [stdout]    |
[INFO] [stdout] 43 -         self.0 |= (1 << bit);
[INFO] [stdout] 43 +         self.0 |= 1 << bit;
[INFO] [stdout]    |
[INFO] [stdout] 
[INFO] [stdout] 
[INFO] [stdout] warning: unnecessary parentheses around assigned value
[INFO] [stdout]   --> src/util.rs:43:19
[INFO] [stdout]    |
[INFO] [stdout] 43 |         self.0 |= (1 << bit);
[INFO] [stdout]    |                   ^        ^
[INFO] [stdout]    |
[INFO] [stdout]    = note: `#[warn(unused_parens)]` (part of `#[warn(unused)]`) on by default
[INFO] [stdout] help: remove these parentheses
[INFO] [stdout]    |
[INFO] [stdout] 43 -         self.0 |= (1 << bit);
[INFO] [stdout] 43 +         self.0 |= 1 << bit;
[INFO] [stdout]    |
[INFO] [stdout] 
[INFO] [stdout] 
[INFO] [stdout] error[E0308]: mismatched types
[INFO] [stdout]    --> src/algo.rs:562:50
[INFO] [stdout]     |
[INFO] [stdout] 562 |     fn begin_comment(&mut self, src: &'a str) -> Result<bool> {
[INFO] [stdout]     |        -------------                             ^^^^^^^^^^^^ expected `Result<bool, Error>`, found `()`
[INFO] [stdout]     |        |
[INFO] [stdout]     |        implicitly returns `()` as its body has no tail or `return` expression
[INFO] [stdout]     |
[INFO] [stdout]     = note:   expected enum `std::result::Result<bool, algo::Error>`
[INFO] [stdout]             found unit type `()`
[INFO] [stdout] 
[INFO] [stdout] 
[INFO] [stdout] error[E0308]: mismatched types
[INFO] [stdout]    --> src/algo.rs:574:48
[INFO] [stdout]     |
[INFO] [stdout] 574 |     fn end_comment(&mut self, src: &'a str) -> Result<bool> {
[INFO] [stdout]     |        -----------                             ^^^^^^^^^^^^ expected `Result<bool, Error>`, found `()`
[INFO] [stdout]     |        |
[INFO] [stdout]     |        implicitly returns `()` as its body has no tail or `return` expression
[INFO] [stdout]     |
[INFO] [stdout]     = note:   expected enum `std::result::Result<bool, algo::Error>`
[INFO] [stdout]             found unit type `()`
[INFO] [stdout] 
[INFO] [stdout] 
[INFO] [stdout] error[E0308]: mismatched types
[INFO] [stdout]    --> src/algo.rs:562:50
[INFO] [stdout]     |
[INFO] [stdout] 562 |     fn begin_comment(&mut self, src: &'a str) -> Result<bool> {
[INFO] [stdout]     |        -------------                             ^^^^^^^^^^^^ expected `Result<bool, Error>`, found `()`
[INFO] [stdout]     |        |
[INFO] [stdout]     |        implicitly returns `()` as its body has no tail or `return` expression
[INFO] [stdout]     |
[INFO] [stdout]     = note:   expected enum `std::result::Result<bool, algo::Error>`
[INFO] [stdout]             found unit type `()`
[INFO] [stdout] 
[INFO] [stdout] 
[INFO] [stdout] error[E0308]: mismatched types
[INFO] [stdout]    --> src/algo.rs:574:48
[INFO] [stdout]     |
[INFO] [stdout] 574 |     fn end_comment(&mut self, src: &'a str) -> Result<bool> {
[INFO] [stdout]     |        -----------                             ^^^^^^^^^^^^ expected `Result<bool, Error>`, found `()`
[INFO] [stdout]     |        |
[INFO] [stdout]     |        implicitly returns `()` as its body has no tail or `return` expression
[INFO] [stdout]     |
[INFO] [stdout]     = note:   expected enum `std::result::Result<bool, algo::Error>`
[INFO] [stdout]             found unit type `()`
[INFO] [stdout] 
[INFO] [stdout] 
[INFO] [stdout] error[E0004]: non-exhaustive patterns: `algo::Token::Comment(_)`, `algo::Token::SymbolComment(_, _)`, `algo::Token::Quote(_)` and 7 more not covered
[INFO] [stdout]    --> src/algo.rs:827:19
[INFO] [stdout]     |
[INFO] [stdout] 827 |             match token {
[INFO] [stdout]     |                   ^^^^^ patterns `algo::Token::Comment(_)`, `algo::Token::SymbolComment(_, _)`, `algo::Token::Quote(_)` and 7 more not covered
[INFO] [stdout]     |
[INFO] [stdout] note: `algo::Token<'_>` defined here
[INFO] [stdout]    --> src/algo.rs:140:10
[INFO] [stdout]     |
[INFO] [stdout] 140 | pub enum Token<'a> {
[INFO] [stdout]     |          ^^^^^
[INFO] [stdout] ...
[INFO] [stdout] 174 |     Comment(usize),
[INFO] [stdout]     |     ------- not covered
[INFO] [stdout] 175 |     SymbolComment(Symbol, usize),
[INFO] [stdout]     |     ------------- not covered
[INFO] [stdout] 176 |     Quote(usize),
[INFO] [stdout]     |     ----- not covered
[INFO] [stdout] 177 |     SymbolQuote(Symbol, usize),
[INFO] [stdout]     |     ----------- not covered
[INFO] [stdout] 178 |     /// A single quoted string, which is a string that uses apostrophes `'`.
[INFO] [stdout] 179 |     Single(usize),
[INFO] [stdout]     |     ------ not covered
[INFO] [stdout]     = note: the matched value is of type `algo::Token<'_>`
[INFO] [stdout] help: ensure that all possible cases are being handled by adding a match arm with a wildcard pattern as shown, or multiple match arms
[INFO] [stdout]     |
[INFO] [stdout] 865 ~                 },
[INFO] [stdout] 866 ~                 _ => todo!(),
[INFO] [stdout]     |
[INFO] [stdout] 
[INFO] [stdout] 
[INFO] [stdout] error[E0004]: non-exhaustive patterns: `algo::Token::Comment(_)`, `algo::Token::SymbolComment(_, _)`, `algo::Token::Quote(_)` and 7 more not covered
[INFO] [stdout]    --> src/algo.rs:827:19
[INFO] [stdout]     |
[INFO] [stdout] 827 |             match token {
[INFO] [stdout]     |                   ^^^^^ patterns `algo::Token::Comment(_)`, `algo::Token::SymbolComment(_, _)`, `algo::Token::Quote(_)` and 7 more not covered
[INFO] [stdout]     |
[INFO] [stdout] note: `algo::Token<'_>` defined here
[INFO] [stdout]    --> src/algo.rs:140:10
[INFO] [stdout]     |
[INFO] [stdout] 140 | pub enum Token<'a> {
[INFO] [stdout]     |          ^^^^^
[INFO] [stdout] ...
[INFO] [stdout] 174 |     Comment(usize),
[INFO] [stdout]     |     ------- not covered
[INFO] [stdout] 175 |     SymbolComment(Symbol, usize),
[INFO] [stdout]     |     ------------- not covered
[INFO] [stdout] 176 |     Quote(usize),
[INFO] [stdout]     |     ----- not covered
[INFO] [stdout] 177 |     SymbolQuote(Symbol, usize),
[INFO] [stdout]     |     ----------- not covered
[INFO] [stdout] 178 |     /// A single quoted string, which is a string that uses apostrophes `'`.
[INFO] [stdout] 179 |     Single(usize),
[INFO] [stdout]     |     ------ not covered
[INFO] [stdout]     = note: the matched value is of type `algo::Token<'_>`
[INFO] [stdout] help: ensure that all possible cases are being handled by adding a match arm with a wildcard pattern as shown, or multiple match arms
[INFO] [stdout]     |
[INFO] [stdout] 865 ~                 },
[INFO] [stdout] 866 ~                 _ => todo!(),
[INFO] [stdout]     |
[INFO] [stdout] 
[INFO] [stdout] 
[INFO] [stdout] Some errors have detailed explanations: E0004, E0308.
[INFO] [stdout] 
[INFO] [stdout] For more information about an error, try `rustc --explain E0004`.
[INFO] [stdout] 
[INFO] [stdout] Some errors have detailed explanations: E0004, E0308.
[INFO] [stdout] 
[INFO] [stderr] error: could not compile `terp` (lib) due to 3 previous errors; 1 warning emitted
[INFO] [stdout] For more information about an error, try `rustc --explain E0004`.
[INFO] [stdout] 
[INFO] [stderr] warning: build failed, waiting for other jobs to finish...
[INFO] [stderr] error: could not compile `terp` (lib test) due to 3 previous errors; 1 warning emitted
[INFO] running `Command { std: "docker" "inspect" "8eea9b56b6e8b81ffe8ae86e867a42a68e1a1abad3d7b481958087a554dfdcbf", kill_on_drop: false }`
[INFO] running `Command { std: "docker" "rm" "-f" "8eea9b56b6e8b81ffe8ae86e867a42a68e1a1abad3d7b481958087a554dfdcbf", kill_on_drop: false }`
[INFO] [stdout] 8eea9b56b6e8b81ffe8ae86e867a42a68e1a1abad3d7b481958087a554dfdcbf
