[INFO] cloning repository https://github.com/ErisianArchitect/dio
[INFO] running `Command { std: "git" "-c" "credential.helper=" "-c" "credential.helper=/workspace/cargo-home/bin/git-credential-null" "clone" "--bare" "https://github.com/ErisianArchitect/dio" "/workspace/cache/git-repos/https%3A%2F%2Fgithub.com%2FErisianArchitect%2Fdio", kill_on_drop: false }`
[INFO] [stderr] Cloning into bare repository '/workspace/cache/git-repos/https%3A%2F%2Fgithub.com%2FErisianArchitect%2Fdio'...
[INFO] running `Command { std: "git" "rev-parse" "HEAD", kill_on_drop: false }`
[INFO] [stdout] 11e121ab4968fbfe60740bfe8fe6be7d8d6bc9aa
[INFO] checking ErisianArchitect/dio against 3154cc1a3e6424e44f438a95007d043ed5ceaaf6+rustflags=-Znext-solver=coherence for pr-133502-30
[INFO] running `Command { std: "git" "clone" "/workspace/cache/git-repos/https%3A%2F%2Fgithub.com%2FErisianArchitect%2Fdio" "/workspace/builds/worker-5-tc1/source", kill_on_drop: false }`
[INFO] [stderr] Cloning into '/workspace/builds/worker-5-tc1/source'...
[INFO] [stderr] done.
[INFO] started tweaking git repo https://github.com/ErisianArchitect/dio
[INFO] finished tweaking git repo https://github.com/ErisianArchitect/dio
[INFO] tweaked toml for git repo https://github.com/ErisianArchitect/dio written to /workspace/builds/worker-5-tc1/source/Cargo.toml
[INFO] validating manifest of git repo https://github.com/ErisianArchitect/dio on toolchain 3154cc1a3e6424e44f438a95007d043ed5ceaaf6
[INFO] running `Command { std: CARGO_HOME="/workspace/cargo-home" RUSTUP_HOME="/workspace/rustup-home" "/workspace/cargo-home/bin/cargo" "+3154cc1a3e6424e44f438a95007d043ed5ceaaf6" "metadata" "--manifest-path" "Cargo.toml" "--no-deps", kill_on_drop: false }`
[INFO] crate git repo https://github.com/ErisianArchitect/dio already has a lockfile, it will not be regenerated
[INFO] running `Command { std: CARGO_HOME="/workspace/cargo-home" RUSTUP_HOME="/workspace/rustup-home" "/workspace/cargo-home/bin/cargo" "+3154cc1a3e6424e44f438a95007d043ed5ceaaf6" "fetch" "--manifest-path" "Cargo.toml", kill_on_drop: false }`
[INFO] [stderr]     Blocking waiting for file lock on package cache
[INFO] [stderr]     Updating crates.io index
[INFO] [stderr]  Downloading crates ...
[INFO] [stderr]   Downloaded fast-srgb8 v1.0.0
[INFO] [stderr]   Downloaded ratatui-termina v0.1.0
[INFO] [stderr]   Downloaded ratatui-macros v0.7.2
[INFO] [stderr]   Downloaded palette_derive v0.7.6
[INFO] [stderr]   Downloaded lru v0.18.1
[INFO] [stderr]   Downloaded ratatui-termwiz v0.1.2
[INFO] [stderr]   Downloaded pest_derive v2.8.8
[INFO] [stderr]   Downloaded pest_generator v2.8.8
[INFO] [stderr]   Downloaded pest_meta v2.8.8
[INFO] [stderr]   Downloaded termina v0.3.3
[INFO] [stderr]   Downloaded pest v2.8.8
[INFO] [stderr]   Downloaded palette v0.7.6
[INFO] [stderr]   Downloaded time v0.3.54
[INFO] running `Command { std: "docker" "create" "-v" "/var/lib/crater-agent-workspace/builds/worker-5-tc1/source:/opt/rustwide/workdir:ro,Z" "-v" "/var/lib/crater-agent-workspace/builds/worker-5-tc1/target:/opt/rustwide/target:rw,Z" "-v" "/var/lib/crater-agent-workspace/cargo-home:/opt/rustwide/cargo-home:ro,Z" "-v" "/var/lib/crater-agent-workspace/rustup-home:/opt/rustwide/rustup-home:ro,Z" "-m" "1610612736" "--network" "none" "ghcr.io/rust-lang/crates-build-env/linux@sha256:77db811e55d90add9212f6832c23229e3de5f1c1f9905e8cb07319ea15df73ac" "sleep" "infinity", kill_on_drop: false }`
[INFO] [stdout] a3a98ffcc23248ebc4d0ccadac6c1e899e7c8c189e4a4d790111739c31fe9f3c
[INFO] running `Command { std: "docker" "start" "a3a98ffcc23248ebc4d0ccadac6c1e899e7c8c189e4a4d790111739c31fe9f3c", kill_on_drop: false }`
[INFO] running `Command { std: "docker" "inspect" "a3a98ffcc23248ebc4d0ccadac6c1e899e7c8c189e4a4d790111739c31fe9f3c", kill_on_drop: false }`
[INFO] running `Command { std: "docker" "exec" "-e" "SOURCE_DIR=/opt/rustwide/workdir" "-e" "CARGO_HOME=/opt/rustwide/cargo-home" "-e" "RUSTUP_HOME=/opt/rustwide/rustup-home" "-e" "CARGO_TARGET_DIR=/opt/rustwide/target" "-w" "/opt/rustwide/workdir" "--user" "0:0" "a3a98ffcc23248ebc4d0ccadac6c1e899e7c8c189e4a4d790111739c31fe9f3c" "/opt/rustwide/cargo-home/bin/cargo" "+3154cc1a3e6424e44f438a95007d043ed5ceaaf6" "metadata" "--no-deps" "--format-version=1", kill_on_drop: false }`
[INFO] running `Command { std: "docker" "inspect" "a3a98ffcc23248ebc4d0ccadac6c1e899e7c8c189e4a4d790111739c31fe9f3c", kill_on_drop: false }`
[INFO] running `Command { std: "docker" "exec" "-e" "SOURCE_DIR=/opt/rustwide/workdir" "-e" "CARGO_HOME=/opt/rustwide/cargo-home" "-e" "RUSTUP_HOME=/opt/rustwide/rustup-home" "-e" "CARGO_TARGET_DIR=/opt/rustwide/target" "-e" "CARGO_INCREMENTAL=0" "-e" "RUST_BACKTRACE=full" "-e" "RUSTFLAGS=--cap-lints=forbid -Znext-solver=coherence" "-e" "RUSTDOCFLAGS=--cap-lints=forbid" "-w" "/opt/rustwide/workdir" "--user" "0:0" "a3a98ffcc23248ebc4d0ccadac6c1e899e7c8c189e4a4d790111739c31fe9f3c" "/opt/rustwide/cargo-home/bin/cargo" "+3154cc1a3e6424e44f438a95007d043ed5ceaaf6" "check" "--frozen" "--all" "--all-targets" "--message-format=json", kill_on_drop: false }`
[INFO] [stderr]    Compiling syn v2.0.119
[INFO] [stderr]    Compiling rustversion v1.0.23
[INFO] [stderr]    Compiling syn v3.0.3
[INFO] [stderr]    Compiling ident_case v1.0.1
[INFO] [stderr]    Compiling strsim v0.11.1
[INFO] [stderr]    Compiling thiserror v2.0.19
[INFO] [stderr]     Checking unicode-segmentation v1.13.3
[INFO] [stderr]    Compiling signal-hook v0.3.18
[INFO] [stderr]     Checking itertools v0.14.0
[INFO] [stderr]     Checking hashbrown v0.17.1
[INFO] [stderr]    Compiling instability v0.3.12
[INFO] [stderr]     Checking errno v0.3.14
[INFO] [stderr]     Checking log v0.4.33
[INFO] [stderr]     Checking critical-section v1.2.0
[INFO] [stderr]    Compiling indoc v2.0.7
[INFO] [stderr]    Compiling rustix v1.1.4
[INFO] [stderr]     Checking signal-hook-registry v1.4.8
[INFO] [stderr]     Checking parking_lot_core v0.9.12
[INFO] [stderr]     Checking num_threads v0.1.7
[INFO] [stderr]     Checking mio v1.2.2
[INFO] [stderr]     Checking deranged v0.5.8
[INFO] [stderr]     Checking powerfmt v0.2.0
[INFO] [stderr]     Checking num-conv v0.2.2
[INFO] [stderr]     Checking linux-raw-sys v0.12.1
[INFO] [stderr]    Compiling litrs v1.0.0
[INFO] [stderr]     Checking time-core v0.1.9
[INFO] [stderr]     Checking line-clipping v0.3.7
[INFO] [stderr]     Checking parking_lot v0.12.5
[INFO] [stderr]     Checking signal-hook-mio v0.2.5
[INFO] [stderr]    Compiling convert_case v0.10.0
[INFO] [stderr]     Checking lru v0.18.1
[INFO] [stderr]     Checking castaway v0.2.4
[INFO] [stderr]     Checking compact_str v0.9.1
[INFO] [stderr]    Compiling document-features v0.2.12
[INFO] [stderr]     Checking time v0.3.54
[INFO] [stderr]     Checking unicode-truncate v2.0.1
[INFO] [stderr]    Compiling thiserror-impl v2.0.19
[INFO] [stderr]     Checking kasuari v0.4.12
[INFO] [stderr]    Compiling darling_core v0.23.0
[INFO] [stderr]    Compiling strum_macros v0.28.0
[INFO] [stderr]    Compiling derive_more-impl v2.1.1
[INFO] [stderr]     Checking derive_more v2.1.1
[INFO] [stderr]     Checking crossterm v0.29.0
[INFO] [stderr]     Checking strum v0.28.0
[INFO] [stderr]     Checking ratatui-core v0.1.2
[INFO] [stderr]    Compiling darling_macro v0.23.0
[INFO] [stderr]    Compiling darling v0.23.0
[INFO] [stderr]     Checking ratatui-widgets v0.3.2
[INFO] [stderr]     Checking ratatui-crossterm v0.1.2
[INFO] [stderr]     Checking ratatui-macros v0.7.2
[INFO] [stderr]     Checking ratatui v0.30.2
[INFO] [stderr]     Checking dio-embed v0.1.0 (/opt/rustwide/workdir/crates/dio-embed)
[INFO] [stdout] warning: unused import: `TerminalOptions`
[INFO] [stdout]   --> crates/dio-embed/src/tui/app_loop.rs:47:5
[INFO] [stdout]    |
[INFO] [stdout] 47 |     TerminalOptions,
[INFO] [stdout]    |     ^^^^^^^^^^^^^^^
[INFO] [stdout]    |
[INFO] [stdout]    = note: `#[warn(unused_imports)]` (part of `#[warn(unused)]`) on by default
[INFO] [stdout] 
[INFO] [stdout] 
[INFO] [stdout] warning: unused imports: `cursor`, `execute`, `self`, and `terminal`
[INFO] [stdout]   --> crates/dio-embed/src/tui/app_loop.rs:55:5
[INFO] [stdout]    |
[INFO] [stdout] 55 |     cursor,
[INFO] [stdout]    |     ^^^^^^
[INFO] [stdout] 56 |     terminal,
[INFO] [stdout]    |     ^^^^^^^^
[INFO] [stdout] 57 |     event::{
[INFO] [stdout] 58 |         self,
[INFO] [stdout]    |         ^^^^
[INFO] [stdout] ...
[INFO] [stdout] 62 |     execute,
[INFO] [stdout]    |     ^^^^^^^
[INFO] [stdout] 
[INFO] [stdout] 
[INFO] [stdout] warning: unused import: `TerminalOptions`
[INFO] [stdout]   --> crates/dio-embed/src/tui/app_loop.rs:47:5
[INFO] [stdout]    |
[INFO] [stdout] 47 |     TerminalOptions,
[INFO] [stdout]    |     ^^^^^^^^^^^^^^^
[INFO] [stdout]    |
[INFO] [stdout]    = note: `#[warn(unused_imports)]` (part of `#[warn(unused)]`) on by default
[INFO] [stdout] 
[INFO] [stdout] 
[INFO] [stdout] warning: unused imports: `cursor`, `execute`, `self`, and `terminal`
[INFO] [stdout]   --> crates/dio-embed/src/tui/app_loop.rs:55:5
[INFO] [stdout]    |
[INFO] [stdout] 55 |     cursor,
[INFO] [stdout]    |     ^^^^^^
[INFO] [stdout] 56 |     terminal,
[INFO] [stdout]    |     ^^^^^^^^
[INFO] [stdout] 57 |     event::{
[INFO] [stdout] 58 |         self,
[INFO] [stdout]    |         ^^^^
[INFO] [stdout] ...
[INFO] [stdout] 62 |     execute,
[INFO] [stdout]    |     ^^^^^^^
[INFO] [stdout] 
[INFO] [stdout] 
[INFO] [stdout] error[E0107]: missing generics for struct `EventLoop`
[INFO] [stdout]    --> crates/dio-embed/src/tui/app_loop.rs:137:19
[INFO] [stdout]     |
[INFO] [stdout] 137 |         ctx: &mut EventLoop,
[INFO] [stdout]     |                   ^^^^^^^^^ expected 1 generic argument
[INFO] [stdout]     |
[INFO] [stdout] note: struct defined here, with 1 generic parameter: `App`
[INFO] [stdout]    --> crates/dio-embed/src/tui/app_loop.rs:270:12
[INFO] [stdout]     |
[INFO] [stdout] 270 | pub struct EventLoop<App: TermApp> {
[INFO] [stdout]     |            ^^^^^^^^^ ---
[INFO] [stdout] help: add missing generic argument
[INFO] [stdout]     |
[INFO] [stdout] 137 |         ctx: &mut EventLoop<App>,
[INFO] [stdout]     |                            +++++
[INFO] [stdout] 
[INFO] [stdout] 
[INFO] [stdout] error[E0107]: missing generics for struct `EventLoop`
[INFO] [stdout]    --> crates/dio-embed/src/tui/app_loop.rs:146:19
[INFO] [stdout]     |
[INFO] [stdout] 146 |         ctx: &mut EventLoop,
[INFO] [stdout]     |                   ^^^^^^^^^ expected 1 generic argument
[INFO] [stdout]     |
[INFO] [stdout] note: struct defined here, with 1 generic parameter: `App`
[INFO] [stdout]    --> crates/dio-embed/src/tui/app_loop.rs:270:12
[INFO] [stdout]     |
[INFO] [stdout] 270 | pub struct EventLoop<App: TermApp> {
[INFO] [stdout]     |            ^^^^^^^^^ ---
[INFO] [stdout] help: add missing generic argument
[INFO] [stdout]     |
[INFO] [stdout] 146 |         ctx: &mut EventLoop<App>,
[INFO] [stdout]     |                            +++++
[INFO] [stdout] 
[INFO] [stdout] 
[INFO] [stdout] error[E0107]: missing generics for struct `EventLoop`
[INFO] [stdout]    --> crates/dio-embed/src/tui/app_loop.rs:156:19
[INFO] [stdout]     |
[INFO] [stdout] 156 |         ctx: &mut EventLoop,
[INFO] [stdout]     |                   ^^^^^^^^^ expected 1 generic argument
[INFO] [stdout]     |
[INFO] [stdout] note: struct defined here, with 1 generic parameter: `App`
[INFO] [stdout]    --> crates/dio-embed/src/tui/app_loop.rs:270:12
[INFO] [stdout]     |
[INFO] [stdout] 270 | pub struct EventLoop<App: TermApp> {
[INFO] [stdout]     |            ^^^^^^^^^ ---
[INFO] [stdout] help: add missing generic argument
[INFO] [stdout]     |
[INFO] [stdout] 156 |         ctx: &mut EventLoop<App>,
[INFO] [stdout]     |                            +++++
[INFO] [stdout] 
[INFO] [stdout] 
[INFO] [stdout] error[E0107]: missing generics for struct `EventLoop`
[INFO] [stdout]    --> crates/dio-embed/src/tui/app_loop.rs:166:19
[INFO] [stdout]     |
[INFO] [stdout] 166 |         ctx: &mut EventLoop,
[INFO] [stdout]     |                   ^^^^^^^^^ expected 1 generic argument
[INFO] [stdout]     |
[INFO] [stdout] note: struct defined here, with 1 generic parameter: `App`
[INFO] [stdout]    --> crates/dio-embed/src/tui/app_loop.rs:270:12
[INFO] [stdout]     |
[INFO] [stdout] 270 | pub struct EventLoop<App: TermApp> {
[INFO] [stdout]     |            ^^^^^^^^^ ---
[INFO] [stdout] help: add missing generic argument
[INFO] [stdout]     |
[INFO] [stdout] 166 |         ctx: &mut EventLoop<App>,
[INFO] [stdout]     |                            +++++
[INFO] [stdout] 
[INFO] [stdout] 
[INFO] [stdout] error[E0107]: missing generics for struct `EventLoop`
[INFO] [stdout]    --> crates/dio-embed/src/tui/app_loop.rs:176:19
[INFO] [stdout]     |
[INFO] [stdout] 176 |         ctx: &mut EventLoop,
[INFO] [stdout]     |                   ^^^^^^^^^ expected 1 generic argument
[INFO] [stdout]     |
[INFO] [stdout] note: struct defined here, with 1 generic parameter: `App`
[INFO] [stdout]    --> crates/dio-embed/src/tui/app_loop.rs:270:12
[INFO] [stdout]     |
[INFO] [stdout] 270 | pub struct EventLoop<App: TermApp> {
[INFO] [stdout]     |            ^^^^^^^^^ ---
[INFO] [stdout] help: add missing generic argument
[INFO] [stdout]     |
[INFO] [stdout] 176 |         ctx: &mut EventLoop<App>,
[INFO] [stdout]     |                            +++++
[INFO] [stdout] 
[INFO] [stdout] 
[INFO] [stdout] error[E0107]: missing generics for struct `EventLoop`
[INFO] [stdout]    --> crates/dio-embed/src/tui/app_loop.rs:186:19
[INFO] [stdout]     |
[INFO] [stdout] 186 |         ctx: &mut EventLoop,
[INFO] [stdout]     |                   ^^^^^^^^^ expected 1 generic argument
[INFO] [stdout]     |
[INFO] [stdout] note: struct defined here, with 1 generic parameter: `App`
[INFO] [stdout]    --> crates/dio-embed/src/tui/app_loop.rs:270:12
[INFO] [stdout]     |
[INFO] [stdout] 270 | pub struct EventLoop<App: TermApp> {
[INFO] [stdout]     |            ^^^^^^^^^ ---
[INFO] [stdout] help: add missing generic argument
[INFO] [stdout]     |
[INFO] [stdout] 186 |         ctx: &mut EventLoop<App>,
[INFO] [stdout]     |                            +++++
[INFO] [stdout] 
[INFO] [stdout] 
[INFO] [stdout] error[E0107]: missing generics for struct `EventLoop`
[INFO] [stdout]    --> crates/dio-embed/src/tui/app_loop.rs:137:19
[INFO] [stdout]     |
[INFO] [stdout] 137 |         ctx: &mut EventLoop,
[INFO] [stdout]     |                   ^^^^^^^^^ expected 1 generic argument
[INFO] [stdout]     |
[INFO] [stdout] note: struct defined here, with 1 generic parameter: `App`
[INFO] [stdout]    --> crates/dio-embed/src/tui/app_loop.rs:270:12
[INFO] [stdout]     |
[INFO] [stdout] 270 | pub struct EventLoop<App: TermApp> {
[INFO] [stdout]     |            ^^^^^^^^^ ---
[INFO] [stdout] help: add missing generic argument
[INFO] [stdout]     |
[INFO] [stdout] 137 |         ctx: &mut EventLoop<App>,
[INFO] [stdout]     |                            +++++
[INFO] [stdout] 
[INFO] [stdout] 
[INFO] [stdout] error[E0107]: missing generics for struct `EventLoop`
[INFO] [stdout]    --> crates/dio-embed/src/tui/app_loop.rs:146:19
[INFO] [stdout]     |
[INFO] [stdout] 146 |         ctx: &mut EventLoop,
[INFO] [stdout]     |                   ^^^^^^^^^ expected 1 generic argument
[INFO] [stdout]     |
[INFO] [stdout] note: struct defined here, with 1 generic parameter: `App`
[INFO] [stdout]    --> crates/dio-embed/src/tui/app_loop.rs:270:12
[INFO] [stdout]     |
[INFO] [stdout] 270 | pub struct EventLoop<App: TermApp> {
[INFO] [stdout]     |            ^^^^^^^^^ ---
[INFO] [stdout] help: add missing generic argument
[INFO] [stdout]     |
[INFO] [stdout] 146 |         ctx: &mut EventLoop<App>,
[INFO] [stdout]     |                            +++++
[INFO] [stdout] 
[INFO] [stdout] 
[INFO] [stdout] error[E0107]: missing generics for struct `EventLoop`
[INFO] [stdout]    --> crates/dio-embed/src/tui/app_loop.rs:156:19
[INFO] [stdout]     |
[INFO] [stdout] 156 |         ctx: &mut EventLoop,
[INFO] [stdout]     |                   ^^^^^^^^^ expected 1 generic argument
[INFO] [stdout]     |
[INFO] [stdout] note: struct defined here, with 1 generic parameter: `App`
[INFO] [stdout]    --> crates/dio-embed/src/tui/app_loop.rs:270:12
[INFO] [stdout]     |
[INFO] [stdout] 270 | pub struct EventLoop<App: TermApp> {
[INFO] [stdout]     |            ^^^^^^^^^ ---
[INFO] [stdout] help: add missing generic argument
[INFO] [stdout]     |
[INFO] [stdout] 156 |         ctx: &mut EventLoop<App>,
[INFO] [stdout]     |                            +++++
[INFO] [stdout] 
[INFO] [stdout] 
[INFO] [stdout] error[E0107]: missing generics for struct `EventLoop`
[INFO] [stdout]    --> crates/dio-embed/src/tui/app_loop.rs:166:19
[INFO] [stdout]     |
[INFO] [stdout] 166 |         ctx: &mut EventLoop,
[INFO] [stdout]     |                   ^^^^^^^^^ expected 1 generic argument
[INFO] [stdout]     |
[INFO] [stdout] note: struct defined here, with 1 generic parameter: `App`
[INFO] [stdout]    --> crates/dio-embed/src/tui/app_loop.rs:270:12
[INFO] [stdout]     |
[INFO] [stdout] 270 | pub struct EventLoop<App: TermApp> {
[INFO] [stdout]     |            ^^^^^^^^^ ---
[INFO] [stdout] help: add missing generic argument
[INFO] [stdout]     |
[INFO] [stdout] 166 |         ctx: &mut EventLoop<App>,
[INFO] [stdout]     |                            +++++
[INFO] [stdout] 
[INFO] [stdout] 
[INFO] [stdout] error[E0107]: missing generics for struct `EventLoop`
[INFO] [stdout]    --> crates/dio-embed/src/tui/app_loop.rs:176:19
[INFO] [stdout]     |
[INFO] [stdout] 176 |         ctx: &mut EventLoop,
[INFO] [stdout]     |                   ^^^^^^^^^ expected 1 generic argument
[INFO] [stdout]     |
[INFO] [stdout] note: struct defined here, with 1 generic parameter: `App`
[INFO] [stdout]    --> crates/dio-embed/src/tui/app_loop.rs:270:12
[INFO] [stdout]     |
[INFO] [stdout] 270 | pub struct EventLoop<App: TermApp> {
[INFO] [stdout]     |            ^^^^^^^^^ ---
[INFO] [stdout] help: add missing generic argument
[INFO] [stdout]     |
[INFO] [stdout] 176 |         ctx: &mut EventLoop<App>,
[INFO] [stdout]     |                            +++++
[INFO] [stdout] 
[INFO] [stdout] 
[INFO] [stdout] error[E0107]: missing generics for struct `EventLoop`
[INFO] [stdout]    --> crates/dio-embed/src/tui/app_loop.rs:196:19
[INFO] [stdout]     |
[INFO] [stdout] 196 |         ctx: &mut EventLoop,
[INFO] [stdout]     |                   ^^^^^^^^^ expected 1 generic argument
[INFO] [stdout]     |
[INFO] [stdout] note: struct defined here, with 1 generic parameter: `App`
[INFO] [stdout]    --> crates/dio-embed/src/tui/app_loop.rs:270:12
[INFO] [stdout]     |
[INFO] [stdout] 270 | pub struct EventLoop<App: TermApp> {
[INFO] [stdout]     |            ^^^^^^^^^ ---
[INFO] [stdout] help: add missing generic argument
[INFO] [stdout]     |
[INFO] [stdout] 196 |         ctx: &mut EventLoop<App>,
[INFO] [stdout]     |                            +++++
[INFO] [stdout] 
[INFO] [stdout] 
[INFO] [stdout] error[E0107]: missing generics for struct `EventLoop`
[INFO] [stdout]    --> crates/dio-embed/src/tui/app_loop.rs:205:19
[INFO] [stdout]     |
[INFO] [stdout] 205 |         ctx: &mut EventLoop,
[INFO] [stdout]     |                   ^^^^^^^^^ expected 1 generic argument
[INFO] [stdout]     |
[INFO] [stdout] note: struct defined here, with 1 generic parameter: `App`
[INFO] [stdout]    --> crates/dio-embed/src/tui/app_loop.rs:270:12
[INFO] [stdout]     |
[INFO] [stdout] 270 | pub struct EventLoop<App: TermApp> {
[INFO] [stdout]     |            ^^^^^^^^^ ---
[INFO] [stdout] help: add missing generic argument
[INFO] [stdout]     |
[INFO] [stdout] 205 |         ctx: &mut EventLoop<App>,
[INFO] [stdout]     |                            +++++
[INFO] [stdout] 
[INFO] [stdout] 
[INFO] [stdout] error[E0107]: missing generics for struct `EventLoop`
[INFO] [stdout]    --> crates/dio-embed/src/tui/app_loop.rs:215:19
[INFO] [stdout]     |
[INFO] [stdout] 215 |         ctx: &mut EventLoop,
[INFO] [stdout]     |                   ^^^^^^^^^ expected 1 generic argument
[INFO] [stdout]     |
[INFO] [stdout] note: struct defined here, with 1 generic parameter: `App`
[INFO] [stdout]    --> crates/dio-embed/src/tui/app_loop.rs:270:12
[INFO] [stdout]     |
[INFO] [stdout] 270 | pub struct EventLoop<App: TermApp> {
[INFO] [stdout]     |            ^^^^^^^^^ ---
[INFO] [stdout] help: add missing generic argument
[INFO] [stdout]     |
[INFO] [stdout] 215 |         ctx: &mut EventLoop<App>,
[INFO] [stdout]     |                            +++++
[INFO] [stdout] 
[INFO] [stdout] 
[INFO] [stdout] error[E0107]: missing generics for struct `EventLoop`
[INFO] [stdout]    --> crates/dio-embed/src/tui/app_loop.rs:222:19
[INFO] [stdout]     |
[INFO] [stdout] 222 |         ctx: &mut EventLoop,
[INFO] [stdout]     |                   ^^^^^^^^^ expected 1 generic argument
[INFO] [stdout]     |
[INFO] [stdout] note: struct defined here, with 1 generic parameter: `App`
[INFO] [stdout]    --> crates/dio-embed/src/tui/app_loop.rs:270:12
[INFO] [stdout]     |
[INFO] [stdout] 270 | pub struct EventLoop<App: TermApp> {
[INFO] [stdout]     |            ^^^^^^^^^ ---
[INFO] [stdout] help: add missing generic argument
[INFO] [stdout]     |
[INFO] [stdout] 222 |         ctx: &mut EventLoop<App>,
[INFO] [stdout]     |                            +++++
[INFO] [stdout] 
[INFO] [stdout] 
[INFO] [stdout] error[E0107]: missing generics for struct `EventLoop`
[INFO] [stdout]    --> crates/dio-embed/src/tui/app_loop.rs:186:19
[INFO] [stdout]     |
[INFO] [stdout] 186 |         ctx: &mut EventLoop,
[INFO] [stdout]     |                   ^^^^^^^^^ expected 1 generic argument
[INFO] [stdout]     |
[INFO] [stdout] note: struct defined here, with 1 generic parameter: `App`
[INFO] [stdout]    --> crates/dio-embed/src/tui/app_loop.rs:270:12
[INFO] [stdout]     |
[INFO] [stdout] 270 | pub struct EventLoop<App: TermApp> {
[INFO] [stdout]     |            ^^^^^^^^^ ---
[INFO] [stdout] help: add missing generic argument
[INFO] [stdout]     |
[INFO] [stdout] 186 |         ctx: &mut EventLoop<App>,
[INFO] [stdout]     |                            +++++
[INFO] [stdout] 
[INFO] [stdout] 
[INFO] [stdout] error[E0107]: missing generics for struct `EventLoop`
[INFO] [stdout]    --> crates/dio-embed/src/tui/app_loop.rs:196:19
[INFO] [stdout]     |
[INFO] [stdout] 196 |         ctx: &mut EventLoop,
[INFO] [stdout]     |                   ^^^^^^^^^ expected 1 generic argument
[INFO] [stdout]     |
[INFO] [stdout] note: struct defined here, with 1 generic parameter: `App`
[INFO] [stdout]    --> crates/dio-embed/src/tui/app_loop.rs:270:12
[INFO] [stdout]     |
[INFO] [stdout] 270 | pub struct EventLoop<App: TermApp> {
[INFO] [stdout]     |            ^^^^^^^^^ ---
[INFO] [stdout] help: add missing generic argument
[INFO] [stdout]     |
[INFO] [stdout] 196 |         ctx: &mut EventLoop<App>,
[INFO] [stdout]     |                            +++++
[INFO] [stdout] 
[INFO] [stdout] 
[INFO] [stdout] error[E0107]: missing generics for struct `EventLoop`
[INFO] [stdout]    --> crates/dio-embed/src/tui/app_loop.rs:205:19
[INFO] [stdout]     |
[INFO] [stdout] 205 |         ctx: &mut EventLoop,
[INFO] [stdout]     |                   ^^^^^^^^^ expected 1 generic argument
[INFO] [stdout]     |
[INFO] [stdout] note: struct defined here, with 1 generic parameter: `App`
[INFO] [stdout]    --> crates/dio-embed/src/tui/app_loop.rs:270:12
[INFO] [stdout]     |
[INFO] [stdout] 270 | pub struct EventLoop<App: TermApp> {
[INFO] [stdout]     |            ^^^^^^^^^ ---
[INFO] [stdout] help: add missing generic argument
[INFO] [stdout]     |
[INFO] [stdout] 205 |         ctx: &mut EventLoop<App>,
[INFO] [stdout]     |                            +++++
[INFO] [stdout] 
[INFO] [stdout] 
[INFO] [stdout] error[E0107]: missing generics for struct `EventLoop`
[INFO] [stdout]    --> crates/dio-embed/src/tui/app_loop.rs:215:19
[INFO] [stdout]     |
[INFO] [stdout] 215 |         ctx: &mut EventLoop,
[INFO] [stdout]     |                   ^^^^^^^^^ expected 1 generic argument
[INFO] [stdout]     |
[INFO] [stdout] note: struct defined here, with 1 generic parameter: `App`
[INFO] [stdout]    --> crates/dio-embed/src/tui/app_loop.rs:270:12
[INFO] [stdout]     |
[INFO] [stdout] 270 | pub struct EventLoop<App: TermApp> {
[INFO] [stdout]     |            ^^^^^^^^^ ---
[INFO] [stdout] help: add missing generic argument
[INFO] [stdout]     |
[INFO] [stdout] 215 |         ctx: &mut EventLoop<App>,
[INFO] [stdout]     |                            +++++
[INFO] [stdout] 
[INFO] [stdout] 
[INFO] [stdout] error[E0107]: missing generics for struct `EventLoop`
[INFO] [stdout]    --> crates/dio-embed/src/tui/app_loop.rs:222:19
[INFO] [stdout]     |
[INFO] [stdout] 222 |         ctx: &mut EventLoop,
[INFO] [stdout]     |                   ^^^^^^^^^ expected 1 generic argument
[INFO] [stdout]     |
[INFO] [stdout] note: struct defined here, with 1 generic parameter: `App`
[INFO] [stdout]    --> crates/dio-embed/src/tui/app_loop.rs:270:12
[INFO] [stdout]     |
[INFO] [stdout] 270 | pub struct EventLoop<App: TermApp> {
[INFO] [stdout]     |            ^^^^^^^^^ ---
[INFO] [stdout] help: add missing generic argument
[INFO] [stdout]     |
[INFO] [stdout] 222 |         ctx: &mut EventLoop<App>,
[INFO] [stdout]     |                            +++++
[INFO] [stdout] 
[INFO] [stdout] 
[INFO] [stdout] error[E0782]: expected a type, found a trait
[INFO] [stdout]    --> crates/dio-embed/src/tui/app_loop.rs:291:21
[INFO] [stdout]     |
[INFO] [stdout] 291 |     pub fn run(app: TermApp) -> Result<(), App::Error> {
[INFO] [stdout]     |                     ^^^^^^^
[INFO] [stdout]     |
[INFO] [stdout]     = note: `TermApp` is dyn-incompatible, otherwise a trait object could be used
[INFO] [stdout] help: use a new generic type parameter, constrained by `TermApp`
[INFO] [stdout]     |
[INFO] [stdout] 291 -     pub fn run(app: TermApp) -> Result<(), App::Error> {
[INFO] [stdout] 291 +     pub fn run<T: TermApp>(app: T) -> Result<(), App::Error> {
[INFO] [stdout]     |
[INFO] [stdout] help: you can also use an opaque type, but users won't be able to specify the type parameter when calling the `fn`, having to rely exclusively on type inference
[INFO] [stdout]     |
[INFO] [stdout] 291 |     pub fn run(app: impl TermApp) -> Result<(), App::Error> {
[INFO] [stdout]     |                     ++++
[INFO] [stdout] 
[INFO] [stdout] 
[INFO] [stdout] error[E0782]: expected a type, found a trait
[INFO] [stdout]    --> crates/dio-embed/src/tui/app_loop.rs:291:21
[INFO] [stdout]     |
[INFO] [stdout] 291 |     pub fn run(app: TermApp) -> Result<(), App::Error> {
[INFO] [stdout]     |                     ^^^^^^^
[INFO] [stdout]     |
[INFO] [stdout]     = note: `TermApp` is dyn-incompatible, otherwise a trait object could be used
[INFO] [stdout] help: use a new generic type parameter, constrained by `TermApp`
[INFO] [stdout]     |
[INFO] [stdout] 291 -     pub fn run(app: TermApp) -> Result<(), App::Error> {
[INFO] [stdout] 291 +     pub fn run<T: TermApp>(app: T) -> Result<(), App::Error> {
[INFO] [stdout]     |
[INFO] [stdout] help: you can also use an opaque type, but users won't be able to specify the type parameter when calling the `fn`, having to rely exclusively on type inference
[INFO] [stdout]     |
[INFO] [stdout] 291 |     pub fn run(app: impl TermApp) -> Result<(), App::Error> {
[INFO] [stdout]     |                     ++++
[INFO] [stdout] 
[INFO] [stdout] 
[INFO] [stdout] error[E0308]: mismatched types
[INFO] [stdout]    --> crates/dio-embed/src/tui/app_loop.rs:291:33
[INFO] [stdout]     |
[INFO] [stdout] 291 |     pub fn run(app: TermApp) -> Result<(), App::Error> {
[INFO] [stdout]     |            ---                  ^^^^^^^^^^^^^^^^^^^^^^ expected `Result<(), <App as TermApp>::Error>`, found `()`
[INFO] [stdout]     |            |
[INFO] [stdout]     |            implicitly returns `()` as its body has no tail or `return` expression
[INFO] [stdout]     |
[INFO] [stdout]     = note:   expected enum `Result<(), <App as TermApp>::Error>`
[INFO] [stdout]             found unit type `()`
[INFO] [stdout] 
[INFO] [stdout] 
[INFO] [stdout] error[E0308]: mismatched types
[INFO] [stdout]    --> crates/dio-embed/src/tui/app_loop.rs:291:33
[INFO] [stdout]     |
[INFO] [stdout] 291 |     pub fn run(app: TermApp) -> Result<(), App::Error> {
[INFO] [stdout]     |            ---                  ^^^^^^^^^^^^^^^^^^^^^^ expected `Result<(), <App as TermApp>::Error>`, found `()`
[INFO] [stdout]     |            |
[INFO] [stdout]     |            implicitly returns `()` as its body has no tail or `return` expression
[INFO] [stdout]     |
[INFO] [stdout]     = note:   expected enum `Result<(), <App as TermApp>::Error>`
[INFO] [stdout]             found unit type `()`
[INFO] [stdout] 
[INFO] [stdout] 
[INFO] [stdout] Some errors have detailed explanations: E0107, E0308, E0782.
[INFO] [stdout] 
[INFO] [stdout] For more information about an error, try `rustc --explain E0107`.
[INFO] [stdout] 
[INFO] [stdout] Some errors have detailed explanations: E0107, E0308, E0782.
[INFO] [stdout] 
[INFO] [stdout] For more information about an error, try `rustc --explain E0107`.
[INFO] [stdout] 
[INFO] [stderr] error: could not compile `dio-embed` (lib) due to 12 previous errors; 2 warnings emitted
[INFO] [stderr] warning: build failed, waiting for other jobs to finish...
[INFO] [stderr] error: could not compile `dio-embed` (lib test) due to 12 previous errors; 2 warnings emitted
[INFO] running `Command { std: "docker" "inspect" "a3a98ffcc23248ebc4d0ccadac6c1e899e7c8c189e4a4d790111739c31fe9f3c", kill_on_drop: false }`
[INFO] running `Command { std: "docker" "rm" "-f" "a3a98ffcc23248ebc4d0ccadac6c1e899e7c8c189e4a4d790111739c31fe9f3c", kill_on_drop: false }`
[INFO] [stdout] a3a98ffcc23248ebc4d0ccadac6c1e899e7c8c189e4a4d790111739c31fe9f3c
