[INFO] cloning repository https://github.com/ErisOrder/rqrev
[INFO] running `Command { std: "git" "-c" "credential.helper=" "-c" "credential.helper=/workspace/cargo-home/bin/git-credential-null" "clone" "--bare" "https://github.com/ErisOrder/rqrev" "/workspace/cache/git-repos/https%3A%2F%2Fgithub.com%2FErisOrder%2Frqrev", kill_on_drop: false }`
[INFO] [stderr] Cloning into bare repository '/workspace/cache/git-repos/https%3A%2F%2Fgithub.com%2FErisOrder%2Frqrev'...
[INFO] running `Command { std: "git" "rev-parse" "HEAD", kill_on_drop: false }`
[INFO] [stdout] ebd5bd19adb02b3fffafe791cdcfb0b09226c4f3
[INFO] checking ErisOrder/rqrev against 3154cc1a3e6424e44f438a95007d043ed5ceaaf6+rustflags=-Znext-solver=coherence for pr-133502-30
[INFO] running `Command { std: "git" "clone" "/workspace/cache/git-repos/https%3A%2F%2Fgithub.com%2FErisOrder%2Frqrev" "/workspace/builds/worker-3-tc1/source", kill_on_drop: false }`
[INFO] [stderr] Cloning into '/workspace/builds/worker-3-tc1/source'...
[INFO] [stderr] done.
[INFO] started tweaking git repo https://github.com/ErisOrder/rqrev
[INFO] finished tweaking git repo https://github.com/ErisOrder/rqrev
[INFO] tweaked toml for git repo https://github.com/ErisOrder/rqrev written to /workspace/builds/worker-3-tc1/source/Cargo.toml
[INFO] validating manifest of git repo https://github.com/ErisOrder/rqrev on toolchain 3154cc1a3e6424e44f438a95007d043ed5ceaaf6
[INFO] running `Command { std: CARGO_HOME="/workspace/cargo-home" RUSTUP_HOME="/workspace/rustup-home" "/workspace/cargo-home/bin/cargo" "+3154cc1a3e6424e44f438a95007d043ed5ceaaf6" "metadata" "--manifest-path" "Cargo.toml" "--no-deps", kill_on_drop: false }`
[INFO] crate git repo https://github.com/ErisOrder/rqrev already has a lockfile, it will not be regenerated
[INFO] running `Command { std: CARGO_HOME="/workspace/cargo-home" RUSTUP_HOME="/workspace/rustup-home" "/workspace/cargo-home/bin/cargo" "+3154cc1a3e6424e44f438a95007d043ed5ceaaf6" "fetch" "--manifest-path" "Cargo.toml", kill_on_drop: false }`
[INFO] [stderr]     Updating crates.io index
[INFO] [stderr]  Downloading crates ...
[INFO] [stderr]   Downloaded libredox v0.1.24
[INFO] [stderr]   Downloaded wasm-bindgen-futures v0.4.78
[INFO] [stderr]   Downloaded bytemuck_derive v1.12.1
[INFO] [stderr]   Downloaded wayland-backend v0.3.17
[INFO] [stderr]   Downloaded const-random v0.1.18
[INFO] [stderr]   Downloaded const-random-macro v0.1.16
[INFO] [stderr]   Downloaded redox_syscall v0.9.4
[INFO] [stderr]   Downloaded toml_edit v0.25.15+spec-1.1.0
[INFO] [stderr]   Downloaded zerocopy-derive v0.8.57
[INFO] [stderr]   Downloaded serde_with_macros v3.23.0
[INFO] [stderr]   Downloaded jiff-static v0.2.37
[INFO] [stderr]   Downloaded portable-atomic-util v0.2.8
[INFO] [stderr]   Downloaded zerocopy v0.8.57
[INFO] [stderr]   Downloaded jiff-core v0.1.1
[INFO] [stderr]   Downloaded serde_with v3.23.0
[INFO] [stderr]   Downloaded web-sys v0.3.105
[INFO] [stderr]   Downloaded jiff v0.2.37
[INFO] [stderr]   Downloaded ringbuf v0.4.8
[INFO] [stderr]   Downloaded thin-vec v0.2.19
[INFO] [stderr]   Downloaded rhai_codegen v3.2.0
[INFO] [stderr]   Downloaded rc4 v0.1.0
[INFO] [stderr]   Downloaded pretty-hex v0.4.2
[INFO] [stderr]   Downloaded lazy-regex v3.6.1
[INFO] [stderr]   Downloaded lazy-regex-proc_macros v3.6.1
[INFO] [stderr]   Downloaded rhai v1.26.1
[INFO] [stderr]   Downloaded hex-literal v1.1.0
[INFO] [stderr]   Downloaded flume v0.12.0
[INFO] [stderr]   Downloaded glam v0.32.1
[INFO] [stderr]   Downloaded fast-socks5 v1.0.0
[INFO] [stderr]   Downloaded itertools v0.15.0
[INFO] [stderr]   Downloaded font-types v0.12.5
[INFO] [stderr]   Downloaded egui v0.36.2
[INFO] [stderr]   Downloaded epaint v0.36.2
[INFO] [stderr]   Downloaded vello_cpu v0.1.0
[INFO] [stderr]   Downloaded vello_common v0.1.0
[INFO] [stderr]   Downloaded glifo v0.2.0
[INFO] [stderr]   Downloaded emath v0.36.2
[INFO] [stderr]   Downloaded ecolor v0.36.2
[INFO] [stderr]   Downloaded uuid v1.26.1
[INFO] [stderr]   Downloaded eframe v0.36.2
[INFO] [stderr]   Downloaded skrifa v0.44.0
[INFO] [stderr]   Downloaded harfrust v0.12.0
[INFO] [stderr]   Downloaded read-fonts v0.41.0
[INFO] [stderr]   Downloaded epaint_default_fonts v0.36.2
[INFO] [stderr]   Downloaded naga-types v30.0.1
[INFO] [stderr]   Downloaded wgpu-naga-bridge v30.0.1
[INFO] [stderr]   Downloaded egui_glow v0.36.2
[INFO] [stderr]   Downloaded egui-winit v0.36.2
[INFO] [stderr]   Downloaded egui-wgpu v0.36.2
[INFO] [stderr]   Downloaded wgpu v30.0.1
[INFO] [stderr]   Downloaded wgpu-types v30.0.1
[INFO] [stderr]   Downloaded bit-set v0.10.0
[INFO] [stderr]   Downloaded wgpu-hal v30.0.1
[INFO] [stderr]   Downloaded naga v30.0.1
[INFO] [stderr]   Downloaded wgpu-core-deps-windows-linux-android v30.0.1
[INFO] [stderr]   Downloaded disqualified v1.0.0
[INFO] [stderr]   Downloaded wgpu-core v30.0.1
[INFO] [stderr]   Downloaded variadics_please v1.1.0
[INFO] [stderr]   Downloaded nonmax v0.5.5
[INFO] [stderr]   Downloaded bevy_utils v0.18.1
[INFO] [stderr]   Downloaded bevy_platform v0.18.1
[INFO] [stderr]   Downloaded spin v0.10.1
[INFO] [stderr]   Downloaded bevy_tasks v0.18.1
[INFO] [stderr]   Downloaded crossbeam-queue v0.3.14
[INFO] [stderr]   Downloaded heapless v0.9.3
[INFO] [stderr]   Downloaded bevy_ecs v0.18.1
[INFO] [stderr]   Downloaded bevy_macro_utils v0.18.1
[INFO] [stderr]   Downloaded bevy_reflect v0.18.1
[INFO] [stderr]   Downloaded bevy_reflect_derive v0.18.1
[INFO] [stderr]   Downloaded bevy_ptr v0.18.1
[INFO] [stderr]   Downloaded assert_type_match v0.1.1
[INFO] [stderr]   Downloaded bevy_ecs_macros v0.18.1
[INFO] [stderr]   Downloaded wgpu-types v27.0.1
[INFO] [stderr]   Downloaded downcast-rs v2.0.2
[INFO] [stderr]   Downloaded toml_edit v0.23.10+spec-1.0.0
[INFO] [stderr]   Downloaded glam v0.30.10
[INFO] running `Command { std: "docker" "create" "-v" "/var/lib/crater-agent-workspace/builds/worker-3-tc1/source:/opt/rustwide/workdir:ro,Z" "-v" "/var/lib/crater-agent-workspace/builds/worker-3-tc1/target:/opt/rustwide/target:rw,Z" "-v" "/var/lib/crater-agent-workspace/cargo-home:/opt/rustwide/cargo-home:ro,Z" "-v" "/var/lib/crater-agent-workspace/rustup-home:/opt/rustwide/rustup-home:ro,Z" "-m" "1610612736" "--network" "none" "ghcr.io/rust-lang/crates-build-env/linux@sha256:77db811e55d90add9212f6832c23229e3de5f1c1f9905e8cb07319ea15df73ac" "sleep" "infinity", kill_on_drop: false }`
[INFO] [stdout] 072c33f9848d5251fa3b1391691046da47a492486e26c401d8db133480212859
[INFO] running `Command { std: "docker" "start" "072c33f9848d5251fa3b1391691046da47a492486e26c401d8db133480212859", kill_on_drop: false }`
[INFO] running `Command { std: "docker" "inspect" "072c33f9848d5251fa3b1391691046da47a492486e26c401d8db133480212859", kill_on_drop: false }`
[INFO] running `Command { std: "docker" "exec" "-e" "SOURCE_DIR=/opt/rustwide/workdir" "-e" "CARGO_HOME=/opt/rustwide/cargo-home" "-e" "RUSTUP_HOME=/opt/rustwide/rustup-home" "-e" "CARGO_TARGET_DIR=/opt/rustwide/target" "-w" "/opt/rustwide/workdir" "--user" "0:0" "072c33f9848d5251fa3b1391691046da47a492486e26c401d8db133480212859" "/opt/rustwide/cargo-home/bin/cargo" "+3154cc1a3e6424e44f438a95007d043ed5ceaaf6" "metadata" "--no-deps" "--format-version=1", kill_on_drop: false }`
[INFO] running `Command { std: "docker" "inspect" "072c33f9848d5251fa3b1391691046da47a492486e26c401d8db133480212859", kill_on_drop: false }`
[INFO] running `Command { std: "docker" "exec" "-e" "SOURCE_DIR=/opt/rustwide/workdir" "-e" "CARGO_HOME=/opt/rustwide/cargo-home" "-e" "RUSTUP_HOME=/opt/rustwide/rustup-home" "-e" "CARGO_TARGET_DIR=/opt/rustwide/target" "-e" "CARGO_INCREMENTAL=0" "-e" "RUST_BACKTRACE=full" "-e" "RUSTFLAGS=--cap-lints=forbid -Znext-solver=coherence" "-e" "RUSTDOCFLAGS=--cap-lints=forbid" "-w" "/opt/rustwide/workdir" "--user" "0:0" "072c33f9848d5251fa3b1391691046da47a492486e26c401d8db133480212859" "/opt/rustwide/cargo-home/bin/cargo" "+3154cc1a3e6424e44f438a95007d043ed5ceaaf6" "check" "--frozen" "--all" "--all-targets" "--message-format=json", kill_on_drop: false }`
[INFO] [stderr]    Compiling proc-macro2 v1.0.107
[INFO] [stderr]    Compiling quote v1.0.47
[INFO] [stderr]    Compiling serde_core v1.0.229
[INFO] [stderr]    Compiling serde v1.0.229
[INFO] [stderr]    Compiling portable-atomic v1.15.0
[INFO] [stderr]    Compiling libc v0.2.189
[INFO] [stderr]     Checking bitflags v2.13.2
[INFO] [stderr]     Checking log v0.4.34
[INFO] [stderr]    Compiling autocfg v1.5.1
[INFO] [stderr]    Compiling rustix v1.1.4
[INFO] [stderr]    Compiling pkg-config v0.3.34
[INFO] [stderr]     Checking linux-raw-sys v0.12.1
[INFO] [stderr]     Checking libloading v0.8.9
[INFO] [stderr]    Compiling memchr v2.8.3
[INFO] [stderr]    Compiling find-msvc-tools v0.1.12
[INFO] [stderr]    Compiling cc v1.4.6
[INFO] [stderr]    Compiling wayland-sys v0.31.11
[INFO] [stderr]     Checking once_cell v1.21.4
[INFO] [stderr]    Compiling syn v3.0.5
[INFO] [stderr]    Compiling syn v2.0.119
[INFO] [stderr]     Checking dlib v0.5.3
[INFO] [stderr]    Compiling libm v0.2.16
[INFO] [stderr]    Compiling num-traits v0.2.19
[INFO] [stderr]     Checking downcast-rs v1.2.1
[INFO] [stderr]    Compiling quick-xml v0.41.0
[INFO] [stderr]    Compiling wayland-client v0.31.15
[INFO] [stderr]    Compiling zerocopy v0.8.57
[INFO] [stderr]     Checking foldhash v0.2.0
[INFO] [stderr]     Checking slab v0.4.12
[INFO] [stderr]    Compiling wayland-backend v0.3.17
[INFO] [stderr]    Compiling wayland-scanner v0.31.11
[INFO] [stderr]     Checking arrayvec v0.7.8
[INFO] [stderr]    Compiling crunchy v0.2.4
[INFO] [stderr]    Compiling thiserror v2.0.20
[INFO] [stderr]    Compiling tiny-keccak v2.0.2
[INFO] [stderr]    Compiling khronos_api v3.1.0
[INFO] [stderr]    Compiling getrandom v0.2.17
[INFO] [stderr]     Checking hashbrown v0.17.1
[INFO] [stderr]     Checking tracing-core v0.1.36
[INFO] [stderr]    Compiling getrandom v0.3.4
[INFO] [stderr]    Compiling cfg_aliases v0.2.2
[INFO] [stderr]    Compiling winnow v1.0.4
[INFO] [stderr]    Compiling const-random-macro v0.1.16
[INFO] [stderr]    Compiling indexmap v2.14.2
[INFO] [stderr]    Compiling ahash v0.8.12
[INFO] [stderr]    Compiling xml-rs v0.8.29
[INFO] [stderr]    Compiling rustix v0.38.44
[INFO] [stderr]     Checking const-random v0.1.18
[INFO] [stderr]     Checking polycool v0.4.0
[INFO] [stderr]     Checking cursor-icon v1.2.0
[INFO] [stderr]     Checking simd-adler32 v0.3.10
[INFO] [stderr]    Compiling gl_generator v0.14.0
[INFO] [stderr]     Checking typenum v1.20.1
[INFO] [stderr]    Compiling toml_parser v1.1.3+spec-1.1.0
[INFO] [stderr]     Checking xcursor v0.3.11
[INFO] [stderr]     Checking xkeysym v0.2.1
[INFO] [stderr]     Checking linux-raw-sys v0.4.15
[INFO] [stderr]     Checking euclid v0.22.14
[INFO] [stderr]     Checking generic-array v0.14.7
[INFO] [stderr]     Checking memmap2 v0.9.11
[INFO] [stderr]    Compiling x11-dl v2.21.0
[INFO] [stderr]    Compiling crossbeam-utils v0.8.23
[INFO] [stderr]     Checking linebender_resource_handle v0.1.1
[INFO] [stderr]     Checking polling v3.11.0
[INFO] [stderr]    Compiling crc32fast v1.5.2
[INFO] [stderr]     Checking guillotiere v0.7.0
[INFO] [stderr]     Checking ttf-parser v0.25.1
[INFO] [stderr]     Checking fearless_simd v0.4.1
[INFO] [stderr]    Compiling smithay-client-toolkit v0.19.2
[INFO] [stderr]    Compiling unicode-general-category v1.1.0
[INFO] [stderr]     Checking futures-core v0.3.34
[INFO] [stderr]     Checking strict-num v0.1.1
[INFO] [stderr]     Checking const-oid v0.9.6
[INFO] [stderr]     Checking arrayref v0.3.9
[INFO] [stderr]    Compiling serde_derive v1.0.229
[INFO] [stderr]    Compiling bytemuck_derive v1.12.1
[INFO] [stderr]    Compiling thiserror-impl v2.0.20
[INFO] [stderr]    Compiling tracing-attributes v0.1.31
[INFO] [stderr]     Checking bytemuck v1.25.2
[INFO] [stderr]    Compiling thiserror-impl v1.0.69
[INFO] [stderr]     Checking color v0.3.3
[INFO] [stderr]     Checking tracing v0.1.44
[INFO] [stderr]     Checking font-types v0.12.5
[INFO] [stderr]     Checking tiny-skia-path v0.11.4
[INFO] [stderr]     Checking read-fonts v0.41.0
[INFO] [stderr]     Checking emath v0.36.2
[INFO] [stderr]     Checking owned_ttf_parser v0.25.1
[INFO] [stderr]     Checking miniz_oxide v0.9.1
[INFO] [stderr]     Checking gethostname v1.1.0
[INFO] [stderr]     Checking thiserror v1.0.69
[INFO] [stderr]     Checking spin v0.9.9
[INFO] [stderr]    Compiling toml_datetime v0.7.5+spec-1.1.0
[INFO] [stderr]     Checking zeroize v1.9.0
[INFO] [stderr]     Checking calloop v0.13.0
[INFO] [stderr]    Compiling winnow v0.7.15
[INFO] [stderr]    Compiling unicode-segmentation v1.13.3
[INFO] [stderr]     Checking x11rb-protocol v0.13.2
[INFO] [stderr]     Checking as-raw-xcb-connection v1.0.1
[INFO] [stderr]     Checking base64ct v1.8.3
[INFO] [stderr]     Checking ab_glyph_rasterizer v0.1.10
[INFO] [stderr]     Checking pem-rfc7468 v0.7.0
[INFO] [stderr]     Checking ab_glyph v0.2.32
[INFO] [stderr]     Checking flate2 v1.1.10
[INFO] [stderr]     Checking rand_core v0.6.4
[INFO] [stderr]    Compiling convert_case v0.10.0
[INFO] [stderr]     Checking ecolor v0.36.2
[INFO] [stderr]     Checking tiny-skia v0.11.4
[INFO] [stderr]     Checking calloop v0.14.4
[INFO] [stderr]     Checking smallvec v1.16.1
[INFO] [stderr]     Checking kurbo v0.13.1
[INFO] [stderr]     Checking parking_lot_core v0.9.12
[INFO] [stderr]     Checking aho-corasick v1.1.5
[INFO] [stderr]     Checking parking_lot v0.12.5
[INFO] [stderr]     Checking crypto-common v0.1.7
[INFO] [stderr]     Checking miniz_oxide v0.8.9
[INFO] [stderr]    Compiling glutin_egl_sys v0.7.1
[INFO] [stderr]     Checking wayland-csd-frame v0.3.0
[INFO] [stderr]     Checking peniko v0.6.1
[INFO] [stderr]    Compiling toml_edit v0.23.10+spec-1.0.0
[INFO] [stderr]    Compiling glutin_glx_sys v0.6.1
[INFO] [stderr]     Checking fdeflate v0.3.7
[INFO] [stderr]     Checking vello_common v0.1.0
[INFO] [stderr]     Checking hashbrown v0.16.1
[INFO] [stderr]    Compiling winit v0.30.13
[INFO] [stderr]    Compiling typeid v1.0.3
[INFO] [stderr]     Checking either v1.18.0
[INFO] [stderr]     Checking nohash-hasher v0.2.0
[INFO] [stderr]     Checking regex-syntax v0.8.11
[INFO] [stderr]     Checking fastrand v2.5.0
[INFO] [stderr]     Checking epaint_default_fonts v0.36.2
[INFO] [stderr]    Compiling smithay-client-toolkit v0.20.0
[INFO] [stderr]     Checking vello_cpu v0.1.0
[INFO] [stderr]     Checking profiling v1.0.18
[INFO] [stderr]     Checking self_cell v1.3.0
[INFO] [stderr]     Checking pxfm v0.1.30
[INFO] [stderr]     Checking uuid v1.26.1
[INFO] [stderr]     Checking wayland-protocols v0.32.13
[INFO] [stderr]     Checking wayland-cursor v0.31.14
[INFO] [stderr]     Checking calloop-wayland-source v0.3.0
[INFO] [stderr]     Checking raw-window-handle v0.6.2
[INFO] [stderr]     Checking spin v0.10.1
[INFO] [stderr]    Compiling unicode-xid v0.2.6
[INFO] [stderr]    Compiling derive_more-impl v2.1.1
[INFO] [stderr]     Checking bevy_platform v0.18.1
[INFO] [stderr]     Checking accesskit v0.24.1
[INFO] [stderr]     Checking calloop-wayland-source v0.4.1
[INFO] [stderr]    Compiling darling_core v0.24.1
[INFO] [stderr]     Checking itertools v0.15.0
[INFO] [stderr]     Checking regex-automata v0.4.18
[INFO] [stderr]     Checking skrifa v0.44.0
[INFO] [stderr]     Checking harfrust v0.12.0
[INFO] [stderr]     Checking moxcms v0.8.1
[INFO] [stderr]    Compiling bevy_macro_utils v0.18.1
[INFO] [stderr]     Checking png v0.18.1
[INFO] [stderr]     Checking der v0.7.10
[INFO] [stderr]     Checking lazy_static v1.5.0
[INFO] [stderr]     Checking ppv-lite86 v0.2.21
[INFO] [stderr]     Checking xkbcommon-dl v0.4.2
[INFO] [stderr]    Compiling glutin v0.32.3
[INFO] [stderr]     Checking thread_local v1.1.10
[INFO] [stderr]    Compiling zmij v1.0.23
[INFO] [stderr]    Compiling erased-serde v0.4.10
[INFO] [stderr]     Checking byteorder-lite v0.1.0
[INFO] [stderr]    Compiling toml_datetime v1.1.1+spec-1.1.0
[INFO] [stderr]     Checking futures-io v0.3.34
[INFO] [stderr]     Checking dpi v0.1.2
[INFO] [stderr]     Checking smol_str v0.2.2
[INFO] [stderr]     Checking futures-lite v2.6.1
[INFO] [stderr]    Compiling toml_edit v0.25.15+spec-1.1.0
[INFO] [stderr]     Checking epaint v0.36.2
[INFO] [stderr]     Checking wayland-protocols-wlr v0.3.12
[INFO] [stderr]     Checking wayland-protocols-experimental v20250721.0.1
[INFO] [stderr]     Checking wayland-protocols-plasma v0.3.12
[INFO] [stderr]     Checking wayland-protocols-misc v0.3.12
[INFO] [stderr]     Checking egui v0.36.2
[INFO] [stderr]     Checking image v0.25.10
[INFO] [stderr]     Checking anstyle-parse v1.0.0
[INFO] [stderr]     Checking spki v0.7.3
[INFO] [stderr]     Checking rand_chacha v0.3.1
[INFO] [stderr]     Checking x11rb v0.13.2
[INFO] [stderr]    Compiling darling_macro v0.24.1
[INFO] [stderr]     Checking sctk-adwaita v0.10.1
[INFO] [stderr]     Checking derive_more v2.1.1
[INFO] [stderr]     Checking concurrent-queue v2.5.0
[INFO] [stderr]    Compiling tokio-macros v2.7.2
[INFO] [stderr]     Checking block-padding v0.3.3
[INFO] [stderr]    Compiling glutin-winit v0.5.0
[INFO] [stderr]     Checking num-integer v0.1.47
[INFO] [stderr]     Checking mio v1.2.3
[INFO] [stderr]     Checking socket2 v0.6.5
[INFO] [stderr]    Compiling smartstring v1.0.1
[INFO] [stderr]    Compiling indexmap v1.9.3
[INFO] [stderr]    Compiling slotmap v1.1.1
[INFO] [stderr]    Compiling binrw_derive v0.15.2
[INFO] [stderr]     Checking bytes v1.12.1
[INFO] [stderr]    Compiling getrandom v0.4.3
[INFO] [stderr]    Compiling num-bigint-dig v0.8.6
[INFO] [stderr]    Compiling rustversion v1.0.23
[INFO] [stderr]     Checking anstyle v1.0.14
[INFO] [stderr]     Checking async-task v4.7.1
[INFO] [stderr]    Compiling serde_json v1.0.151
[INFO] [stderr]    Compiling anyhow v1.0.104
[INFO] [stderr]     Checking colorchoice v1.0.5
[INFO] [stderr]     Checking disqualified v1.0.0
[INFO] [stderr]     Checking async-executor v1.14.0
[INFO] [stderr]     Checking anstream v1.0.0
[INFO] [stderr]     Checking bevy_utils v0.18.1
[INFO] [stderr]    Compiling regex v1.13.1
[INFO] [stderr]     Checking arboard v3.6.1
[INFO] [stderr]     Checking tokio v1.53.1
[INFO] [stderr]     Checking num-iter v0.1.46
[INFO] [stderr]     Checking inout v0.1.4
[INFO] [stderr]     Checking smithay-clipboard v0.7.3
[INFO] [stderr]    Compiling darling v0.24.1
[INFO] [stderr]     Checking rand v0.8.8
[INFO] [stderr]     Checking pkcs8 v0.10.2
[INFO] [stderr]    Compiling proc-macro-crate v3.5.0
[INFO] [stderr]    Compiling bevy_reflect_derive v0.18.1
[INFO] [stderr]     Checking digest v0.10.7
[INFO] [stderr]    Compiling assert_type_match v0.1.1
[INFO] [stderr]    Compiling variadics_please v1.1.0
[INFO] [stderr]     Checking crossbeam-queue v0.3.14
[INFO] [stderr]     Checking downcast-rs v2.0.2
[INFO] [stderr]     Checking web-time v1.1.0
[INFO] [stderr]     Checking cpufeatures v0.3.1
[INFO] [stderr]    Compiling binrw v0.15.2
[INFO] [stderr]     Checking hashbrown v0.12.3
[INFO] [stderr]     Checking clap_lex v1.1.0
[INFO] [stderr]     Checking bevy_ptr v0.18.1
[INFO] [stderr]     Checking glow v0.17.0
[INFO] [stderr]     Checking atomic-waker v1.1.2
[INFO] [stderr]     Checking bevy_tasks v0.18.1
[INFO] [stderr]     Checking clap_builder v4.6.6
[INFO] [stderr]     Checking chacha20 v0.10.2
[INFO] [stderr]     Checking egui-winit v0.36.2
[INFO] [stderr]    Compiling clap_derive v4.6.4
[INFO] [stderr]    Compiling num_enum_derive v0.7.6
[INFO] [stderr]     Checking egui_glow v0.36.2
[INFO] [stderr]    Compiling lazy-regex-proc_macros v3.6.1
[INFO] [stderr]     Checking signature v2.2.0
[INFO] [stderr]     Checking pkcs1 v0.7.5
[INFO] [stderr]    Compiling serde_with_macros v3.23.0
[INFO] [stderr]     Checking cipher v0.4.4
[INFO] [stderr]     Checking bevy_reflect v0.18.1
[INFO] [stderr]     Checking tokio-stream v0.1.19
[INFO] [stderr]     Checking sharded-slab v0.1.7
[INFO] [stderr]    Compiling bevy_ecs_macros v0.18.1
[INFO] [stderr]     Checking matchers v0.2.0
[INFO] [stderr]    Compiling rhai_codegen v3.2.0
[INFO] [stderr]    Compiling async-trait v0.1.92
[INFO] [stderr]     Checking tracing-log v0.2.0
[INFO] [stderr]     Checking serde_spanned v1.1.1
[INFO] [stderr]     Checking socket2 v0.5.10
[INFO] [stderr]     Checking nonmax v0.5.5
[INFO] [stderr]     Checking fixedbitset v0.5.7
[INFO] [stderr]     Checking futures-sink v0.3.34
[INFO] [stderr]     Checking yansi v1.0.1
[INFO] [stderr]     Checking array-init v2.1.0
[INFO] [stderr]     Checking nu-ansi-term v0.50.3
[INFO] [stderr]     Checking toml_writer v1.1.2+spec-1.1.0
[INFO] [stderr]     Checking diff v0.1.13
[INFO] [stderr]     Checking bumpalo v3.20.3
[INFO] [stderr]     Checking thin-vec v0.2.19
[INFO] [stderr]     Checking pretty_assertions v1.4.1
[INFO] [stderr]     Checking tracing-subscriber v0.3.23
[INFO] [stderr]     Checking fast-socks5 v1.0.0
[INFO] [stderr]     Checking chrono v0.4.45
[INFO] [stderr]     Checking rhai v1.26.1
[INFO] [stderr]     Checking flume v0.12.0
[INFO] [stderr]     Checking rsa v0.9.10
[INFO] [stderr]     Checking serde_with v3.23.0
[INFO] [stderr]     Checking lazy-regex v3.6.1
[INFO] [stderr]     Checking clap v4.6.6
[INFO] [stderr]     Checking num_enum v0.7.6
[INFO] [stderr]     Checking rand v0.10.2
[INFO] [stderr]     Checking rc4 v0.1.0
[INFO] [stderr]     Checking eframe v0.36.2
[INFO] [stderr]     Checking ringbuf v0.4.8
[INFO] [stderr]     Checking toml v0.9.12+spec-1.1.0
[INFO] [stderr]     Checking pretty-hex v0.4.2
[INFO] [stderr]     Checking hex-literal v1.1.0
[INFO] [stderr]     Checking glam v0.32.1
[INFO] [stderr]     Checking bevy_ecs v0.18.1
[INFO] [stderr]     Checking rqsrv v0.1.0 (/opt/rustwide/workdir)
[INFO] [stdout] error[E0432]: unresolved import `winit::platform::windows`
[INFO] [stdout]   --> src/mitm_gui.rs:14:22
[INFO] [stdout]    |
[INFO] [stdout] 14 | use winit::platform::windows::EventLoopBuilderExtWindows;
[INFO] [stdout]    |                      ^^^^^^^ could not find `windows` in `platform`
[INFO] [stdout]    |
[INFO] [stdout] note: found an item that was configured out
[INFO] [stdout]   --> /opt/rustwide/cargo-home/registry/src/index.crates.io-1949cf8c6b5b557f/winit-0.30.13/src/platform/mod.rs:20:9
[INFO] [stdout]    |
[INFO] [stdout] 19 | #[cfg(any(windows_platform, docsrs))]
[INFO] [stdout]    |          -------------------------- the item is gated here
[INFO] [stdout] 20 | pub mod windows;
[INFO] [stdout]    |         ^^^^^^^
[INFO] [stdout] 
[INFO] [stdout] 
[INFO] [stdout] error[E0432]: unresolved import `winit::platform::windows`
[INFO] [stdout]   --> src/mitm_gui.rs:14:22
[INFO] [stdout]    |
[INFO] [stdout] 14 | use winit::platform::windows::EventLoopBuilderExtWindows;
[INFO] [stdout]    |                      ^^^^^^^ could not find `windows` in `platform`
[INFO] [stdout]    |
[INFO] [stdout] note: found an item that was configured out
[INFO] [stdout]   --> /opt/rustwide/cargo-home/registry/src/index.crates.io-1949cf8c6b5b557f/winit-0.30.13/src/platform/mod.rs:20:9
[INFO] [stdout]    |
[INFO] [stdout] 19 | #[cfg(any(windows_platform, docsrs))]
[INFO] [stdout]    |          -------------------------- the item is gated here
[INFO] [stdout] 20 | pub mod windows;
[INFO] [stdout]    |         ^^^^^^^
[INFO] [stdout] 
[INFO] [stdout] 
[INFO] [stdout] warning: unused imports: `SocksError` and `ToTargetAddr`
[INFO] [stdout]  --> src/main.rs:6:32
[INFO] [stdout]   |
[INFO] [stdout] 6 | ...d, SocksError, server::{DnsResolveHelper as _, Socks5ServerProtocol, states::CommandRead}, util::target_addr::{TargetAddr, ToTargetAddr}
[INFO] [stdout]   |       ^^^^^^^^^^                                                                                                              ^^^^^^^^^^^^
[INFO] [stdout]   |
[INFO] [stdout]   = note: `#[warn(unused_imports)]` (part of `#[warn(unused)]`) on by default
[INFO] [stdout] 
[INFO] [stdout] 
[INFO] [stdout] warning: unused import: `pretty_hex::PrettyHex`
[INFO] [stdout]  --> src/main.rs:9:5
[INFO] [stdout]   |
[INFO] [stdout] 9 | use pretty_hex::PrettyHex;
[INFO] [stdout]   |     ^^^^^^^^^^^^^^^^^^^^^
[INFO] [stdout] 
[INFO] [stdout] 
[INFO] [stdout] warning: unused imports: `RsaPrivateKey` and `rand_core::OsRng`
[INFO] [stdout]  --> src/cipher.rs:2:20
[INFO] [stdout]   |
[INFO] [stdout] 2 | use rsa::{BigUint, RsaPrivateKey, RsaPublicKey, rand_core::OsRng};
[INFO] [stdout]   |                    ^^^^^^^^^^^^^                ^^^^^^^^^^^^^^^^
[INFO] [stdout] 
[INFO] [stdout] 
[INFO] [stdout] warning: unused imports: `SocksError` and `ToTargetAddr`
[INFO] [stdout]  --> src/main.rs:6:32
[INFO] [stdout]   |
[INFO] [stdout] 6 | ...d, SocksError, server::{DnsResolveHelper as _, Socks5ServerProtocol, states::CommandRead}, util::target_addr::{TargetAddr, ToTargetAddr}
[INFO] [stdout]   |       ^^^^^^^^^^                                                                                                              ^^^^^^^^^^^^
[INFO] [stdout]   |
[INFO] [stdout]   = note: `#[warn(unused_imports)]` (part of `#[warn(unused)]`) on by default
[INFO] [stdout] 
[INFO] [stdout] 
[INFO] [stdout] warning: unused import: `pretty_hex::PrettyHex`
[INFO] [stdout]  --> src/main.rs:9:5
[INFO] [stdout]   |
[INFO] [stdout] 9 | use pretty_hex::PrettyHex;
[INFO] [stdout]   |     ^^^^^^^^^^^^^^^^^^^^^
[INFO] [stdout] 
[INFO] [stdout] 
[INFO] [stdout] warning: unused import: `Cursor`
[INFO] [stdout]  --> src/rqode_binrw.rs:1:15
[INFO] [stdout]   |
[INFO] [stdout] 1 | use std::io::{Cursor, Read, Seek, SeekFrom};
[INFO] [stdout]   |               ^^^^^^
[INFO] [stdout] 
[INFO] [stdout] 
[INFO] [stdout] warning: unused import: `binwrite`
[INFO] [stdout]  --> src/rqode_binrw.rs:3:71
[INFO] [stdout]   |
[INFO] [stdout] 3 | use binrw::{BinRead, BinResult, BinWrite, NullString, binread, binrw, binwrite, meta::ReadEndian};
[INFO] [stdout]   |                                                                       ^^^^^^^^
[INFO] [stdout] 
[INFO] [stdout] 
[INFO] [stdout] warning: unused imports: `debug`, `error`, `trace`, and `warn`
[INFO] [stdout]  --> src/server/mod.rs:2:15
[INFO] [stdout]   |
[INFO] [stdout] 2 | use tracing::{debug, error, info, trace, warn};
[INFO] [stdout]   |               ^^^^^  ^^^^^        ^^^^^  ^^^^
[INFO] [stdout] 
[INFO] [stdout] 
[INFO] [stdout] warning: unused import: `trace`
[INFO] [stdout]  --> src/server/connection.rs:8:35
[INFO] [stdout]   |
[INFO] [stdout] 8 | use tracing::{debug, error, info, trace, warn};
[INFO] [stdout]   |                                   ^^^^^
[INFO] [stdout] 
[INFO] [stdout] 
[INFO] [stdout] warning: unused import: `error`
[INFO] [stdout]  --> src/server/handler.rs:2:15
[INFO] [stdout]   |
[INFO] [stdout] 2 | use tracing::{error, info};
[INFO] [stdout]   |               ^^^^^
[INFO] [stdout] 
[INFO] [stdout] 
[INFO] [stdout] warning: unused import: `Position`
[INFO] [stdout]  --> src/server/state/mod.rs:6:111
[INFO] [stdout]   |
[INFO] [stdout] 6 | use crate::server::{db::{Database, MockDatabase, model::CharacterBundle}, locshard::{MobBundle, PlayerBundle, Position}};
[INFO] [stdout]   |                                                                                                               ^^^^^^^^
[INFO] [stdout] 
[INFO] [stdout] 
[INFO] [stdout] warning: unused import: `crate::server::db::model as db`
[INFO] [stdout]   --> src/server/mod.rs:15:13
[INFO] [stdout]    |
[INFO] [stdout] 15 |     pub use crate::server::db::model as db;
[INFO] [stdout]    |             ^^^^^^^^^^^^^^^^^^^^^^^^^^^^^^
[INFO] [stdout] 
[INFO] [stdout] 
[INFO] [stdout] warning: unused imports: `debug`, `info`, `trace`, and `warn`
[INFO] [stdout]   --> src/server/mod.rs:17:30
[INFO] [stdout]    |
[INFO] [stdout] 17 |     pub use tracing::{error, warn, info, debug, trace};
[INFO] [stdout]    |                              ^^^^  ^^^^  ^^^^^  ^^^^^
[INFO] [stdout] 
[INFO] [stdout] 
[INFO] [stdout] warning: unused import: `ptrace::ptrace`
[INFO] [stdout]  --> src/mitm.rs:8:107
[INFO] [stdout]   |
[INFO] [stdout] 8 | use crate::{cipher::*, mitm_gui::{MitmGuiState, PacketEvent}, packet_view::dissect, protocol::PacketType, ptrace::ptrace, rqode_binrw...
[INFO] [stdout]   |                                                                                                           ^^^^^^^^^^^^^^
[INFO] [stdout] 
[INFO] [stdout] 
[INFO] [stdout] warning: unused import: `EventFilter`
[INFO] [stdout]   --> src/mitm_gui.rs:13:21
[INFO] [stdout]    |
[INFO] [stdout] 13 | use egui::{Color32, EventFilter, OutputCommand, RichText};
[INFO] [stdout]    |                     ^^^^^^^^^^^
[INFO] [stdout] 
[INFO] [stdout] 
[INFO] [stdout] warning: unused imports: `Deserialize` and `Serialize`
[INFO] [stdout]  --> src/script.rs:6:13
[INFO] [stdout]   |
[INFO] [stdout] 6 | use serde::{Serialize, Deserialize};
[INFO] [stdout]   |             ^^^^^^^^^  ^^^^^^^^^^^
[INFO] [stdout] 
[INFO] [stdout] 
[INFO] [stdout] warning: unused import: `crate::rqode_binrw::*`
[INFO] [stdout]  --> src/script.rs:9:5
[INFO] [stdout]   |
[INFO] [stdout] 9 | use crate::rqode_binrw::*;
[INFO] [stdout]   |     ^^^^^^^^^^^^^^^^^^^^^
[INFO] [stdout] 
[INFO] [stdout] 
[INFO] [stdout] warning: unused import: `binwrite`
[INFO] [stdout]  --> src/rqode_binrw.rs:3:71
[INFO] [stdout]   |
[INFO] [stdout] 3 | use binrw::{BinRead, BinResult, BinWrite, NullString, binread, binrw, binwrite, meta::ReadEndian};
[INFO] [stdout]   |                                                                       ^^^^^^^^
[INFO] [stdout] 
[INFO] [stdout] 
[INFO] [stdout] warning: unused imports: `debug`, `error`, `trace`, and `warn`
[INFO] [stdout]  --> src/server/mod.rs:2:15
[INFO] [stdout]   |
[INFO] [stdout] 2 | use tracing::{debug, error, info, trace, warn};
[INFO] [stdout]   |               ^^^^^  ^^^^^        ^^^^^  ^^^^
[INFO] [stdout] 
[INFO] [stdout] 
[INFO] [stdout] warning: unused import: `trace`
[INFO] [stdout]  --> src/server/connection.rs:8:35
[INFO] [stdout]   |
[INFO] [stdout] 8 | use tracing::{debug, error, info, trace, warn};
[INFO] [stdout]   |                                   ^^^^^
[INFO] [stdout] 
[INFO] [stdout] 
[INFO] [stdout] warning: unused import: `error`
[INFO] [stdout]  --> src/server/handler.rs:2:15
[INFO] [stdout]   |
[INFO] [stdout] 2 | use tracing::{error, info};
[INFO] [stdout]   |               ^^^^^
[INFO] [stdout] 
[INFO] [stdout] 
[INFO] [stdout] warning: unused import: `Position`
[INFO] [stdout]  --> src/server/state/mod.rs:6:111
[INFO] [stdout]   |
[INFO] [stdout] 6 | use crate::server::{db::{Database, MockDatabase, model::CharacterBundle}, locshard::{MobBundle, PlayerBundle, Position}};
[INFO] [stdout]   |                                                                                                               ^^^^^^^^
[INFO] [stdout] 
[INFO] [stdout] 
[INFO] [stdout] warning: unused import: `crate::server::db::model as db`
[INFO] [stdout]   --> src/server/mod.rs:15:13
[INFO] [stdout]    |
[INFO] [stdout] 15 |     pub use crate::server::db::model as db;
[INFO] [stdout]    |             ^^^^^^^^^^^^^^^^^^^^^^^^^^^^^^
[INFO] [stdout] 
[INFO] [stdout] 
[INFO] [stdout] warning: unused imports: `debug`, `info`, `trace`, and `warn`
[INFO] [stdout]   --> src/server/mod.rs:17:30
[INFO] [stdout]    |
[INFO] [stdout] 17 |     pub use tracing::{error, warn, info, debug, trace};
[INFO] [stdout]    |                              ^^^^  ^^^^  ^^^^^  ^^^^^
[INFO] [stdout] 
[INFO] [stdout] 
[INFO] [stdout] warning: unused import: `ptrace::ptrace`
[INFO] [stdout]  --> src/mitm.rs:8:107
[INFO] [stdout]   |
[INFO] [stdout] 8 | use crate::{cipher::*, mitm_gui::{MitmGuiState, PacketEvent}, packet_view::dissect, protocol::PacketType, ptrace::ptrace, rqode_binrw...
[INFO] [stdout]   |                                                                                                           ^^^^^^^^^^^^^^
[INFO] [stdout] 
[INFO] [stdout] 
[INFO] [stdout] warning: unused import: `EventFilter`
[INFO] [stdout]   --> src/mitm_gui.rs:13:21
[INFO] [stdout]    |
[INFO] [stdout] 13 | use egui::{Color32, EventFilter, OutputCommand, RichText};
[INFO] [stdout]    |                     ^^^^^^^^^^^
[INFO] [stdout] 
[INFO] [stdout] 
[INFO] [stdout] error[E0599]: no method named `with_any_thread` found for mutable reference `&mut EventLoopBuilder<eframe::UserEvent>` in the current scope
[INFO] [stdout]    --> src/mitm_gui.rs:162:63
[INFO] [stdout]     |
[INFO] [stdout] 162 |                 event_loop_builder: Some(Box::new(|evb| { evb.with_any_thread(true); })),
[INFO] [stdout]     |                                                               ^^^^^^^^^^^^^^^ method not found in `&mut EventLoopBuilder<eframe::UserEvent>`
[INFO] [stdout]     |
[INFO] [stdout]     = help: items from traits can only be used if the trait is in scope
[INFO] [stdout] help: the following traits which provide `with_any_thread` are implemented but not in scope; perhaps you want to import one of them
[INFO] [stdout]     |
[INFO] [stdout]   1 + use winit::platform::wayland::EventLoopBuilderExtWayland;
[INFO] [stdout]     |
[INFO] [stdout]   1 + use winit::platform::x11::EventLoopBuilderExtX11;
[INFO] [stdout]     |
[INFO] [stdout] 
[INFO] [stdout] 
[INFO] [stdout] warning: use of deprecated method `rhai::api::events::<impl rhai::Engine>::on_def_var`: This API is NOT deprecated, but it is considered volatile and may change in the future.
[INFO] [stdout]   --> src/script.rs:32:16
[INFO] [stdout]    |
[INFO] [stdout] 32 |         engine.on_def_var(|_is_runtime, info, mut context| {
[INFO] [stdout]    |                ^^^^^^^^^^
[INFO] [stdout]    |
[INFO] [stdout]    = note: `#[warn(deprecated)]` on by default
[INFO] [stdout] 
[INFO] [stdout] 
[INFO] [stdout] warning: unused import: `binrw::BinRead`
[INFO] [stdout]  --> src/server/state/datamap.rs:4:5
[INFO] [stdout]   |
[INFO] [stdout] 4 | use binrw::BinRead;
[INFO] [stdout]   |     ^^^^^^^^^^^^^^
[INFO] [stdout] 
[INFO] [stdout] 
[INFO] [stdout] error[E0599]: no method named `with_any_thread` found for mutable reference `&mut EventLoopBuilder<eframe::UserEvent>` in the current scope
[INFO] [stdout]    --> src/mitm_gui.rs:162:63
[INFO] [stdout]     |
[INFO] [stdout] 162 |                 event_loop_builder: Some(Box::new(|evb| { evb.with_any_thread(true); })),
[INFO] [stdout]     |                                                               ^^^^^^^^^^^^^^^ method not found in `&mut EventLoopBuilder<eframe::UserEvent>`
[INFO] [stdout]     |
[INFO] [stdout]     = help: items from traits can only be used if the trait is in scope
[INFO] [stdout] help: the following traits which provide `with_any_thread` are implemented but not in scope; perhaps you want to import one of them
[INFO] [stdout]     |
[INFO] [stdout]   1 + use winit::platform::wayland::EventLoopBuilderExtWayland;
[INFO] [stdout]     |
[INFO] [stdout]   1 + use winit::platform::x11::EventLoopBuilderExtX11;
[INFO] [stdout]     |
[INFO] [stdout] 
[INFO] [stdout] 
[INFO] [stdout] warning: use of deprecated method `rhai::api::events::<impl rhai::Engine>::on_def_var`: This API is NOT deprecated, but it is considered volatile and may change in the future.
[INFO] [stdout]   --> src/script.rs:32:16
[INFO] [stdout]    |
[INFO] [stdout] 32 |         engine.on_def_var(|_is_runtime, info, mut context| {
[INFO] [stdout]    |                ^^^^^^^^^^
[INFO] [stdout]    |
[INFO] [stdout]    = note: `#[warn(deprecated)]` on by default
[INFO] [stdout] 
[INFO] [stdout] 
[INFO] [stdout] warning: unused import: `binrw::BinRead`
[INFO] [stdout]  --> src/server/state/datamap.rs:4:5
[INFO] [stdout]   |
[INFO] [stdout] 4 | use binrw::BinRead;
[INFO] [stdout]   |     ^^^^^^^^^^^^^^
[INFO] [stdout] 
[INFO] [stdout] 
[INFO] [stdout] warning: unused variable: `i`
[INFO] [stdout]    --> src/cipher.rs:399:10
[INFO] [stdout]     |
[INFO] [stdout] 399 |     for (i, block) in msg.chunks(128).enumerate() {
[INFO] [stdout]     |          ^ help: if this is intentional, prefix it with an underscore: `_i`
[INFO] [stdout]     |
[INFO] [stdout]     = note: `#[warn(unused_variables)]` (part of `#[warn(unused)]`) on by default
[INFO] [stdout] 
[INFO] [stdout] 
[INFO] [stdout] warning: unused variable: `pubk`
[INFO] [stdout]   --> src/server/connection.rs:93:37
[INFO] [stdout]    |
[INFO] [stdout] 93 | ...                   let pubk = match read_game_pubkey(data) {
[INFO] [stdout]    |                           ^^^^ help: if this is intentional, prefix it with an underscore: `_pubk`
[INFO] [stdout]    |
[INFO] [stdout]    = note: `#[warn(unused_variables)]` (part of `#[warn(unused)]`) on by default
[INFO] [stdout] 
[INFO] [stdout] 
[INFO] [stdout] warning: unused variable: `p`
[INFO] [stdout]   --> src/server/handler.rs:27:25
[INFO] [stdout]    |
[INFO] [stdout] 27 |         Packet::Connect(p) => {
[INFO] [stdout]    |                         ^ help: if this is intentional, prefix it with an underscore: `_p`
[INFO] [stdout] 
[INFO] [stdout] 
[INFO] [stdout] warning: unused variable: `p`
[INFO] [stdout]   --> src/server/handler.rs:88:29
[INFO] [stdout]    |
[INFO] [stdout] 88 |         Packet::ExitRequest(p) => {
[INFO] [stdout]    |                             ^ help: if this is intentional, prefix it with an underscore: `_p`
[INFO] [stdout] 
[INFO] [stdout] 
[INFO] [stdout] warning: unused variable: `info`
[INFO] [stdout]   --> src/server/state/datamap.rs:54:9
[INFO] [stdout]    |
[INFO] [stdout] 54 |         info: &mut ConnectionInfo,
[INFO] [stdout]    |         ^^^^ help: if this is intentional, prefix it with an underscore: `_info`
[INFO] [stdout] 
[INFO] [stdout] 
[INFO] [stdout] warning: unused variable: `pos`
[INFO] [stdout]    --> src/server/locshard.rs:250:14
[INFO] [stdout]     |
[INFO] [stdout] 250 |     for (id, pos) in players {
[INFO] [stdout]     |              ^^^ help: if this is intentional, prefix it with an underscore: `_pos`
[INFO] [stdout] 
[INFO] [stdout] 
[INFO] [stdout] warning: unused variable: `pos`
[INFO] [stdout]    --> src/server/locshard.rs:284:14
[INFO] [stdout]     |
[INFO] [stdout] 284 |     for (id, pos) in players {
[INFO] [stdout]     |              ^^^ help: if this is intentional, prefix it with an underscore: `_pos`
[INFO] [stdout] 
[INFO] [stdout] 
[INFO] [stdout] warning: unused variable: `game_rx`
[INFO] [stdout]    --> src/mitm.rs:113:41
[INFO] [stdout]     |
[INFO] [stdout] 113 |             CipherS::EncryptedChannel { game_rx, game_tx, srv_rx, srv_tx } => {
[INFO] [stdout]     |                                         ^^^^^^^ help: try ignoring the field: `game_rx: _`
[INFO] [stdout] 
[INFO] [stdout] 
[INFO] [stdout] warning: unused variable: `srv_rx`
[INFO] [stdout]    --> src/mitm.rs:113:59
[INFO] [stdout]     |
[INFO] [stdout] 113 |             CipherS::EncryptedChannel { game_rx, game_tx, srv_rx, srv_tx } => {
[INFO] [stdout]     |                                                           ^^^^^^ help: try ignoring the field: `srv_rx: _`
[INFO] [stdout] 
[INFO] [stdout] 
[INFO] [stdout] warning: unused variable: `game_pubk`
[INFO] [stdout]    --> src/mitm.rs:144:55
[INFO] [stdout]     |
[INFO] [stdout] 144 |             CipherS::ClientHandshakeReceived { my_pk, game_pubk } => {
[INFO] [stdout]     |                                                       ^^^^^^^^^ help: try ignoring the field: `game_pubk: _`
[INFO] [stdout] 
[INFO] [stdout] 
[INFO] [stdout] warning: unused variable: `game_tx`
[INFO] [stdout]    --> src/mitm.rs:178:50
[INFO] [stdout]     |
[INFO] [stdout] 178 |             CipherS::EncryptedChannel { game_rx, game_tx, srv_rx, srv_tx } => {
[INFO] [stdout]     |                                                  ^^^^^^^ help: try ignoring the field: `game_tx: _`
[INFO] [stdout] 
[INFO] [stdout] 
[INFO] [stdout] warning: unused variable: `srv_tx`
[INFO] [stdout]    --> src/mitm.rs:178:67
[INFO] [stdout]     |
[INFO] [stdout] 178 |             CipherS::EncryptedChannel { game_rx, game_tx, srv_rx, srv_tx } => {
[INFO] [stdout]     |                                                                   ^^^^^^ help: try ignoring the field: `srv_tx: _`
[INFO] [stdout] 
[INFO] [stdout] 
[INFO] [stdout] warning: unused variable: `game_tx`
[INFO] [stdout]    --> src/mitm.rs:202:50
[INFO] [stdout]     |
[INFO] [stdout] 202 |             CipherS::EncryptedChannel { game_rx, game_tx, srv_rx, srv_tx } => {
[INFO] [stdout]     |                                                  ^^^^^^^ help: try ignoring the field: `game_tx: _`
[INFO] [stdout] 
[INFO] [stdout] 
[INFO] [stdout] warning: unused variable: `srv_rx`
[INFO] [stdout]    --> src/mitm.rs:202:59
[INFO] [stdout]     |
[INFO] [stdout] 202 |             CipherS::EncryptedChannel { game_rx, game_tx, srv_rx, srv_tx } => {
[INFO] [stdout]     |                                                           ^^^^^^ help: try ignoring the field: `srv_rx: _`
[INFO] [stdout] 
[INFO] [stdout] 
[INFO] [stdout] Some errors have detailed explanations: E0432, E0599.
[INFO] [stdout] 
[INFO] [stdout] For more information about an error, try `rustc --explain E0432`.
[INFO] [stdout] 
[INFO] [stderr] error: could not compile `rqsrv` (bin "rqsrv") due to 2 previous errors; 30 warnings emitted
[INFO] [stderr] warning: build failed, waiting for other jobs to finish...
[INFO] [stdout] warning: unused variable: `v`
[INFO] [stdout]    --> src/rqode_binrw.rs:395:9
[INFO] [stdout]     |
[INFO] [stdout] 395 |     let v = read_guess_all(Cursor::new(hex)).unwrap();
[INFO] [stdout]     |         ^ help: if this is intentional, prefix it with an underscore: `_v`
[INFO] [stdout] 
[INFO] [stdout] 
[INFO] [stdout] warning: unused variable: `pubk`
[INFO] [stdout]   --> src/server/connection.rs:93:37
[INFO] [stdout]    |
[INFO] [stdout] 93 | ...                   let pubk = match read_game_pubkey(data) {
[INFO] [stdout]    |                           ^^^^ help: if this is intentional, prefix it with an underscore: `_pubk`
[INFO] [stdout] 
[INFO] [stdout] 
[INFO] [stdout] warning: unused variable: `p`
[INFO] [stdout]   --> src/server/handler.rs:27:25
[INFO] [stdout]    |
[INFO] [stdout] 27 |         Packet::Connect(p) => {
[INFO] [stdout]    |                         ^ help: if this is intentional, prefix it with an underscore: `_p`
[INFO] [stdout] 
[INFO] [stdout] 
[INFO] [stdout] warning: unused variable: `p`
[INFO] [stdout]   --> src/server/handler.rs:88:29
[INFO] [stdout]    |
[INFO] [stdout] 88 |         Packet::ExitRequest(p) => {
[INFO] [stdout]    |                             ^ help: if this is intentional, prefix it with an underscore: `_p`
[INFO] [stdout] 
[INFO] [stdout] 
[INFO] [stdout] warning: unused variable: `info`
[INFO] [stdout]   --> src/server/state/datamap.rs:54:9
[INFO] [stdout]    |
[INFO] [stdout] 54 |         info: &mut ConnectionInfo,
[INFO] [stdout]    |         ^^^^ help: if this is intentional, prefix it with an underscore: `_info`
[INFO] [stdout] 
[INFO] [stdout] 
[INFO] [stdout] warning: unused variable: `pos`
[INFO] [stdout]    --> src/server/locshard.rs:250:14
[INFO] [stdout]     |
[INFO] [stdout] 250 |     for (id, pos) in players {
[INFO] [stdout]     |              ^^^ help: if this is intentional, prefix it with an underscore: `_pos`
[INFO] [stdout] 
[INFO] [stdout] 
[INFO] [stdout] warning: unused variable: `pos`
[INFO] [stdout]    --> src/server/locshard.rs:284:14
[INFO] [stdout]     |
[INFO] [stdout] 284 |     for (id, pos) in players {
[INFO] [stdout]     |              ^^^ help: if this is intentional, prefix it with an underscore: `_pos`
[INFO] [stdout] 
[INFO] [stdout] 
[INFO] [stdout] warning: unused variable: `game_rx`
[INFO] [stdout]    --> src/mitm.rs:113:41
[INFO] [stdout]     |
[INFO] [stdout] 113 |             CipherS::EncryptedChannel { game_rx, game_tx, srv_rx, srv_tx } => {
[INFO] [stdout]     |                                         ^^^^^^^ help: try ignoring the field: `game_rx: _`
[INFO] [stdout] 
[INFO] [stdout] 
[INFO] [stdout] warning: unused variable: `srv_rx`
[INFO] [stdout]    --> src/mitm.rs:113:59
[INFO] [stdout]     |
[INFO] [stdout] 113 |             CipherS::EncryptedChannel { game_rx, game_tx, srv_rx, srv_tx } => {
[INFO] [stdout]     |                                                           ^^^^^^ help: try ignoring the field: `srv_rx: _`
[INFO] [stdout] 
[INFO] [stdout] 
[INFO] [stdout] warning: unused variable: `game_pubk`
[INFO] [stdout]    --> src/mitm.rs:144:55
[INFO] [stdout]     |
[INFO] [stdout] 144 |             CipherS::ClientHandshakeReceived { my_pk, game_pubk } => {
[INFO] [stdout]     |                                                       ^^^^^^^^^ help: try ignoring the field: `game_pubk: _`
[INFO] [stdout] 
[INFO] [stdout] 
[INFO] [stdout] warning: unused variable: `game_tx`
[INFO] [stdout]    --> src/mitm.rs:178:50
[INFO] [stdout]     |
[INFO] [stdout] 178 |             CipherS::EncryptedChannel { game_rx, game_tx, srv_rx, srv_tx } => {
[INFO] [stdout]     |                                                  ^^^^^^^ help: try ignoring the field: `game_tx: _`
[INFO] [stdout] 
[INFO] [stdout] 
[INFO] [stdout] warning: unused variable: `srv_tx`
[INFO] [stdout]    --> src/mitm.rs:178:67
[INFO] [stdout]     |
[INFO] [stdout] 178 |             CipherS::EncryptedChannel { game_rx, game_tx, srv_rx, srv_tx } => {
[INFO] [stdout]     |                                                                   ^^^^^^ help: try ignoring the field: `srv_tx: _`
[INFO] [stdout] 
[INFO] [stdout] 
[INFO] [stdout] warning: unused variable: `game_tx`
[INFO] [stdout]    --> src/mitm.rs:202:50
[INFO] [stdout]     |
[INFO] [stdout] 202 |             CipherS::EncryptedChannel { game_rx, game_tx, srv_rx, srv_tx } => {
[INFO] [stdout]     |                                                  ^^^^^^^ help: try ignoring the field: `game_tx: _`
[INFO] [stdout] 
[INFO] [stdout] 
[INFO] [stdout] warning: unused variable: `srv_rx`
[INFO] [stdout]    --> src/mitm.rs:202:59
[INFO] [stdout]     |
[INFO] [stdout] 202 |             CipherS::EncryptedChannel { game_rx, game_tx, srv_rx, srv_tx } => {
[INFO] [stdout]     |                                                           ^^^^^^ help: try ignoring the field: `srv_rx: _`
[INFO] [stdout] 
[INFO] [stdout] 
[INFO] [stdout] Some errors have detailed explanations: E0432, E0599.
[INFO] [stdout] 
[INFO] [stdout] For more information about an error, try `rustc --explain E0432`.
[INFO] [stdout] 
[INFO] [stderr] error: could not compile `rqsrv` (bin "rqsrv" test) due to 2 previous errors; 28 warnings emitted
[INFO] [stderr] warning: unused dependency `rc4`
[INFO] [stderr]   --> Cargo.toml:47:15
[INFO] [stderr]    |
[INFO] [stderr] 47 | [dependencies.rc4]
[INFO] [stderr]    |               ^^^^
[INFO] [stderr]    |
[INFO] [stderr]    = note: `cargo::unused_dependencies` is set to `warn` by default
[INFO] [stderr] help: consider removing the dependency on `rc4`
[INFO] [stderr] warning: `rqsrv` (manifest) generated 1 warning
[INFO] running `Command { std: "docker" "inspect" "072c33f9848d5251fa3b1391691046da47a492486e26c401d8db133480212859", kill_on_drop: false }`
[INFO] running `Command { std: "docker" "rm" "-f" "072c33f9848d5251fa3b1391691046da47a492486e26c401d8db133480212859", kill_on_drop: false }`
[INFO] [stdout] 072c33f9848d5251fa3b1391691046da47a492486e26c401d8db133480212859
