[INFO] cloning repository https://github.com/EricJujianZou/ccpet
[INFO] running `Command { std: "git" "-c" "credential.helper=" "-c" "credential.helper=/workspace/cargo-home/bin/git-credential-null" "clone" "--bare" "https://github.com/EricJujianZou/ccpet" "/workspace/cache/git-repos/https%3A%2F%2Fgithub.com%2FEricJujianZou%2Fccpet", kill_on_drop: false }`
[INFO] [stderr] Cloning into bare repository '/workspace/cache/git-repos/https%3A%2F%2Fgithub.com%2FEricJujianZou%2Fccpet'...
[INFO] running `Command { std: "git" "rev-parse" "HEAD", kill_on_drop: false }`
[INFO] [stdout] af5d2671b387a95633473080a46c8f50f0f882dc
[INFO] checking EricJujianZou/ccpet against 3154cc1a3e6424e44f438a95007d043ed5ceaaf6+rustflags=-Znext-solver=coherence for pr-133502-30
[INFO] running `Command { std: "git" "clone" "/workspace/cache/git-repos/https%3A%2F%2Fgithub.com%2FEricJujianZou%2Fccpet" "/workspace/builds/worker-2-tc1/source", kill_on_drop: false }`
[INFO] [stderr] Cloning into '/workspace/builds/worker-2-tc1/source'...
[INFO] [stderr] done.
[INFO] started tweaking git repo https://github.com/EricJujianZou/ccpet
[INFO] finished tweaking git repo https://github.com/EricJujianZou/ccpet
[INFO] tweaked toml for git repo https://github.com/EricJujianZou/ccpet written to /workspace/builds/worker-2-tc1/source/Cargo.toml
[INFO] validating manifest of git repo https://github.com/EricJujianZou/ccpet on toolchain 3154cc1a3e6424e44f438a95007d043ed5ceaaf6
[INFO] running `Command { std: CARGO_HOME="/workspace/cargo-home" RUSTUP_HOME="/workspace/rustup-home" "/workspace/cargo-home/bin/cargo" "+3154cc1a3e6424e44f438a95007d043ed5ceaaf6" "metadata" "--manifest-path" "Cargo.toml" "--no-deps", kill_on_drop: false }`
[INFO] crate git repo https://github.com/EricJujianZou/ccpet already has a lockfile, it will not be regenerated
[INFO] running `Command { std: CARGO_HOME="/workspace/cargo-home" RUSTUP_HOME="/workspace/rustup-home" "/workspace/cargo-home/bin/cargo" "+3154cc1a3e6424e44f438a95007d043ed5ceaaf6" "fetch" "--manifest-path" "Cargo.toml", kill_on_drop: false }`
[INFO] [stderr]     Blocking waiting for file lock on package cache
[INFO] running `Command { std: "docker" "create" "-v" "/var/lib/crater-agent-workspace/builds/worker-2-tc1/source:/opt/rustwide/workdir:ro,Z" "-v" "/var/lib/crater-agent-workspace/builds/worker-2-tc1/target:/opt/rustwide/target:rw,Z" "-v" "/var/lib/crater-agent-workspace/cargo-home:/opt/rustwide/cargo-home:ro,Z" "-v" "/var/lib/crater-agent-workspace/rustup-home:/opt/rustwide/rustup-home:ro,Z" "-m" "1610612736" "--network" "none" "ghcr.io/rust-lang/crates-build-env/linux@sha256:77db811e55d90add9212f6832c23229e3de5f1c1f9905e8cb07319ea15df73ac" "sleep" "infinity", kill_on_drop: false }`
[INFO] [stdout] 1f52e27fb2d7a77c06d0452ba43ebc32b6da7ddffe74a402dd27947867817059
[INFO] running `Command { std: "docker" "start" "1f52e27fb2d7a77c06d0452ba43ebc32b6da7ddffe74a402dd27947867817059", kill_on_drop: false }`
[INFO] running `Command { std: "docker" "inspect" "1f52e27fb2d7a77c06d0452ba43ebc32b6da7ddffe74a402dd27947867817059", kill_on_drop: false }`
[INFO] running `Command { std: "docker" "exec" "-e" "SOURCE_DIR=/opt/rustwide/workdir" "-e" "CARGO_HOME=/opt/rustwide/cargo-home" "-e" "RUSTUP_HOME=/opt/rustwide/rustup-home" "-e" "CARGO_TARGET_DIR=/opt/rustwide/target" "-w" "/opt/rustwide/workdir" "--user" "0:0" "1f52e27fb2d7a77c06d0452ba43ebc32b6da7ddffe74a402dd27947867817059" "/opt/rustwide/cargo-home/bin/cargo" "+3154cc1a3e6424e44f438a95007d043ed5ceaaf6" "metadata" "--no-deps" "--format-version=1", kill_on_drop: false }`
[INFO] running `Command { std: "docker" "inspect" "1f52e27fb2d7a77c06d0452ba43ebc32b6da7ddffe74a402dd27947867817059", kill_on_drop: false }`
[INFO] running `Command { std: "docker" "exec" "-e" "SOURCE_DIR=/opt/rustwide/workdir" "-e" "CARGO_HOME=/opt/rustwide/cargo-home" "-e" "RUSTUP_HOME=/opt/rustwide/rustup-home" "-e" "CARGO_TARGET_DIR=/opt/rustwide/target" "-e" "CARGO_INCREMENTAL=0" "-e" "RUST_BACKTRACE=full" "-e" "RUSTFLAGS=--cap-lints=forbid -Znext-solver=coherence" "-e" "RUSTDOCFLAGS=--cap-lints=forbid" "-w" "/opt/rustwide/workdir" "--user" "0:0" "1f52e27fb2d7a77c06d0452ba43ebc32b6da7ddffe74a402dd27947867817059" "/opt/rustwide/cargo-home/bin/cargo" "+3154cc1a3e6424e44f438a95007d043ed5ceaaf6" "check" "--frozen" "--all" "--all-targets" "--message-format=json", kill_on_drop: false }`
[INFO] [stderr]    Compiling proc-macro2 v1.0.107
[INFO] [stderr]    Compiling windows_x86_64_gnu v0.52.6
[INFO] [stderr]     Checking simd-adler32 v0.3.10
[INFO] [stderr]     Checking bitflags v2.13.1
[INFO] [stderr]     Checking pxfm v0.1.30
[INFO] [stderr]     Checking bytemuck v1.25.2
[INFO] [stderr]    Compiling num-traits v0.2.19
[INFO] [stderr]     Checking miniz_oxide v0.8.9
[INFO] [stderr]     Checking fdeflate v0.3.7
[INFO] [stderr]     Checking windows-targets v0.52.6
[INFO] [stderr]     Checking windows-result v0.2.0
[INFO] [stderr]     Checking windows-strings v0.1.0
[INFO] [stderr]     Checking flate2 v1.1.9
[INFO] [stderr]    Compiling quote v1.0.47
[INFO] [stderr]     Checking png v0.18.1
[INFO] [stderr]    Compiling syn v2.0.119
[INFO] [stderr]     Checking moxcms v0.8.1
[INFO] [stderr]    Compiling windows-interface v0.58.0
[INFO] [stderr]    Compiling windows-implement v0.58.0
[INFO] [stderr]     Checking windows-core v0.58.0
[INFO] [stderr]     Checking windows v0.58.0
[INFO] [stderr]     Checking image v0.25.10
[INFO] [stderr]     Checking ccpet v0.1.0 (/opt/rustwide/workdir)
[INFO] [stdout] error[E0433]: cannot find `Win32` in `windows`
[INFO] [stdout]   --> src/placement.rs:19:14
[INFO] [stdout]    |
[INFO] [stdout] 19 | use windows::Win32::Foundation::*;
[INFO] [stdout]    |              ^^^^^ could not find `Win32` in `windows`
[INFO] [stdout] 
[INFO] [stdout] 
[INFO] [stdout] error[E0433]: cannot find `Win32` in `windows`
[INFO] [stdout]   --> src/placement.rs:20:14
[INFO] [stdout]    |
[INFO] [stdout] 20 | use windows::Win32::Graphics::Gdi::*;
[INFO] [stdout]    |              ^^^^^ could not find `Win32` in `windows`
[INFO] [stdout] 
[INFO] [stdout] 
[INFO] [stdout] error[E0433]: cannot find `Win32` in `windows`
[INFO] [stdout]   --> src/placement.rs:21:14
[INFO] [stdout]    |
[INFO] [stdout] 21 | use windows::Win32::System::Threading::*;
[INFO] [stdout]    |              ^^^^^ could not find `Win32` in `windows`
[INFO] [stdout] 
[INFO] [stdout] 
[INFO] [stdout] error[E0433]: cannot find `Win32` in `windows`
[INFO] [stdout]   --> src/placement.rs:22:14
[INFO] [stdout]    |
[INFO] [stdout] 22 | use windows::Win32::UI::HiDpi::*;
[INFO] [stdout]    |              ^^^^^ could not find `Win32` in `windows`
[INFO] [stdout] 
[INFO] [stdout] 
[INFO] [stdout] error[E0433]: cannot find `Win32` in `windows`
[INFO] [stdout]   --> src/placement.rs:23:14
[INFO] [stdout]    |
[INFO] [stdout] 23 | use windows::Win32::UI::WindowsAndMessaging::*;
[INFO] [stdout]    |              ^^^^^ could not find `Win32` in `windows`
[INFO] [stdout] 
[INFO] [stdout] 
[INFO] [stdout] error[E0432]: unresolved import `windows::core`
[INFO] [stdout]   --> src/placement.rs:18:14
[INFO] [stdout]    |
[INFO] [stdout] 18 | use windows::core::PWSTR;
[INFO] [stdout]    |              ^^^^ could not find `core` in `windows`
[INFO] [stdout] 
[INFO] [stdout] 
[INFO] [stdout] error[E0433]: cannot find `Win32` in `windows`
[INFO] [stdout]   --> src/main.rs:24:14
[INFO] [stdout]    |
[INFO] [stdout] 24 | use windows::Win32::Foundation::*;
[INFO] [stdout]    |              ^^^^^ could not find `Win32` in `windows`
[INFO] [stdout] 
[INFO] [stdout] 
[INFO] [stdout] error[E0433]: cannot find `Win32` in `windows`
[INFO] [stdout]   --> src/main.rs:25:14
[INFO] [stdout]    |
[INFO] [stdout] 25 | use windows::Win32::Graphics::Gdi::*;
[INFO] [stdout]    |              ^^^^^ could not find `Win32` in `windows`
[INFO] [stdout] 
[INFO] [stdout] 
[INFO] [stdout] error[E0433]: cannot find `Win32` in `windows`
[INFO] [stdout]   --> src/main.rs:26:14
[INFO] [stdout]    |
[INFO] [stdout] 26 | use windows::Win32::System::LibraryLoader::GetModuleHandleW;
[INFO] [stdout]    |              ^^^^^ could not find `Win32` in `windows`
[INFO] [stdout] 
[INFO] [stdout] 
[INFO] [stdout] error[E0433]: cannot find `Win32` in `windows`
[INFO] [stdout]   --> src/main.rs:27:14
[INFO] [stdout]    |
[INFO] [stdout] 27 | use windows::Win32::System::Threading::*;
[INFO] [stdout]    |              ^^^^^ could not find `Win32` in `windows`
[INFO] [stdout] 
[INFO] [stdout] 
[INFO] [stdout] error[E0433]: cannot find `Win32` in `windows`
[INFO] [stdout]   --> src/main.rs:28:14
[INFO] [stdout]    |
[INFO] [stdout] 28 | use windows::Win32::UI::Accessibility::*;
[INFO] [stdout]    |              ^^^^^ could not find `Win32` in `windows`
[INFO] [stdout] 
[INFO] [stdout] 
[INFO] [stdout] error[E0433]: cannot find `Win32` in `windows`
[INFO] [stdout]   --> src/main.rs:29:14
[INFO] [stdout]    |
[INFO] [stdout] 29 | use windows::Win32::UI::HiDpi::*;
[INFO] [stdout]    |              ^^^^^ could not find `Win32` in `windows`
[INFO] [stdout] 
[INFO] [stdout] 
[INFO] [stdout] error[E0433]: cannot find `Win32` in `windows`
[INFO] [stdout]   --> src/main.rs:30:14
[INFO] [stdout]    |
[INFO] [stdout] 30 | use windows::Win32::UI::Input::KeyboardAndMouse::*;
[INFO] [stdout]    |              ^^^^^ could not find `Win32` in `windows`
[INFO] [stdout] 
[INFO] [stdout] 
[INFO] [stdout] error[E0433]: cannot find `Win32` in `windows`
[INFO] [stdout]   --> src/main.rs:31:14
[INFO] [stdout]    |
[INFO] [stdout] 31 | use windows::Win32::UI::WindowsAndMessaging::*;
[INFO] [stdout]    |              ^^^^^ could not find `Win32` in `windows`
[INFO] [stdout] 
[INFO] [stdout] 
[INFO] [stdout] error[E0432]: unresolved import `windows::core`
[INFO] [stdout]   --> src/main.rs:23:14
[INFO] [stdout]    |
[INFO] [stdout] 23 | use windows::core::*;
[INFO] [stdout]    |              ^^^^ could not find `core` in `windows`
[INFO] [stdout] 
[INFO] [stdout] 
[INFO] [stdout] error[E0433]: cannot find `Win32` in `windows`
[INFO] [stdout]   --> src/placement.rs:19:14
[INFO] [stdout]    |
[INFO] [stdout] 19 | use windows::Win32::Foundation::*;
[INFO] [stdout]    |              ^^^^^ could not find `Win32` in `windows`
[INFO] [stdout] 
[INFO] [stdout] 
[INFO] [stdout] error[E0433]: cannot find `Win32` in `windows`
[INFO] [stdout]   --> src/placement.rs:20:14
[INFO] [stdout]    |
[INFO] [stdout] 20 | use windows::Win32::Graphics::Gdi::*;
[INFO] [stdout]    |              ^^^^^ could not find `Win32` in `windows`
[INFO] [stdout] 
[INFO] [stdout] 
[INFO] [stdout] error[E0433]: cannot find `Win32` in `windows`
[INFO] [stdout]   --> src/placement.rs:21:14
[INFO] [stdout]    |
[INFO] [stdout] 21 | use windows::Win32::System::Threading::*;
[INFO] [stdout]    |              ^^^^^ could not find `Win32` in `windows`
[INFO] [stdout] 
[INFO] [stdout] 
[INFO] [stdout] error[E0433]: cannot find `Win32` in `windows`
[INFO] [stdout]   --> src/placement.rs:22:14
[INFO] [stdout]    |
[INFO] [stdout] 22 | use windows::Win32::UI::HiDpi::*;
[INFO] [stdout]    |              ^^^^^ could not find `Win32` in `windows`
[INFO] [stdout] 
[INFO] [stdout] 
[INFO] [stdout] error[E0433]: cannot find `Win32` in `windows`
[INFO] [stdout]   --> src/placement.rs:23:14
[INFO] [stdout]    |
[INFO] [stdout] 23 | use windows::Win32::UI::WindowsAndMessaging::*;
[INFO] [stdout]    |              ^^^^^ could not find `Win32` in `windows`
[INFO] [stdout] 
[INFO] [stdout] 
[INFO] [stdout] error[E0432]: unresolved import `windows::core`
[INFO] [stdout]   --> src/placement.rs:18:14
[INFO] [stdout]    |
[INFO] [stdout] 18 | use windows::core::PWSTR;
[INFO] [stdout]    |              ^^^^ could not find `core` in `windows`
[INFO] [stdout] 
[INFO] [stdout] 
[INFO] [stdout] error[E0433]: cannot find `Win32` in `windows`
[INFO] [stdout]   --> src/main.rs:24:14
[INFO] [stdout]    |
[INFO] [stdout] 24 | use windows::Win32::Foundation::*;
[INFO] [stdout]    |              ^^^^^ could not find `Win32` in `windows`
[INFO] [stdout] 
[INFO] [stdout] 
[INFO] [stdout] error[E0433]: cannot find `Win32` in `windows`
[INFO] [stdout]   --> src/main.rs:25:14
[INFO] [stdout]    |
[INFO] [stdout] 25 | use windows::Win32::Graphics::Gdi::*;
[INFO] [stdout]    |              ^^^^^ could not find `Win32` in `windows`
[INFO] [stdout] 
[INFO] [stdout] 
[INFO] [stdout] error[E0433]: cannot find `Win32` in `windows`
[INFO] [stdout]   --> src/main.rs:26:14
[INFO] [stdout]    |
[INFO] [stdout] 26 | use windows::Win32::System::LibraryLoader::GetModuleHandleW;
[INFO] [stdout]    |              ^^^^^ could not find `Win32` in `windows`
[INFO] [stdout] 
[INFO] [stdout] 
[INFO] [stdout] error[E0433]: cannot find `Win32` in `windows`
[INFO] [stdout]   --> src/main.rs:27:14
[INFO] [stdout]    |
[INFO] [stdout] 27 | use windows::Win32::System::Threading::*;
[INFO] [stdout]    |              ^^^^^ could not find `Win32` in `windows`
[INFO] [stdout] 
[INFO] [stdout] 
[INFO] [stdout] error[E0433]: cannot find `Win32` in `windows`
[INFO] [stdout]   --> src/main.rs:28:14
[INFO] [stdout]    |
[INFO] [stdout] 28 | use windows::Win32::UI::Accessibility::*;
[INFO] [stdout]    |              ^^^^^ could not find `Win32` in `windows`
[INFO] [stdout] 
[INFO] [stdout] 
[INFO] [stdout] error[E0433]: cannot find `Win32` in `windows`
[INFO] [stdout]   --> src/main.rs:29:14
[INFO] [stdout]    |
[INFO] [stdout] 29 | use windows::Win32::UI::HiDpi::*;
[INFO] [stdout]    |              ^^^^^ could not find `Win32` in `windows`
[INFO] [stdout] 
[INFO] [stdout] 
[INFO] [stdout] error[E0433]: cannot find `Win32` in `windows`
[INFO] [stdout]   --> src/main.rs:30:14
[INFO] [stdout]    |
[INFO] [stdout] 30 | use windows::Win32::UI::Input::KeyboardAndMouse::*;
[INFO] [stdout]    |              ^^^^^ could not find `Win32` in `windows`
[INFO] [stdout] 
[INFO] [stdout] 
[INFO] [stdout] error[E0433]: cannot find `Win32` in `windows`
[INFO] [stdout]   --> src/main.rs:31:14
[INFO] [stdout]    |
[INFO] [stdout] 31 | use windows::Win32::UI::WindowsAndMessaging::*;
[INFO] [stdout]    |              ^^^^^ could not find `Win32` in `windows`
[INFO] [stdout] 
[INFO] [stdout] 
[INFO] [stdout] error[E0432]: unresolved import `windows::core`
[INFO] [stdout]   --> src/main.rs:23:14
[INFO] [stdout]    |
[INFO] [stdout] 23 | use windows::core::*;
[INFO] [stdout]    |              ^^^^ could not find `core` in `windows`
[INFO] [stdout] 
[INFO] [stdout] 
[INFO] [stdout] error: cannot find macro `w` in this scope
[INFO] [stdout]    --> src/main.rs:190:26
[INFO] [stdout]     |
[INFO] [stdout] 190 |         let class_name = w!("ccpet_window");
[INFO] [stdout]     |                          ^
[INFO] [stdout] 
[INFO] [stdout] 
[INFO] [stdout] error: cannot find macro `w` in this scope
[INFO] [stdout]    --> src/main.rs:211:13
[INFO] [stdout]     |
[INFO] [stdout] 211 |             w!("ccpet"),
[INFO] [stdout]     |             ^
[INFO] [stdout] 
[INFO] [stdout] 
[INFO] [stdout] error: cannot find macro `w` in this scope
[INFO] [stdout]    --> src/main.rs:190:26
[INFO] [stdout]     |
[INFO] [stdout] 190 |         let class_name = w!("ccpet_window");
[INFO] [stdout]     |                          ^
[INFO] [stdout] 
[INFO] [stdout] 
[INFO] [stdout] error: cannot find macro `w` in this scope
[INFO] [stdout]    --> src/main.rs:211:13
[INFO] [stdout]     |
[INFO] [stdout] 211 |             w!("ccpet"),
[INFO] [stdout]     |             ^
[INFO] [stdout] 
[INFO] [stdout] 
[INFO] [stdout] error[E0107]: enum takes 2 generic arguments but 1 generic argument was supplied
[INFO] [stdout]    --> src/main.rs:183:14
[INFO] [stdout]     |
[INFO] [stdout] 183 | fn main() -> Result<()> {
[INFO] [stdout]     |              ^^^^^^ -- supplied 1 generic argument
[INFO] [stdout]     |              |
[INFO] [stdout]     |              expected 2 generic arguments
[INFO] [stdout]     |
[INFO] [stdout] help: add missing generic argument
[INFO] [stdout]     |
[INFO] [stdout] 183 | fn main() -> Result<(), E> {
[INFO] [stdout]     |                       +++
[INFO] [stdout] 
[INFO] [stdout] 
[INFO] [stdout] error[E0107]: enum takes 2 generic arguments but 1 generic argument was supplied
[INFO] [stdout]    --> src/main.rs:645:75
[INFO] [stdout]     |
[INFO] [stdout] 645 | unsafe fn present(hwnd: HWND, mem_dc: HDC, w: u32, h: u32, pos: POINT) -> Result<()> {
[INFO] [stdout]     |                                                                           ^^^^^^ -- supplied 1 generic argument
[INFO] [stdout]     |                                                                           |
[INFO] [stdout]     |                                                                           expected 2 generic arguments
[INFO] [stdout]     |
[INFO] [stdout] help: add missing generic argument
[INFO] [stdout]     |
[INFO] [stdout] 645 | unsafe fn present(hwnd: HWND, mem_dc: HDC, w: u32, h: u32, pos: POINT) -> Result<(), E> {
[INFO] [stdout]     |                                                                                    +++
[INFO] [stdout] 
[INFO] [stdout] 
[INFO] [stdout] error[E0107]: enum takes 2 generic arguments but 1 generic argument was supplied
[INFO] [stdout]    --> src/main.rs:183:14
[INFO] [stdout]     |
[INFO] [stdout] 183 | fn main() -> Result<()> {
[INFO] [stdout]     |              ^^^^^^ -- supplied 1 generic argument
[INFO] [stdout]     |              |
[INFO] [stdout]     |              expected 2 generic arguments
[INFO] [stdout]     |
[INFO] [stdout] help: add missing generic argument
[INFO] [stdout]     |
[INFO] [stdout] 183 | fn main() -> Result<(), E> {
[INFO] [stdout]     |                       +++
[INFO] [stdout] 
[INFO] [stdout] 
[INFO] [stdout] error[E0107]: enum takes 2 generic arguments but 1 generic argument was supplied
[INFO] [stdout]    --> src/main.rs:645:75
[INFO] [stdout]     |
[INFO] [stdout] 645 | unsafe fn present(hwnd: HWND, mem_dc: HDC, w: u32, h: u32, pos: POINT) -> Result<()> {
[INFO] [stdout]     |                                                                           ^^^^^^ -- supplied 1 generic argument
[INFO] [stdout]     |                                                                           |
[INFO] [stdout]     |                                                                           expected 2 generic arguments
[INFO] [stdout]     |
[INFO] [stdout] help: add missing generic argument
[INFO] [stdout]     |
[INFO] [stdout] 645 | unsafe fn present(hwnd: HWND, mem_dc: HDC, w: u32, h: u32, pos: POINT) -> Result<(), E> {
[INFO] [stdout]     |                                                                                    +++
[INFO] [stdout] 
[INFO] [stdout] 
[INFO] [stdout] Some errors have detailed explanations: E0107, E0432, E0433.
[INFO] [stdout] 
[INFO] [stdout] For more information about an error, try `rustc --explain E0107`.
[INFO] [stdout] 
[INFO] [stderr] error: could not compile `ccpet` (bin "ccpet") due to 19 previous errors
[INFO] [stderr] warning: build failed, waiting for other jobs to finish...
[INFO] [stdout] Some errors have detailed explanations: E0107, E0432, E0433.
[INFO] [stdout] 
[INFO] [stdout] For more information about an error, try `rustc --explain E0107`.
[INFO] [stdout] 
[INFO] [stderr] error: could not compile `ccpet` (bin "ccpet" test) due to 19 previous errors
[INFO] running `Command { std: "docker" "inspect" "1f52e27fb2d7a77c06d0452ba43ebc32b6da7ddffe74a402dd27947867817059", kill_on_drop: false }`
[INFO] running `Command { std: "docker" "rm" "-f" "1f52e27fb2d7a77c06d0452ba43ebc32b6da7ddffe74a402dd27947867817059", kill_on_drop: false }`
[INFO] [stdout] 1f52e27fb2d7a77c06d0452ba43ebc32b6da7ddffe74a402dd27947867817059
