[INFO] cloning repository https://github.com/ErMamone/cli-app
[INFO] running `Command { std: "git" "-c" "credential.helper=" "-c" "credential.helper=/workspace/cargo-home/bin/git-credential-null" "clone" "--bare" "https://github.com/ErMamone/cli-app" "/workspace/cache/git-repos/https%3A%2F%2Fgithub.com%2FErMamone%2Fcli-app", kill_on_drop: false }`
[INFO] [stderr] Cloning into bare repository '/workspace/cache/git-repos/https%3A%2F%2Fgithub.com%2FErMamone%2Fcli-app'...
[INFO] running `Command { std: "git" "rev-parse" "HEAD", kill_on_drop: false }`
[INFO] [stdout] 113b0812ccb03f26c8a390a7c92c7928fdbedfa2
[INFO] checking ErMamone/cli-app against 3154cc1a3e6424e44f438a95007d043ed5ceaaf6+rustflags=-Znext-solver=coherence for pr-133502-30
[INFO] running `Command { std: "git" "clone" "/workspace/cache/git-repos/https%3A%2F%2Fgithub.com%2FErMamone%2Fcli-app" "/workspace/builds/worker-2-tc1/source", kill_on_drop: false }`
[INFO] [stderr] Cloning into '/workspace/builds/worker-2-tc1/source'...
[INFO] [stderr] done.
[INFO] started tweaking git repo https://github.com/ErMamone/cli-app
[INFO] finished tweaking git repo https://github.com/ErMamone/cli-app
[INFO] tweaked toml for git repo https://github.com/ErMamone/cli-app written to /workspace/builds/worker-2-tc1/source/Cargo.toml
[INFO] validating manifest of git repo https://github.com/ErMamone/cli-app on toolchain 3154cc1a3e6424e44f438a95007d043ed5ceaaf6
[INFO] running `Command { std: CARGO_HOME="/workspace/cargo-home" RUSTUP_HOME="/workspace/rustup-home" "/workspace/cargo-home/bin/cargo" "+3154cc1a3e6424e44f438a95007d043ed5ceaaf6" "metadata" "--manifest-path" "Cargo.toml" "--no-deps", kill_on_drop: false }`
[INFO] crate git repo https://github.com/ErMamone/cli-app already has a lockfile, it will not be regenerated
[INFO] running `Command { std: CARGO_HOME="/workspace/cargo-home" RUSTUP_HOME="/workspace/rustup-home" "/workspace/cargo-home/bin/cargo" "+3154cc1a3e6424e44f438a95007d043ed5ceaaf6" "fetch" "--manifest-path" "Cargo.toml", kill_on_drop: false }`
[INFO] [stderr]  Downloading crates ...
[INFO] [stderr]   Downloaded clap v4.6.4
[INFO] [stderr]   Downloaded clap_builder v4.6.2
[INFO] running `Command { std: "docker" "create" "-v" "/var/lib/crater-agent-workspace/builds/worker-2-tc1/source:/opt/rustwide/workdir:ro,Z" "-v" "/var/lib/crater-agent-workspace/builds/worker-2-tc1/target:/opt/rustwide/target:rw,Z" "-v" "/var/lib/crater-agent-workspace/cargo-home:/opt/rustwide/cargo-home:ro,Z" "-v" "/var/lib/crater-agent-workspace/rustup-home:/opt/rustwide/rustup-home:ro,Z" "-m" "1610612736" "--network" "none" "ghcr.io/rust-lang/crates-build-env/linux@sha256:77db811e55d90add9212f6832c23229e3de5f1c1f9905e8cb07319ea15df73ac" "sleep" "infinity", kill_on_drop: false }`
[INFO] [stdout] 0027f4d1cb84a609e3ea62b239bc303a3c637783c517200c6561ff3347a2762f
[INFO] running `Command { std: "docker" "start" "0027f4d1cb84a609e3ea62b239bc303a3c637783c517200c6561ff3347a2762f", kill_on_drop: false }`
[INFO] running `Command { std: "docker" "inspect" "0027f4d1cb84a609e3ea62b239bc303a3c637783c517200c6561ff3347a2762f", kill_on_drop: false }`
[INFO] running `Command { std: "docker" "exec" "-e" "SOURCE_DIR=/opt/rustwide/workdir" "-e" "CARGO_HOME=/opt/rustwide/cargo-home" "-e" "RUSTUP_HOME=/opt/rustwide/rustup-home" "-e" "CARGO_TARGET_DIR=/opt/rustwide/target" "-w" "/opt/rustwide/workdir" "--user" "0:0" "0027f4d1cb84a609e3ea62b239bc303a3c637783c517200c6561ff3347a2762f" "/opt/rustwide/cargo-home/bin/cargo" "+3154cc1a3e6424e44f438a95007d043ed5ceaaf6" "metadata" "--no-deps" "--format-version=1", kill_on_drop: false }`
[INFO] running `Command { std: "docker" "inspect" "0027f4d1cb84a609e3ea62b239bc303a3c637783c517200c6561ff3347a2762f", kill_on_drop: false }`
[INFO] running `Command { std: "docker" "exec" "-e" "SOURCE_DIR=/opt/rustwide/workdir" "-e" "CARGO_HOME=/opt/rustwide/cargo-home" "-e" "RUSTUP_HOME=/opt/rustwide/rustup-home" "-e" "CARGO_TARGET_DIR=/opt/rustwide/target" "-e" "CARGO_INCREMENTAL=0" "-e" "RUST_BACKTRACE=full" "-e" "RUSTFLAGS=--cap-lints=forbid -Znext-solver=coherence" "-e" "RUSTDOCFLAGS=--cap-lints=forbid" "-w" "/opt/rustwide/workdir" "--user" "0:0" "0027f4d1cb84a609e3ea62b239bc303a3c637783c517200c6561ff3347a2762f" "/opt/rustwide/cargo-home/bin/cargo" "+3154cc1a3e6424e44f438a95007d043ed5ceaaf6" "check" "--frozen" "--all" "--all-targets" "--message-format=json", kill_on_drop: false }`
[INFO] [stderr]    Compiling num-traits v0.2.19
[INFO] [stderr]     Checking iana-time-zone v0.1.65
[INFO] [stderr]    Compiling syn v3.0.3
[INFO] [stderr]     Checking clap_builder v4.6.2
[INFO] [stderr]     Checking chrono v0.4.45
[INFO] [stderr]     Checking logstats-core v0.1.0 (/opt/rustwide/workdir/core)
[INFO] [stdout] warning: unused import: `std::fmt::Debug`
[INFO] [stdout]   --> core/src/lib.rs:17:5
[INFO] [stdout]    |
[INFO] [stdout] 17 | use std::fmt::Debug;
[INFO] [stdout]    |     ^^^^^^^^^^^^^^^
[INFO] [stdout]    |
[INFO] [stdout]    = note: `#[warn(unused_imports)]` (part of `#[warn(unused)]`) on by default
[INFO] [stdout] 
[INFO] [stdout] 
[INFO] [stdout] warning: unused import: `detectar_nivel`
[INFO] [stdout]   --> core/src/lib.rs:21:21
[INFO] [stdout]    |
[INFO] [stdout] 21 | use crate::parser::{detectar_nivel, parsear_linea};
[INFO] [stdout]    |                     ^^^^^^^^^^^^^^
[INFO] [stdout] 
[INFO] [stdout] 
[INFO] [stdout] warning: unused import: `std::fmt::Debug`
[INFO] [stdout]   --> core/src/lib.rs:17:5
[INFO] [stdout]    |
[INFO] [stdout] 17 | use std::fmt::Debug;
[INFO] [stdout]    |     ^^^^^^^^^^^^^^^
[INFO] [stdout]    |
[INFO] [stdout]    = note: `#[warn(unused_imports)]` (part of `#[warn(unused)]`) on by default
[INFO] [stdout] 
[INFO] [stdout] 
[INFO] [stdout] warning: unused import: `detectar_nivel`
[INFO] [stdout]   --> core/src/lib.rs:21:21
[INFO] [stdout]    |
[INFO] [stdout] 21 | use crate::parser::{detectar_nivel, parsear_linea};
[INFO] [stdout]    |                     ^^^^^^^^^^^^^^
[INFO] [stdout] 
[INFO] [stdout] 
[INFO] [stdout] error[E0061]: this function takes 1 argument but 0 arguments were supplied
[INFO] [stdout]   --> core/src/lib.rs:54:22
[INFO] [stdout]    |
[INFO] [stdout] 54 |         por_mensaje: parsear_linea()
[INFO] [stdout]    |                      ^^^^^^^^^^^^^-- argument #1 of type `&str` is missing
[INFO] [stdout]    |
[INFO] [stdout] note: function defined here
[INFO] [stdout]   --> core/src/parser.rs:5:8
[INFO] [stdout]    |
[INFO] [stdout]  5 | pub fn parsear_linea(linea: &str) -> Option<LogEntry> {
[INFO] [stdout]    |        ^^^^^^^^^^^^^ -----------
[INFO] [stdout] help: provide the argument
[INFO] [stdout]    |
[INFO] [stdout] 54 |         por_mensaje: parsear_linea(/* &str */)
[INFO] [stdout]    |                                    ++++++++++
[INFO] [stdout] 
[INFO] [stdout] 
[INFO] [stdout] error[E0061]: this function takes 1 argument but 0 arguments were supplied
[INFO] [stdout]   --> core/src/lib.rs:54:22
[INFO] [stdout]    |
[INFO] [stdout] 54 |         por_mensaje: parsear_linea()
[INFO] [stdout]    |                      ^^^^^^^^^^^^^-- argument #1 of type `&str` is missing
[INFO] [stdout]    |
[INFO] [stdout] note: function defined here
[INFO] [stdout]   --> core/src/parser.rs:5:8
[INFO] [stdout]    |
[INFO] [stdout]  5 | pub fn parsear_linea(linea: &str) -> Option<LogEntry> {
[INFO] [stdout]    |        ^^^^^^^^^^^^^ -----------
[INFO] [stdout] help: provide the argument
[INFO] [stdout]    |
[INFO] [stdout] 54 |         por_mensaje: parsear_linea(/* &str */)
[INFO] [stdout]    |                                    ++++++++++
[INFO] [stdout] 
[INFO] [stdout] 
[INFO] [stdout] error[E0308]: mismatched types
[INFO] [stdout]   --> core/src/lib.rs:54:22
[INFO] [stdout]    |
[INFO] [stdout] 54 |         por_mensaje: parsear_linea()
[INFO] [stdout]    |                      ^^^^^^^^^^^^^^^ expected `HashMap<String, usize>`, found `Option<LogEntry>`
[INFO] [stdout]    |
[INFO] [stdout]    = note: expected struct `HashMap<String, usize>`
[INFO] [stdout]                 found enum `Option<LogEntry>`
[INFO] [stdout] 
[INFO] [stdout] 
[INFO] [stdout] error[E0308]: mismatched types
[INFO] [stdout]   --> core/src/lib.rs:54:22
[INFO] [stdout]    |
[INFO] [stdout] 54 |         por_mensaje: parsear_linea()
[INFO] [stdout]    |                      ^^^^^^^^^^^^^^^ expected `HashMap<String, usize>`, found `Option<LogEntry>`
[INFO] [stdout]    |
[INFO] [stdout]    = note: expected struct `HashMap<String, usize>`
[INFO] [stdout]                 found enum `Option<LogEntry>`
[INFO] [stdout] 
[INFO] [stdout] 
[INFO] [stdout] warning: unused variable: `reporte`
[INFO] [stdout]   --> core/src/stats.rs:20:21
[INFO] [stdout]    |
[INFO] [stdout] 20 | pub fn top_mensajes(reporte: &Reporte, n: usize) -> Vec<(String, usize)> {
[INFO] [stdout]    |                     ^^^^^^^ help: if this is intentional, prefix it with an underscore: `_reporte`
[INFO] [stdout]    |
[INFO] [stdout]    = note: `#[warn(unused_variables)]` (part of `#[warn(unused)]`) on by default
[INFO] [stdout] 
[INFO] [stdout] 
[INFO] [stdout] warning: unused variable: `n`
[INFO] [stdout]   --> core/src/stats.rs:20:40
[INFO] [stdout]    |
[INFO] [stdout] 20 | pub fn top_mensajes(reporte: &Reporte, n: usize) -> Vec<(String, usize)> {
[INFO] [stdout]    |                                        ^ help: if this is intentional, prefix it with an underscore: `_n`
[INFO] [stdout] 
[INFO] [stdout] 
[INFO] [stdout] Some errors have detailed explanations: E0061, E0308.
[INFO] [stdout] 
[INFO] [stdout] For more information about an error, try `rustc --explain E0061`.
[INFO] [stdout] 
[INFO] [stdout] warning: unused variable: `reporte`
[INFO] [stdout]   --> core/src/stats.rs:20:21
[INFO] [stdout]    |
[INFO] [stdout] 20 | pub fn top_mensajes(reporte: &Reporte, n: usize) -> Vec<(String, usize)> {
[INFO] [stdout]    |                     ^^^^^^^ help: if this is intentional, prefix it with an underscore: `_reporte`
[INFO] [stdout]    |
[INFO] [stdout]    = note: `#[warn(unused_variables)]` (part of `#[warn(unused)]`) on by default
[INFO] [stdout] 
[INFO] [stdout] 
[INFO] [stdout] warning: unused variable: `n`
[INFO] [stdout]   --> core/src/stats.rs:20:40
[INFO] [stdout]    |
[INFO] [stdout] 20 | pub fn top_mensajes(reporte: &Reporte, n: usize) -> Vec<(String, usize)> {
[INFO] [stdout]    |                                        ^ help: if this is intentional, prefix it with an underscore: `_n`
[INFO] [stdout] 
[INFO] [stdout] 
[INFO] [stdout] Some errors have detailed explanations: E0061, E0308.
[INFO] [stdout] 
[INFO] [stdout] For more information about an error, try `rustc --explain E0061`.
[INFO] [stdout] 
[INFO] [stderr] error: could not compile `logstats-core` (lib) due to 2 previous errors; 4 warnings emitted
[INFO] [stderr] warning: build failed, waiting for other jobs to finish...
[INFO] [stderr] error: could not compile `logstats-core` (lib test) due to 2 previous errors; 4 warnings emitted
[INFO] running `Command { std: "docker" "inspect" "0027f4d1cb84a609e3ea62b239bc303a3c637783c517200c6561ff3347a2762f", kill_on_drop: false }`
[INFO] running `Command { std: "docker" "rm" "-f" "0027f4d1cb84a609e3ea62b239bc303a3c637783c517200c6561ff3347a2762f", kill_on_drop: false }`
[INFO] [stdout] 0027f4d1cb84a609e3ea62b239bc303a3c637783c517200c6561ff3347a2762f
