[INFO] cloning repository https://github.com/ElectronicWave/Elemental
[INFO] running `Command { std: "git" "-c" "credential.helper=" "-c" "credential.helper=/workspace/cargo-home/bin/git-credential-null" "clone" "--bare" "https://github.com/ElectronicWave/Elemental" "/workspace/cache/git-repos/https%3A%2F%2Fgithub.com%2FElectronicWave%2FElemental", kill_on_drop: false }`
[INFO] [stderr] Cloning into bare repository '/workspace/cache/git-repos/https%3A%2F%2Fgithub.com%2FElectronicWave%2FElemental'...
[INFO] running `Command { std: "git" "rev-parse" "HEAD", kill_on_drop: false }`
[INFO] [stdout] 755e9356bd480132583bffb5bfacd5d5b129175e
[INFO] checking ElectronicWave/Elemental against 3154cc1a3e6424e44f438a95007d043ed5ceaaf6+rustflags=-Znext-solver=coherence for pr-133502-30
[INFO] running `Command { std: "git" "clone" "/workspace/cache/git-repos/https%3A%2F%2Fgithub.com%2FElectronicWave%2FElemental" "/workspace/builds/worker-1-tc1/source", kill_on_drop: false }`
[INFO] [stderr] Cloning into '/workspace/builds/worker-1-tc1/source'...
[INFO] [stderr] done.
[INFO] started tweaking git repo https://github.com/ElectronicWave/Elemental
[INFO] finished tweaking git repo https://github.com/ElectronicWave/Elemental
[INFO] tweaked toml for git repo https://github.com/ElectronicWave/Elemental written to /workspace/builds/worker-1-tc1/source/Cargo.toml
[INFO] validating manifest of git repo https://github.com/ElectronicWave/Elemental on toolchain 3154cc1a3e6424e44f438a95007d043ed5ceaaf6
[INFO] running `Command { std: CARGO_HOME="/workspace/cargo-home" RUSTUP_HOME="/workspace/rustup-home" "/workspace/cargo-home/bin/cargo" "+3154cc1a3e6424e44f438a95007d043ed5ceaaf6" "metadata" "--manifest-path" "Cargo.toml" "--no-deps", kill_on_drop: false }`
[INFO] crate git repo https://github.com/ElectronicWave/Elemental already has a lockfile, it will not be regenerated
[INFO] running `Command { std: CARGO_HOME="/workspace/cargo-home" RUSTUP_HOME="/workspace/rustup-home" "/workspace/cargo-home/bin/cargo" "+3154cc1a3e6424e44f438a95007d043ed5ceaaf6" "fetch" "--manifest-path" "Cargo.toml", kill_on_drop: false }`
[INFO] [stderr] warning: `package.homepage` is redundant with `package.repository`
[INFO] [stderr]  --> crates/launcher/Cargo.toml:6:12
[INFO] [stderr]   |
[INFO] [stderr] 5 | repository = "https://github.com/ElectronicWave/Elemental"
[INFO] [stderr]   |              ---------------------------------------------
[INFO] [stderr] 6 | homepage = "https://github.com/ElectronicWave/Elemental"
[INFO] [stderr]   |            ^^^^^^^^^^^^^^^^^^^^^^^^^^^^^^^^^^^^^^^^^^^^^
[INFO] [stderr]   |
[INFO] [stderr]   = note: `cargo::redundant_homepage` is set to `warn` by default
[INFO] [stderr] help: consider removing `package.homepage`
[INFO] [stderr] warning: `elemental-launcher` (manifest) generated 1 warning
[INFO] [stderr] warning: `package.homepage` is redundant with `package.repository`
[INFO] [stderr]  --> crates/elemental/Cargo.toml:6:12
[INFO] [stderr]   |
[INFO] [stderr] 5 | repository = "https://github.com/ElectronicWave/Elemental"
[INFO] [stderr]   |              ---------------------------------------------
[INFO] [stderr] 6 | homepage = "https://github.com/ElectronicWave/Elemental"
[INFO] [stderr]   |            ^^^^^^^^^^^^^^^^^^^^^^^^^^^^^^^^^^^^^^^^^^^^^
[INFO] [stderr]   |
[INFO] [stderr]   = note: `cargo::redundant_homepage` is set to `warn` by default
[INFO] [stderr] help: consider removing `package.homepage`
[INFO] [stderr] warning: `elemental-kit` (manifest) generated 1 warning
[INFO] [stderr] warning: `package.homepage` is redundant with `package.repository`
[INFO] [stderr]  --> crates/shared/Cargo.toml:6:12
[INFO] [stderr]   |
[INFO] [stderr] 5 | repository = "https://github.com/ElectronicWave/Elemental"
[INFO] [stderr]   |              ---------------------------------------------
[INFO] [stderr] 6 | homepage = "https://github.com/ElectronicWave/Elemental"
[INFO] [stderr]   |            ^^^^^^^^^^^^^^^^^^^^^^^^^^^^^^^^^^^^^^^^^^^^^
[INFO] [stderr]   |
[INFO] [stderr]   = note: `cargo::redundant_homepage` is set to `warn` by default
[INFO] [stderr] help: consider removing `package.homepage`
[INFO] [stderr] warning: `elemental-shared` (manifest) generated 1 warning
[INFO] [stderr] warning: `package.homepage` is redundant with `package.repository`
[INFO] [stderr]  --> crates/driver/Cargo.toml:6:12
[INFO] [stderr]   |
[INFO] [stderr] 5 | repository = "https://github.com/ElectronicWave/Elemental"
[INFO] [stderr]   |              ---------------------------------------------
[INFO] [stderr] 6 | homepage = "https://github.com/ElectronicWave/Elemental"
[INFO] [stderr]   |            ^^^^^^^^^^^^^^^^^^^^^^^^^^^^^^^^^^^^^^^^^^^^^
[INFO] [stderr]   |
[INFO] [stderr]   = note: `cargo::redundant_homepage` is set to `warn` by default
[INFO] [stderr] help: consider removing `package.homepage`
[INFO] [stderr] warning: `elemental-driver` (manifest) generated 1 warning
[INFO] [stderr] warning: `package.homepage` is redundant with `package.repository`
[INFO] [stderr]  --> crates/schema/Cargo.toml:6:12
[INFO] [stderr]   |
[INFO] [stderr] 5 | repository = "https://github.com/ElectronicWave/Elemental"
[INFO] [stderr]   |              ---------------------------------------------
[INFO] [stderr] 6 | homepage = "https://github.com/ElectronicWave/Elemental"
[INFO] [stderr]   |            ^^^^^^^^^^^^^^^^^^^^^^^^^^^^^^^^^^^^^^^^^^^^^
[INFO] [stderr]   |
[INFO] [stderr]   = note: `cargo::redundant_homepage` is set to `warn` by default
[INFO] [stderr] help: consider removing `package.homepage`
[INFO] [stderr] warning: `elemental-schema` (manifest) generated 1 warning
[INFO] [stderr] warning: `package.homepage` is redundant with `package.repository`
[INFO] [stderr]  --> crates/object/Cargo.toml:6:12
[INFO] [stderr]   |
[INFO] [stderr] 5 | repository = "https://github.com/ElectronicWave/Elemental"
[INFO] [stderr]   |              ---------------------------------------------
[INFO] [stderr] 6 | homepage = "https://github.com/ElectronicWave/Elemental"
[INFO] [stderr]   |            ^^^^^^^^^^^^^^^^^^^^^^^^^^^^^^^^^^^^^^^^^^^^^
[INFO] [stderr]   |
[INFO] [stderr]   = note: `cargo::redundant_homepage` is set to `warn` by default
[INFO] [stderr] help: consider removing `package.homepage`
[INFO] [stderr] warning: `elemental-object` (manifest) generated 1 warning
[INFO] [stderr] warning: `package.homepage` is redundant with `package.repository`
[INFO] [stderr]  --> crates/core/Cargo.toml:6:12
[INFO] [stderr]   |
[INFO] [stderr] 5 | repository = "https://github.com/ElectronicWave/Elemental"
[INFO] [stderr]   |              ---------------------------------------------
[INFO] [stderr] 6 | homepage = "https://github.com/ElectronicWave/Elemental"
[INFO] [stderr]   |            ^^^^^^^^^^^^^^^^^^^^^^^^^^^^^^^^^^^^^^^^^^^^^
[INFO] [stderr]   |
[INFO] [stderr]   = note: `cargo::redundant_homepage` is set to `warn` by default
[INFO] [stderr] help: consider removing `package.homepage`
[INFO] [stderr] warning: `elemental-core` (manifest) generated 1 warning
[INFO] [stderr] warning: `package.homepage` is redundant with `package.repository`
[INFO] [stderr]  --> crates/infra/Cargo.toml:6:12
[INFO] [stderr]   |
[INFO] [stderr] 5 | repository = "https://github.com/ElectronicWave/Elemental"
[INFO] [stderr]   |              ---------------------------------------------
[INFO] [stderr] 6 | homepage = "https://github.com/ElectronicWave/Elemental"
[INFO] [stderr]   |            ^^^^^^^^^^^^^^^^^^^^^^^^^^^^^^^^^^^^^^^^^^^^^
[INFO] [stderr]   |
[INFO] [stderr]   = note: `cargo::redundant_homepage` is set to `warn` by default
[INFO] [stderr] help: consider removing `package.homepage`
[INFO] [stderr] warning: `elemental-infra` (manifest) generated 1 warning
[INFO] [stderr]     Updating crates.io index
[INFO] [stderr]  Downloading crates ...
[INFO] [stderr]   Downloaded saa v5.6.0
[INFO] [stderr]   Downloaded sdd v4.8.6
[INFO] [stderr]   Downloaded rustls-webpki v0.103.12
[INFO] [stderr]   Downloaded scc v3.8.8
[INFO] [stderr]   Downloaded zip v9.0.0
[INFO] [stderr]   Downloaded zlib-rs v0.6.3
[INFO] [stderr]   Downloaded toml v1.1.8+spec-1.1.0
[INFO] [stderr]   Downloaded toml_writer v1.1.3+spec-1.1.0
[INFO] [stderr]   Downloaded serde_spanned v1.1.2
[INFO] [stderr]   Downloaded toml_parser v1.1.5+spec-1.1.0
[INFO] [stderr]   Downloaded toml_datetime v1.1.2+spec-1.1.0
[INFO] [stderr]   Downloaded winreg v0.56.0
[INFO] [stderr]   Downloaded oauth2 v5.0.0
[INFO] [stderr]   Downloaded rs-release v0.1.11
[INFO] [stderr]   Downloaded kinded v0.5.0
[INFO] [stderr]   Downloaded nutype_macros v0.7.0
[INFO] [stderr]   Downloaded minecraft-msa-auth v0.5.0
[INFO] [stderr]   Downloaded kinded_macros v0.5.0
[INFO] [stderr]   Downloaded getset v0.1.6
[INFO] [stderr]   Downloaded maybe-async v0.2.11
[INFO] [stderr]   Downloaded nutype v0.7.0
[INFO] [stderr]   Downloaded digest v0.11.2
[INFO] [stderr]   Downloaded hybrid-array v0.4.10
[INFO] running `Command { std: "docker" "create" "-v" "/var/lib/crater-agent-workspace/builds/worker-1-tc1/source:/opt/rustwide/workdir:ro,Z" "-v" "/var/lib/crater-agent-workspace/builds/worker-1-tc1/target:/opt/rustwide/target:rw,Z" "-v" "/var/lib/crater-agent-workspace/cargo-home:/opt/rustwide/cargo-home:ro,Z" "-v" "/var/lib/crater-agent-workspace/rustup-home:/opt/rustwide/rustup-home:ro,Z" "-m" "1610612736" "--network" "none" "ghcr.io/rust-lang/crates-build-env/linux@sha256:77db811e55d90add9212f6832c23229e3de5f1c1f9905e8cb07319ea15df73ac" "sleep" "infinity", kill_on_drop: false }`
[INFO] [stdout] b289e5aee5c9a14121a3853a52d9592765a3873dbcf6aa26b1013242dce9b435
[INFO] running `Command { std: "docker" "start" "b289e5aee5c9a14121a3853a52d9592765a3873dbcf6aa26b1013242dce9b435", kill_on_drop: false }`
[INFO] running `Command { std: "docker" "inspect" "b289e5aee5c9a14121a3853a52d9592765a3873dbcf6aa26b1013242dce9b435", kill_on_drop: false }`
[INFO] running `Command { std: "docker" "exec" "-e" "SOURCE_DIR=/opt/rustwide/workdir" "-e" "CARGO_HOME=/opt/rustwide/cargo-home" "-e" "RUSTUP_HOME=/opt/rustwide/rustup-home" "-e" "CARGO_TARGET_DIR=/opt/rustwide/target" "-w" "/opt/rustwide/workdir" "--user" "0:0" "b289e5aee5c9a14121a3853a52d9592765a3873dbcf6aa26b1013242dce9b435" "/opt/rustwide/cargo-home/bin/cargo" "+3154cc1a3e6424e44f438a95007d043ed5ceaaf6" "metadata" "--no-deps" "--format-version=1", kill_on_drop: false }`
[INFO] running `Command { std: "docker" "inspect" "b289e5aee5c9a14121a3853a52d9592765a3873dbcf6aa26b1013242dce9b435", kill_on_drop: false }`
[INFO] running `Command { std: "docker" "exec" "-e" "SOURCE_DIR=/opt/rustwide/workdir" "-e" "CARGO_HOME=/opt/rustwide/cargo-home" "-e" "RUSTUP_HOME=/opt/rustwide/rustup-home" "-e" "CARGO_TARGET_DIR=/opt/rustwide/target" "-e" "CARGO_INCREMENTAL=0" "-e" "RUST_BACKTRACE=full" "-e" "RUSTFLAGS=--cap-lints=forbid -Znext-solver=coherence" "-e" "RUSTDOCFLAGS=--cap-lints=forbid" "-w" "/opt/rustwide/workdir" "--user" "0:0" "b289e5aee5c9a14121a3853a52d9592765a3873dbcf6aa26b1013242dce9b435" "/opt/rustwide/cargo-home/bin/cargo" "+3154cc1a3e6424e44f438a95007d043ed5ceaaf6" "check" "--frozen" "--all" "--all-targets" "--message-format=json", kill_on_drop: false }`
[INFO] [stderr] warning: `package.homepage` is redundant with `package.repository`
[INFO] [stderr]  --> crates/schema/Cargo.toml:6:12
[INFO] [stderr]   |
[INFO] [stderr] 5 | repository = "https://github.com/ElectronicWave/Elemental"
[INFO] [stderr]   |              ---------------------------------------------
[INFO] [stderr] 6 | homepage = "https://github.com/ElectronicWave/Elemental"
[INFO] [stderr]   |            ^^^^^^^^^^^^^^^^^^^^^^^^^^^^^^^^^^^^^^^^^^^^^
[INFO] [stderr]   |
[INFO] [stderr]   = note: `cargo::redundant_homepage` is set to `warn` by default
[INFO] [stderr] help: consider removing `package.homepage`
[INFO] [stderr] warning: `elemental-schema` (manifest) generated 1 warning
[INFO] [stderr] warning: `package.homepage` is redundant with `package.repository`
[INFO] [stderr]  --> crates/object/Cargo.toml:6:12
[INFO] [stderr]   |
[INFO] [stderr] 5 | repository = "https://github.com/ElectronicWave/Elemental"
[INFO] [stderr]   |              ---------------------------------------------
[INFO] [stderr] 6 | homepage = "https://github.com/ElectronicWave/Elemental"
[INFO] [stderr]   |            ^^^^^^^^^^^^^^^^^^^^^^^^^^^^^^^^^^^^^^^^^^^^^
[INFO] [stderr]   |
[INFO] [stderr]   = note: `cargo::redundant_homepage` is set to `warn` by default
[INFO] [stderr] help: consider removing `package.homepage`
[INFO] [stderr] warning: `elemental-object` (manifest) generated 1 warning
[INFO] [stderr] warning: `package.homepage` is redundant with `package.repository`
[INFO] [stderr]  --> crates/infra/Cargo.toml:6:12
[INFO] [stderr]   |
[INFO] [stderr] 5 | repository = "https://github.com/ElectronicWave/Elemental"
[INFO] [stderr]   |              ---------------------------------------------
[INFO] [stderr] 6 | homepage = "https://github.com/ElectronicWave/Elemental"
[INFO] [stderr]   |            ^^^^^^^^^^^^^^^^^^^^^^^^^^^^^^^^^^^^^^^^^^^^^
[INFO] [stderr]   |
[INFO] [stderr]   = note: `cargo::redundant_homepage` is set to `warn` by default
[INFO] [stderr] help: consider removing `package.homepage`
[INFO] [stderr] warning: `elemental-infra` (manifest) generated 1 warning
[INFO] [stderr] warning: `package.homepage` is redundant with `package.repository`
[INFO] [stderr]  --> crates/core/Cargo.toml:6:12
[INFO] [stderr]   |
[INFO] [stderr] 5 | repository = "https://github.com/ElectronicWave/Elemental"
[INFO] [stderr]   |              ---------------------------------------------
[INFO] [stderr] 6 | homepage = "https://github.com/ElectronicWave/Elemental"
[INFO] [stderr]   |            ^^^^^^^^^^^^^^^^^^^^^^^^^^^^^^^^^^^^^^^^^^^^^
[INFO] [stderr]   |
[INFO] [stderr]   = note: `cargo::redundant_homepage` is set to `warn` by default
[INFO] [stderr] help: consider removing `package.homepage`
[INFO] [stderr] warning: `elemental-core` (manifest) generated 1 warning
[INFO] [stderr] warning: `package.homepage` is redundant with `package.repository`
[INFO] [stderr]  --> crates/launcher/Cargo.toml:6:12
[INFO] [stderr]   |
[INFO] [stderr] 5 | repository = "https://github.com/ElectronicWave/Elemental"
[INFO] [stderr]   |              ---------------------------------------------
[INFO] [stderr] 6 | homepage = "https://github.com/ElectronicWave/Elemental"
[INFO] [stderr]   |            ^^^^^^^^^^^^^^^^^^^^^^^^^^^^^^^^^^^^^^^^^^^^^
[INFO] [stderr]   |
[INFO] [stderr]   = note: `cargo::redundant_homepage` is set to `warn` by default
[INFO] [stderr] help: consider removing `package.homepage`
[INFO] [stderr] warning: `elemental-launcher` (manifest) generated 1 warning
[INFO] [stderr] warning: `package.homepage` is redundant with `package.repository`
[INFO] [stderr]  --> crates/elemental/Cargo.toml:6:12
[INFO] [stderr]   |
[INFO] [stderr] 5 | repository = "https://github.com/ElectronicWave/Elemental"
[INFO] [stderr]   |              ---------------------------------------------
[INFO] [stderr] 6 | homepage = "https://github.com/ElectronicWave/Elemental"
[INFO] [stderr]   |            ^^^^^^^^^^^^^^^^^^^^^^^^^^^^^^^^^^^^^^^^^^^^^
[INFO] [stderr]   |
[INFO] [stderr]   = note: `cargo::redundant_homepage` is set to `warn` by default
[INFO] [stderr] help: consider removing `package.homepage`
[INFO] [stderr] warning: `elemental-kit` (manifest) generated 1 warning
[INFO] [stderr] warning: `package.homepage` is redundant with `package.repository`
[INFO] [stderr]  --> crates/shared/Cargo.toml:6:12
[INFO] [stderr]   |
[INFO] [stderr] 5 | repository = "https://github.com/ElectronicWave/Elemental"
[INFO] [stderr]   |              ---------------------------------------------
[INFO] [stderr] 6 | homepage = "https://github.com/ElectronicWave/Elemental"
[INFO] [stderr]   |            ^^^^^^^^^^^^^^^^^^^^^^^^^^^^^^^^^^^^^^^^^^^^^
[INFO] [stderr]   |
[INFO] [stderr]   = note: `cargo::redundant_homepage` is set to `warn` by default
[INFO] [stderr] help: consider removing `package.homepage`
[INFO] [stderr] warning: `elemental-shared` (manifest) generated 1 warning
[INFO] [stderr] warning: `package.homepage` is redundant with `package.repository`
[INFO] [stderr]  --> crates/driver/Cargo.toml:6:12
[INFO] [stderr]   |
[INFO] [stderr] 5 | repository = "https://github.com/ElectronicWave/Elemental"
[INFO] [stderr]   |              ---------------------------------------------
[INFO] [stderr] 6 | homepage = "https://github.com/ElectronicWave/Elemental"
[INFO] [stderr]   |            ^^^^^^^^^^^^^^^^^^^^^^^^^^^^^^^^^^^^^^^^^^^^^
[INFO] [stderr]   |
[INFO] [stderr]   = note: `cargo::redundant_homepage` is set to `warn` by default
[INFO] [stderr] help: consider removing `package.homepage`
[INFO] [stderr] warning: `elemental-driver` (manifest) generated 1 warning
[INFO] [stderr]    Compiling libc v0.2.185
[INFO] [stderr]    Compiling serde_core v1.0.229
[INFO] [stderr]     Checking bytes v1.11.1
[INFO] [stderr]    Compiling syn v2.0.117
[INFO] [stderr]    Compiling syn v3.0.3
[INFO] [stderr]     Checking zeroize v1.8.2
[INFO] [stderr]    Compiling aws-lc-rs v1.16.3
[INFO] [stderr]     Checking tracing-core v0.1.36
[INFO] [stderr]     Checking rustls-pki-types v1.14.0
[INFO] [stderr]     Checking litemap v0.8.2
[INFO] [stderr]     Checking http v1.4.0
[INFO] [stderr]     Checking writeable v0.6.3
[INFO] [stderr]    Compiling icu_normalizer_data v2.2.0
[INFO] [stderr]    Compiling icu_properties_data v2.2.0
[INFO] [stderr]     Checking hashbrown v0.17.0
[INFO] [stderr]    Compiling serde_json v1.0.151
[INFO] [stderr]    Compiling rustls v0.23.38
[INFO] [stderr]     Checking typenum v1.20.0
[INFO] [stderr]    Compiling jobserver v0.1.34
[INFO] [stderr]     Checking http-body v1.0.1
[INFO] [stderr]     Checking indexmap v2.14.0
[INFO] [stderr]    Compiling cc v1.2.60
[INFO] [stderr]     Checking errno v0.3.14
[INFO] [stderr]     Checking signal-hook-registry v1.4.8
[INFO] [stderr]     Checking socket2 v0.6.3
[INFO] [stderr]     Checking mio v1.2.0
[INFO] [stderr]     Checking getrandom v0.2.17
[INFO] [stderr]     Checking ipnet v2.12.0
[INFO] [stderr]     Checking webpki-roots v1.0.7
[INFO] [stderr]     Checking bitflags v2.11.1
[INFO] [stderr]     Checking iri-string v0.7.12
[INFO] [stderr]    Compiling num-traits v0.2.19
[INFO] [stderr]     Checking http-body-util v0.1.3
[INFO] [stderr]     Checking saa v5.6.0
[INFO] [stderr]    Compiling semver v1.0.28
[INFO] [stderr]    Compiling zerocopy v0.8.48
[INFO] [stderr]     Checking sdd v4.8.6
[INFO] [stderr]    Compiling rustc_version v0.4.1
[INFO] [stderr]     Checking rustls-native-certs v0.8.3
[INFO] [stderr]    Compiling convert_case v0.11.0
[INFO] [stderr]    Compiling cmake v0.1.58
[INFO] [stderr]     Checking generic-array v0.14.7
[INFO] [stderr]    Compiling nutype_macros v0.7.0
[INFO] [stderr]    Compiling aws-lc-sys v0.40.0
[INFO] [stderr]    Compiling ring v0.17.14
[INFO] [stderr]     Checking hybrid-array v0.4.10
[INFO] [stderr]     Checking encoding_rs v0.8.35
[INFO] [stderr]     Checking base64 v0.23.1
[INFO] [stderr]     Checking dirs-sys v0.5.0
[INFO] [stderr]     Checking crypto-common v0.1.7
[INFO] [stderr]     Checking block-buffer v0.10.4
[INFO] [stderr]     Checking rand_core v0.6.4
[INFO] [stderr]    Compiling proc-macro-error-attr2 v2.0.0
[INFO] [stderr]    Compiling urlencoding v2.1.3
[INFO] [stderr]    Compiling synstructure v0.13.2
[INFO] [stderr]    Compiling proc-macro-error2 v2.0.1
[INFO] [stderr]     Checking crypto-common v0.2.1
[INFO] [stderr]     Checking block-buffer v0.12.0
[INFO] [stderr]     Checking digest v0.10.7
[INFO] [stderr]     Checking dirs v7.0.0
[INFO] [stderr]     Checking sha1_smol v1.0.1
[INFO] [stderr]     Checking zlib-rs v0.6.3
[INFO] [stderr]     Checking simd-adler32 v0.3.9
[INFO] [stderr]     Checking konst_macro_rules v0.2.19
[INFO] [stderr]     Checking winnow v1.0.1
[INFO] [stderr]    Compiling serde_derive v1.0.229
[INFO] [stderr]    Compiling futures-macro v0.3.34
[INFO] [stderr]    Compiling async-trait v0.1.92
[INFO] [stderr]     Checking bumpalo v3.20.2
[INFO] [stderr]     Checking futures-util v0.3.34
[INFO] [stderr]     Checking digest v0.11.2
[INFO] [stderr]    Compiling zerofrom-derive v0.1.7
[INFO] [stderr]    Compiling yoke-derive v0.8.2
[INFO] [stderr]    Compiling tokio-macros v2.7.0
[INFO] [stderr]     Checking tokio v1.53.2
[INFO] [stderr]    Compiling zerovec-derive v0.11.3
[INFO] [stderr]    Compiling displaydoc v0.2.5
[INFO] [stderr]     Checking zerofrom v0.1.7
[INFO] [stderr]     Checking yoke v0.8.2
[INFO] [stderr]    Compiling tracing-attributes v0.1.31
[INFO] [stderr]     Checking zerotrie v0.2.4
[INFO] [stderr]    Compiling kinded_macros v0.5.0
[INFO] [stderr]     Checking zerovec v0.11.6
[INFO] [stderr]    Compiling kinded v0.5.0
[INFO] [stderr]     Checking ppv-lite86 v0.2.21
[INFO] [stderr]     Checking tinystr v0.8.3
[INFO] [stderr]     Checking icu_locale_core v2.2.0
[INFO] [stderr]     Checking serde v1.0.229
[INFO] [stderr]     Checking potential_utf v0.1.5
[INFO] [stderr]     Checking futures-executor v0.3.34
[INFO] [stderr]     Checking rand_chacha v0.3.1
[INFO] [stderr]     Checking icu_collections v2.2.0
[INFO] [stderr]     Checking futures v0.3.34
[INFO] [stderr]    Compiling thiserror-impl v1.0.69
[INFO] [stderr]     Checking scc v3.8.8
[INFO] [stderr]     Checking tracing v0.1.44
[INFO] [stderr]     Checking chrono v0.4.45
[INFO] [stderr]     Checking serde_urlencoded v0.7.1
[INFO] [stderr]     Checking icu_provider v2.2.0
[INFO] [stderr]    Compiling thiserror-impl v2.0.18
[INFO] [stderr]     Checking icu_normalizer v2.2.0
[INFO] [stderr]     Checking icu_properties v2.2.0
[INFO] [stderr]     Checking thiserror v1.0.69
[INFO] [stderr]     Checking rand v0.8.6
[INFO] [stderr]    Compiling getset v0.1.6
[INFO] [stderr]    Compiling maybe-async v0.2.11
[INFO] [stderr]     Checking regex-automata v0.4.16
[INFO] [stderr]     Checking sha2 v0.10.9
[INFO] [stderr]     Checking thiserror v2.0.18
[INFO] [stderr]     Checking zopfli v0.8.3
[INFO] [stderr]     Checking idna_adapter v1.2.1
[INFO] [stderr]     Checking idna v1.1.0
[INFO] [stderr]     Checking flate2 v1.1.9
[INFO] [stderr]     Checking url v2.5.8
[INFO] [stderr]     Checking toml_parser v1.1.5+spec-1.1.0
[INFO] [stderr]     Checking sharded-slab v0.1.7
[INFO] [stderr]     Checking konst v0.2.20
[INFO] [stderr]    Compiling const_format_proc_macros v0.2.34
[INFO] [stderr]     Checking tokio-util v0.7.20
[INFO] [stderr]     Checking tower v0.5.3
[INFO] [stderr]     Checking toml_datetime v1.1.2+spec-1.1.0
[INFO] [stderr]     Checking serde_path_to_error v0.1.20
[INFO] [stderr]     Checking serde_spanned v1.1.2
[INFO] [stderr]     Checking tracing-log v0.2.0
[INFO] [stderr]     Checking thread_local v1.1.9
[INFO] [stderr]     Checking tower-http v0.6.8
[INFO] [stderr]     Checking typed-path v0.12.3
[INFO] [stderr]     Checking nu-ansi-term v0.50.3
[INFO] [stderr]     Checking h2 v0.4.13
[INFO] [stderr]     Checking toml_writer v1.1.3+spec-1.1.0
[INFO] [stderr]     Checking const_format v0.2.36
[INFO] [stderr]     Checking tracing-subscriber v0.3.23
[INFO] [stderr]     Checking toml v1.1.8+spec-1.1.0
[INFO] [stderr]     Checking elemental-schema v0.2.0 (/opt/rustwide/workdir/crates/schema)
[INFO] [stderr]     Checking regex v1.13.1
[INFO] [stderr]     Checking md-5 v0.11.0
[INFO] [stderr]     Checking rs-release v0.1.11
[INFO] [stderr]     Checking uuid v1.23.1
[INFO] [stderr]     Checking zip v9.0.0
[INFO] [stderr]     Checking elemental-shared v0.2.0 (/opt/rustwide/workdir/crates/shared)
[INFO] [stderr]     Checking quick-xml v0.42.0
[INFO] [stderr]     Checking utf8parse v0.2.2
[INFO] [stderr]     Checking colorchoice v1.0.5
[INFO] [stderr]     Checking is_terminal_polyfill v1.70.2
[INFO] [stderr]     Checking anstyle-parse v1.0.0
[INFO] [stderr]     Checking anstyle-query v1.1.5
[INFO] [stderr]     Checking elemental-object v0.2.0 (/opt/rustwide/workdir/crates/object)
[INFO] [stderr]     Checking anstream v1.0.0
[INFO] [stderr]     Checking clap_lex v1.1.0
[INFO] [stderr]     Checking strsim v0.11.1
[INFO] [stderr]    Compiling clap_derive v4.6.7
[INFO] [stderr]     Checking clap_builder v4.6.7
[INFO] [stderr]     Checking hyper v1.9.0
[INFO] [stderr]     Checking nutype v0.7.0
[INFO] [stderr]     Checking clap v4.6.7
[INFO] [stderr]     Checking hyper-util v0.1.20
[INFO] [stderr]     Checking rustls-webpki v0.103.12
[INFO] [stderr]     Checking tokio-rustls v0.26.4
[INFO] [stderr]     Checking rustls-platform-verifier v0.6.2
[INFO] [stderr]     Checking hyper-rustls v0.27.9
[INFO] [stderr]     Checking reqwest v0.13.5
[INFO] [stderr]     Checking reqwest v0.12.28
[INFO] [stderr]     Checking oauth2 v5.0.0
[INFO] [stderr]     Checking minecraft-msa-auth v0.5.0
[INFO] [stderr]     Checking elemental-infra v0.2.0 (/opt/rustwide/workdir/crates/infra)
[INFO] [stderr]     Checking elemental-core v0.2.0 (/opt/rustwide/workdir/crates/core)
[INFO] [stdout] error[E0599]: the method `exchange_microsoft_token` exists for struct `MinecraftAuthorizationFlow<oauth2::reqwest::Client>`, but its trait bounds were not satisfied
[INFO] [stdout]   --> crates/core/src/auth/authorizers/microsoft.rs:57:14
[INFO] [stdout]    |
[INFO] [stdout] 56 |         let mc_token = mc_flow
[INFO] [stdout] 57 |             .exchange_microsoft_token(token.access_token().secret())
[INFO] [stdout]    |              ^^^^^^^^^^^^^^^^^^^^^^^^ method cannot be called due to unsatisfied trait bounds
[INFO] [stdout]    |
[INFO] [stdout]   ::: /opt/rustwide/cargo-home/registry/src/index.crates.io-1949cf8c6b5b557f/reqwest-0.12.28/src/async_impl/client.rs:93:1
[INFO] [stdout]    |
[INFO] [stdout] 93 | pub struct Client {
[INFO] [stdout]    | ----------------- doesn't satisfy `oauth2::reqwest::Client: HttpClient`
[INFO] [stdout]    |
[INFO] [stdout]    = note: the following trait bounds were not satisfied:
[INFO] [stdout]            `oauth2::reqwest::Client: HttpClient`
[INFO] [stdout] 
[INFO] [stdout] 
[INFO] [stdout] warning: method call on a diverging inference variable
[INFO] [stdout]   --> crates/core/src/auth/authorizers/microsoft.rs:61:35
[INFO] [stdout]    |
[INFO] [stdout] 61 |             .bearer_auth(mc_token.access_token().as_ref())
[INFO] [stdout]    |                                   ^^^^^^^^^^^^
[INFO] [stdout]    |
[INFO] [stdout]    = help: consider providing a type annotation
[INFO] [stdout]    = warning: this was previously accepted by the compiler but is being phased out; it will become a hard error in a future release!
[INFO] [stdout]    = note: for more information, see issue #156047 <https://github.com/rust-lang/rust/issues/156047>
[INFO] [stdout]    = note: `#[warn(method_call_on_diverging_infer_var)]` (part of `#[warn(future_incompatible)]`) on by default
[INFO] [stdout] 
[INFO] [stdout] 
[INFO] [stdout] error[E0599]: the method `exchange_microsoft_token` exists for struct `MinecraftAuthorizationFlow<oauth2::reqwest::Client>`, but its trait bounds were not satisfied
[INFO] [stdout]   --> crates/core/src/auth/authorizers/microsoft.rs:57:14
[INFO] [stdout]    |
[INFO] [stdout] 56 |         let mc_token = mc_flow
[INFO] [stdout] 57 |             .exchange_microsoft_token(token.access_token().secret())
[INFO] [stdout]    |              ^^^^^^^^^^^^^^^^^^^^^^^^ method cannot be called due to unsatisfied trait bounds
[INFO] [stdout]    |
[INFO] [stdout]   ::: /opt/rustwide/cargo-home/registry/src/index.crates.io-1949cf8c6b5b557f/reqwest-0.12.28/src/async_impl/client.rs:93:1
[INFO] [stdout]    |
[INFO] [stdout] 93 | pub struct Client {
[INFO] [stdout]    | ----------------- doesn't satisfy `oauth2::reqwest::Client: HttpClient`
[INFO] [stdout]    |
[INFO] [stdout]    = note: the following trait bounds were not satisfied:
[INFO] [stdout]            `oauth2::reqwest::Client: HttpClient`
[INFO] [stdout] 
[INFO] [stdout] 
[INFO] [stdout] error[E0599]: no method named `access_token` found for type `!` in the current scope
[INFO] [stdout]   --> crates/core/src/auth/authorizers/microsoft.rs:61:35
[INFO] [stdout]    |
[INFO] [stdout] 61 |             .bearer_auth(mc_token.access_token().as_ref())
[INFO] [stdout]    |                                   ^^^^^^^^^^^^ method not found in `!`
[INFO] [stdout] 
[INFO] [stdout] 
[INFO] [stdout] warning: method call on a diverging inference variable
[INFO] [stdout]   --> crates/core/src/auth/authorizers/microsoft.rs:61:35
[INFO] [stdout]    |
[INFO] [stdout] 61 |             .bearer_auth(mc_token.access_token().as_ref())
[INFO] [stdout]    |                                   ^^^^^^^^^^^^
[INFO] [stdout]    |
[INFO] [stdout]    = help: consider providing a type annotation
[INFO] [stdout]    = warning: this was previously accepted by the compiler but is being phased out; it will become a hard error in a future release!
[INFO] [stdout]    = note: for more information, see issue #156047 <https://github.com/rust-lang/rust/issues/156047>
[INFO] [stdout]    = note: `#[warn(method_call_on_diverging_infer_var)]` (part of `#[warn(future_incompatible)]`) on by default
[INFO] [stdout] 
[INFO] [stdout] 
[INFO] [stdout] error[E0599]: no method named `access_token` found for type `!` in the current scope
[INFO] [stdout]   --> crates/core/src/auth/authorizers/microsoft.rs:72:36
[INFO] [stdout]    |
[INFO] [stdout] 72 |             access_token: mc_token.access_token().clone().into_inner(),
[INFO] [stdout]    |                                    ^^^^^^^^^^^^ method not found in `!`
[INFO] [stdout] 
[INFO] [stdout] 
[INFO] [stdout] warning: unreachable call
[INFO] [stdout]   --> crates/core/src/auth/authorizers/microsoft.rs:72:36
[INFO] [stdout]    |
[INFO] [stdout] 72 |             access_token: mc_token.access_token().clone().into_inner(),
[INFO] [stdout]    |                           -------- ^^^^^^^^^^^^ unreachable call
[INFO] [stdout]    |                           |
[INFO] [stdout]    |                           any code following this expression is unreachable
[INFO] [stdout]    |
[INFO] [stdout]    = note: `#[warn(unreachable_code)]` (part of `#[warn(unused)]`) on by default
[INFO] [stdout] 
[INFO] [stdout] 
[INFO] [stdout] error[E0599]: no method named `access_token` found for type `!` in the current scope
[INFO] [stdout]   --> crates/core/src/auth/authorizers/microsoft.rs:61:35
[INFO] [stdout]    |
[INFO] [stdout] 61 |             .bearer_auth(mc_token.access_token().as_ref())
[INFO] [stdout]    |                                   ^^^^^^^^^^^^ method not found in `!`
[INFO] [stdout] 
[INFO] [stdout] 
[INFO] [stdout] error[E0599]: no method named `access_token` found for type `!` in the current scope
[INFO] [stdout]   --> crates/core/src/auth/authorizers/microsoft.rs:72:36
[INFO] [stdout]    |
[INFO] [stdout] 72 |             access_token: mc_token.access_token().clone().into_inner(),
[INFO] [stdout]    |                                    ^^^^^^^^^^^^ method not found in `!`
[INFO] [stdout] 
[INFO] [stdout] 
[INFO] [stdout] warning: unreachable call
[INFO] [stdout]   --> crates/core/src/auth/authorizers/microsoft.rs:72:36
[INFO] [stdout]    |
[INFO] [stdout] 72 |             access_token: mc_token.access_token().clone().into_inner(),
[INFO] [stdout]    |                           -------- ^^^^^^^^^^^^ unreachable call
[INFO] [stdout]    |                           |
[INFO] [stdout]    |                           any code following this expression is unreachable
[INFO] [stdout]    |
[INFO] [stdout]    = note: `#[warn(unreachable_code)]` (part of `#[warn(unused)]`) on by default
[INFO] [stdout] 
[INFO] [stdout] 
[INFO] [stdout] For more information about this error, try `rustc --explain E0599`.
[INFO] [stdout] 
[INFO] [stderr] error: could not compile `elemental-core` (lib) due to 3 previous errors; 3 warnings emitted
[INFO] [stderr] warning: build failed, waiting for other jobs to finish...
[INFO] [stdout] For more information about this error, try `rustc --explain E0599`.
[INFO] [stdout] 
[INFO] [stderr] error: could not compile `elemental-core` (lib test) due to 3 previous errors; 3 warnings emitted
[INFO] [stderr] warning: unused dependency `elemental-schema`
[INFO] [stderr]   --> crates/core/Cargo.toml:12:1
[INFO] [stderr]    |
[INFO] [stderr] 12 | elemental-schema = { path = "../schema", version = "0.2.0" }
[INFO] [stderr]    | ^^^^^^^^^^^^^^^^^^^^^^^^^^^^^^^^^^^^^^^^^^^^^^^^^^^^^^^^^^^^
[INFO] [stderr]    |
[INFO] [stderr]    = note: `cargo::unused_dependencies` is set to `warn` by default
[INFO] [stderr] help: consider removing the dependency on `elemental-schema`
[INFO] [stderr] warning: unused dependency `regex`
[INFO] [stderr]   --> crates/core/Cargo.toml:16:1
[INFO] [stderr]    |
[INFO] [stderr] 16 | regex = { workspace = true }
[INFO] [stderr]    | ^^^^^^^^^^^^^^^^^^^^^^^^^^^^
[INFO] [stderr]    |
[INFO] [stderr] help: consider removing the dependency on `regex`
[INFO] [stderr] warning: unused dependency `scc`
[INFO] [stderr]   --> crates/core/Cargo.toml:27:1
[INFO] [stderr]    |
[INFO] [stderr] 27 | scc = { workspace = true }
[INFO] [stderr]    | ^^^^^^^^^^^^^^^^^^^^^^^^^^
[INFO] [stderr]    |
[INFO] [stderr] help: consider removing the dependency on `scc`
[INFO] [stderr] warning: unused dependency `toml`
[INFO] [stderr]   --> crates/core/Cargo.toml:29:1
[INFO] [stderr]    |
[INFO] [stderr] 29 | toml = { workspace = true }
[INFO] [stderr]    | ^^^^^^^^^^^^^^^^^^^^^^^^^^^
[INFO] [stderr]    |
[INFO] [stderr] help: consider removing the dependency on `toml`
[INFO] [stderr] warning: unused dependency `tracing-subscriber`
[INFO] [stderr]   --> crates/core/Cargo.toml:25:1
[INFO] [stderr]    |
[INFO] [stderr] 25 | tracing-subscriber = "0.3"
[INFO] [stderr]    | ^^^^^^^^^^^^^^^^^^^^^^^^^^
[INFO] [stderr]    |
[INFO] [stderr] help: consider removing the dependency on `tracing-subscriber`
[INFO] [stderr] warning: `elemental-core` (manifest) generated 5 warnings
[INFO] running `Command { std: "docker" "inspect" "b289e5aee5c9a14121a3853a52d9592765a3873dbcf6aa26b1013242dce9b435", kill_on_drop: false }`
[INFO] running `Command { std: "docker" "rm" "-f" "b289e5aee5c9a14121a3853a52d9592765a3873dbcf6aa26b1013242dce9b435", kill_on_drop: false }`
[INFO] [stdout] b289e5aee5c9a14121a3853a52d9592765a3873dbcf6aa26b1013242dce9b435
