[INFO] cloning repository https://github.com/ElJoshua08/keyforge
[INFO] running `Command { std: "git" "-c" "credential.helper=" "-c" "credential.helper=/workspace/cargo-home/bin/git-credential-null" "clone" "--bare" "https://github.com/ElJoshua08/keyforge" "/workspace/cache/git-repos/https%3A%2F%2Fgithub.com%2FElJoshua08%2Fkeyforge", kill_on_drop: false }`
[INFO] [stderr] Cloning into bare repository '/workspace/cache/git-repos/https%3A%2F%2Fgithub.com%2FElJoshua08%2Fkeyforge'...
[INFO] running `Command { std: "git" "rev-parse" "HEAD", kill_on_drop: false }`
[INFO] [stdout] 9aee1dad1da12b1da8f52ff4aca9aecd7f6600fa
[INFO] checking ElJoshua08/keyforge against 3154cc1a3e6424e44f438a95007d043ed5ceaaf6+rustflags=-Znext-solver=coherence for pr-133502-30
[INFO] running `Command { std: "git" "clone" "/workspace/cache/git-repos/https%3A%2F%2Fgithub.com%2FElJoshua08%2Fkeyforge" "/workspace/builds/worker-4-tc1/source", kill_on_drop: false }`
[INFO] [stderr] Cloning into '/workspace/builds/worker-4-tc1/source'...
[INFO] [stderr] done.
[INFO] started tweaking git repo https://github.com/ElJoshua08/keyforge
[INFO] finished tweaking git repo https://github.com/ElJoshua08/keyforge
[INFO] tweaked toml for git repo https://github.com/ElJoshua08/keyforge written to /workspace/builds/worker-4-tc1/source/Cargo.toml
[INFO] validating manifest of git repo https://github.com/ElJoshua08/keyforge on toolchain 3154cc1a3e6424e44f438a95007d043ed5ceaaf6
[INFO] running `Command { std: CARGO_HOME="/workspace/cargo-home" RUSTUP_HOME="/workspace/rustup-home" "/workspace/cargo-home/bin/cargo" "+3154cc1a3e6424e44f438a95007d043ed5ceaaf6" "metadata" "--manifest-path" "Cargo.toml" "--no-deps", kill_on_drop: false }`
[INFO] crate git repo https://github.com/ElJoshua08/keyforge already has a lockfile, it will not be regenerated
[INFO] running `Command { std: CARGO_HOME="/workspace/cargo-home" RUSTUP_HOME="/workspace/rustup-home" "/workspace/cargo-home/bin/cargo" "+3154cc1a3e6424e44f438a95007d043ed5ceaaf6" "fetch" "--manifest-path" "Cargo.toml", kill_on_drop: false }`
[INFO] [stderr] warning: `package.homepage` is redundant with `package.repository`
[INFO] [stderr]   --> Cargo.toml:63:12
[INFO] [stderr]    |
[INFO] [stderr] 63 | homepage = "https://github.com/ElJoshua08/keyforge"
[INFO] [stderr]    |            ^^^^^^^^^^^^^^^^^^^^^^^^^^^^^^^^^^^^^^^^
[INFO] [stderr] ...
[INFO] [stderr] 68 | repository = "https://github.com/ElJoshua08/keyforge"
[INFO] [stderr]    |              ----------------------------------------
[INFO] [stderr]    |
[INFO] [stderr]    = note: `cargo::redundant_homepage` is set to `warn` by default
[INFO] [stderr] help: consider removing `package.homepage`
[INFO] [stderr] warning: `keyforge` (manifest) generated 1 warning
[INFO] [stderr]     Updating crates.io index
[INFO] [stderr]  Downloading crates ...
[INFO] [stderr]   Downloaded ssh-cipher v0.2.0
[INFO] [stderr]   Downloaded ssh-encoding v0.2.0
[INFO] [stderr]   Downloaded ssh-key v0.6.7
[INFO] [stderr]   Downloaded eff-wordlist v1.0.3
[INFO] [stderr]   Downloaded p521 v0.13.3
[INFO] [stderr]   Downloaded ml-kem v0.2.3
[INFO] [stderr]   Downloaded kem v0.3.0-pre.0
[INFO] [stderr]   Downloaded hybrid-array v0.2.3
[INFO] [stderr]   Downloaded age v0.12.1
[INFO] [stderr]   Downloaded i18n-embed-fl v0.10.1
[INFO] [stderr]   Downloaded proc-macro-error-attr3 v3.1.0
[INFO] [stderr]   Downloaded i18n-config v0.4.8
[INFO] [stderr]   Downloaded i18n-embed-impl v0.8.4
[INFO] [stderr]   Downloaded find-crate v0.6.3
[INFO] [stderr]   Downloaded proc-macro-error3 v3.1.0
[INFO] [stderr]   Downloaded fluent v0.17.0
[INFO] [stderr]   Downloaded i18n-embed v0.16.0
[INFO] [stderr]   Downloaded cookie-factory v0.3.3
[INFO] [stderr]   Downloaded age-core v0.12.0
[INFO] [stderr]   Downloaded io_tee v0.1.1
[INFO] [stderr]   Downloaded hpke v0.12.0
[INFO] running `Command { std: "docker" "create" "-v" "/var/lib/crater-agent-workspace/builds/worker-4-tc1/source:/opt/rustwide/workdir:ro,Z" "-v" "/var/lib/crater-agent-workspace/builds/worker-4-tc1/target:/opt/rustwide/target:rw,Z" "-v" "/var/lib/crater-agent-workspace/cargo-home:/opt/rustwide/cargo-home:ro,Z" "-v" "/var/lib/crater-agent-workspace/rustup-home:/opt/rustwide/rustup-home:ro,Z" "-m" "1610612736" "--network" "none" "ghcr.io/rust-lang/crates-build-env/linux@sha256:77db811e55d90add9212f6832c23229e3de5f1c1f9905e8cb07319ea15df73ac" "sleep" "infinity", kill_on_drop: false }`
[INFO] [stdout] 9226a2e4b3f6962f66265c3d170f89c97298f2ee5213bce7fd67506da4f5bf21
[INFO] running `Command { std: "docker" "start" "9226a2e4b3f6962f66265c3d170f89c97298f2ee5213bce7fd67506da4f5bf21", kill_on_drop: false }`
[INFO] running `Command { std: "docker" "inspect" "9226a2e4b3f6962f66265c3d170f89c97298f2ee5213bce7fd67506da4f5bf21", kill_on_drop: false }`
[INFO] running `Command { std: "docker" "exec" "-e" "SOURCE_DIR=/opt/rustwide/workdir" "-e" "CARGO_HOME=/opt/rustwide/cargo-home" "-e" "RUSTUP_HOME=/opt/rustwide/rustup-home" "-e" "CARGO_TARGET_DIR=/opt/rustwide/target" "-w" "/opt/rustwide/workdir" "--user" "0:0" "9226a2e4b3f6962f66265c3d170f89c97298f2ee5213bce7fd67506da4f5bf21" "/opt/rustwide/cargo-home/bin/cargo" "+3154cc1a3e6424e44f438a95007d043ed5ceaaf6" "metadata" "--no-deps" "--format-version=1", kill_on_drop: false }`
[INFO] running `Command { std: "docker" "inspect" "9226a2e4b3f6962f66265c3d170f89c97298f2ee5213bce7fd67506da4f5bf21", kill_on_drop: false }`
[INFO] running `Command { std: "docker" "exec" "-e" "SOURCE_DIR=/opt/rustwide/workdir" "-e" "CARGO_HOME=/opt/rustwide/cargo-home" "-e" "RUSTUP_HOME=/opt/rustwide/rustup-home" "-e" "CARGO_TARGET_DIR=/opt/rustwide/target" "-e" "CARGO_INCREMENTAL=0" "-e" "RUST_BACKTRACE=full" "-e" "RUSTFLAGS=--cap-lints=forbid -Znext-solver=coherence" "-e" "RUSTDOCFLAGS=--cap-lints=forbid" "-w" "/opt/rustwide/workdir" "--user" "0:0" "9226a2e4b3f6962f66265c3d170f89c97298f2ee5213bce7fd67506da4f5bf21" "/opt/rustwide/cargo-home/bin/cargo" "+3154cc1a3e6424e44f438a95007d043ed5ceaaf6" "check" "--frozen" "--all" "--all-targets" "--message-format=json", kill_on_drop: false }`
[INFO] [stderr] warning: `package.homepage` is redundant with `package.repository`
[INFO] [stderr]   --> Cargo.toml:63:12
[INFO] [stderr]    |
[INFO] [stderr] 63 | homepage = "https://github.com/ElJoshua08/keyforge"
[INFO] [stderr]    |            ^^^^^^^^^^^^^^^^^^^^^^^^^^^^^^^^^^^^^^^^
[INFO] [stderr] ...
[INFO] [stderr] 68 | repository = "https://github.com/ElJoshua08/keyforge"
[INFO] [stderr]    |              ----------------------------------------
[INFO] [stderr]    |
[INFO] [stderr]    = note: `cargo::redundant_homepage` is set to `warn` by default
[INFO] [stderr] help: consider removing `package.homepage`
[INFO] [stderr] warning: `keyforge` (manifest) generated 1 warning
[INFO] [stderr]     Checking typenum v1.20.1
[INFO] [stderr]    Compiling version_check v0.9.5
[INFO] [stderr]     Checking subtle v2.6.1
[INFO] [stderr]     Checking const-oid v0.9.6
[INFO] [stderr]    Compiling serde_core v1.0.229
[INFO] [stderr]     Checking cpufeatures v0.2.17
[INFO] [stderr]    Compiling syn v2.0.119
[INFO] [stderr]    Compiling syn v3.0.3
[INFO] [stderr]     Checking getrandom v0.2.17
[INFO] [stderr]    Compiling serde v1.0.229
[INFO] [stderr]     Checking rand_core v0.6.4
[INFO] [stderr]    Compiling zerocopy v0.8.56
[INFO] [stderr]     Checking memchr v2.8.3
[INFO] [stderr]    Compiling libm v0.2.16
[INFO] [stderr]     Checking smallvec v1.15.2
[INFO] [stderr]    Compiling num-traits v0.2.19
[INFO] [stderr]    Compiling generic-array v0.14.7
[INFO] [stderr]     Checking either v1.17.0
[INFO] [stderr]    Compiling unicase v2.9.0
[INFO] [stderr]    Compiling const-oid v0.10.2
[INFO] [stderr]    Compiling rustix v1.1.4
[INFO] [stderr]    Compiling mime_guess v2.0.5
[INFO] [stderr]     Checking foldhash v0.2.0
[INFO] [stderr]    Compiling cpufeatures v0.3.0
[INFO] [stderr]    Compiling same-file v1.0.6
[INFO] [stderr]    Compiling hybrid-array v0.4.14
[INFO] [stderr]    Compiling thiserror v1.0.69
[INFO] [stderr]    Compiling walkdir v2.5.0
[INFO] [stderr]    Compiling block-buffer v0.12.1
[INFO] [stderr]    Compiling crypto-common v0.2.2
[INFO] [stderr]     Checking base16ct v0.2.0
[INFO] [stderr]     Checking opaque-debug v0.3.1
[INFO] [stderr]     Checking log v0.4.33
[INFO] [stderr]    Compiling mime v0.3.17
[INFO] [stderr]     Checking linux-raw-sys v0.12.1
[INFO] [stderr]     Checking windows-link v0.2.1
[INFO] [stderr]    Compiling semver v1.0.28
[INFO] [stderr]    Compiling rustc_version v0.4.1
[INFO] [stderr]    Compiling digest v0.11.3
[INFO] [stderr]    Compiling sha2 v0.11.0
[INFO] [stderr]     Checking lock_api v0.4.14
[INFO] [stderr]     Checking parking_lot_core v0.9.12
[INFO] [stderr]     Checking ff v0.13.1
[INFO] [stderr]     Checking futures-sink v0.3.34
[INFO] [stderr]    Compiling rustc-hash v2.1.3
[INFO] [stderr]     Checking futures-core v0.3.34
[INFO] [stderr]     Checking futures-channel v0.3.34
[INFO] [stderr]    Compiling type-map v0.5.1
[INFO] [stderr]    Compiling curve25519-dalek v4.1.3
[INFO] [stderr]     Checking parking_lot v0.12.5
[INFO] [stderr]     Checking group v0.13.0
[INFO] [stderr]     Checking hashbrown v0.16.1
[INFO] [stderr]     Checking hashbrown v0.17.1
[INFO] [stderr]     Checking itertools v0.14.0
[INFO] [stderr]    Compiling rust-embed-utils v8.12.0
[INFO] [stderr]    Compiling darling_core v0.24.0
[INFO] [stderr]     Checking futures-io v0.3.34
[INFO] [stderr]    Compiling crc32fast v1.5.0
[INFO] [stderr]     Checking simd-adler32 v0.3.10
[INFO] [stderr]     Checking unicode-width v0.2.2
[INFO] [stderr]    Compiling unicode-segmentation v1.13.3
[INFO] [stderr]     Checking unicode-truncate v2.0.1
[INFO] [stderr]     Checking compact_str v0.9.1
[INFO] [stderr]    Compiling convert_case v0.10.0
[INFO] [stderr]     Checking lru v0.18.2
[INFO] [stderr]     Checking windows-result v0.4.1
[INFO] [stderr]     Checking windows-strings v0.5.1
[INFO] [stderr]    Compiling libc v0.2.189
[INFO] [stderr]    Compiling time-core v0.1.9
[INFO] [stderr]    Compiling getrandom v0.4.3
[INFO] [stderr]    Compiling scopeguard v1.2.0
[INFO] [stderr]     Checking critical-section v1.2.0
[INFO] [stderr]     Checking utf8parse v0.2.2
[INFO] [stderr]    Compiling num-conv v0.2.2
[INFO] [stderr]    Compiling self_cell v1.3.0
[INFO] [stderr]     Checking rand_core v0.10.1
[INFO] [stderr]     Checking spin v0.9.9
[INFO] [stderr]    Compiling time-macros v0.2.32
[INFO] [stderr]     Checking lazy_static v1.5.0
[INFO] [stderr]     Checking anstyle-parse v1.0.0
[INFO] [stderr]     Checking miniz_oxide v0.8.9
[INFO] [stderr]     Checking num-integer v0.1.46
[INFO] [stderr]     Checking mio v1.2.2
[INFO] [stderr]     Checking num_threads v0.1.7
[INFO] [stderr]    Compiling litrs v1.0.0
[INFO] [stderr]     Checking colorchoice v1.0.5
[INFO] [stderr]    Compiling crossbeam-utils v0.8.22
[INFO] [stderr]     Checking base64ct v1.8.3
[INFO] [stderr]     Checking is_terminal_polyfill v1.70.2
[INFO] [stderr]     Checking anstyle v1.0.14
[INFO] [stderr]    Compiling num-bigint-dig v0.8.6
[INFO] [stderr]     Checking anstyle-query v1.1.5
[INFO] [stderr]     Checking pem-rfc7468 v0.7.0
[INFO] [stderr]     Checking anstream v1.0.0
[INFO] [stderr]     Checking signal-hook-mio v0.2.5
[INFO] [stderr]     Checking num-iter v0.1.46
[INFO] [stderr]     Checking flate2 v1.1.9
[INFO] [stderr]     Checking fdeflate v0.3.7
[INFO] [stderr]    Compiling arc-swap v1.9.2
[INFO] [stderr]     Checking line-clipping v0.3.8
[INFO] [stderr]    Compiling proc-macro-error-attr3 v3.1.0
[INFO] [stderr]     Checking pxfm v0.1.30
[INFO] [stderr]    Compiling document-features v0.2.12
[INFO] [stderr]     Checking keccak v0.1.6
[INFO] [stderr]     Checking clap_lex v1.1.0
[INFO] [stderr]     Checking strsim v0.11.1
[INFO] [stderr]    Compiling crossbeam-epoch v0.9.20
[INFO] [stderr]     Checking clap_builder v4.6.6
[INFO] [stderr]    Compiling proc-macro-error3 v3.1.0
[INFO] [stderr]     Checking png v0.18.1
[INFO] [stderr]     Checking serde_json v1.0.151
[INFO] [stderr]     Checking chacha20 v0.10.1
[INFO] [stderr]     Checking gethostname v1.1.0
[INFO] [stderr]     Checking windows-threading v0.2.1
[INFO] [stderr]     Checking hybrid-array v0.2.3
[INFO] [stderr]     Checking nom v8.0.0
[INFO] [stderr]     Checking moxcms v0.8.1
[INFO] [stderr]     Checking bech32 v0.11.1
[INFO] [stderr]     Checking byteorder-lite v0.1.0
[INFO] [stderr]     Checking time v0.3.55
[INFO] [stderr]     Checking base64 v0.22.1
[INFO] [stderr]     Checking x11rb-protocol v0.13.2
[INFO] [stderr]     Checking option-ext v0.2.0
[INFO] [stderr]    Compiling find-msvc-tools v0.1.10
[INFO] [stderr]     Checking bytemuck v1.25.2
[INFO] [stderr]    Compiling crossbeam-deque v0.8.7
[INFO] [stderr]     Checking io_tee v0.1.1
[INFO] [stderr]    Compiling cc v1.4.2
[INFO] [stderr]     Checking dirs-sys v0.5.0
[INFO] [stderr]     Checking rand v0.10.2
[INFO] [stderr]     Checking percent-encoding v2.3.2
[INFO] [stderr]     Checking fastrand v2.5.0
[INFO] [stderr]    Compiling rayon-core v1.13.0
[INFO] [stderr]     Checking once_cell v1.21.4
[INFO] [stderr]     Checking ulid v3.0.0
[INFO] [stderr]     Checking tempfile v3.27.0
[INFO] [stderr]     Checking directories v6.0.0
[INFO] [stderr]     Checking uuid v1.24.0
[INFO] [stderr]     Checking nucleo-matcher v0.3.1
[INFO] [stderr]     Checking image v0.25.10
[INFO] [stderr]     Checking plotters-backend v0.3.7
[INFO] [stderr]     Checking ciborium-io v0.2.2
[INFO] [stderr]     Checking regex-automata v0.4.18
[INFO] [stderr]     Checking plotters-svg v0.3.7
[INFO] [stderr]     Checking itertools v0.13.0
[INFO] [stderr]     Checking x11rb v0.13.2
[INFO] [stderr]     Checking cast v0.3.0
[INFO] [stderr]     Checking rayon v1.12.0
[INFO] [stderr]     Checking arboard v3.6.1
[INFO] [stderr]     Checking plotters v0.3.7
[INFO] [stderr]     Checking regex v1.13.1
[INFO] [stderr]     Checking criterion-plot v0.8.2
[INFO] [stderr]     Checking page_size v0.6.0
[INFO] [stderr]     Checking oorandom v11.1.5
[INFO] [stderr]     Checking anes v0.1.6
[INFO] [stderr]    Compiling alloca v0.4.0
[INFO] [stderr]    Compiling displaydoc v0.2.7
[INFO] [stderr]    Compiling serde_derive v1.0.229
[INFO] [stderr]    Compiling thiserror-impl v2.0.20
[INFO] [stderr]    Compiling futures-macro v0.3.34
[INFO] [stderr]    Compiling zeroize_derive v1.5.0
[INFO] [stderr]    Compiling zerocopy-derive v0.8.56
[INFO] [stderr]    Compiling thiserror-impl v1.0.69
[INFO] [stderr]    Compiling darling_macro v0.24.0
[INFO] [stderr]    Compiling rust-embed-impl v8.12.0
[INFO] [stderr]    Compiling tinystr v0.8.3
[INFO] [stderr]     Checking unic-langid-impl v0.9.6
[INFO] [stderr]     Checking unic-langid v0.9.6
[INFO] [stderr]    Compiling strum_macros v0.28.0
[INFO] [stderr]     Checking zeroize v1.9.0
[INFO] [stderr]     Checking der v0.7.10
[INFO] [stderr]     Checking futures-util v0.3.34
[INFO] [stderr]     Checking crypto-common v0.1.7
[INFO] [stderr]     Checking block-buffer v0.10.4
[INFO] [stderr]     Checking digest v0.10.7
[INFO] [stderr]     Checking inout v0.1.4
[INFO] [stderr]     Checking cipher v0.4.4
[INFO] [stderr]     Checking hmac v0.12.1
[INFO] [stderr]     Checking sha2 v0.10.9
[INFO] [stderr]     Checking universal-hash v0.5.1
[INFO] [stderr]     Checking hkdf v0.12.4
[INFO] [stderr]     Checking crypto-bigint v0.5.5
[INFO] [stderr]     Checking sec1 v0.7.3
[INFO] [stderr]     Checking polyval v0.6.2
[INFO] [stderr]     Checking aead v0.5.2
[INFO] [stderr]    Compiling darling v0.24.0
[INFO] [stderr]    Compiling curve25519-dalek-derive v0.1.1
[INFO] [stderr]     Checking elliptic-curve v0.13.8
[INFO] [stderr]    Compiling windows-interface v0.59.3
[INFO] [stderr]    Compiling windows-implement v0.60.2
[INFO] [stderr]     Checking futures-executor v0.3.34
[INFO] [stderr]     Checking primeorder v0.13.6
[INFO] [stderr]    Compiling instability v0.3.13
[INFO] [stderr]     Checking thiserror v2.0.20
[INFO] [stderr]    Compiling fluent-syntax v0.12.0
[INFO] [stderr]     Checking kasuari v0.4.12
[INFO] [stderr]     Checking ghash v0.5.1
[INFO] [stderr]     Checking spki v0.7.3
[INFO] [stderr]     Checking poly1305 v0.8.0
[INFO] [stderr]     Checking chacha20 v0.9.1
[INFO] [stderr]     Checking aes v0.8.4
[INFO] [stderr]     Checking ctr v0.9.2
[INFO] [stderr]     Checking signature v2.2.0
[INFO] [stderr]     Checking intl-memoizer v0.5.3
[INFO] [stderr]     Checking fluent-langneg v0.13.1
[INFO] [stderr]     Checking intl_pluralrules v7.0.2
[INFO] [stderr]    Compiling derive_more-impl v2.1.1
[INFO] [stderr]     Checking fluent-bundle v0.16.0
[INFO] [stderr]     Checking aes-gcm v0.10.3
[INFO] [stderr]     Checking chacha20poly1305 v0.10.1
[INFO] [stderr]     Checking pkcs8 v0.10.2
[INFO] [stderr]     Checking p256 v0.13.2
[INFO] [stderr]     Checking futures v0.3.34
[INFO] [stderr]    Compiling rust-embed v8.12.0
[INFO] [stderr]     Checking cookie-factory v0.3.3
[INFO] [stderr]     Checking windows-core v0.62.2
[INFO] [stderr]     Checking hpke v0.12.0
[INFO] [stderr]     Checking pkcs1 v0.7.5
[INFO] [stderr]     Checking fluent v0.17.0
[INFO] [stderr]     Checking ed25519 v2.2.3
[INFO] [stderr]     Checking ssh-encoding v0.2.0
[INFO] [stderr]     Checking pbkdf2 v0.12.2
[INFO] [stderr]     Checking salsa20 v0.10.2
[INFO] [stderr]     Checking sha3 v0.10.9
[INFO] [stderr]     Checking kem v0.3.0-pre.0
[INFO] [stderr]     Checking secrecy v0.10.3
[INFO] [stderr]    Compiling pin-project-internal v1.1.13
[INFO] [stderr]    Compiling clap_derive v4.6.4
[INFO] [stderr]     Checking ml-kem v0.2.3
[INFO] [stderr]     Checking ssh-cipher v0.2.0
[INFO] [stderr]     Checking scrypt v0.11.0
[INFO] [stderr]     Checking ed25519-dalek v2.2.0
[INFO] [stderr]     Checking windows-collections v0.3.2
[INFO] [stderr]     Checking windows-numerics v0.3.1
[INFO] [stderr]     Checking windows-future v0.3.2
[INFO] [stdout] error[E0425]: cannot find type `IMarshal` in module `windows_core::imp`
[INFO] [stdout]   --> /opt/rustwide/cargo-home/registry/src/index.crates.io-1949cf8c6b5b557f/windows-future-0.3.2/src/bindings.rs:87:51
[INFO] [stdout]    |
[INFO] [stdout] 87 |             } else if *iid == <windows_core::imp::IMarshal as windows_core::Interface>::IID {
[INFO] [stdout]    |                                                   ^^^^^^^^ not found in `windows_core::imp`
[INFO] [stdout] 
[INFO] [stdout] 
[INFO] [stdout] error[E0425]: cannot find function `marshaler` in module `windows_core::imp`
[INFO] [stdout]   --> /opt/rustwide/cargo-home/registry/src/index.crates.io-1949cf8c6b5b557f/windows-future-0.3.2/src/bindings.rs:89:43
[INFO] [stdout]    |
[INFO] [stdout] 89 |                 return windows_core::imp::marshaler(
[INFO] [stdout]    |                                           ^^^^^^^^^ not found in `windows_core::imp`
[INFO] [stdout] 
[INFO] [stdout] 
[INFO] [stdout] error[E0425]: cannot find type `IMarshal` in module `windows_core::imp`
[INFO] [stdout]    --> /opt/rustwide/cargo-home/registry/src/index.crates.io-1949cf8c6b5b557f/windows-future-0.3.2/src/bindings.rs:255:51
[INFO] [stdout]     |
[INFO] [stdout] 255 |             } else if *iid == <windows_core::imp::IMarshal as windows_core::Interface>::IID {
[INFO] [stdout]     |                                                   ^^^^^^^^ not found in `windows_core::imp`
[INFO] [stdout] 
[INFO] [stdout] 
[INFO] [stdout] error[E0425]: cannot find function `marshaler` in module `windows_core::imp`
[INFO] [stdout]    --> /opt/rustwide/cargo-home/registry/src/index.crates.io-1949cf8c6b5b557f/windows-future-0.3.2/src/bindings.rs:257:43
[INFO] [stdout]     |
[INFO] [stdout] 257 |                 return windows_core::imp::marshaler(
[INFO] [stdout]     |                                           ^^^^^^^^^ not found in `windows_core::imp`
[INFO] [stdout] 
[INFO] [stdout] 
[INFO] [stdout] error[E0425]: cannot find type `IMarshal` in module `windows_core::imp`
[INFO] [stdout]    --> /opt/rustwide/cargo-home/registry/src/index.crates.io-1949cf8c6b5b557f/windows-future-0.3.2/src/bindings.rs:422:364
[INFO] [stdout]     |
[INFO] [stdout] 422 | ... _ } else if * iid == < windows_core::imp::IMarshal as windows_core::Interface >::IID { ( * this ) . count . add_ref ( ) ; retur...
[INFO] [stdout]     |                                               ^^^^^^^^ not found in `windows_core::imp`
[INFO] [stdout] 
[INFO] [stdout] 
[INFO] [stdout] error[E0425]: cannot find function `marshaler` in module `windows_core::imp`
[INFO] [stdout]    --> /opt/rustwide/cargo-home/registry/src/index.crates.io-1949cf8c6b5b557f/windows-future-0.3.2/src/bindings.rs:422:470
[INFO] [stdout]     |
[INFO] [stdout] 422 | ... . add_ref ( ) ; return windows_core::imp::marshaler ( core::mem::transmute ( & mut ( * this ) . vtable as * mut _ as * mut core...
[INFO] [stdout]     |                                               ^^^^^^^^^ not found in `windows_core::imp`
[INFO] [stdout] 
[INFO] [stdout] 
[INFO] [stdout] error[E0425]: cannot find type `IMarshal` in module `windows_core::imp`
[INFO] [stdout]    --> /opt/rustwide/cargo-home/registry/src/index.crates.io-1949cf8c6b5b557f/windows-future-0.3.2/src/bindings.rs:572:51
[INFO] [stdout]     |
[INFO] [stdout] 572 |             } else if *iid == <windows_core::imp::IMarshal as windows_core::Interface>::IID {
[INFO] [stdout]     |                                                   ^^^^^^^^ not found in `windows_core::imp`
[INFO] [stdout] 
[INFO] [stdout] 
[INFO] [stdout] error[E0425]: cannot find function `marshaler` in module `windows_core::imp`
[INFO] [stdout]    --> /opt/rustwide/cargo-home/registry/src/index.crates.io-1949cf8c6b5b557f/windows-future-0.3.2/src/bindings.rs:574:43
[INFO] [stdout]     |
[INFO] [stdout] 574 |                 return windows_core::imp::marshaler(
[INFO] [stdout]     |                                           ^^^^^^^^^ not found in `windows_core::imp`
[INFO] [stdout] 
[INFO] [stdout] 
[INFO] [stdout] error[E0425]: cannot find type `IMarshal` in module `windows_core::imp`
[INFO] [stdout]    --> /opt/rustwide/cargo-home/registry/src/index.crates.io-1949cf8c6b5b557f/windows-future-0.3.2/src/bindings.rs:752:364
[INFO] [stdout]     |
[INFO] [stdout] 752 | ... _ } else if * iid == < windows_core::imp::IMarshal as windows_core::Interface >::IID { ( * this ) . count . add_ref ( ) ; retur...
[INFO] [stdout]     |                                               ^^^^^^^^ not found in `windows_core::imp`
[INFO] [stdout] 
[INFO] [stdout] 
[INFO] [stdout] error[E0425]: cannot find function `marshaler` in module `windows_core::imp`
[INFO] [stdout]    --> /opt/rustwide/cargo-home/registry/src/index.crates.io-1949cf8c6b5b557f/windows-future-0.3.2/src/bindings.rs:752:470
[INFO] [stdout]     |
[INFO] [stdout] 752 | ... . add_ref ( ) ; return windows_core::imp::marshaler ( core::mem::transmute ( & mut ( * this ) . vtable as * mut _ as * mut core...
[INFO] [stdout]     |                                               ^^^^^^^^^ not found in `windows_core::imp`
[INFO] [stdout] 
[INFO] [stdout] 
[INFO] [stdout] error[E0425]: cannot find type `IMarshal` in module `windows_core::imp`
[INFO] [stdout]    --> /opt/rustwide/cargo-home/registry/src/index.crates.io-1949cf8c6b5b557f/windows-future-0.3.2/src/bindings.rs:927:377
[INFO] [stdout]     |
[INFO] [stdout] 927 | ... _ } else if * iid == < windows_core::imp::IMarshal as windows_core::Interface >::IID { ( * this ) . count . add_ref ( ) ; retur...
[INFO] [stdout]     |                                               ^^^^^^^^ not found in `windows_core::imp`
[INFO] [stdout] 
[INFO] [stdout] 
[INFO] [stdout] error[E0425]: cannot find function `marshaler` in module `windows_core::imp`
[INFO] [stdout]    --> /opt/rustwide/cargo-home/registry/src/index.crates.io-1949cf8c6b5b557f/windows-future-0.3.2/src/bindings.rs:927:483
[INFO] [stdout]     |
[INFO] [stdout] 927 | ... . add_ref ( ) ; return windows_core::imp::marshaler ( core::mem::transmute ( & mut ( * this ) . vtable as * mut _ as * mut core...
[INFO] [stdout]     |                                               ^^^^^^^^^ not found in `windows_core::imp`
[INFO] [stdout] 
[INFO] [stdout] 
[INFO] [stdout] error[E0425]: cannot find function `submit` in crate `windows_threading`
[INFO] [stdout]    --> /opt/rustwide/cargo-home/registry/src/index.crates.io-1949cf8c6b5b557f/windows-future-0.3.2/src/async_spawn.rs:264:28
[INFO] [stdout]     |
[INFO] [stdout] 264 |         windows_threading::submit(move || {
[INFO] [stdout]     |                            ^^^^^^ not found in `windows_threading`
[INFO] [stdout] 
[INFO] [stdout] 
[INFO] [stdout] error[E0425]: cannot find function `submit` in crate `windows_threading`
[INFO] [stdout]    --> /opt/rustwide/cargo-home/registry/src/index.crates.io-1949cf8c6b5b557f/windows-future-0.3.2/src/async_spawn.rs:281:28
[INFO] [stdout]     |
[INFO] [stdout] 281 |         windows_threading::submit(move || {
[INFO] [stdout]     |                            ^^^^^^ not found in `windows_threading`
[INFO] [stdout] 
[INFO] [stdout] 
[INFO] [stdout] error[E0425]: cannot find function `submit` in crate `windows_threading`
[INFO] [stdout]    --> /opt/rustwide/cargo-home/registry/src/index.crates.io-1949cf8c6b5b557f/windows-future-0.3.2/src/async_spawn.rs:298:28
[INFO] [stdout]     |
[INFO] [stdout] 298 |         windows_threading::submit(move || {
[INFO] [stdout]     |                            ^^^^^^ not found in `windows_threading`
[INFO] [stdout] 
[INFO] [stdout] 
[INFO] [stdout] error[E0425]: cannot find function `submit` in crate `windows_threading`
[INFO] [stdout]    --> /opt/rustwide/cargo-home/registry/src/index.crates.io-1949cf8c6b5b557f/windows-future-0.3.2/src/async_spawn.rs:315:28
[INFO] [stdout]     |
[INFO] [stdout] 315 |         windows_threading::submit(move || {
[INFO] [stdout]     |                            ^^^^^^ not found in `windows_threading`
[INFO] [stdout] 
[INFO] [stdout] 
[INFO] [stderr]     Checking x25519-dalek v2.0.1
[INFO] [stderr]     Checking tinytemplate v1.2.1
[INFO] [stdout] For more information about this error, try `rustc --explain E0425`.
[INFO] [stdout] 
[INFO] [stderr] error: could not compile `windows-future` (lib) due to 16 previous errors
[INFO] [stderr] warning: build failed, waiting for other jobs to finish...
[INFO] running `Command { std: "docker" "inspect" "9226a2e4b3f6962f66265c3d170f89c97298f2ee5213bce7fd67506da4f5bf21", kill_on_drop: false }`
[INFO] running `Command { std: "docker" "rm" "-f" "9226a2e4b3f6962f66265c3d170f89c97298f2ee5213bce7fd67506da4f5bf21", kill_on_drop: false }`
[INFO] [stdout] 9226a2e4b3f6962f66265c3d170f89c97298f2ee5213bce7fd67506da4f5bf21
