[INFO] cloning repository https://github.com/Eidenz/monadeck
[INFO] running `Command { std: "git" "-c" "credential.helper=" "-c" "credential.helper=/workspace/cargo-home/bin/git-credential-null" "clone" "--bare" "https://github.com/Eidenz/monadeck" "/workspace/cache/git-repos/https%3A%2F%2Fgithub.com%2FEidenz%2Fmonadeck", kill_on_drop: false }`
[INFO] [stderr] Cloning into bare repository '/workspace/cache/git-repos/https%3A%2F%2Fgithub.com%2FEidenz%2Fmonadeck'...
[INFO] running `Command { std: "git" "rev-parse" "HEAD", kill_on_drop: false }`
[INFO] [stdout] 5a351e33539ea7861582bc85b76e4fbcb087f913
[INFO] checking Eidenz/monadeck against 3154cc1a3e6424e44f438a95007d043ed5ceaaf6+rustflags=-Znext-solver=coherence for pr-133502-30
[INFO] running `Command { std: "git" "clone" "/workspace/cache/git-repos/https%3A%2F%2Fgithub.com%2FEidenz%2Fmonadeck" "/workspace/builds/worker-7-tc1/source", kill_on_drop: false }`
[INFO] [stderr] Cloning into '/workspace/builds/worker-7-tc1/source'...
[INFO] [stderr] done.
[INFO] started tweaking git repo https://github.com/Eidenz/monadeck
[INFO] finished tweaking git repo https://github.com/Eidenz/monadeck
[INFO] tweaked toml for git repo https://github.com/Eidenz/monadeck written to /workspace/builds/worker-7-tc1/source/Cargo.toml
[INFO] validating manifest of git repo https://github.com/Eidenz/monadeck on toolchain 3154cc1a3e6424e44f438a95007d043ed5ceaaf6
[INFO] running `Command { std: CARGO_HOME="/workspace/cargo-home" RUSTUP_HOME="/workspace/rustup-home" "/workspace/cargo-home/bin/cargo" "+3154cc1a3e6424e44f438a95007d043ed5ceaaf6" "metadata" "--manifest-path" "Cargo.toml" "--no-deps", kill_on_drop: false }`
[INFO] crate git repo https://github.com/Eidenz/monadeck already has a lockfile, it will not be regenerated
[INFO] running `Command { std: CARGO_HOME="/workspace/cargo-home" RUSTUP_HOME="/workspace/rustup-home" "/workspace/cargo-home/bin/cargo" "+3154cc1a3e6424e44f438a95007d043ed5ceaaf6" "fetch" "--manifest-path" "Cargo.toml", kill_on_drop: false }`
[INFO] [stderr]     Updating crates.io index
[INFO] [stderr]  Downloading crates ...
[INFO] [stderr]   Downloaded g2poly v1.2.2
[INFO] [stderr]   Downloaded g2p v1.2.2
[INFO] [stderr]   Downloaded rqrr v0.10.1
[INFO] [stderr]   Downloaded g2gen v1.2.2
[INFO] [stderr]   Downloaded openxr_mndx_xdev_space v0.2.0
[INFO] [stderr]   Downloaded libspa-sys v0.10.1
[INFO] [stderr]   Downloaded pipewire v0.10.1
[INFO] [stderr]   Downloaded pipewire-sys v0.10.1
[INFO] [stderr]   Downloaded openxr v0.21.1
[INFO] [stderr]   Downloaded input-linux-sys v0.9.0
[INFO] [stderr]   Downloaded libspa v0.10.1
[INFO] [stderr]   Downloaded input-linux v0.7.1
[INFO] [stderr]   Downloaded egui-ash-renderer v0.8.0
[INFO] [stderr]   Downloaded openxr-sys v0.13.1
[INFO] [stderr]   Downloaded egui-phosphor v0.9.0
[INFO] running `Command { std: "docker" "create" "-v" "/var/lib/crater-agent-workspace/builds/worker-7-tc1/source:/opt/rustwide/workdir:ro,Z" "-v" "/var/lib/crater-agent-workspace/builds/worker-7-tc1/target:/opt/rustwide/target:rw,Z" "-v" "/var/lib/crater-agent-workspace/cargo-home:/opt/rustwide/cargo-home:ro,Z" "-v" "/var/lib/crater-agent-workspace/rustup-home:/opt/rustwide/rustup-home:ro,Z" "-m" "1610612736" "--network" "none" "ghcr.io/rust-lang/crates-build-env/linux@sha256:77db811e55d90add9212f6832c23229e3de5f1c1f9905e8cb07319ea15df73ac" "sleep" "infinity", kill_on_drop: false }`
[INFO] [stdout] ec1973242bddaec15eeda347639deb90284fadf840f5f271b32b6ae483f1b1ec
[INFO] running `Command { std: "docker" "start" "ec1973242bddaec15eeda347639deb90284fadf840f5f271b32b6ae483f1b1ec", kill_on_drop: false }`
[INFO] running `Command { std: "docker" "inspect" "ec1973242bddaec15eeda347639deb90284fadf840f5f271b32b6ae483f1b1ec", kill_on_drop: false }`
[INFO] running `Command { std: "docker" "exec" "-e" "SOURCE_DIR=/opt/rustwide/workdir" "-e" "CARGO_HOME=/opt/rustwide/cargo-home" "-e" "RUSTUP_HOME=/opt/rustwide/rustup-home" "-e" "CARGO_TARGET_DIR=/opt/rustwide/target" "-w" "/opt/rustwide/workdir" "--user" "0:0" "ec1973242bddaec15eeda347639deb90284fadf840f5f271b32b6ae483f1b1ec" "/opt/rustwide/cargo-home/bin/cargo" "+3154cc1a3e6424e44f438a95007d043ed5ceaaf6" "metadata" "--no-deps" "--format-version=1", kill_on_drop: false }`
[INFO] running `Command { std: "docker" "inspect" "ec1973242bddaec15eeda347639deb90284fadf840f5f271b32b6ae483f1b1ec", kill_on_drop: false }`
[INFO] running `Command { std: "docker" "exec" "-e" "SOURCE_DIR=/opt/rustwide/workdir" "-e" "CARGO_HOME=/opt/rustwide/cargo-home" "-e" "RUSTUP_HOME=/opt/rustwide/rustup-home" "-e" "CARGO_TARGET_DIR=/opt/rustwide/target" "-e" "CARGO_INCREMENTAL=0" "-e" "RUST_BACKTRACE=full" "-e" "RUSTFLAGS=--cap-lints=forbid -Znext-solver=coherence" "-e" "RUSTDOCFLAGS=--cap-lints=forbid" "-w" "/opt/rustwide/workdir" "--user" "0:0" "ec1973242bddaec15eeda347639deb90284fadf840f5f271b32b6ae483f1b1ec" "/opt/rustwide/cargo-home/bin/cargo" "+3154cc1a3e6424e44f438a95007d043ed5ceaaf6" "check" "--frozen" "--all" "--all-targets" "--message-format=json", kill_on_drop: false }`
[INFO] [stderr]    Compiling memchr v2.8.2
[INFO] [stderr]    Compiling cc v1.2.64
[INFO] [stderr]    Compiling toml_parser v1.1.3+spec-1.1.0
[INFO] [stderr]    Compiling clang-sys v1.8.1
[INFO] [stderr]    Compiling libc v0.2.186
[INFO] [stderr]    Compiling regex-syntax v0.8.11
[INFO] [stderr]    Compiling serde_core v1.0.228
[INFO] [stderr]    Compiling syn v2.0.118
[INFO] [stderr]    Compiling syn v3.0.5
[INFO] [stderr]    Compiling bindgen v0.72.1
[INFO] [stderr]    Compiling anstyle v1.0.14
[INFO] [stderr]    Compiling either v1.16.0
[INFO] [stderr]    Compiling rustc-hash v2.1.2
[INFO] [stderr]    Compiling bitflags v2.13.0
[INFO] [stderr]     Checking rustix v1.1.4
[INFO] [stderr]     Checking log v0.4.32
[INFO] [stderr]    Compiling annotate-snippets v0.11.5
[INFO] [stderr]    Compiling itertools v0.13.0
[INFO] [stderr]    Compiling zerocopy v0.8.52
[INFO] [stderr]    Compiling serde_json v1.0.150
[INFO] [stderr]     Checking parking_lot_core v0.9.12
[INFO] [stderr]     Checking mio v1.2.3
[INFO] [stderr]     Checking socket2 v0.6.5
[INFO] [stderr]    Compiling wayland-sys v0.31.11
[INFO] [stderr]    Compiling alsa-sys v0.3.1
[INFO] [stderr]    Compiling toml v1.1.5+spec-1.1.0
[INFO] [stderr]    Compiling toml_edit v0.25.12+spec-1.1.0
[INFO] [stderr]    Compiling nom v7.1.3
[INFO] [stderr]     Checking fastrand v2.5.0
[INFO] [stderr]    Compiling cmake v0.1.58
[INFO] [stderr]     Checking emath v0.31.1
[INFO] [stderr]    Compiling nix v0.29.0
[INFO] [stderr]     Checking futures-lite v2.6.1
[INFO] [stderr]     Checking ecolor v0.31.1
[INFO] [stderr]    Compiling system-deps v7.0.8
[INFO] [stderr]     Checking parking_lot v0.12.5
[INFO] [stderr]     Checking aho-corasick v1.1.4
[INFO] [stderr]     Checking async-broadcast v0.7.2
[INFO] [stderr]    Compiling ring v0.17.14
[INFO] [stderr]    Compiling openxr-sys v0.13.1
[INFO] [stderr]    Compiling proc-macro-crate v3.5.0
[INFO] [stderr]    Compiling wayland-backend v0.3.17
[INFO] [stderr]    Compiling regex-automata v0.4.14
[INFO] [stderr]     Checking ordered-stream v0.2.0
[INFO] [stderr]     Checking getrandom v0.2.17
[INFO] [stderr]    Compiling cexpr v0.6.0
[INFO] [stderr]     Checking uuid v1.26.0
[INFO] [stderr]     Checking epaint_default_fonts v0.31.1
[INFO] [stderr]    Compiling httparse v1.10.1
[INFO] [stderr]    Compiling libspa v0.10.1
[INFO] [stderr]    Compiling quick-xml v0.41.0
[INFO] [stderr]    Compiling g2poly v1.2.2
[INFO] [stderr]     Checking flagset v0.4.7
[INFO] [stderr]     Checking xdg v2.5.2
[INFO] [stderr]     Checking mint v0.5.9
[INFO] [stderr]    Compiling rustls v0.23.43
[INFO] [stderr]     Checking phf_shared v0.12.1
[INFO] [stderr]     Checking moxcms v0.8.1
[INFO] [stderr]     Checking alsa v0.9.1
[INFO] [stderr]     Checking nom v8.0.0
[INFO] [stderr]     Checking http v1.5.0
[INFO] [stderr]     Checking libloading v0.9.0
[INFO] [stderr]     Checking cookie-factory v0.3.3
[INFO] [stderr]    Compiling chrono-tz v0.10.4
[INFO] [stderr]     Checking base64 v0.23.1
[INFO] [stderr]     Checking presser v0.3.1
[INFO] [stderr]     Checking anstream v1.0.0
[INFO] [stderr]     Checking chrono v0.4.45
[INFO] [stderr]    Compiling wayland-scanner v0.31.11
[INFO] [stderr]     Checking ureq-proto v0.6.1
[INFO] [stderr]     Checking input-linux-sys v0.9.0
[INFO] [stderr] error: could not compile `zerocopy` (lib)
[INFO] [stderr] 
[INFO] [stderr] Caused by:
[INFO] [stderr]   process didn't exit successfully: `/opt/rustwide/rustup-home/toolchains/3154cc1a3e6424e44f438a95007d043ed5ceaaf6/bin/rustc --crate-name zerocopy --edition=2021 /opt/rustwide/cargo-home/registry/src/index.crates.io-1949cf8c6b5b557f/zerocopy-0.8.52/src/lib.rs --error-format=json --json=diagnostic-rendered-ansi,artifacts,future-incompat,unused-externs-silent --crate-type lib --emit=dep-info,metadata -C embed-bitcode=no -C debuginfo=2 --cfg 'feature="simd"' --check-cfg 'cfg(docsrs,test)' --check-cfg 'cfg(feature, values("__internal_use_only_features_that_work_on_stable", "alloc", "derive", "float-nightly", "simd", "simd-nightly", "std", "zerocopy-derive"))' -C metadata=98680f680b919d83 -C extra-filename=-d5f68747b3814760 --out-dir /opt/rustwide/target/debug/build/zerocopy/d5f68747b3814760/out --cap-lints allow --cap-lints=forbid -Znext-solver=coherence --force-warn=unused_crate_dependencies --check-cfg 'cfg(no_zerocopy_simd_x86_avx12_1_89_0)' --check-cfg 'cfg(rust, values("1.89.0"))' --check-cfg 'cfg(no_zerocopy_core_error_1_81_0)' --check-cfg 'cfg(rust, values("1.81.0"))' --check-cfg 'cfg(no_zerocopy_diagnostic_on_unimplemented_1_78_0)' --check-cfg 'cfg(rust, values("1.78.0"))' --check-cfg 'cfg(no_zerocopy_generic_bounds_in_const_fn_1_61_0)' --check-cfg 'cfg(rust, values("1.61.0"))' --check-cfg 'cfg(no_zerocopy_target_has_atomics_1_60_0)' --check-cfg 'cfg(rust, values("1.60.0"))' --check-cfg 'cfg(no_zerocopy_aarch64_simd_1_59_0)' --check-cfg 'cfg(rust, values("1.59.0"))' --check-cfg 'cfg(no_zerocopy_aarch64_simd_be_1_87_0)' --check-cfg 'cfg(rust, values("1.87.0"))' --check-cfg 'cfg(no_zerocopy_panic_in_const_and_vec_try_reserve_1_57_0)' --check-cfg 'cfg(rust, values("1.57.0"))' --check-cfg 'cfg(doc_cfg)' --check-cfg 'cfg(kani)' --check-cfg 'cfg(__ZEROCOPY_INTERNAL_USE_ONLY_NIGHTLY_FEATURES_IN_TESTS)' --check-cfg 'cfg(__ZEROCOPY_INTERNAL_USE_ONLY_DEV_MODE)' --check-cfg 'cfg(coverage_nightly)' --check-cfg 'cfg(zerocopy_inline_always)' --check-cfg 'cfg(zerocopy_unstable_ptr)' --check-cfg 'cfg(zerocopy_unstable_linux)' --check-cfg 'cfg(no_fp_fmt_parse)'` (signal: 9, SIGKILL: kill)
[INFO] [stderr] warning: build failed, waiting for other jobs to finish...
[INFO] [stderr] error: could not compile `syn` (lib)
[INFO] [stderr] 
[INFO] [stderr] Caused by:
[INFO] [stderr]   process didn't exit successfully: `/opt/rustwide/rustup-home/toolchains/3154cc1a3e6424e44f438a95007d043ed5ceaaf6/bin/rustc --crate-name syn --edition=2021 /opt/rustwide/cargo-home/registry/src/index.crates.io-1949cf8c6b5b557f/syn-2.0.118/src/lib.rs --error-format=json --json=diagnostic-rendered-ansi,artifacts,future-incompat,unused-externs-silent --crate-type lib --emit=dep-info,metadata,link -Z embed-metadata=no -C embed-bitcode=no --cfg 'feature="clone-impls"' --cfg 'feature="default"' --cfg 'feature="derive"' --cfg 'feature="extra-traits"' --cfg 'feature="full"' --cfg 'feature="parsing"' --cfg 'feature="printing"' --cfg 'feature="proc-macro"' --cfg 'feature="visit-mut"' --check-cfg 'cfg(docsrs,test)' --check-cfg 'cfg(feature, values("clone-impls", "default", "derive", "extra-traits", "fold", "full", "parsing", "printing", "proc-macro", "test", "visit", "visit-mut"))' -C metadata=1f92187f23bf9d84 -C extra-filename=-fc25ae89800b2c37 --out-dir /opt/rustwide/target/debug/build/syn/fc25ae89800b2c37/out -L dependency=/opt/rustwide/target/debug/build/proc-macro2/0a97d01ef12c1cc0/out -L dependency=/opt/rustwide/target/debug/build/unicode-ident/69fd460968039056/out --extern proc_macro2=/opt/rustwide/target/debug/build/proc-macro2/0a97d01ef12c1cc0/out/libproc_macro2-0a97d01ef12c1cc0.rmeta --extern quote=/opt/rustwide/target/debug/build/quote/76fc50e37bc0731b/out/libquote-76fc50e37bc0731b.rmeta --extern unicode_ident=/opt/rustwide/target/debug/build/unicode-ident/69fd460968039056/out/libunicode_ident-69fd460968039056.rmeta --cap-lints allow --cap-lints=forbid -Znext-solver=coherence --force-warn=unused_crate_dependencies` (signal: 9, SIGKILL: kill)
[INFO] [stderr] error: failed to run custom build command for `openxr-sys v0.13.1`
[INFO] [stderr] note: To improve backtraces for build dependencies, set the CARGO_PROFILE_DEV_BUILD_OVERRIDE_DEBUG=true environment variable to enable debug information generation.
[INFO] [stderr] 
[INFO] [stderr] Caused by:
[INFO] [stderr]   process didn't exit successfully: `/opt/rustwide/target/debug/build/openxr-sys/1ae29959255d210c/out/build_script_build` (exit status: 101)
[INFO] [stderr]   --- stdout
[INFO] [stderr]   CMAKE_TOOLCHAIN_FILE_x86_64-unknown-linux-gnu = None
[INFO] [stderr]   CMAKE_TOOLCHAIN_FILE_x86_64_unknown_linux_gnu = None
[INFO] [stderr]   HOST_CMAKE_TOOLCHAIN_FILE = None
[INFO] [stderr]   CMAKE_TOOLCHAIN_FILE = None
[INFO] [stderr]   CMAKE_GENERATOR_x86_64-unknown-linux-gnu = None
[INFO] [stderr]   CMAKE_GENERATOR_x86_64_unknown_linux_gnu = None
[INFO] [stderr]   HOST_CMAKE_GENERATOR = None
[INFO] [stderr]   CMAKE_GENERATOR = None
[INFO] [stderr]   CMAKE_PREFIX_PATH_x86_64-unknown-linux-gnu = None
[INFO] [stderr]   CMAKE_PREFIX_PATH_x86_64_unknown_linux_gnu = None
[INFO] [stderr]   HOST_CMAKE_PREFIX_PATH = None
[INFO] [stderr]   CMAKE_PREFIX_PATH = None
[INFO] [stderr]   CMAKE_x86_64-unknown-linux-gnu = None
[INFO] [stderr]   CMAKE_x86_64_unknown_linux_gnu = None
[INFO] [stderr]   HOST_CMAKE = None
[INFO] [stderr]   CMAKE = None
[INFO] [stderr]   -- The C compiler identification is GNU 15.2.0
[INFO] [stderr]   -- The CXX compiler identification is GNU 15.2.0
[INFO] [stderr]   -- Detecting C compiler ABI info
[INFO] [stderr]   -- Detecting C compiler ABI info - done
[INFO] [stderr]   -- Check for working C compiler: /usr/bin/cc - skipped
[INFO] [stderr]   -- Detecting C compile features
[INFO] [stderr]   -- Detecting C compile features - done
[INFO] [stderr]   -- Detecting CXX compiler ABI info
[INFO] [stderr]   -- Detecting CXX compiler ABI info - done
[INFO] [stderr]   -- Check for working CXX compiler: /usr/bin/c++ - skipped
[INFO] [stderr]   -- Detecting CXX compile features
[INFO] [stderr]   -- Detecting CXX compile features - done
[INFO] [stderr]   -- Found Python3: /usr/bin/python3 (found version "3.14.4") found components: Interpreter
[INFO] [stderr]   -- Performing Test HAVE_FILESYSTEM_WITHOUT_LIB
[INFO] [stderr]   -- Performing Test HAVE_FILESYSTEM_WITHOUT_LIB - Success
[INFO] [stderr]   -- Performing Test HAVE_FILESYSTEM_NEEDING_LIBSTDCXXFS
[INFO] [stderr]   -- Performing Test HAVE_FILESYSTEM_NEEDING_LIBSTDCXXFS - Success
[INFO] [stderr]   -- Performing Test HAVE_FILESYSTEM_NEEDING_LIBCXXFS
[INFO] [stderr]   -- Performing Test HAVE_FILESYSTEM_NEEDING_LIBCXXFS - Failed
[INFO] [stderr]   -- Found OpenGL: /usr/lib/x86_64-linux-gnu/libOpenGL.so
[INFO] [stderr]   -- Enabling OpenGL support
[INFO] [stderr]   -- Found Vulkan: /usr/lib/x86_64-linux-gnu/libvulkan.so (found version "1.4.341")  missing components: glslc glslangValidator
[INFO] [stderr]   -- Enabling Vulkan support
[INFO] [stderr]   -- Performing Test CMAKE_HAVE_LIBC_PTHREAD
[INFO] [stderr]   -- Performing Test CMAKE_HAVE_LIBC_PTHREAD - Success
[INFO] [stderr]   -- Found Threads: TRUE
[INFO] [stderr]   -- Could NOT find JsonCpp (missing: JsonCpp_INCLUDE_DIR JsonCpp_LIBRARY) 
[INFO] [stderr]   -- Presentation backend selected for hello_xr, loader_test, conformance: xlib
[INFO] [stderr]   -- Found X11: /usr/include
[INFO] [stderr]   -- Looking for XOpenDisplay in /usr/lib/x86_64-linux-gnu/libX11.so;/usr/lib/x86_64-linux-gnu/libXext.so
[INFO] [stderr]   -- Looking for XOpenDisplay in /usr/lib/x86_64-linux-gnu/libX11.so;/usr/lib/x86_64-linux-gnu/libXext.so - found
[INFO] [stderr]   -- Looking for gethostbyname
[INFO] [stderr]   -- Looking for gethostbyname - found
[INFO] [stderr]   -- Looking for connect
[INFO] [stderr]   -- Looking for connect - found
[INFO] [stderr]   -- Looking for remove
[INFO] [stderr]   -- Looking for remove - found
[INFO] [stderr]   -- Looking for shmat
[INFO] [stderr]   -- Looking for shmat - found
[INFO] [stderr]   -- Looking for IceConnectionNumber in ICE
[INFO] [stderr]   -- Looking for IceConnectionNumber in ICE - found
[INFO] [stderr]   -- Found PkgConfig: /usr/bin/pkg-config (found version "2.5.1")
[INFO] [stderr]   -- Checking for one of the modules 'xcb'
[INFO] [stderr]   -- Checking for one of the modules 'xcb-glx'
[INFO] [stderr]   -- Checking for one of the modules 'wayland-client'
[INFO] [stderr]   -- BUILD_WITH_XLIB_HEADERS: ON
[INFO] [stderr]   -- BUILD_WITH_XCB_HEADERS: ON
[INFO] [stderr]   -- BUILD_WITH_WAYLAND_HEADERS: ON
[INFO] [stderr]   -- Could NOT find glslc, using precompiled .spv files
[INFO] [stderr]   -- Looking for secure_getenv
[INFO] [stderr]   -- Looking for secure_getenv - found
[INFO] [stderr]   -- Looking for __secure_getenv
[INFO] [stderr]   -- Looking for __secure_getenv - not found
[INFO] [stderr]   -- Looking for clock_gettime
[INFO] [stderr]   -- Looking for clock_gettime - found
[INFO] [stderr]   -- OpenXR 1.1.54
[INFO] [stderr]   -- Found and will use pre-generated xr_generated_dispatch_table.h in source tree
[INFO] [stderr]   -- Found and will use pre-generated xr_generated_dispatch_table.c in source tree
[INFO] [stderr]   -- Found and will use pre-generated xr_generated_dispatch_table_core.h in source tree
[INFO] [stderr]   -- Found and will use pre-generated xr_generated_dispatch_table_core.c in source tree
[INFO] [stderr]   -- Performing Test SUPPORTS_Wall
[INFO] [stderr]   -- Performing Test SUPPORTS_Wall - Success
[INFO] [stderr]   -- Performing Test SUPPORTS_C_Wall
[INFO] [stderr]   -- Performing Test SUPPORTS_C_Wall - Success
[INFO] [stderr]   -- Performing Test SUPPORTS_Werrorunusedparameter
[INFO] [stderr]   -- Performing Test SUPPORTS_Werrorunusedparameter - Success
[INFO] [stderr]   -- Performing Test SUPPORTS_C_Werrorunusedparameter
[INFO] [stderr]   -- Performing Test SUPPORTS_C_Werrorunusedparameter - Success
[INFO] [stderr]   -- Performing Test SUPPORTS_Werrorunusedargument
[INFO] [stderr]   -- Performing Test SUPPORTS_Werrorunusedargument - Failed
[INFO] [stderr]   -- Performing Test SUPPORTS_C_Werrorunusedargument
[INFO] [stderr]   -- Performing Test SUPPORTS_C_Werrorunusedargument - Failed
[INFO] [stderr]   -- Performing Test SUPPORTS_Wpointerarith
[INFO] [stderr]   -- Performing Test SUPPORTS_Wpointerarith - Success
[INFO] [stderr]   -- Performing Test SUPPORTS_C_Wpointerarith
[INFO] [stderr]   -- Performing Test SUPPORTS_C_Wpointerarith - Success
[INFO] [stderr]   -- Found and will use pre-generated xr_generated_loader.hpp in source tree
[INFO] [stderr]   -- Found and will use pre-generated xr_generated_loader.cpp in source tree
[INFO] [stderr]   -- Performing Test HAVE_MISSING_PROTOTYPES
[INFO] [stderr]   -- Performing Test HAVE_MISSING_PROTOTYPES - Success
[INFO] [stderr]   -- Performing Test HAVE_UNDEF
[INFO] [stderr]   -- Performing Test HAVE_UNDEF - Success
[INFO] [stderr]   -- Performing Test HAVE_TAUTOLOGICAL_TYPE_LIMIT
[INFO] [stderr]   -- Performing Test HAVE_TAUTOLOGICAL_TYPE_LIMIT - Failed
[INFO] [stderr]   -- Performing Test HAVE_MISSING_BRACES
[INFO] [stderr]   -- Performing Test HAVE_MISSING_BRACES - Success
[INFO] [stderr]   -- Performing Test HAVE_UNREACHABLE_CODE
[INFO] [stderr]   -- Performing Test HAVE_UNREACHABLE_CODE - Success
[INFO] [stderr]   -- Configuring done (26.9s)
[INFO] [stderr]   -- Generating done (0.1s)
[INFO] [stderr]   -- Build files have been written to: /opt/rustwide/target/debug/build/openxr-sys/4a4132afb89c974e/out/build
[INFO] [stderr]   [  0%] Built target xr_global_generated_files
[INFO] [stderr]   [  0%] Built target libopenxr_loader.so.1.1
[INFO] [stderr]   [  0%] Built target generate_openxr_header
[INFO] [stderr]   [  5%] Building CXX object src/loader/CMakeFiles/openxr_loader.dir/loader_instance.cpp.o
[INFO] [stderr]   [ 11%] Building CXX object src/loader/CMakeFiles/openxr_loader.dir/android_utilities.cpp.o
[INFO] [stderr]   [ 16%] Building CXX object src/loader/CMakeFiles/openxr_loader.dir/api_layer_interface.cpp.o
[INFO] [stderr]   [ 22%] Building CXX object src/loader/CMakeFiles/openxr_loader.dir/loader_logger_recorders.cpp.o
[INFO] [stderr]   [ 27%] Building CXX object src/loader/CMakeFiles/openxr_loader.dir/loader_core.cpp.o
[INFO] [stderr]   [ 33%] Building CXX object src/loader/CMakeFiles/openxr_loader.dir/loader_init_data.cpp.o
[INFO] [stderr]   [ 38%] Building CXX object src/loader/CMakeFiles/openxr_loader.dir/runtime_interface.cpp.o
[INFO] [stderr]   [ 50%] Building CXX object src/loader/CMakeFiles/openxr_loader.dir/xr_generated_loader.cpp.o
[INFO] [stderr]   [ 55%] Building CXX object src/loader/CMakeFiles/openxr_loader.dir/__/common/object_info.cpp.o
[INFO] [stderr]   [ 44%] Building CXX object src/loader/CMakeFiles/openxr_loader.dir/__/common/filesystem_utils.cpp.o
[INFO] [stderr]   [ 61%] Building CXX object src/loader/CMakeFiles/openxr_loader.dir/loader_logger.cpp.o
[INFO] [stderr]   [ 66%] Building CXX object src/loader/CMakeFiles/openxr_loader.dir/__/external/jsoncpp/src/lib_json/json_reader.cpp.o
[INFO] [stderr]   [ 72%] Building CXX object src/loader/CMakeFiles/openxr_loader.dir/loader_properties.cpp.o
[INFO] [stderr]   [ 77%] Building C object src/loader/CMakeFiles/openxr_loader.dir/__/xr_generated_dispatch_table_core.c.o
[INFO] [stderr]   [ 83%] Building CXX object src/loader/CMakeFiles/openxr_loader.dir/__/external/jsoncpp/src/lib_json/json_value.cpp.o
[INFO] [stderr]   [ 88%] Building CXX object src/loader/CMakeFiles/openxr_loader.dir/__/external/jsoncpp/src/lib_json/json_writer.cpp.o
[INFO] [stderr]   [ 94%] Building CXX object src/loader/CMakeFiles/openxr_loader.dir/manifest_file.cpp.o
[INFO] [stderr] 
[INFO] [stderr]   --- stderr
[INFO] [stderr]   running: cd "/opt/rustwide/target/debug/build/openxr-sys/4a4132afb89c974e/out/build" && CMAKE_PREFIX_PATH="" LC_ALL="C" "cmake" "/opt/rustwide/cargo-home/registry/src/index.crates.io-1949cf8c6b5b557f/openxr-sys-0.13.1/OpenXR-SDK" "-B" "/opt/rustwide/target/debug/build/openxr-sys/4a4132afb89c974e/out/build" "-DBUILD_API_LAYERS=OFF" "-DBUILD_TESTS=OFF" "-DOpenGL_GL_PREFERENCE=GLVND" "-DDYNAMIC_LOADER=OFF" "-DCMAKE_INSTALL_LIBDIR=lib" "-DBUILD_WITH_SYSTEM_JSONCPP=OFF" "-DCMAKE_INSTALL_PREFIX=/opt/rustwide/target/debug/build/openxr-sys/4a4132afb89c974e/out" "-DCMAKE_C_FLAGS= -ffunction-sections -fdata-sections -fPIC -m64 -w" "-DCMAKE_C_COMPILER=/usr/bin/cc" "-DCMAKE_CXX_FLAGS= -ffunction-sections -fdata-sections -fPIC -m64 -w" "-DCMAKE_CXX_COMPILER=/usr/bin/c++" "-DCMAKE_ASM_FLAGS= -ffunction-sections -fdata-sections -fPIC -m64 -w" "-DCMAKE_ASM_COMPILER=/usr/bin/cc" "-DCMAKE_BUILD_TYPE=Release"
[INFO] [stderr]   CMake Warning at src/CMakeLists.txt:33 (find_package):
[INFO] [stderr]     By not providing "FindSanitizers.cmake" in CMAKE_MODULE_PATH this project
[INFO] [stderr]     has asked CMake to find a package configuration file provided by
[INFO] [stderr]     "Sanitizers", but CMake did not find one.
[INFO] [stderr] 
[INFO] [stderr]     Could not find a package configuration file provided by "Sanitizers" with
[INFO] [stderr]     any of the following names:
[INFO] [stderr] 
[INFO] [stderr]       SanitizersConfig.cmake
[INFO] [stderr]       sanitizers-config.cmake
[INFO] [stderr] 
[INFO] [stderr]     Add the installation prefix of "Sanitizers" to CMAKE_PREFIX_PATH or set
[INFO] [stderr]     "Sanitizers_DIR" to a directory containing one of the above files.  If
[INFO] [stderr]     "Sanitizers" provides a separate development package or SDK, be sure it has
[INFO] [stderr]     been installed.
[INFO] [stderr] 
[INFO] [stderr] 
[INFO] [stderr]   CMake Warning:
[INFO] [stderr]     Manually-specified variables were not used by the project:
[INFO] [stderr] 
[INFO] [stderr]       CMAKE_ASM_COMPILER
[INFO] [stderr]       CMAKE_ASM_FLAGS
[INFO] [stderr] 
[INFO] [stderr] 
[INFO] [stderr]   running: cd "/opt/rustwide/target/debug/build/openxr-sys/4a4132afb89c974e/out/build" && LC_ALL="C" MAKEFLAGS="-j --jobserver-fds=4,5 --jobserver-auth=4,5" "cmake" "--build" "/opt/rustwide/target/debug/build/openxr-sys/4a4132afb89c974e/out/build" "--target" "install" "--config" "Release"
[INFO] [stderr]   c++: fatal error: Killed signal terminated program cc1plus
[INFO] [stderr]   compilation terminated.
[INFO] [stderr]   gmake[2]: *** [src/loader/CMakeFiles/openxr_loader.dir/build.make:107: src/loader/CMakeFiles/openxr_loader.dir/loader_core.cpp.o] Error 1
[INFO] [stderr]   gmake[2]: *** Waiting for unfinished jobs....
[INFO] [stderr]   c++: fatal error: Killed signal terminated program cc1plus
[INFO] [stderr]   compilation terminated.
[INFO] [stderr]   c++: fatal error: Killed signal terminated program cc1plus
[INFO] [stderr]   compilation terminated.
[INFO] [stderr]   gmake[2]: *** [src/loader/CMakeFiles/openxr_loader.dir/build.make:191: src/loader/CMakeFiles/openxr_loader.dir/manifest_file.cpp.o] Error 1
[INFO] [stderr]   gmake[2]: *** [src/loader/CMakeFiles/openxr_loader.dir/build.make:135: src/loader/CMakeFiles/openxr_loader.dir/loader_instance.cpp.o] Error 1
[INFO] [stderr]   c++: fatal error: Killed signal terminated program cc1plus
[INFO] [stderr]   compilation terminated.
[INFO] [stderr]   gmake[2]: *** [src/loader/CMakeFiles/openxr_loader.dir/build.make:121: src/loader/CMakeFiles/openxr_loader.dir/loader_init_data.cpp.o] Error 1
[INFO] [stderr]   gmake[1]: *** [CMakeFiles/Makefile2:1226: src/loader/CMakeFiles/openxr_loader.dir/all] Error 2
[INFO] [stderr]   gmake: *** [Makefile:146: all] Error 2
[INFO] [stderr] 
[INFO] [stderr]   thread 'main' (684) panicked at /opt/rustwide/cargo-home/registry/src/index.crates.io-1949cf8c6b5b557f/cmake-0.1.58/src/lib.rs:1132:5:
[INFO] [stderr] 
[INFO] [stderr]   command did not execute successfully, got: exit status: 2
[INFO] [stderr] 
[INFO] [stderr]   build script failed, must exit now
[INFO] [stderr]   stack backtrace:
[INFO] [stderr]      0:     0x60b162a02141 - std[3164a59e47d3bde]::backtrace_rs::backtrace::libunwind::trace
[INFO] [stderr]                                  at /rustc/3154cc1a3e6424e44f438a95007d043ed5ceaaf6/library/std/src/../../backtrace/src/backtrace/libunwind.rs:117:9
[INFO] [stderr]      1:     0x60b162a02141 - std[3164a59e47d3bde]::backtrace_rs::backtrace::trace_unsynchronized::<std[3164a59e47d3bde]::sys::backtrace::_print_fmt::{closure#1}>
[INFO] [stderr]                                  at /rustc/3154cc1a3e6424e44f438a95007d043ed5ceaaf6/library/std/src/../../backtrace/src/backtrace/mod.rs:66:14
[INFO] [stderr]      2:     0x60b162a02141 - std[3164a59e47d3bde]::sys::backtrace::_print_fmt
[INFO] [stderr]                                  at /rustc/3154cc1a3e6424e44f438a95007d043ed5ceaaf6/library/std/src/sys/backtrace.rs:74:9
[INFO] [stderr]      3:     0x60b162a02141 - <<std[3164a59e47d3bde]::sys::backtrace::BacktraceLock>::print::DisplayBacktrace as core[934024a1e6126fb4]::fmt::Display>::fmt
[INFO] [stderr]                                  at /rustc/3154cc1a3e6424e44f438a95007d043ed5ceaaf6/library/std/src/sys/backtrace.rs:44:26
[INFO] [stderr]      4:     0x60b162a1634a - <core[934024a1e6126fb4]::fmt::rt::Argument>::fmt
[INFO] [stderr]                                  at /rustc/3154cc1a3e6424e44f438a95007d043ed5ceaaf6/library/core/src/fmt/rt.rs:152:76
[INFO] [stderr]      5:     0x60b162a1634a - core[934024a1e6126fb4]::fmt::write
[INFO] [stderr]      6:     0x60b162a07b9c - core[934024a1e6126fb4]::io::write::default_write_fmt::<std[3164a59e47d3bde]::sys::stdio::unix::Stderr>
[INFO] [stderr]                                  at /rustc/3154cc1a3e6424e44f438a95007d043ed5ceaaf6/library/core/src/io/write.rs:402:11
[INFO] [stderr]      7:     0x60b162a07b9c - <std[3164a59e47d3bde]::sys::stdio::unix::Stderr as core[934024a1e6126fb4]::io::write::Write>::write_fmt
[INFO] [stderr]                                  at /rustc/3154cc1a3e6424e44f438a95007d043ed5ceaaf6/library/core/src/io/write.rs:335:13
[INFO] [stderr]      8:     0x60b1629e1716 - <std[3164a59e47d3bde]::sys::backtrace::BacktraceLock>::print
[INFO] [stderr]                                  at /rustc/3154cc1a3e6424e44f438a95007d043ed5ceaaf6/library/std/src/sys/backtrace.rs:47:9
[INFO] [stderr]      9:     0x60b1629e1716 - std[3164a59e47d3bde]::panicking::default_hook::{closure#0}
[INFO] [stderr]                                  at /rustc/3154cc1a3e6424e44f438a95007d043ed5ceaaf6/library/std/src/panicking.rs:289:27
[INFO] [stderr]     10:     0x60b1629fce61 - std[3164a59e47d3bde]::panicking::default_hook
[INFO] [stderr]                                  at /rustc/3154cc1a3e6424e44f438a95007d043ed5ceaaf6/library/std/src/panicking.rs:316:9
[INFO] [stderr]     11:     0x60b1629fd01b - std[3164a59e47d3bde]::panicking::panic_with_hook
[INFO] [stderr]                                  at /rustc/3154cc1a3e6424e44f438a95007d043ed5ceaaf6/library/std/src/panicking.rs:811:13
[INFO] [stderr]     12:     0x60b1629e17c2 - std[3164a59e47d3bde]::panicking::panic_handler::{closure#0}
[INFO] [stderr]                                  at /rustc/3154cc1a3e6424e44f438a95007d043ed5ceaaf6/library/std/src/panicking.rs:685:13
[INFO] [stderr]     13:     0x60b1629da469 - std[3164a59e47d3bde]::sys::backtrace::__rust_end_short_backtrace::<std[3164a59e47d3bde]::panicking::panic_handler::{closure#0}, !>
[INFO] [stderr]                                  at /rustc/3154cc1a3e6424e44f438a95007d043ed5ceaaf6/library/std/src/sys/backtrace.rs:182:18
[INFO] [stderr]     14:     0x60b1629e1fad - __rustc[2e7b49d4226056d3]::rust_begin_unwind
[INFO] [stderr]                                  at /rustc/3154cc1a3e6424e44f438a95007d043ed5ceaaf6/library/std/src/panicking.rs:676:5
[INFO] [stderr]     15:     0x60b162a16b3c - core[934024a1e6126fb4]::panicking::panic_fmt
[INFO] [stderr]                                  at /rustc/3154cc1a3e6424e44f438a95007d043ed5ceaaf6/library/core/src/panicking.rs:80:14
[INFO] [stderr]     16:     0x60b16296d467 - cmake[dec60bfb30f2cdca]::fail
[INFO] [stderr]     17:     0x60b16296d0f3 - cmake[dec60bfb30f2cdca]::run
[INFO] [stderr]     18:     0x60b1629730c5 - <cmake[dec60bfb30f2cdca]::Config>::build
[INFO] [stderr]     19:     0x60b16295f3b8 - build_script_build[ebc7ec9043f2a9bb]::main
[INFO] [stderr]     20:     0x60b16295fc53 - <fn() as core[934024a1e6126fb4]::ops::function::FnOnce<()>>::call_once
[INFO] [stderr]     21:     0x60b16295f1be - std[3164a59e47d3bde]::sys::backtrace::__rust_begin_short_backtrace::<fn(), ()>
[INFO] [stderr]     22:     0x60b16295f1c9 - std[3164a59e47d3bde]::rt::lang_start::<()>::{closure#0}
[INFO] [stderr]     23:     0x60b1629fc168 - <&dyn core[934024a1e6126fb4]::ops::function::Fn<(), Output = i32> + core[934024a1e6126fb4]::marker::Sync + core[934024a1e6126fb4]::panic::unwind_safe::RefUnwindSafe as core[934024a1e6126fb4]::ops::function::FnOnce<()>>::call_once
[INFO] [stderr]                                  at /rustc/3154cc1a3e6424e44f438a95007d043ed5ceaaf6/library/core/src/ops/function.rs:287:21
[INFO] [stderr]     24:     0x60b1629fc168 - std[3164a59e47d3bde]::panicking::catch_unwind::do_call::<&dyn core[934024a1e6126fb4]::ops::function::Fn<(), Output = i32> + core[934024a1e6126fb4]::marker::Sync + core[934024a1e6126fb4]::panic::unwind_safe::RefUnwindSafe, i32>
[INFO] [stderr]                                  at /rustc/3154cc1a3e6424e44f438a95007d043ed5ceaaf6/library/std/src/panicking.rs:573:43
[INFO] [stderr]     25:     0x60b1629fc168 - std[3164a59e47d3bde]::panicking::catch_unwind::<i32, &dyn core[934024a1e6126fb4]::ops::function::Fn<(), Output = i32> + core[934024a1e6126fb4]::marker::Sync + core[934024a1e6126fb4]::panic::unwind_safe::RefUnwindSafe>
[INFO] [stderr]                                  at /rustc/3154cc1a3e6424e44f438a95007d043ed5ceaaf6/library/std/src/panicking.rs:541:19
[INFO] [stderr]     26:     0x60b1629fc168 - std[3164a59e47d3bde]::panic::catch_unwind::<&dyn core[934024a1e6126fb4]::ops::function::Fn<(), Output = i32> + core[934024a1e6126fb4]::marker::Sync + core[934024a1e6126fb4]::panic::unwind_safe::RefUnwindSafe, i32>
[INFO] [stderr]                                  at /rustc/3154cc1a3e6424e44f438a95007d043ed5ceaaf6/library/std/src/panic.rs:359:14
[INFO] [stderr]     27:     0x60b1629fc168 - std[3164a59e47d3bde]::rt::lang_start_internal::{closure#0}
[INFO] [stderr]                                  at /rustc/3154cc1a3e6424e44f438a95007d043ed5ceaaf6/library/std/src/rt.rs:175:24
[INFO] [stderr]     28:     0x60b1629fc168 - std[3164a59e47d3bde]::panicking::catch_unwind::do_call::<std[3164a59e47d3bde]::rt::lang_start_internal::{closure#0}, isize>
[INFO] [stderr]                                  at /rustc/3154cc1a3e6424e44f438a95007d043ed5ceaaf6/library/std/src/panicking.rs:573:43
[INFO] [stderr]     29:     0x60b1629fc168 - std[3164a59e47d3bde]::panicking::catch_unwind::<isize, std[3164a59e47d3bde]::rt::lang_start_internal::{closure#0}>
[INFO] [stderr]                                  at /rustc/3154cc1a3e6424e44f438a95007d043ed5ceaaf6/library/std/src/panicking.rs:541:19
[INFO] [stderr]     30:     0x60b1629fc168 - std[3164a59e47d3bde]::panic::catch_unwind::<std[3164a59e47d3bde]::rt::lang_start_internal::{closure#0}, isize>
[INFO] [stderr]                                  at /rustc/3154cc1a3e6424e44f438a95007d043ed5ceaaf6/library/std/src/panic.rs:359:14
[INFO] [stderr]     31:     0x60b1629fc168 - std[3164a59e47d3bde]::rt::lang_start_internal
[INFO] [stderr]                                  at /rustc/3154cc1a3e6424e44f438a95007d043ed5ceaaf6/library/std/src/rt.rs:171:5
[INFO] [stderr]     32:     0x60b16295f1b1 - std[3164a59e47d3bde]::rt::lang_start::<()>
[INFO] [stderr]     33:     0x60b16295fcc5 - main
[INFO] [stderr]     34:     0x7b558ab7c601 - <unknown>
[INFO] [stderr]     35:     0x7b558ab7c718 - __libc_start_main
[INFO] [stderr]     36:     0x60b16295e135 - _start
[INFO] [stderr]     37:                0x0 - <unknown>
[INFO] running `Command { std: "docker" "inspect" "ec1973242bddaec15eeda347639deb90284fadf840f5f271b32b6ae483f1b1ec", kill_on_drop: false }`
[INFO] running `Command { std: "docker" "rm" "-f" "ec1973242bddaec15eeda347639deb90284fadf840f5f271b32b6ae483f1b1ec", kill_on_drop: false }`
[INFO] [stdout] ec1973242bddaec15eeda347639deb90284fadf840f5f271b32b6ae483f1b1ec
