[INFO] cloning repository https://github.com/ETHXN-dev/100-exercises-to-learn-rust
[INFO] running `Command { std: "git" "-c" "credential.helper=" "-c" "credential.helper=/workspace/cargo-home/bin/git-credential-null" "clone" "--bare" "https://github.com/ETHXN-dev/100-exercises-to-learn-rust" "/workspace/cache/git-repos/https%3A%2F%2Fgithub.com%2FETHXN-dev%2F100-exercises-to-learn-rust", kill_on_drop: false }`
[INFO] [stderr] Cloning into bare repository '/workspace/cache/git-repos/https%3A%2F%2Fgithub.com%2FETHXN-dev%2F100-exercises-to-learn-rust'...
[INFO] running `Command { std: "git" "rev-parse" "HEAD", kill_on_drop: false }`
[INFO] [stdout] 5859d091583fde76f2f8b0a50828f72d583b115a
[INFO] checking ETHXN-dev/100-exercises-to-learn-rust against 3154cc1a3e6424e44f438a95007d043ed5ceaaf6 for pr-133502-30
[INFO] running `Command { std: "git" "clone" "/workspace/cache/git-repos/https%3A%2F%2Fgithub.com%2FETHXN-dev%2F100-exercises-to-learn-rust" "/workspace/builds/worker-0-tc2/source", kill_on_drop: false }`
[INFO] [stderr] Cloning into '/workspace/builds/worker-0-tc2/source'...
[INFO] [stderr] done.
[INFO] started tweaking git repo https://github.com/ETHXN-dev/100-exercises-to-learn-rust
[INFO] finished tweaking git repo https://github.com/ETHXN-dev/100-exercises-to-learn-rust
[INFO] tweaked toml for git repo https://github.com/ETHXN-dev/100-exercises-to-learn-rust written to /workspace/builds/worker-0-tc2/source/Cargo.toml
[INFO] validating manifest of git repo https://github.com/ETHXN-dev/100-exercises-to-learn-rust on toolchain 3154cc1a3e6424e44f438a95007d043ed5ceaaf6
[INFO] running `Command { std: CARGO_HOME="/workspace/cargo-home" RUSTUP_HOME="/workspace/rustup-home" "/workspace/cargo-home/bin/cargo" "+3154cc1a3e6424e44f438a95007d043ed5ceaaf6" "metadata" "--manifest-path" "Cargo.toml" "--no-deps", kill_on_drop: false }`
[INFO] crate git repo https://github.com/ETHXN-dev/100-exercises-to-learn-rust already has a lockfile, it will not be regenerated
[INFO] running `Command { std: CARGO_HOME="/workspace/cargo-home" RUSTUP_HOME="/workspace/rustup-home" "/workspace/cargo-home/bin/cargo" "+3154cc1a3e6424e44f438a95007d043ed5ceaaf6" "fetch" "--manifest-path" "Cargo.toml", kill_on_drop: false }`
[INFO] running `Command { std: "docker" "create" "-v" "/var/lib/crater-agent-workspace/builds/worker-0-tc2/source:/opt/rustwide/workdir:ro,Z" "-v" "/var/lib/crater-agent-workspace/builds/worker-0-tc2/target:/opt/rustwide/target:rw,Z" "-v" "/var/lib/crater-agent-workspace/cargo-home:/opt/rustwide/cargo-home:ro,Z" "-v" "/var/lib/crater-agent-workspace/rustup-home:/opt/rustwide/rustup-home:ro,Z" "-m" "1610612736" "--network" "none" "ghcr.io/rust-lang/crates-build-env/linux@sha256:77db811e55d90add9212f6832c23229e3de5f1c1f9905e8cb07319ea15df73ac" "sleep" "infinity", kill_on_drop: false }`
[INFO] [stdout] 38772cd13ec32c2527a5f492f5b736575e453dac3b7515203c652fef87253fba
[INFO] running `Command { std: "docker" "start" "38772cd13ec32c2527a5f492f5b736575e453dac3b7515203c652fef87253fba", kill_on_drop: false }`
[INFO] running `Command { std: "docker" "inspect" "38772cd13ec32c2527a5f492f5b736575e453dac3b7515203c652fef87253fba", kill_on_drop: false }`
[INFO] running `Command { std: "docker" "exec" "-e" "SOURCE_DIR=/opt/rustwide/workdir" "-e" "CARGO_HOME=/opt/rustwide/cargo-home" "-e" "RUSTUP_HOME=/opt/rustwide/rustup-home" "-e" "CARGO_TARGET_DIR=/opt/rustwide/target" "-w" "/opt/rustwide/workdir" "--user" "0:0" "38772cd13ec32c2527a5f492f5b736575e453dac3b7515203c652fef87253fba" "/opt/rustwide/cargo-home/bin/cargo" "+3154cc1a3e6424e44f438a95007d043ed5ceaaf6" "metadata" "--no-deps" "--format-version=1", kill_on_drop: false }`
[INFO] running `Command { std: "docker" "inspect" "38772cd13ec32c2527a5f492f5b736575e453dac3b7515203c652fef87253fba", kill_on_drop: false }`
[INFO] running `Command { std: "docker" "exec" "-e" "SOURCE_DIR=/opt/rustwide/workdir" "-e" "CARGO_HOME=/opt/rustwide/cargo-home" "-e" "RUSTUP_HOME=/opt/rustwide/rustup-home" "-e" "CARGO_TARGET_DIR=/opt/rustwide/target" "-e" "CARGO_INCREMENTAL=0" "-e" "RUST_BACKTRACE=full" "-e" "RUSTFLAGS=--cap-lints=forbid" "-e" "RUSTDOCFLAGS=--cap-lints=forbid" "-w" "/opt/rustwide/workdir" "--user" "0:0" "38772cd13ec32c2527a5f492f5b736575e453dac3b7515203c652fef87253fba" "/opt/rustwide/cargo-home/bin/cargo" "+3154cc1a3e6424e44f438a95007d043ed5ceaaf6" "check" "--frozen" "--all" "--all-targets" "--message-format=json", kill_on_drop: false }`
[INFO] [stderr]    Compiling proc-macro2 v1.0.106
[INFO] [stderr]    Compiling unicode-ident v1.0.20
[INFO] [stderr]    Compiling quote v1.0.45
[INFO] [stderr]     Checking common v0.1.0 (/opt/rustwide/workdir/helpers/common)
[INFO] [stderr]    Compiling thiserror v1.0.69
[INFO] [stderr]    Compiling libc v0.2.186
[INFO] [stderr]    Compiling parking_lot_core v0.9.12
[INFO] [stderr]     Checking scopeguard v1.2.0
[INFO] [stderr]     Checking smallvec v1.15.1
[INFO] [stderr]     Checking cfg-if v1.0.4
[INFO] [stderr]     Checking bytes v1.10.1
[INFO] [stderr]     Checking pin-project-lite v0.2.16
[INFO] [stderr]    Compiling anyhow v1.0.102
[INFO] [stderr]     Checking outro_02 v0.1.0 (/opt/rustwide/workdir/exercises/03_ticket_v1/12_outro)
[INFO] [stderr]     Checking outro_03 v0.1.0 (/opt/rustwide/workdir/exercises/04_traits/14_outro)
[INFO] [stderr]     Checking static_assertions v1.1.0
[INFO] [stderr]     Checking from v0.1.0 (/opt/rustwide/workdir/exercises/04_traits/09_from)
[INFO] [stderr]     Checking assoc_vs_generic v0.1.0 (/opt/rustwide/workdir/exercises/04_traits/10_assoc_vs_generic)
[INFO] [stderr]     Checking error_enums v0.1.0 (/opt/rustwide/workdir/exercises/05_ticket_v2/08_error_enums)
[INFO] [stdout] warning: unused variable: `wrapping`
[INFO] [stdout]   --> exercises/04_traits/09_from/src/lib.rs:14:9
[INFO] [stdout]    |
[INFO] [stdout] 14 |     let wrapping: WrappingU32 = 42.into();
[INFO] [stdout]    |         ^^^^^^^^ help: if this is intentional, prefix it with an underscore: `_wrapping`
[INFO] [stdout]    |
[INFO] [stdout]    = note: `#[warn(unused_variables)]` (part of `#[warn(unused)]`) on by default
[INFO] [stdout] 
[INFO] [stdout] 
[INFO] [stderr]     Checking lock_api v0.4.14
[INFO] [stderr]     Checking validation v0.1.0 (/opt/rustwide/workdir/exercises/03_ticket_v1/02_validation)
[INFO] [stdout] warning: unused variable: `wrapping`
[INFO] [stdout]   --> exercises/04_traits/09_from/src/lib.rs:15:9
[INFO] [stdout]    |
[INFO] [stdout] 15 |     let wrapping = WrappingU32::from(42);
[INFO] [stdout]    |         ^^^^^^^^ help: if this is intentional, prefix it with an underscore: `_wrapping`
[INFO] [stdout] 
[INFO] [stdout] 
[INFO] [stdout] warning: field `value` is never read
[INFO] [stdout]  --> exercises/04_traits/09_from/src/lib.rs:4:5
[INFO] [stdout]   |
[INFO] [stdout] 3 | pub struct WrappingU32 {
[INFO] [stdout]   |            ----------- field in this struct
[INFO] [stdout] 4 |     value: u32,
[INFO] [stdout]   |     ^^^^^
[INFO] [stdout]   |
[INFO] [stdout]   = note: `#[warn(dead_code)]` (part of `#[warn(unused)]`) on by default
[INFO] [stdout] 
[INFO] [stdout] 
[INFO] [stdout] warning: function `example` is never used
[INFO] [stdout]   --> exercises/04_traits/09_from/src/lib.rs:13:4
[INFO] [stdout]    |
[INFO] [stdout] 13 | fn example() {
[INFO] [stdout]    |    ^^^^^^^
[INFO] [stdout] 
[INFO] [stdout] 
[INFO] [stderr]     Checking error_trait v0.1.0 (/opt/rustwide/workdir/exercises/05_ticket_v2/09_error_trait)
[INFO] [stderr]     Checking setters v0.1.0 (/opt/rustwide/workdir/exercises/03_ticket_v1/07_setters)
[INFO] [stderr]     Checking variants_with_data v0.1.0 (/opt/rustwide/workdir/exercises/05_ticket_v2/03_variants_with_data)
[INFO] [stdout] error[E0432]: unresolved import `outro_03::SaturatingU16`
[INFO] [stdout]  --> exercises/04_traits/14_outro/tests/integration.rs:1:5
[INFO] [stdout]   |
[INFO] [stdout] 1 | use outro_03::SaturatingU16;
[INFO] [stdout]   |     ^^^^^^^^^^-------------
[INFO] [stdout]   |               |
[INFO] [stdout]   |               no `SaturatingU16` in the root
[INFO] [stdout] 
[INFO] [stdout] 
[INFO] [stdout] For more information about this error, try `rustc --explain E0432`.
[INFO] [stdout] 
[INFO] [stderr] error: could not compile `outro_03` (test "integration") due to 1 previous error
[INFO] [stderr] warning: build failed, waiting for other jobs to finish...
[INFO] [stdout] error[E0308]: mismatched types
[INFO] [stdout]   --> exercises/05_ticket_v2/08_error_enums/src/lib.rs:35:24
[INFO] [stdout]    |
[INFO] [stdout] 35 |             return Err("Title cannot be empty".to_string());
[INFO] [stdout]    |                    --- ^^^^^^^^^^^^^^^^^^^^^^^^^^^^^^^^^^^ expected `TicketNewError`, found `String`
[INFO] [stdout]    |                    |
[INFO] [stdout]    |                    arguments to this enum variant are incorrect
[INFO] [stdout]    |
[INFO] [stdout] help: the type constructed contains `String` due to the type of the argument passed
[INFO] [stdout]   --> exercises/05_ticket_v2/08_error_enums/src/lib.rs:35:20
[INFO] [stdout]    |
[INFO] [stdout] 35 |             return Err("Title cannot be empty".to_string());
[INFO] [stdout]    |                    ^^^^-----------------------------------^
[INFO] [stdout]    |                        |
[INFO] [stdout]    |                        this argument influences the type of `Err`
[INFO] [stdout] note: tuple variant defined here
[INFO] [stdout]   --> /rustc/3154cc1a3e6424e44f438a95007d043ed5ceaaf6/library/core/src/result.rs:567:4
[INFO] [stdout] 
[INFO] [stdout] 
[INFO] [stdout] error[E0308]: mismatched types
[INFO] [stdout]   --> exercises/05_ticket_v2/08_error_enums/src/lib.rs:38:24
[INFO] [stdout]    |
[INFO] [stdout] 38 |             return Err("Title cannot be longer than 50 bytes".to_string());
[INFO] [stdout]    |                    --- ^^^^^^^^^^^^^^^^^^^^^^^^^^^^^^^^^^^^^^^^^^^^^^^^^^ expected `TicketNewError`, found `String`
[INFO] [stdout]    |                    |
[INFO] [stdout]    |                    arguments to this enum variant are incorrect
[INFO] [stdout]    |
[INFO] [stdout] help: the type constructed contains `String` due to the type of the argument passed
[INFO] [stdout]   --> exercises/05_ticket_v2/08_error_enums/src/lib.rs:38:20
[INFO] [stdout]    |
[INFO] [stdout] 38 |             return Err("Title cannot be longer than 50 bytes".to_string());
[INFO] [stdout]    |                    ^^^^--------------------------------------------------^
[INFO] [stdout]    |                        |
[INFO] [stdout]    |                        this argument influences the type of `Err`
[INFO] [stdout] note: tuple variant defined here
[INFO] [stdout]   --> /rustc/3154cc1a3e6424e44f438a95007d043ed5ceaaf6/library/core/src/result.rs:567:4
[INFO] [stdout] 
[INFO] [stdout] 
[INFO] [stdout] error[E0308]: mismatched types
[INFO] [stdout]   --> exercises/05_ticket_v2/08_error_enums/src/lib.rs:41:24
[INFO] [stdout]    |
[INFO] [stdout] 41 |             return Err("Description cannot be empty".to_string());
[INFO] [stdout]    |                    --- ^^^^^^^^^^^^^^^^^^^^^^^^^^^^^^^^^^^^^^^^^ expected `TicketNewError`, found `String`
[INFO] [stdout]    |                    |
[INFO] [stdout]    |                    arguments to this enum variant are incorrect
[INFO] [stdout]    |
[INFO] [stdout] help: the type constructed contains `String` due to the type of the argument passed
[INFO] [stdout]   --> exercises/05_ticket_v2/08_error_enums/src/lib.rs:41:20
[INFO] [stdout]    |
[INFO] [stdout] 41 |             return Err("Description cannot be empty".to_string());
[INFO] [stdout]    |                    ^^^^-----------------------------------------^
[INFO] [stdout]    |                        |
[INFO] [stdout]    |                        this argument influences the type of `Err`
[INFO] [stdout] note: tuple variant defined here
[INFO] [stdout]   --> /rustc/3154cc1a3e6424e44f438a95007d043ed5ceaaf6/library/core/src/result.rs:567:4
[INFO] [stdout] 
[INFO] [stdout] 
[INFO] [stdout] error[E0308]: mismatched types
[INFO] [stdout]   --> exercises/05_ticket_v2/08_error_enums/src/lib.rs:44:24
[INFO] [stdout]    |
[INFO] [stdout] 44 |             return Err("Description cannot be longer than 500 bytes".to_string());
[INFO] [stdout]    |                    --- ^^^^^^^^^^^^^^^^^^^^^^^^^^^^^^^^^^^^^^^^^^^^^^^^^^^^^^^^^ expected `TicketNewError`, found `String`
[INFO] [stdout]    |                    |
[INFO] [stdout]    |                    arguments to this enum variant are incorrect
[INFO] [stdout]    |
[INFO] [stdout] help: the type constructed contains `String` due to the type of the argument passed
[INFO] [stdout]   --> exercises/05_ticket_v2/08_error_enums/src/lib.rs:44:20
[INFO] [stdout]    |
[INFO] [stdout] 44 |             return Err("Description cannot be longer than 500 bytes".to_string());
[INFO] [stdout]    |                    ^^^^---------------------------------------------------------^
[INFO] [stdout]    |                        |
[INFO] [stdout]    |                        this argument influences the type of `Err`
[INFO] [stdout] note: tuple variant defined here
[INFO] [stdout]   --> /rustc/3154cc1a3e6424e44f438a95007d043ed5ceaaf6/library/core/src/result.rs:567:4
[INFO] [stdout] 
[INFO] [stdout] 
[INFO] [stdout] warning: unused variable: `title`
[INFO] [stdout]   --> exercises/05_ticket_v2/08_error_enums/src/lib.rs:10:16
[INFO] [stdout]    |
[INFO] [stdout] 10 | fn easy_ticket(title: String, description: String, status: Status) -> Ticket {
[INFO] [stdout]    |                ^^^^^ help: if this is intentional, prefix it with an underscore: `_title`
[INFO] [stdout]    |
[INFO] [stdout]    = note: `#[warn(unused_variables)]` (part of `#[warn(unused)]`) on by default
[INFO] [stdout] 
[INFO] [stdout] 
[INFO] [stdout] warning: unused variable: `description`
[INFO] [stdout]   --> exercises/05_ticket_v2/08_error_enums/src/lib.rs:10:31
[INFO] [stdout]    |
[INFO] [stdout] 10 | fn easy_ticket(title: String, description: String, status: Status) -> Ticket {
[INFO] [stdout]    |                               ^^^^^^^^^^^ help: if this is intentional, prefix it with an underscore: `_description`
[INFO] [stdout] 
[INFO] [stdout] 
[INFO] [stdout] warning: unused variable: `status`
[INFO] [stdout]   --> exercises/05_ticket_v2/08_error_enums/src/lib.rs:10:52
[INFO] [stdout]    |
[INFO] [stdout] 10 | fn easy_ticket(title: String, description: String, status: Status) -> Ticket {
[INFO] [stdout]    |                                                    ^^^^^^ help: if this is intentional, prefix it with an underscore: `_status`
[INFO] [stdout] 
[INFO] [stdout] 
[INFO] [stdout] For more information about this error, try `rustc --explain E0308`.
[INFO] [stdout] 
[INFO] [stdout] error[E0277]: `TicketNewError` doesn't implement `std::fmt::Display`
[INFO] [stdout]    --> exercises/05_ticket_v2/09_error_trait/src/lib.rs:101:34
[INFO] [stdout]     |
[INFO] [stdout] 101 |         assert_eq!(format!("{}", ticket.unwrap_err()), "Title cannot be empty");
[INFO] [stdout]     |                             --   ^^^^^^^^^^^^^^^^^^^ `TicketNewError` cannot be formatted with the default formatter
[INFO] [stdout]     |                             |
[INFO] [stdout]     |                             required by this formatting parameter
[INFO] [stdout]     |
[INFO] [stdout] help: the trait `std::fmt::Display` is not implemented for `TicketNewError`
[INFO] [stdout]    --> exercises/05_ticket_v2/09_error_trait/src/lib.rs:6:1
[INFO] [stdout]     |
[INFO] [stdout]   6 | enum TicketNewError {
[INFO] [stdout]     | ^^^^^^^^^^^^^^^^^^^
[INFO] [stdout]     = note: in format strings you may be able to use `{:?}` (or `{:#?}` for pretty-print) instead
[INFO] [stdout] 
[INFO] [stdout] 
[INFO] [stdout] error[E0277]: the trait bound `TicketNewError: AmbiguousIfMoreThanOne<_>` is not satisfied
[INFO] [stdout]    --> exercises/05_ticket_v2/09_error_trait/src/lib.rs:104:22
[INFO] [stdout]     |
[INFO] [stdout] 104 |     assert_impl_one!(TicketNewError: std::error::Error);
[INFO] [stdout]     |                      ^^^^^^^^^^^^^^ unsatisfied trait bound
[INFO] [stdout]     |
[INFO] [stdout] help: the trait `std::error::Error` is not implemented for `TicketNewError`
[INFO] [stdout]    --> exercises/05_ticket_v2/09_error_trait/src/lib.rs:6:1
[INFO] [stdout]     |
[INFO] [stdout]   6 | enum TicketNewError {
[INFO] [stdout]     | ^^^^^^^^^^^^^^^^^^^
[INFO] [stdout] note: required for `TicketNewError` to implement `AmbiguousIfMoreThanOne<Token>`
[INFO] [stdout]    --> exercises/05_ticket_v2/09_error_trait/src/lib.rs:104:5
[INFO] [stdout]     |
[INFO] [stdout] 104 |     assert_impl_one!(TicketNewError: std::error::Error);
[INFO] [stdout]     |     ^^^^^^^^^^^^^^^^^^^^^^^^^^^^^^^^^^^^^^^^^^^^^^^^^^^ unsatisfied trait bound introduced here
[INFO] [stdout]     = note: this error originates in the macro `assert_impl_one` (in Nightly builds, run with -Z macro-backtrace for more info)
[INFO] [stdout] 
[INFO] [stdout] 
[INFO] [stdout] warning: unused variable: `title`
[INFO] [stdout]   --> exercises/05_ticket_v2/09_error_trait/src/lib.rs:15:16
[INFO] [stdout]    |
[INFO] [stdout] 15 | fn easy_ticket(title: String, description: String, status: Status) -> Ticket {
[INFO] [stdout]    |                ^^^^^ help: if this is intentional, prefix it with an underscore: `_title`
[INFO] [stdout]    |
[INFO] [stdout]    = note: `#[warn(unused_variables)]` (part of `#[warn(unused)]`) on by default
[INFO] [stdout] 
[INFO] [stdout] 
[INFO] [stdout] warning: unused variable: `description`
[INFO] [stdout]   --> exercises/05_ticket_v2/09_error_trait/src/lib.rs:15:31
[INFO] [stdout]    |
[INFO] [stdout] 15 | fn easy_ticket(title: String, description: String, status: Status) -> Ticket {
[INFO] [stdout]    |                               ^^^^^^^^^^^ help: if this is intentional, prefix it with an underscore: `_description`
[INFO] [stdout] 
[INFO] [stdout] 
[INFO] [stdout] warning: unused variable: `status`
[INFO] [stdout]   --> exercises/05_ticket_v2/09_error_trait/src/lib.rs:15:52
[INFO] [stdout]    |
[INFO] [stdout] 15 | fn easy_ticket(title: String, description: String, status: Status) -> Ticket {
[INFO] [stdout]    |                                                    ^^^^^^ help: if this is intentional, prefix it with an underscore: `_status`
[INFO] [stdout] 
[INFO] [stdout] 
[INFO] [stderr] error: could not compile `error_enums` (lib test) due to 4 previous errors; 3 warnings emitted
[INFO] [stdout] For more information about this error, try `rustc --explain E0277`.
[INFO] [stdout] 
[INFO] [stderr] error: could not compile `error_trait` (lib test) due to 2 previous errors; 3 warnings emitted
[INFO] running `Command { std: "docker" "inspect" "38772cd13ec32c2527a5f492f5b736575e453dac3b7515203c652fef87253fba", kill_on_drop: false }`
[INFO] running `Command { std: "docker" "rm" "-f" "38772cd13ec32c2527a5f492f5b736575e453dac3b7515203c652fef87253fba", kill_on_drop: false }`
[INFO] [stdout] 38772cd13ec32c2527a5f492f5b736575e453dac3b7515203c652fef87253fba
