[INFO] cloning repository https://github.com/EDGW/kcm
[INFO] running `Command { std: "git" "-c" "credential.helper=" "-c" "credential.helper=/workspace/cargo-home/bin/git-credential-null" "clone" "--bare" "https://github.com/EDGW/kcm" "/workspace/cache/git-repos/https%3A%2F%2Fgithub.com%2FEDGW%2Fkcm", kill_on_drop: false }`
[INFO] [stderr] Cloning into bare repository '/workspace/cache/git-repos/https%3A%2F%2Fgithub.com%2FEDGW%2Fkcm'...
[INFO] running `Command { std: "git" "rev-parse" "HEAD", kill_on_drop: false }`
[INFO] [stdout] 6ba5e50ec6e9dae00beccf9f9fd9a6161dc2b4c5
[INFO] checking EDGW/kcm against 3154cc1a3e6424e44f438a95007d043ed5ceaaf6+rustflags=-Znext-solver=coherence for pr-133502-30
[INFO] running `Command { std: "git" "clone" "/workspace/cache/git-repos/https%3A%2F%2Fgithub.com%2FEDGW%2Fkcm" "/workspace/builds/worker-5-tc1/source", kill_on_drop: false }`
[INFO] [stderr] Cloning into '/workspace/builds/worker-5-tc1/source'...
[INFO] [stderr] done.
[INFO] started tweaking git repo https://github.com/EDGW/kcm
[INFO] finished tweaking git repo https://github.com/EDGW/kcm
[INFO] tweaked toml for git repo https://github.com/EDGW/kcm written to /workspace/builds/worker-5-tc1/source/Cargo.toml
[INFO] validating manifest of git repo https://github.com/EDGW/kcm on toolchain 3154cc1a3e6424e44f438a95007d043ed5ceaaf6
[INFO] running `Command { std: CARGO_HOME="/workspace/cargo-home" RUSTUP_HOME="/workspace/rustup-home" "/workspace/cargo-home/bin/cargo" "+3154cc1a3e6424e44f438a95007d043ed5ceaaf6" "metadata" "--manifest-path" "Cargo.toml" "--no-deps", kill_on_drop: false }`
[INFO] crate git repo https://github.com/EDGW/kcm already has a lockfile, it will not be regenerated
[INFO] running `Command { std: CARGO_HOME="/workspace/cargo-home" RUSTUP_HOME="/workspace/rustup-home" "/workspace/cargo-home/bin/cargo" "+3154cc1a3e6424e44f438a95007d043ed5ceaaf6" "fetch" "--manifest-path" "Cargo.toml", kill_on_drop: false }`
[INFO] [stderr]     Updating git repository `https://github.com/EDGW/kako-craft-lib`
[INFO] [stderr]     Updating crates.io index
[INFO] [stderr]      Locking 22 packages to highest Rust 1.101.0-nightly compatible versions
[INFO] [stderr]       Adding aho-corasick v1.1.5
[INFO] [stderr]       Adding block-buffer v0.10.4
[INFO] [stderr]       Adding bstr v1.13.1
[INFO] [stderr]       Adding cpufeatures v0.2.17
[INFO] [stderr]       Adding crossbeam-deque v0.8.8
[INFO] [stderr]       Adding crossbeam-epoch v0.9.21
[INFO] [stderr]       Adding crossbeam-utils v0.8.23
[INFO] [stderr]       Adding crypto-common v0.1.7
[INFO] [stderr]       Adding digest v0.10.7
[INFO] [stderr]       Adding generic-array v0.14.7 (available: v0.14.9)
[INFO] [stderr]       Adding globset v0.4.20
[INFO] [stderr]       Adding ignore v0.4.33
[INFO] [stderr]       Adding kako-craft-lib v0.1.0 (https://github.com/EDGW/kako-craft-lib#63759a80)
[INFO] [stderr]       Adding log v0.4.34
[INFO] [stderr]       Adding regex-automata v0.4.18
[INFO] [stderr]       Adding regex-syntax v0.8.11
[INFO] [stderr]       Adding same-file v1.0.6
[INFO] [stderr]       Adding sha1 v0.10.7
[INFO] [stderr]       Adding typenum v1.20.1
[INFO] [stderr]       Adding version_check v0.9.5
[INFO] [stderr]       Adding walkdir v2.5.0
[INFO] [stderr]       Adding winapi-util v0.1.11
[INFO] [stderr]     Blocking waiting for file lock on package cache
[INFO] running `Command { std: "docker" "create" "-v" "/var/lib/crater-agent-workspace/builds/worker-5-tc1/source:/opt/rustwide/workdir:ro,Z" "-v" "/var/lib/crater-agent-workspace/builds/worker-5-tc1/target:/opt/rustwide/target:rw,Z" "-v" "/var/lib/crater-agent-workspace/cargo-home:/opt/rustwide/cargo-home:ro,Z" "-v" "/var/lib/crater-agent-workspace/rustup-home:/opt/rustwide/rustup-home:ro,Z" "-m" "1610612736" "--network" "none" "ghcr.io/rust-lang/crates-build-env/linux@sha256:77db811e55d90add9212f6832c23229e3de5f1c1f9905e8cb07319ea15df73ac" "sleep" "infinity", kill_on_drop: false }`
[INFO] [stdout] 8ea973bf004b14fb388db7d4666ff8b5618ee73e417c155cb69eef82c3a65996
[INFO] running `Command { std: "docker" "start" "8ea973bf004b14fb388db7d4666ff8b5618ee73e417c155cb69eef82c3a65996", kill_on_drop: false }`
[INFO] running `Command { std: "docker" "inspect" "8ea973bf004b14fb388db7d4666ff8b5618ee73e417c155cb69eef82c3a65996", kill_on_drop: false }`
[INFO] running `Command { std: "docker" "exec" "-e" "SOURCE_DIR=/opt/rustwide/workdir" "-e" "CARGO_HOME=/opt/rustwide/cargo-home" "-e" "RUSTUP_HOME=/opt/rustwide/rustup-home" "-e" "CARGO_TARGET_DIR=/opt/rustwide/target" "-w" "/opt/rustwide/workdir" "--user" "0:0" "8ea973bf004b14fb388db7d4666ff8b5618ee73e417c155cb69eef82c3a65996" "/opt/rustwide/cargo-home/bin/cargo" "+3154cc1a3e6424e44f438a95007d043ed5ceaaf6" "metadata" "--no-deps" "--format-version=1", kill_on_drop: false }`
[INFO] running `Command { std: "docker" "inspect" "8ea973bf004b14fb388db7d4666ff8b5618ee73e417c155cb69eef82c3a65996", kill_on_drop: false }`
[INFO] running `Command { std: "docker" "exec" "-e" "SOURCE_DIR=/opt/rustwide/workdir" "-e" "CARGO_HOME=/opt/rustwide/cargo-home" "-e" "RUSTUP_HOME=/opt/rustwide/rustup-home" "-e" "CARGO_TARGET_DIR=/opt/rustwide/target" "-e" "CARGO_INCREMENTAL=0" "-e" "RUST_BACKTRACE=full" "-e" "RUSTFLAGS=--cap-lints=forbid -Znext-solver=coherence" "-e" "RUSTDOCFLAGS=--cap-lints=forbid" "-w" "/opt/rustwide/workdir" "--user" "0:0" "8ea973bf004b14fb388db7d4666ff8b5618ee73e417c155cb69eef82c3a65996" "/opt/rustwide/cargo-home/bin/cargo" "+3154cc1a3e6424e44f438a95007d043ed5ceaaf6" "check" "--frozen" "--all" "--all-targets" "--message-format=json", kill_on_drop: false }`
[INFO] [stderr]    Compiling crossbeam-utils v0.8.23
[INFO] [stderr]     Checking typenum v1.20.1
[INFO] [stderr]    Compiling crossbeam-epoch v0.9.21
[INFO] [stderr]     Checking aho-corasick v1.1.5
[INFO] [stderr]    Compiling syn v3.0.4
[INFO] [stderr]    Compiling getrandom v0.4.3
[INFO] [stderr]     Checking regex-syntax v0.8.11
[INFO] [stderr]    Compiling crossbeam-deque v0.8.8
[INFO] [stderr]    Compiling syn v2.0.119
[INFO] [stderr]     Checking bstr v1.13.1
[INFO] [stderr]     Checking log v0.4.34
[INFO] [stderr]    Compiling anyhow v1.0.104
[INFO] [stderr]     Checking tracing-core v0.1.36
[INFO] [stderr]     Checking clap_builder v4.6.6
[INFO] [stderr]     Checking generic-array v0.14.7
[INFO] [stderr]     Checking uuid v1.25.0
[INFO] [stderr]     Checking tokio v1.53.1
[INFO] [stderr]     Checking regex-automata v0.4.18
[INFO] [stderr]     Checking fs2 v0.4.3
[INFO] [stderr]     Checking pathdiff v0.2.3
[INFO] [stderr]     Checking crypto-common v0.1.7
[INFO] [stderr]     Checking block-buffer v0.10.4
[INFO] [stderr]     Checking digest v0.10.7
[INFO] [stderr]     Checking sha1 v0.10.7
[INFO] [stderr]     Checking globset v0.4.20
[INFO] [stderr]    Compiling serde_derive v1.0.229
[INFO] [stderr]    Compiling thiserror-impl v2.0.20
[INFO] [stderr]    Compiling clap_derive v4.6.4
[INFO] [stderr]     Checking ignore v0.4.33
[INFO] [stderr]     Checking thiserror v2.0.20
[INFO] [stderr]    Compiling tracing-attributes v0.1.31
[INFO] [stderr]     Checking clap v4.6.6
[INFO] [stderr]     Checking tracing v0.1.44
[INFO] [stderr]     Checking serde v1.0.229
[INFO] [stderr]     Checking kako-craft-lib v0.1.0 (https://github.com/EDGW/kako-craft-lib#63759a80)
[INFO] [stderr]     Checking kcm v0.1.0 (/opt/rustwide/workdir)
[INFO] [stdout] error[E0061]: this method takes 1 argument but 0 arguments were supplied
[INFO] [stdout]    --> src/main.rs:690:25
[INFO] [stdout]     |
[INFO] [stdout] 690 |     let issues = writer.check()?;
[INFO] [stdout]     |                         ^^^^^-- argument #1 of type `&[&dyn kako_craft_lib::container::Container]` is missing
[INFO] [stdout]     |
[INFO] [stdout] note: method defined here
[INFO] [stdout]    --> /opt/rustwide/cargo-home/git/checkouts/kako-craft-lib-29ff300de0317ebf/63759a8/src/container/traits.rs:255:8
[INFO] [stdout]     |
[INFO] [stdout] 255 |     fn check(&mut self, corresponding: &[&dyn Container]) -> Result<Vec<LinkCheckIssue>> {
[INFO] [stdout]     |        ^^^^^
[INFO] [stdout] help: provide the argument
[INFO] [stdout]     |
[INFO] [stdout] 690 |     let issues = writer.check(/* &[&dyn Container] */)?;
[INFO] [stdout]     |                               +++++++++++++++++++++++
[INFO] [stdout] 
[INFO] [stdout] 
[INFO] [stdout] error[E0599]: no method named `display` found for reference `&std::string::String` in the current scope
[INFO] [stdout]    --> src/main.rs:706:49
[INFO] [stdout]     |
[INFO] [stdout] 706 |             println!("  expected: {}", expected.display());
[INFO] [stdout]     |                                                 ^^^^^^^
[INFO] [stdout]     |
[INFO] [stdout] help: there is a method `as_display` with a similar name
[INFO] [stdout]     |
[INFO] [stdout] 706 |             println!("  expected: {}", expected.as_display());
[INFO] [stdout]     |                                                 +++
[INFO] [stdout] 
[INFO] [stdout] 
[INFO] [stdout] error[E0599]: no method named `display` found for reference `&std::string::String` in the current scope
[INFO] [stdout]    --> src/main.rs:709:47
[INFO] [stdout]     |
[INFO] [stdout] 709 |             println!("  actual:   {}", actual.display());
[INFO] [stdout]     |                                               ^^^^^^^
[INFO] [stdout]     |
[INFO] [stdout] help: there is a method `as_display` with a similar name
[INFO] [stdout]     |
[INFO] [stdout] 709 |             println!("  actual:   {}", actual.as_display());
[INFO] [stdout]     |                                               +++
[INFO] [stdout] 
[INFO] [stdout] 
[INFO] [stdout] error[E0599]: no method named `repair_check` found for mutable reference `&mut dyn kako_craft_lib::container::ContainerWriteGuard` in the current scope
[INFO] [stdout]    --> src/main.rs:722:45
[INFO] [stdout]     |
[INFO] [stdout] 722 |                 "y" | "yes" => match writer.repair_check(issue) {
[INFO] [stdout]     |                                             ^^^^^^^^^^^^ method not found in `&mut dyn kako_craft_lib::container::ContainerWriteGuard`
[INFO] [stdout] 
[INFO] [stdout] 
[INFO] [stdout] error[E0599]: no variant, associated function, or constant named `BrokenTarget` found for enum `kako_craft_lib::container::LinkCheckKind` in the current scope
[INFO] [stdout]    --> src/main.rs:764:24
[INFO] [stdout]     |
[INFO] [stdout] 764 |         LinkCheckKind::BrokenTarget => "recorded target container or entry is broken",
[INFO] [stdout]     |                        ^^^^^^^^^^^^ variant, associated function, or constant not found in `kako_craft_lib::container::LinkCheckKind`
[INFO] [stdout] 
[INFO] [stdout] 
[INFO] [stdout] error[E0599]: no variant, associated function, or constant named `BrokenTarget` found for enum `kako_craft_lib::container::LinkCheckKind` in the current scope
[INFO] [stdout]    --> src/main.rs:773:24
[INFO] [stdout]     |
[INFO] [stdout] 773 |         LinkCheckKind::BrokenTarget => "delete the broken outgoing-link record and its symlink",
[INFO] [stdout]     |                        ^^^^^^^^^^^^ variant, associated function, or constant not found in `kako_craft_lib::container::LinkCheckKind`
[INFO] [stdout] 
[INFO] [stdout] 
[INFO] [stdout] error[E0599]: no method named `validate_link` found for struct `Box<dyn kako_craft_lib::container::ContainerWriteGuard>` in the current scope
[INFO] [stdout]    --> src/main.rs:840:19
[INFO] [stdout]     |
[INFO] [stdout] 840 |             guard.validate_link(&args.entry, other.as_ref())?;
[INFO] [stdout]     |                   ^^^^^^^^^^^^^
[INFO] [stdout]     |
[INFO] [stdout] help: there is a method `validate_links` with a similar name
[INFO] [stdout]     |
[INFO] [stdout] 840 |             guard.validate_links(&args.entry, other.as_ref())?;
[INFO] [stdout]     |                                +
[INFO] [stdout] 
[INFO] [stdout] 
[INFO] [stdout] error[E0063]: missing fields `actions`, `corresponding_container_path`, `corresponding_container_uid` and 3 other fields in initializer of `kako_craft_lib::container::LinkCheckIssue`
[INFO] [stdout]     --> src/main.rs:1017:21
[INFO] [stdout]      |
[INFO] [stdout] 1017 |         let issue = LinkCheckIssue {
[INFO] [stdout]      |                     ^^^^^^^^^^^^^^ missing `actions`, `corresponding_container_path`, `corresponding_container_uid` and 3 other fields
[INFO] [stdout] 
[INFO] [stdout] 
[INFO] [stdout] Some errors have detailed explanations: E0061, E0063, E0599.
[INFO] [stdout] 
[INFO] [stdout] For more information about an error, try `rustc --explain E0061`.
[INFO] [stdout] 
[INFO] [stderr] error: could not compile `kcm` (bin "kcm" test) due to 8 previous errors
[INFO] [stderr] warning: build failed, waiting for other jobs to finish...
[INFO] [stdout] error[E0061]: this method takes 1 argument but 0 arguments were supplied
[INFO] [stdout]    --> src/main.rs:690:25
[INFO] [stdout]     |
[INFO] [stdout] 690 |     let issues = writer.check()?;
[INFO] [stdout]     |                         ^^^^^-- argument #1 of type `&[&dyn kako_craft_lib::container::Container]` is missing
[INFO] [stdout]     |
[INFO] [stdout] note: method defined here
[INFO] [stdout]    --> /opt/rustwide/cargo-home/git/checkouts/kako-craft-lib-29ff300de0317ebf/63759a8/src/container/traits.rs:255:8
[INFO] [stdout]     |
[INFO] [stdout] 255 |     fn check(&mut self, corresponding: &[&dyn Container]) -> Result<Vec<LinkCheckIssue>> {
[INFO] [stdout]     |        ^^^^^
[INFO] [stdout] help: provide the argument
[INFO] [stdout]     |
[INFO] [stdout] 690 |     let issues = writer.check(/* &[&dyn Container] */)?;
[INFO] [stdout]     |                               +++++++++++++++++++++++
[INFO] [stdout] 
[INFO] [stdout] 
[INFO] [stdout] error[E0599]: no method named `display` found for reference `&std::string::String` in the current scope
[INFO] [stdout]    --> src/main.rs:706:49
[INFO] [stdout]     |
[INFO] [stdout] 706 |             println!("  expected: {}", expected.display());
[INFO] [stdout]     |                                                 ^^^^^^^
[INFO] [stdout]     |
[INFO] [stdout] help: there is a method `as_display` with a similar name
[INFO] [stdout]     |
[INFO] [stdout] 706 |             println!("  expected: {}", expected.as_display());
[INFO] [stdout]     |                                                 +++
[INFO] [stdout] 
[INFO] [stdout] 
[INFO] [stdout] error[E0599]: no method named `display` found for reference `&std::string::String` in the current scope
[INFO] [stdout]    --> src/main.rs:709:47
[INFO] [stdout]     |
[INFO] [stdout] 709 |             println!("  actual:   {}", actual.display());
[INFO] [stdout]     |                                               ^^^^^^^
[INFO] [stdout]     |
[INFO] [stdout] help: there is a method `as_display` with a similar name
[INFO] [stdout]     |
[INFO] [stdout] 709 |             println!("  actual:   {}", actual.as_display());
[INFO] [stdout]     |                                               +++
[INFO] [stdout] 
[INFO] [stdout] 
[INFO] [stdout] error[E0599]: no method named `repair_check` found for mutable reference `&mut dyn ContainerWriteGuard` in the current scope
[INFO] [stdout]    --> src/main.rs:722:45
[INFO] [stdout]     |
[INFO] [stdout] 722 |                 "y" | "yes" => match writer.repair_check(issue) {
[INFO] [stdout]     |                                             ^^^^^^^^^^^^ method not found in `&mut dyn ContainerWriteGuard`
[INFO] [stdout] 
[INFO] [stdout] 
[INFO] [stdout] error[E0599]: no variant, associated function, or constant named `BrokenTarget` found for enum `LinkCheckKind` in the current scope
[INFO] [stdout]    --> src/main.rs:764:24
[INFO] [stdout]     |
[INFO] [stdout] 764 |         LinkCheckKind::BrokenTarget => "recorded target container or entry is broken",
[INFO] [stdout]     |                        ^^^^^^^^^^^^ variant, associated function, or constant not found in `LinkCheckKind`
[INFO] [stdout] 
[INFO] [stdout] 
[INFO] [stdout] error[E0599]: no variant, associated function, or constant named `BrokenTarget` found for enum `LinkCheckKind` in the current scope
[INFO] [stdout]    --> src/main.rs:773:24
[INFO] [stdout]     |
[INFO] [stdout] 773 |         LinkCheckKind::BrokenTarget => "delete the broken outgoing-link record and its symlink",
[INFO] [stdout]     |                        ^^^^^^^^^^^^ variant, associated function, or constant not found in `LinkCheckKind`
[INFO] [stdout] 
[INFO] [stdout] 
[INFO] [stdout] error[E0599]: no method named `validate_link` found for struct `Box<dyn ContainerWriteGuard>` in the current scope
[INFO] [stdout]    --> src/main.rs:840:19
[INFO] [stdout]     |
[INFO] [stdout] 840 |             guard.validate_link(&args.entry, other.as_ref())?;
[INFO] [stdout]     |                   ^^^^^^^^^^^^^
[INFO] [stdout]     |
[INFO] [stdout] help: there is a method `validate_links` with a similar name
[INFO] [stdout]     |
[INFO] [stdout] 840 |             guard.validate_links(&args.entry, other.as_ref())?;
[INFO] [stdout]     |                                +
[INFO] [stdout] 
[INFO] [stdout] 
[INFO] [stdout] Some errors have detailed explanations: E0061, E0599.
[INFO] [stdout] 
[INFO] [stdout] For more information about an error, try `rustc --explain E0061`.
[INFO] [stdout] 
[INFO] [stderr] error: could not compile `kcm` (bin "kcm") due to 7 previous errors
[INFO] running `Command { std: "docker" "inspect" "8ea973bf004b14fb388db7d4666ff8b5618ee73e417c155cb69eef82c3a65996", kill_on_drop: false }`
[INFO] running `Command { std: "docker" "rm" "-f" "8ea973bf004b14fb388db7d4666ff8b5618ee73e417c155cb69eef82c3a65996", kill_on_drop: false }`
[INFO] [stdout] 8ea973bf004b14fb388db7d4666ff8b5618ee73e417c155cb69eef82c3a65996
