[INFO] cloning repository https://github.com/E-OS-S/eos-redox-fatfs
[INFO] running `Command { std: "git" "-c" "credential.helper=" "-c" "credential.helper=/workspace/cargo-home/bin/git-credential-null" "clone" "--bare" "https://github.com/E-OS-S/eos-redox-fatfs" "/workspace/cache/git-repos/https%3A%2F%2Fgithub.com%2FE-OS-S%2Feos-redox-fatfs", kill_on_drop: false }`
[INFO] [stderr] Cloning into bare repository '/workspace/cache/git-repos/https%3A%2F%2Fgithub.com%2FE-OS-S%2Feos-redox-fatfs'...
[INFO] running `Command { std: "git" "rev-parse" "HEAD", kill_on_drop: false }`
[INFO] [stdout] f5fe434e4f5a8e15e97e37fe1e9ba9adedcc1acc
[INFO] checking E-OS-S/eos-redox-fatfs against 3154cc1a3e6424e44f438a95007d043ed5ceaaf6+rustflags=-Znext-solver=coherence for pr-133502-30
[INFO] running `Command { std: "git" "clone" "/workspace/cache/git-repos/https%3A%2F%2Fgithub.com%2FE-OS-S%2Feos-redox-fatfs" "/workspace/builds/worker-6-tc1/source", kill_on_drop: false }`
[INFO] [stderr] Cloning into '/workspace/builds/worker-6-tc1/source'...
[INFO] [stderr] done.
[INFO] started tweaking git repo https://github.com/E-OS-S/eos-redox-fatfs
[INFO] finished tweaking git repo https://github.com/E-OS-S/eos-redox-fatfs
[INFO] tweaked toml for git repo https://github.com/E-OS-S/eos-redox-fatfs written to /workspace/builds/worker-6-tc1/source/Cargo.toml
[INFO] validating manifest of git repo https://github.com/E-OS-S/eos-redox-fatfs on toolchain 3154cc1a3e6424e44f438a95007d043ed5ceaaf6
[INFO] running `Command { std: CARGO_HOME="/workspace/cargo-home" RUSTUP_HOME="/workspace/rustup-home" "/workspace/cargo-home/bin/cargo" "+3154cc1a3e6424e44f438a95007d043ed5ceaaf6" "metadata" "--manifest-path" "Cargo.toml" "--no-deps", kill_on_drop: false }`
[INFO] crate git repo https://github.com/E-OS-S/eos-redox-fatfs already has a lockfile, it will not be regenerated
[INFO] running `Command { std: CARGO_HOME="/workspace/cargo-home" RUSTUP_HOME="/workspace/rustup-home" "/workspace/cargo-home/bin/cargo" "+3154cc1a3e6424e44f438a95007d043ed5ceaaf6" "fetch" "--manifest-path" "Cargo.toml", kill_on_drop: false }`
[INFO] [stderr] warning: Cargo.toml: `package.edition` is unspecified, defaulting to `2015` while the latest is `2024`
[INFO] [stderr] warning: `redox-fatfs` (manifest) generated 1 warning
[INFO] [stderr]     Blocking waiting for file lock on package cache
[INFO] [stderr]     Updating crates.io index
[INFO] [stderr]     Blocking waiting for file lock on package cache
[INFO] [stderr]  Downloading crates ...
[INFO] [stderr]   Downloaded time v0.1.45
[INFO] [stderr]   Downloaded spin v0.9.5
[INFO] [stderr]   Downloaded lock_api v0.4.9
[INFO] [stderr]   Downloaded autocfg v1.1.0
[INFO] [stderr]   Downloaded scopeguard v1.1.0
[INFO] [stderr]   Downloaded cfg-if v1.0.0
[INFO] [stderr]   Downloaded hex v0.3.2
[INFO] [stderr]   Downloaded thread-scoped v1.0.2
[INFO] [stderr]   Downloaded log v0.3.9
[INFO] [stderr]   Downloaded byteorder v1.4.3
[INFO] [stderr]   Downloaded wasi v0.10.0+wasi-snapshot-preview1
[INFO] [stderr]   Downloaded redox_syscall v0.2.16
[INFO] [stderr]   Downloaded fuse v0.3.1
[INFO] [stderr]   Downloaded pkg-config v0.3.26
[INFO] [stderr]   Downloaded log v0.4.17
[INFO] [stderr]   Downloaded libc v0.2.140
[INFO] running `Command { std: "docker" "create" "-v" "/var/lib/crater-agent-workspace/builds/worker-6-tc1/source:/opt/rustwide/workdir:ro,Z" "-v" "/var/lib/crater-agent-workspace/builds/worker-6-tc1/target:/opt/rustwide/target:rw,Z" "-v" "/var/lib/crater-agent-workspace/cargo-home:/opt/rustwide/cargo-home:ro,Z" "-v" "/var/lib/crater-agent-workspace/rustup-home:/opt/rustwide/rustup-home:ro,Z" "-m" "1610612736" "--network" "none" "ghcr.io/rust-lang/crates-build-env/linux@sha256:77db811e55d90add9212f6832c23229e3de5f1c1f9905e8cb07319ea15df73ac" "sleep" "infinity", kill_on_drop: false }`
[INFO] [stdout] 208b8fe718cf3e4a3982812b32a8640481fe04c4c1135c627de434757eeedbd6
[INFO] running `Command { std: "docker" "start" "208b8fe718cf3e4a3982812b32a8640481fe04c4c1135c627de434757eeedbd6", kill_on_drop: false }`
[INFO] running `Command { std: "docker" "inspect" "208b8fe718cf3e4a3982812b32a8640481fe04c4c1135c627de434757eeedbd6", kill_on_drop: false }`
[INFO] running `Command { std: "docker" "exec" "-e" "SOURCE_DIR=/opt/rustwide/workdir" "-e" "CARGO_HOME=/opt/rustwide/cargo-home" "-e" "RUSTUP_HOME=/opt/rustwide/rustup-home" "-e" "CARGO_TARGET_DIR=/opt/rustwide/target" "-w" "/opt/rustwide/workdir" "--user" "0:0" "208b8fe718cf3e4a3982812b32a8640481fe04c4c1135c627de434757eeedbd6" "/opt/rustwide/cargo-home/bin/cargo" "+3154cc1a3e6424e44f438a95007d043ed5ceaaf6" "metadata" "--no-deps" "--format-version=1", kill_on_drop: false }`
[INFO] running `Command { std: "docker" "inspect" "208b8fe718cf3e4a3982812b32a8640481fe04c4c1135c627de434757eeedbd6", kill_on_drop: false }`
[INFO] running `Command { std: "docker" "exec" "-e" "SOURCE_DIR=/opt/rustwide/workdir" "-e" "CARGO_HOME=/opt/rustwide/cargo-home" "-e" "RUSTUP_HOME=/opt/rustwide/rustup-home" "-e" "CARGO_TARGET_DIR=/opt/rustwide/target" "-e" "CARGO_INCREMENTAL=0" "-e" "RUST_BACKTRACE=full" "-e" "RUSTFLAGS=--cap-lints=forbid -Znext-solver=coherence" "-e" "RUSTDOCFLAGS=--cap-lints=forbid" "-w" "/opt/rustwide/workdir" "--user" "0:0" "208b8fe718cf3e4a3982812b32a8640481fe04c4c1135c627de434757eeedbd6" "/opt/rustwide/cargo-home/bin/cargo" "+3154cc1a3e6424e44f438a95007d043ed5ceaaf6" "check" "--frozen" "--all" "--all-targets" "--message-format=json", kill_on_drop: false }`
[INFO] [stderr] warning: Cargo.toml: `package.edition` is unspecified, defaulting to `2015` while the latest is `2024`
[INFO] [stderr] warning: `redox-fatfs` (manifest) generated 1 warning
[INFO] [stderr]    Compiling libc v0.2.140
[INFO] [stderr]    Compiling autocfg v1.1.0
[INFO] [stderr]    Compiling log v0.4.17
[INFO] [stderr]    Compiling pkg-config v0.3.26
[INFO] [stderr]     Checking cfg-if v1.0.0
[INFO] [stderr]     Checking scopeguard v1.1.0
[INFO] [stderr]     Checking bitflags v1.3.2
[INFO] [stderr]     Checking thread-scoped v1.0.2
[INFO] [stderr]     Checking hex v0.3.2
[INFO] [stderr]     Checking byteorder v1.4.3
[INFO] [stderr]     Checking redox_syscall v0.2.16
[INFO] [stderr]     Checking log v0.3.9
[INFO] [stderr]    Compiling lock_api v0.4.9
[INFO] [stderr]    Compiling fuse v0.3.1
[INFO] [stderr]     Checking spin v0.9.5
[INFO] [stderr]     Checking time v0.1.45
[INFO] [stderr]     Checking redox-fatfs v0.1.0 (/opt/rustwide/workdir)
[INFO] [stdout] warning: hiding a lifetime that's elided elsewhere is confusing
[INFO] [stdout]    --> src/filesystem.rs:502:21
[INFO] [stdout]     |
[INFO] [stdout] 502 |     fn cluster_iter(&mut self, start_cluster: Cluster) -> ClusterIter<D> {
[INFO] [stdout]     |                     ^^^^^^^^^ the lifetime is elided here ^^^^^^^^^^^^^^ the same lifetime is hidden here
[INFO] [stdout]     |
[INFO] [stdout]     = help: the same lifetime is referred to in inconsistent ways, making the signature confusing
[INFO] [stdout]     = note: `#[warn(mismatched_lifetime_syntaxes)]` on by default
[INFO] [stdout] help: use `'_` for type paths
[INFO] [stdout]     |
[INFO] [stdout] 502 |     fn cluster_iter(&mut self, start_cluster: Cluster) -> ClusterIter<'_, D> {
[INFO] [stdout]     |                                                                       +++
[INFO] [stdout] 
[INFO] [stdout] 
[INFO] [stdout] warning: hiding a lifetime that's elided elsewhere is confusing
[INFO] [stdout]    --> src/filesystem.rs:502:21
[INFO] [stdout]     |
[INFO] [stdout] 502 |     fn cluster_iter(&mut self, start_cluster: Cluster) -> ClusterIter<D> {
[INFO] [stdout]     |                     ^^^^^^^^^ the lifetime is elided here ^^^^^^^^^^^^^^ the same lifetime is hidden here
[INFO] [stdout]     |
[INFO] [stdout]     = help: the same lifetime is referred to in inconsistent ways, making the signature confusing
[INFO] [stdout]     = note: `#[warn(mismatched_lifetime_syntaxes)]` on by default
[INFO] [stdout] help: use `'_` for type paths
[INFO] [stdout]     |
[INFO] [stdout] 502 |     fn cluster_iter(&mut self, start_cluster: Cluster) -> ClusterIter<'_, D> {
[INFO] [stdout]     |                                                                       +++
[INFO] [stdout] 
[INFO] [stdout] 
[INFO] [stdout] warning: feature `libc` is declared but not used
[INFO] [stdout]  --> src/bin/mount.rs:1:47
[INFO] [stdout]   |
[INFO] [stdout] 1 | #![cfg_attr(not(target_os = "redox"), feature(libc))]
[INFO] [stdout]   |                                               ^^^^
[INFO] [stdout]   |
[INFO] [stdout]   = note: `#[warn(unused_features)]` (part of `#[warn(unused)]`) on by default
[INFO] [stdout] 
[INFO] [stdout] 
[INFO] [stdout] error[E0061]: this function takes 3 arguments but 2 arguments were supplied
[INFO] [stdout]    --> tests/cluster.rs:14:18
[INFO] [stdout]     |
[INFO] [stdout]  14 |     let mut fs = redox_fatfs::FileSystem::from_offset(0, f).expect("Parsing Error");
[INFO] [stdout]     |                  ^^^^^^^^^^^^^^^^^^^^^^^^^^^^^^^^^^^^------ argument #3 of type `Option<u32>` is missing
[INFO] [stdout]     |
[INFO] [stdout] note: associated function defined here
[INFO] [stdout]    --> src/filesystem.rs:224:12
[INFO] [stdout]     |
[INFO] [stdout] 224 |     pub fn from_offset(partition_offset: u64, mut disk: D, serial: Option<u32>) -> Result<FileSystem<D>> {
[INFO] [stdout]     |            ^^^^^^^^^^^
[INFO] [stdout] help: provide the argument
[INFO] [stdout]     |
[INFO] [stdout]  14 |     let mut fs = redox_fatfs::FileSystem::from_offset(0, f, /* Option<u32> */).expect("Parsing Error");
[INFO] [stdout]     |                                                           +++++++++++++++++++
[INFO] [stdout] 
[INFO] [stdout] 
[INFO] [stdout] warning: feature `libc` is declared but not used
[INFO] [stdout]  --> src/bin/mount.rs:1:47
[INFO] [stdout]   |
[INFO] [stdout] 1 | #![cfg_attr(not(target_os = "redox"), feature(libc))]
[INFO] [stdout]   |                                               ^^^^
[INFO] [stdout]   |
[INFO] [stdout]   = note: `#[warn(unused_features)]` (part of `#[warn(unused)]`) on by default
[INFO] [stdout] 
[INFO] [stdout] 
[INFO] [stdout] error[E0061]: this method takes 3 arguments but 2 arguments were supplied
[INFO] [stdout]    --> tests/cluster.rs:84:61
[INFO] [stdout]     |
[INFO] [stdout]  84 |     println!("Attempting to remove hello.txt: {:?}", root_d.remove("/hello.txt", &mut fs));
[INFO] [stdout]     |                                                             ^^^^^^----------------------- argument #3 of type `bool` is missing
[INFO] [stdout]     |
[INFO] [stdout] note: method defined here
[INFO] [stdout]    --> src/dir_entry.rs:307:12
[INFO] [stdout]     |
[INFO] [stdout] 307 |     pub fn remove<D: Read + Write + Seek>(&self, path: &str, fs: &mut FileSystem<D>, remove_clusters: bool) -> Result<()> {
[INFO] [stdout]     |            ^^^^^^
[INFO] [stdout] help: provide the argument
[INFO] [stdout]     |
[INFO] [stdout]  84 |     println!("Attempting to remove hello.txt: {:?}", root_d.remove("/hello.txt", &mut fs, /* bool */));
[INFO] [stdout]     |                                                                                         ++++++++++++
[INFO] [stdout] 
[INFO] [stdout] 
[INFO] [stdout] error[E0061]: this method takes 3 arguments but 2 arguments were supplied
[INFO] [stdout]    --> tests/cluster.rs:85:59
[INFO] [stdout]     |
[INFO] [stdout]  85 |     println!("Attempting to remove someDir: {:?}", root_d.remove("/someDir", &mut fs));
[INFO] [stdout]     |                                                           ^^^^^^--------------------- argument #3 of type `bool` is missing
[INFO] [stdout]     |
[INFO] [stdout] note: method defined here
[INFO] [stdout]    --> src/dir_entry.rs:307:12
[INFO] [stdout]     |
[INFO] [stdout] 307 |     pub fn remove<D: Read + Write + Seek>(&self, path: &str, fs: &mut FileSystem<D>, remove_clusters: bool) -> Result<()> {
[INFO] [stdout]     |            ^^^^^^
[INFO] [stdout] help: provide the argument
[INFO] [stdout]     |
[INFO] [stdout]  85 |     println!("Attempting to remove someDir: {:?}", root_d.remove("/someDir", &mut fs, /* bool */));
[INFO] [stdout]     |                                                                                     ++++++++++++
[INFO] [stdout] 
[INFO] [stdout] 
[INFO] [stdout] error[E0061]: this function takes 3 arguments but 2 arguments were supplied
[INFO] [stdout]    --> tests/cluster.rs:102:18
[INFO] [stdout]     |
[INFO] [stdout] 102 |     let mut fs = redox_fatfs::FileSystem::from_offset(0, f).expect("Parsing Error");
[INFO] [stdout]     |                  ^^^^^^^^^^^^^^^^^^^^^^^^^^^^^^^^^^^^------ argument #3 of type `Option<u32>` is missing
[INFO] [stdout]     |
[INFO] [stdout] note: associated function defined here
[INFO] [stdout]    --> src/filesystem.rs:224:12
[INFO] [stdout]     |
[INFO] [stdout] 224 |     pub fn from_offset(partition_offset: u64, mut disk: D, serial: Option<u32>) -> Result<FileSystem<D>> {
[INFO] [stdout]     |            ^^^^^^^^^^^
[INFO] [stdout] help: provide the argument
[INFO] [stdout]     |
[INFO] [stdout] 102 |     let mut fs = redox_fatfs::FileSystem::from_offset(0, f, /* Option<u32> */).expect("Parsing Error");
[INFO] [stdout]     |                                                           +++++++++++++++++++
[INFO] [stdout] 
[INFO] [stdout] 
[INFO] [stdout] error[E0061]: this function takes 3 arguments but 2 arguments were supplied
[INFO] [stdout]    --> tests/cluster.rs:169:18
[INFO] [stdout]     |
[INFO] [stdout] 169 |     let mut fs = redox_fatfs::FileSystem::from_offset(0, f).expect("Parsing Error");
[INFO] [stdout]     |                  ^^^^^^^^^^^^^^^^^^^^^^^^^^^^^^^^^^^^------ argument #3 of type `Option<u32>` is missing
[INFO] [stdout]     |
[INFO] [stdout] note: associated function defined here
[INFO] [stdout]    --> src/filesystem.rs:224:12
[INFO] [stdout]     |
[INFO] [stdout] 224 |     pub fn from_offset(partition_offset: u64, mut disk: D, serial: Option<u32>) -> Result<FileSystem<D>> {
[INFO] [stdout]     |            ^^^^^^^^^^^
[INFO] [stdout] help: provide the argument
[INFO] [stdout]     |
[INFO] [stdout] 169 |     let mut fs = redox_fatfs::FileSystem::from_offset(0, f, /* Option<u32> */).expect("Parsing Error");
[INFO] [stdout]     |                                                           +++++++++++++++++++
[INFO] [stdout] 
[INFO] [stdout] 
[INFO] [stdout] warning: unused import: `Read`
[INFO] [stdout]  --> tests/cluster.rs:7:31
[INFO] [stdout]   |
[INFO] [stdout] 7 | use std::io::{Seek, SeekFrom, Read, Cursor};
[INFO] [stdout]   |                               ^^^^
[INFO] [stdout]   |
[INFO] [stdout]   = note: `#[warn(unused_imports)]` (part of `#[warn(unused)]`) on by default
[INFO] [stdout] 
[INFO] [stdout] 
[INFO] [stdout] warning: variable does not need to be mutable
[INFO] [stdout]    --> tests/cluster.rs:269:9
[INFO] [stdout]     |
[INFO] [stdout] 269 |     let mut v = vec![1, 2, 3, 4, 5, 6];
[INFO] [stdout]     |         ----^
[INFO] [stdout]     |         |
[INFO] [stdout]     |         help: remove this `mut`
[INFO] [stdout]     |
[INFO] [stdout]     = note: `#[warn(unused_mut)]` (part of `#[warn(unused)]`) on by default
[INFO] [stdout] 
[INFO] [stdout] 
[INFO] [stdout] For more information about this error, try `rustc --explain E0061`.
[INFO] [stdout] 
[INFO] [stderr] error: could not compile `redox-fatfs` (test "cluster") due to 5 previous errors; 2 warnings emitted
[INFO] [stderr] warning: unused dependency `fuse`
[INFO] [stderr]   --> Cargo.toml:29:1
[INFO] [stderr]    |
[INFO] [stderr] 29 | fuse = "0.3"
[INFO] [stderr]    | ^^^^^^^^^^^^
[INFO] [stderr]    |
[INFO] [stderr]    = note: `cargo::unused_dependencies` is set to `warn` by default
[INFO] [stderr] help: consider removing the dependency on `fuse`
[INFO] [stderr] warning: `redox-fatfs` (manifest) generated 1 warning
[INFO] running `Command { std: "docker" "inspect" "208b8fe718cf3e4a3982812b32a8640481fe04c4c1135c627de434757eeedbd6", kill_on_drop: false }`
[INFO] running `Command { std: "docker" "rm" "-f" "208b8fe718cf3e4a3982812b32a8640481fe04c4c1135c627de434757eeedbd6", kill_on_drop: false }`
[INFO] [stdout] 208b8fe718cf3e4a3982812b32a8640481fe04c4c1135c627de434757eeedbd6
