[INFO] cloning repository https://github.com/E-OS-S/eos-installer
[INFO] running `Command { std: "git" "-c" "credential.helper=" "-c" "credential.helper=/workspace/cargo-home/bin/git-credential-null" "clone" "--bare" "https://github.com/E-OS-S/eos-installer" "/workspace/cache/git-repos/https%3A%2F%2Fgithub.com%2FE-OS-S%2Feos-installer", kill_on_drop: false }`
[INFO] [stderr] Cloning into bare repository '/workspace/cache/git-repos/https%3A%2F%2Fgithub.com%2FE-OS-S%2Feos-installer'...
[INFO] running `Command { std: "git" "rev-parse" "HEAD", kill_on_drop: false }`
[INFO] [stdout] 52346825f270793d907f238dc40e1a827c2b0f26
[INFO] checking E-OS-S/eos-installer against 3154cc1a3e6424e44f438a95007d043ed5ceaaf6+rustflags=-Znext-solver=coherence for pr-133502-30
[INFO] running `Command { std: "git" "clone" "/workspace/cache/git-repos/https%3A%2F%2Fgithub.com%2FE-OS-S%2Feos-installer" "/workspace/builds/worker-5-tc1/source", kill_on_drop: false }`
[INFO] [stderr] Cloning into '/workspace/builds/worker-5-tc1/source'...
[INFO] [stderr] done.
[INFO] started tweaking git repo https://github.com/E-OS-S/eos-installer
[INFO] finished tweaking git repo https://github.com/E-OS-S/eos-installer
[INFO] tweaked toml for git repo https://github.com/E-OS-S/eos-installer written to /workspace/builds/worker-5-tc1/source/Cargo.toml
[INFO] validating manifest of git repo https://github.com/E-OS-S/eos-installer on toolchain 3154cc1a3e6424e44f438a95007d043ed5ceaaf6
[INFO] running `Command { std: CARGO_HOME="/workspace/cargo-home" RUSTUP_HOME="/workspace/rustup-home" "/workspace/cargo-home/bin/cargo" "+3154cc1a3e6424e44f438a95007d043ed5ceaaf6" "metadata" "--manifest-path" "Cargo.toml" "--no-deps", kill_on_drop: false }`
[INFO] crate git repo https://github.com/E-OS-S/eos-installer already has a lockfile, it will not be regenerated
[INFO] running `Command { std: CARGO_HOME="/workspace/cargo-home" RUSTUP_HOME="/workspace/rustup-home" "/workspace/cargo-home/bin/cargo" "+3154cc1a3e6424e44f438a95007d043ed5ceaaf6" "fetch" "--manifest-path" "Cargo.toml", kill_on_drop: false }`
[INFO] [stderr] warning: Cargo.toml: `package.edition` is unspecified, defaulting to `2015` while the latest is `2024`
[INFO] [stderr] warning: `redox_installer` (manifest) generated 1 warning
[INFO] [stderr]     Updating git repository `https://gitlab.redox-os.org/redox-os/arg-parser.git`
[INFO] [stderr]     Updating crates.io index
[INFO] [stderr]     Updating git repository `https://gitlab.redox-os.org/redox-os/liblibc.git`
[INFO] [stderr]     Updating git repository `https://gitlab.redox-os.org/redox-os/pkgutils.git`
[INFO] [stderr]     Updating git repository `https://gitlab.redox-os.org/redox-os/liner`
[INFO] [stderr]     Updating git repository `https://github.com/libOctavo/octavo.git`
[INFO] [stderr]     Updating git repository `https://github.com/ids1024/pb`
[INFO] [stderr]     Updating git repository `https://gitlab.redox-os.org/redox-os/tar-rs`
[INFO] [stderr]     Updating git repository `https://gitlab.redox-os.org/redox-os/termion`
[INFO] [stderr]     Blocking waiting for file lock on package cache
[INFO] [stderr]  Downloading crates ...
[INFO] [stderr]   Downloaded redox_syscall v0.1.43
[INFO] [stderr]   Downloaded serde_derive v0.8.23
[INFO] [stderr]   Downloaded serde v0.8.23
[INFO] [stderr]   Downloaded toml v0.2.1
[INFO] [stderr]   Downloaded unicode-xid v0.1.0
[INFO] [stderr]   Downloaded serde_codegen v0.8.23
[INFO] [stderr]   Downloaded hyper-rustls v0.6.2
[INFO] [stderr]   Downloaded uuid v0.5.1
[INFO] [stderr]   Downloaded rand v0.3.22
[INFO] [stderr]   Downloaded xattr v0.1.11
[INFO] [stderr]   Downloaded numtoa v0.1.0
[INFO] [stderr]   Downloaded bytecount v0.3.2
[INFO] [stderr]   Downloaded safemem v0.3.0
[INFO] [stderr]   Downloaded bidir-map v0.6.0
[INFO] [stderr]   Downloaded rustc-demangle v0.1.9
[INFO] [stderr]   Downloaded unicode-xid v0.0.4
[INFO] [stderr]   Downloaded quote v0.6.10
[INFO] [stderr]   Downloaded constant_time_eq v0.1.3
[INFO] [stderr]   Downloaded serde_codegen_internals v0.11.3
[INFO] [stderr]   Downloaded generic-array v0.2.1
[INFO] [stderr]   Downloaded byteorder v0.5.3
[INFO] [stderr]   Downloaded failure_derive v0.1.3
[INFO] [stderr]   Downloaded spin v0.4.10
[INFO] [stderr]   Downloaded static-buffer v0.2.0
[INFO] [stderr]   Downloaded adler32 v1.0.3
[INFO] [stderr]   Downloaded untrusted v0.6.2
[INFO] [stderr]   Downloaded thread-scoped v1.0.2
[INFO] [stderr]   Downloaded backtrace v0.3.9
[INFO] [stderr]   Downloaded ordermap v0.2.13
[INFO] [stderr]   Downloaded typenum v1.10.0
[INFO] [stderr]   Downloaded httparse v1.3.3
[INFO] [stderr]   Downloaded version-compare v0.0.4
[INFO] [stderr]   Downloaded liner v0.1.5
[INFO] [stderr]   Downloaded proc-macro2 v0.4.24
[INFO] [stderr]   Downloaded redoxfs v0.3.2
[INFO] [stderr]   Downloaded time v0.1.40
[INFO] [stderr]   Downloaded sct v0.4.0
[INFO] [stderr]   Downloaded fuse v0.3.1
[INFO] [stderr]   Downloaded synstructure v0.10.1
[INFO] [stderr]   Downloaded byteorder v1.2.7
[INFO] [stderr]   Downloaded failure v0.1.3
[INFO] [stderr]   Downloaded arrayvec v0.4.8
[INFO] [stderr]   Downloaded serde_derive v1.0.81
[INFO] [stderr]   Downloaded libflate v0.1.19
[INFO] [stderr]   Downloaded crc32fast v1.1.2
[INFO] [stderr]   Downloaded toml v0.4.10
[INFO] [stderr]   Downloaded syn v0.10.8
[INFO] [stderr]   Downloaded rand v0.4.3
[INFO] [stderr]   Downloaded webpki v0.18.1
[INFO] [stderr]   Downloaded serde v1.0.81
[INFO] [stderr]   Downloaded hyper v0.10.15
[INFO] [stderr]   Downloaded syn v0.15.22
[INFO] [stderr]   Downloaded libc v0.2.45
[INFO] [stderr]   Downloaded webpki-roots v0.15.0
[INFO] [stderr]   Downloaded rustls v0.13.1
[INFO] [stderr]   Downloaded argon2rs v0.2.5
[INFO] [stderr]   Downloaded unicode-normalization v0.1.7
[INFO] [stderr]   Downloaded backtrace-sys v0.1.24
[INFO] [stderr]   Downloaded ring v0.13.5
[INFO] running `Command { std: "docker" "create" "-v" "/var/lib/crater-agent-workspace/builds/worker-5-tc1/source:/opt/rustwide/workdir:ro,Z" "-v" "/var/lib/crater-agent-workspace/builds/worker-5-tc1/target:/opt/rustwide/target:rw,Z" "-v" "/var/lib/crater-agent-workspace/cargo-home:/opt/rustwide/cargo-home:ro,Z" "-v" "/var/lib/crater-agent-workspace/rustup-home:/opt/rustwide/rustup-home:ro,Z" "-m" "1610612736" "--network" "none" "ghcr.io/rust-lang/crates-build-env/linux@sha256:77db811e55d90add9212f6832c23229e3de5f1c1f9905e8cb07319ea15df73ac" "sleep" "infinity", kill_on_drop: false }`
[INFO] [stdout] aa253c5b00a935eeba870724e2b037278d42a48b0ef8127ac6c30271170200dd
[INFO] running `Command { std: "docker" "start" "aa253c5b00a935eeba870724e2b037278d42a48b0ef8127ac6c30271170200dd", kill_on_drop: false }`
[INFO] running `Command { std: "docker" "inspect" "aa253c5b00a935eeba870724e2b037278d42a48b0ef8127ac6c30271170200dd", kill_on_drop: false }`
[INFO] running `Command { std: "docker" "exec" "-e" "SOURCE_DIR=/opt/rustwide/workdir" "-e" "CARGO_HOME=/opt/rustwide/cargo-home" "-e" "RUSTUP_HOME=/opt/rustwide/rustup-home" "-e" "CARGO_TARGET_DIR=/opt/rustwide/target" "-w" "/opt/rustwide/workdir" "--user" "0:0" "aa253c5b00a935eeba870724e2b037278d42a48b0ef8127ac6c30271170200dd" "/opt/rustwide/cargo-home/bin/cargo" "+3154cc1a3e6424e44f438a95007d043ed5ceaaf6" "metadata" "--no-deps" "--format-version=1", kill_on_drop: false }`
[INFO] running `Command { std: "docker" "inspect" "aa253c5b00a935eeba870724e2b037278d42a48b0ef8127ac6c30271170200dd", kill_on_drop: false }`
[INFO] running `Command { std: "docker" "exec" "-e" "SOURCE_DIR=/opt/rustwide/workdir" "-e" "CARGO_HOME=/opt/rustwide/cargo-home" "-e" "RUSTUP_HOME=/opt/rustwide/rustup-home" "-e" "CARGO_TARGET_DIR=/opt/rustwide/target" "-e" "CARGO_INCREMENTAL=0" "-e" "RUST_BACKTRACE=full" "-e" "RUSTFLAGS=--cap-lints=forbid -Znext-solver=coherence" "-e" "RUSTDOCFLAGS=--cap-lints=forbid" "-w" "/opt/rustwide/workdir" "--user" "0:0" "aa253c5b00a935eeba870724e2b037278d42a48b0ef8127ac6c30271170200dd" "/opt/rustwide/cargo-home/bin/cargo" "+3154cc1a3e6424e44f438a95007d043ed5ceaaf6" "check" "--frozen" "--all" "--all-targets" "--message-format=json", kill_on_drop: false }`
[INFO] [stderr] warning: Cargo.toml: `package.edition` is unspecified, defaulting to `2015` while the latest is `2024`
[INFO] [stderr] warning: `redox_installer` (manifest) generated 1 warning
[INFO] [stderr]    Compiling libc v0.2.45
[INFO] [stderr]    Compiling cc v1.0.25
[INFO] [stderr]     Checking cfg-if v0.1.6
[INFO] [stderr]    Compiling proc-macro2 v0.4.24
[INFO] [stderr]    Compiling unicode-xid v0.1.0
[INFO] [stderr]     Checking lazy_static v1.2.0
[INFO] [stderr]     Checking untrusted v0.6.2
[INFO] [stderr]    Compiling typenum v1.10.0
[INFO] [stderr]     Checking log v0.4.6
[INFO] [stderr]     Checking byteorder v1.2.7
[INFO] [stderr]    Compiling unicase v1.4.2
[INFO] [stderr]     Checking safemem v0.3.0
[INFO] [stderr]     Checking log v0.3.9
[INFO] [stderr]     Checking unicode-normalization v0.1.7
[INFO] [stderr]    Compiling winapi-build v0.1.1
[INFO] [stderr]     Checking unicode-width v0.1.5
[INFO] [stderr]    Compiling httparse v1.3.3
[INFO] [stderr]    Compiling kernel32-sys v0.2.2
[INFO] [stderr]     Checking base64 v0.9.3
[INFO] [stderr]    Compiling serde v1.0.81
[INFO] [stderr]     Checking time v0.1.40
[INFO] [stderr]    Compiling crc32fast v1.1.2
[INFO] [stderr]     Checking percent-encoding v1.0.1
[INFO] [stderr]    Compiling unicode-xid v0.0.4
[INFO] [stderr]    Compiling quote v0.3.15
[INFO] [stderr]    Compiling pkg-config v0.3.14
[INFO] [stderr]    Compiling syn v0.10.8
[INFO] [stderr]     Checking rand v0.4.3
[INFO] [stderr]    Compiling quote v0.6.10
[INFO] [stderr]    Compiling syn v0.15.22
[INFO] [stderr]    Compiling ring v0.13.5
[INFO] [stderr]    Compiling backtrace-sys v0.1.24
[INFO] [stderr]    Compiling fuse v0.3.1
[INFO] [stderr]     Checking generic-array v0.2.1
[INFO] [stderr]     Checking static-buffer v0.2.0
[INFO] [stderr]     Checking num_cpus v1.8.0
[INFO] [stderr]     Checking mime v0.2.6
[INFO] [stderr]     Checking winapi v0.2.8
[INFO] [stderr]     Checking numtoa v0.1.0
[INFO] [stderr]     Checking typeable v0.1.2
[INFO] [stderr]     Checking byteorder v0.5.3
[INFO] [stderr]    Compiling failure_derive v0.1.3
[INFO] [stderr]     Checking idna v0.1.5
[INFO] [stderr]     Checking nodrop v0.1.13
[INFO] [stderr]     Checking traitobject v0.1.0
[INFO] [stderr]     Checking termion v1.5.1 (https://gitlab.redox-os.org/redox-os/termion#ce6b43d0)
[INFO] [stdout] error[E0119]: conflicting implementations of trait `Trait` for type `(dyn Send + Sync + 'static)`
[INFO] [stdout]   --> /opt/rustwide/cargo-home/registry/src/index.crates.io-1949cf8c6b5b557f/traitobject-0.1.0/src/impls.rs:72:1
[INFO] [stdout]    |
[INFO] [stdout] 71 | unsafe impl Trait for ::std::marker::Send + Sync { }
[INFO] [stdout]    | ------------------------------------------------ first implementation here
[INFO] [stdout] 72 | unsafe impl Trait for ::std::marker::Send + Send + Sync { }
[INFO] [stdout]    | ^^^^^^^^^^^^^^^^^^^^^^^^^^^^^^^^^^^^^^^^^^^^^^^^^^^^^^^ conflicting implementation for `(dyn Send + Sync + 'static)`
[INFO] [stdout] 
[INFO] [stdout] 
[INFO] [stdout] error[E0119]: conflicting implementations of trait `Trait` for type `(dyn Send + Sync + 'static)`
[INFO] [stdout]   --> /opt/rustwide/cargo-home/registry/src/index.crates.io-1949cf8c6b5b557f/traitobject-0.1.0/src/impls.rs:73:1
[INFO] [stdout]    |
[INFO] [stdout] 71 | unsafe impl Trait for ::std::marker::Send + Sync { }
[INFO] [stdout]    | ------------------------------------------------ first implementation here
[INFO] [stdout] 72 | unsafe impl Trait for ::std::marker::Send + Send + Sync { }
[INFO] [stdout] 73 | unsafe impl Trait for ::std::marker::Sync + Send { }
[INFO] [stdout]    | ^^^^^^^^^^^^^^^^^^^^^^^^^^^^^^^^^^^^^^^^^^^^^^^^ conflicting implementation for `(dyn Send + Sync + 'static)`
[INFO] [stdout] 
[INFO] [stdout] 
[INFO] [stdout] error[E0119]: conflicting implementations of trait `Trait` for type `(dyn Send + Sync + 'static)`
[INFO] [stdout]   --> /opt/rustwide/cargo-home/registry/src/index.crates.io-1949cf8c6b5b557f/traitobject-0.1.0/src/impls.rs:75:1
[INFO] [stdout]    |
[INFO] [stdout] 71 | unsafe impl Trait for ::std::marker::Send + Sync { }
[INFO] [stdout]    | ------------------------------------------------ first implementation here
[INFO] [stdout] ...
[INFO] [stdout] 75 | unsafe impl Trait for ::std::marker::Sync + Send + Sync { }
[INFO] [stdout]    | ^^^^^^^^^^^^^^^^^^^^^^^^^^^^^^^^^^^^^^^^^^^^^^^^^^^^^^^ conflicting implementation for `(dyn Send + Sync + 'static)`
[INFO] [stdout] 
[INFO] [stdout] 
[INFO] [stdout] For more information about this error, try `rustc --explain E0119`.
[INFO] [stdout] 
[INFO] [stderr] error: could not compile `traitobject` (lib) due to 3 previous errors
[INFO] [stderr] warning: build failed, waiting for other jobs to finish...
[INFO] running `Command { std: "docker" "inspect" "aa253c5b00a935eeba870724e2b037278d42a48b0ef8127ac6c30271170200dd", kill_on_drop: false }`
[INFO] running `Command { std: "docker" "rm" "-f" "aa253c5b00a935eeba870724e2b037278d42a48b0ef8127ac6c30271170200dd", kill_on_drop: false }`
[INFO] [stdout] aa253c5b00a935eeba870724e2b037278d42a48b0ef8127ac6c30271170200dd
