[INFO] cloning repository https://github.com/E-OS-S/eos-base
[INFO] running `Command { std: "git" "-c" "credential.helper=" "-c" "credential.helper=/workspace/cargo-home/bin/git-credential-null" "clone" "--bare" "https://github.com/E-OS-S/eos-base" "/workspace/cache/git-repos/https%3A%2F%2Fgithub.com%2FE-OS-S%2Feos-base", kill_on_drop: false }`
[INFO] [stderr] Cloning into bare repository '/workspace/cache/git-repos/https%3A%2F%2Fgithub.com%2FE-OS-S%2Feos-base'...
[INFO] running `Command { std: "git" "rev-parse" "HEAD", kill_on_drop: false }`
[INFO] [stdout] ada3c3cf02caf841849d7fd7ae44673a5285c9dc
[INFO] checking E-OS-S/eos-base against 3154cc1a3e6424e44f438a95007d043ed5ceaaf6+rustflags=-Znext-solver=coherence for pr-133502-30
[INFO] running `Command { std: "git" "clone" "/workspace/cache/git-repos/https%3A%2F%2Fgithub.com%2FE-OS-S%2Feos-base" "/workspace/builds/worker-0-tc1/source", kill_on_drop: false }`
[INFO] [stderr] Cloning into '/workspace/builds/worker-0-tc1/source'...
[INFO] [stderr] done.
[INFO] removed /workspace/builds/worker-0-tc1/source/rust-toolchain.toml
[INFO] started tweaking git repo https://github.com/E-OS-S/eos-base
[INFO] finished tweaking git repo https://github.com/E-OS-S/eos-base
[INFO] tweaked toml for git repo https://github.com/E-OS-S/eos-base written to /workspace/builds/worker-0-tc1/source/Cargo.toml
[INFO] validating manifest of git repo https://github.com/E-OS-S/eos-base on toolchain 3154cc1a3e6424e44f438a95007d043ed5ceaaf6
[INFO] running `Command { std: CARGO_HOME="/workspace/cargo-home" RUSTUP_HOME="/workspace/rustup-home" "/workspace/cargo-home/bin/cargo" "+3154cc1a3e6424e44f438a95007d043ed5ceaaf6" "metadata" "--manifest-path" "Cargo.toml" "--no-deps", kill_on_drop: false }`
[INFO] crate git repo https://github.com/E-OS-S/eos-base already has a lockfile, it will not be regenerated
[INFO] running `Command { std: CARGO_HOME="/workspace/cargo-home" RUSTUP_HOME="/workspace/rustup-home" "/workspace/cargo-home/bin/cargo" "+3154cc1a3e6424e44f438a95007d043ed5ceaaf6" "fetch" "--manifest-path" "Cargo.toml", kill_on_drop: false }`
[INFO] [stderr] warning: missing `[lints]` to inherit `[workspace.lints]`
[INFO] [stderr]   --> drivers/amlserde/Cargo.toml
[INFO] [stderr]    = note: `cargo::missing_lints_inheritance` is set to `warn` by default
[INFO] [stderr] help: to inherit `workspace.lints, add:
[INFO] [stderr]    |
[INFO] [stderr] 14 ~ toml.workspace = true
[INFO] [stderr] 15 + [lints]
[INFO] [stderr] 16 + workspace = true
[INFO] [stderr]    |
[INFO] [stderr] help: to clarify your intent to not inherit, add:
[INFO] [stderr]    |
[INFO] [stderr] 14 ~ toml.workspace = true
[INFO] [stderr] 15 + [lints]
[INFO] [stderr]    |
[INFO] [stderr] warning: `amlserde` (manifest) generated 1 warning
[INFO] [stderr] warning: missing `[lints]` to inherit `[workspace.lints]`
[INFO] [stderr]   --> drivers/storage/partitionlib/Cargo.toml
[INFO] [stderr]    = note: `cargo::missing_lints_inheritance` is set to `warn` by default
[INFO] [stderr] help: to inherit `workspace.lints, add:
[INFO] [stderr]    |
[INFO] [stderr] 12 ~ uuid = { version = "1.0", features = ["v4"] }
[INFO] [stderr] 13 + [lints]
[INFO] [stderr] 14 + workspace = true
[INFO] [stderr]    |
[INFO] [stderr] help: to clarify your intent to not inherit, add:
[INFO] [stderr]    |
[INFO] [stderr] 12 ~ uuid = { version = "1.0", features = ["v4"] }
[INFO] [stderr] 13 + [lints]
[INFO] [stderr]    |
[INFO] [stderr] warning: `partitionlib` (manifest) generated 1 warning
[INFO] [stderr] warning: drivers/hwd/Cargo.toml: `default-features` is ignored for libredox, since `default-features` was not specified for `workspace.dependencies.libredox`; overriding workspace `default-features` to false requires Rust 1.99+ and the 2024 edition
[INFO] [stderr] warning: `hwd` (manifest) generated 1 warning
[INFO] [stderr]     Blocking waiting for file lock on package cache
[INFO] [stderr]     Updating crates.io index
[INFO] [stderr]     Updating git repository `https://gitlab.redox-os.org/redox-os/redox-log.git`
[INFO] [stderr]     Updating git repository `https://gitlab.redox-os.org/redox-os/acpi.git`
[INFO] [stderr]     Updating git repository `https://gitlab.redox-os.org/redox-os/relibc.git`
[INFO] [stderr]     Updating git submodule `https://gitlab.redox-os.org/redox-os/openlibm.git`
[INFO] [stderr]     Updating git submodule `https://gitlab.redox-os.org/redox-os/dlmalloc-rs.git`
[INFO] [stderr]     Updating git repository `https://github.com/jackpot51/range-alloc.git`
[INFO] [stderr]     Updating git repository `https://gitlab.redox-os.org/redox-os/rehid.git`
[INFO] [stderr]     Updating git repository `https://github.com/repnop/fdt.git`
[INFO] [stderr]     Updating git repository `https://github.com/jackpot51/hidreport`
[INFO] [stderr]     Blocking waiting for file lock on package cache
[INFO] [stderr]  Downloading crates ...
[INFO] [stderr]   Downloaded ioslice v0.6.0
[INFO] [stderr]   Downloaded redox_event v0.4.8
[INFO] [stderr]   Downloaded ransid v0.4.9
[INFO] [stderr]   Downloaded edid v0.3.0
[INFO] [stderr]   Downloaded bitbang-hal v0.3.3
[INFO] [stderr]   Downloaded chashmap v2.2.2
[INFO] [stderr]   Downloaded utf8parse v0.1.1
[INFO] [stderr]   Downloaded defmt v0.3.100
[INFO] [stderr]   Downloaded psf-rs v2.2.0
[INFO] [stderr]   Downloaded owning_ref v0.3.3
[INFO] [stderr]   Downloaded redox-scheme v0.11.2
[INFO] [stderr]   Downloaded numtoa v0.2.4
[INFO] [stderr]   Downloaded memchr v1.0.2
[INFO] [stderr]   Downloaded fdt v0.1.5
[INFO] [stderr]   Downloaded pci_types v0.10.1
[INFO] [stderr]   Downloaded parking_lot_core v0.2.14
[INFO] [stderr]   Downloaded termion v4.0.6
[INFO] [stderr]   Downloaded parking_lot v0.4.8
[INFO] [stderr]   Downloaded gpt v3.1.0
[INFO] [stderr]   Downloaded bytemuck v1.25.1
[INFO] [stderr]   Downloaded drm v0.15.0
[INFO] [stderr]   Downloaded regex v1.13.0
[INFO] [stderr]   Downloaded nom v3.2.1
[INFO] [stderr]   Downloaded qemu-exit v3.0.2
[INFO] [stderr]   Downloaded smoltcp v0.13.1
[INFO] [stderr]   Downloaded regex-automata v0.4.15
[INFO] [stderr]   Downloaded orbclient v0.4.3
[INFO] [stderr]   Downloaded vte v0.3.3
[INFO] running `Command { std: "docker" "create" "-v" "/var/lib/crater-agent-workspace/builds/worker-0-tc1/source:/opt/rustwide/workdir:ro,Z" "-v" "/var/lib/crater-agent-workspace/builds/worker-0-tc1/target:/opt/rustwide/target:rw,Z" "-v" "/var/lib/crater-agent-workspace/cargo-home:/opt/rustwide/cargo-home:ro,Z" "-v" "/var/lib/crater-agent-workspace/rustup-home:/opt/rustwide/rustup-home:ro,Z" "-m" "1610612736" "--network" "none" "ghcr.io/rust-lang/crates-build-env/linux@sha256:77db811e55d90add9212f6832c23229e3de5f1c1f9905e8cb07319ea15df73ac" "sleep" "infinity", kill_on_drop: false }`
[INFO] [stdout] 0fa0624777ab57e61261fd7469521741e72e7b2ae814bd9e5a096e11bafe2585
[INFO] running `Command { std: "docker" "start" "0fa0624777ab57e61261fd7469521741e72e7b2ae814bd9e5a096e11bafe2585", kill_on_drop: false }`
[INFO] running `Command { std: "docker" "inspect" "0fa0624777ab57e61261fd7469521741e72e7b2ae814bd9e5a096e11bafe2585", kill_on_drop: false }`
[INFO] running `Command { std: "docker" "exec" "-e" "SOURCE_DIR=/opt/rustwide/workdir" "-e" "CARGO_HOME=/opt/rustwide/cargo-home" "-e" "RUSTUP_HOME=/opt/rustwide/rustup-home" "-e" "CARGO_TARGET_DIR=/opt/rustwide/target" "-w" "/opt/rustwide/workdir" "--user" "0:0" "0fa0624777ab57e61261fd7469521741e72e7b2ae814bd9e5a096e11bafe2585" "/opt/rustwide/cargo-home/bin/cargo" "+3154cc1a3e6424e44f438a95007d043ed5ceaaf6" "metadata" "--no-deps" "--format-version=1", kill_on_drop: false }`
[INFO] running `Command { std: "docker" "inspect" "0fa0624777ab57e61261fd7469521741e72e7b2ae814bd9e5a096e11bafe2585", kill_on_drop: false }`
[INFO] running `Command { std: "docker" "exec" "-e" "SOURCE_DIR=/opt/rustwide/workdir" "-e" "CARGO_HOME=/opt/rustwide/cargo-home" "-e" "RUSTUP_HOME=/opt/rustwide/rustup-home" "-e" "CARGO_TARGET_DIR=/opt/rustwide/target" "-e" "CARGO_INCREMENTAL=0" "-e" "RUST_BACKTRACE=full" "-e" "RUSTFLAGS=--cap-lints=forbid -Znext-solver=coherence" "-e" "RUSTDOCFLAGS=--cap-lints=forbid" "-w" "/opt/rustwide/workdir" "--user" "0:0" "0fa0624777ab57e61261fd7469521741e72e7b2ae814bd9e5a096e11bafe2585" "/opt/rustwide/cargo-home/bin/cargo" "+3154cc1a3e6424e44f438a95007d043ed5ceaaf6" "check" "--frozen" "--all" "--all-targets" "--message-format=json", kill_on_drop: false }`
[INFO] [stderr] warning: drivers/hwd/Cargo.toml: `default-features` is ignored for libredox, since `default-features` was not specified for `workspace.dependencies.libredox`; overriding workspace `default-features` to false requires Rust 1.99+ and the 2024 edition
[INFO] [stderr] warning: `hwd` (manifest) generated 1 warning
[INFO] [stderr] warning: missing `[lints]` to inherit `[workspace.lints]`
[INFO] [stderr]   --> drivers/amlserde/Cargo.toml
[INFO] [stderr]    = note: `cargo::missing_lints_inheritance` is set to `warn` by default
[INFO] [stderr] help: to inherit `workspace.lints, add:
[INFO] [stderr]    |
[INFO] [stderr] 14 ~ toml.workspace = true
[INFO] [stderr] 15 + [lints]
[INFO] [stderr] 16 + workspace = true
[INFO] [stderr]    |
[INFO] [stderr] help: to clarify your intent to not inherit, add:
[INFO] [stderr]    |
[INFO] [stderr] 14 ~ toml.workspace = true
[INFO] [stderr] 15 + [lints]
[INFO] [stderr]    |
[INFO] [stderr] warning: `amlserde` (manifest) generated 1 warning
[INFO] [stderr] warning: missing `[lints]` to inherit `[workspace.lints]`
[INFO] [stderr]   --> drivers/storage/partitionlib/Cargo.toml
[INFO] [stderr]    = note: `cargo::missing_lints_inheritance` is set to `warn` by default
[INFO] [stderr] help: to inherit `workspace.lints, add:
[INFO] [stderr]    |
[INFO] [stderr] 12 ~ uuid = { version = "1.0", features = ["v4"] }
[INFO] [stderr] 13 + [lints]
[INFO] [stderr] 14 + workspace = true
[INFO] [stderr]    |
[INFO] [stderr] help: to clarify your intent to not inherit, add:
[INFO] [stderr]    |
[INFO] [stderr] 12 ~ uuid = { version = "1.0", features = ["v4"] }
[INFO] [stderr] 13 + [lints]
[INFO] [stderr]    |
[INFO] [stderr] warning: `partitionlib` (manifest) generated 1 warning
[INFO] [stderr]    Compiling libc v0.2.186
[INFO] [stderr]     Checking plain v0.2.3
[INFO] [stderr]    Compiling quote v1.0.46
[INFO] [stderr]     Checking bitflags v2.13.0
[INFO] [stderr]    Compiling num-traits v0.2.19
[INFO] [stderr]     Checking numtoa v0.2.4
[INFO] [stderr]     Checking winnow v1.0.3
[INFO] [stderr]     Checking serde_spanned v1.1.1
[INFO] [stderr]     Checking toml_datetime v1.1.1+spec-1.1.0
[INFO] [stderr]     Checking toml_writer v1.1.1+spec-1.1.0
[INFO] [stderr]     Checking spinning_top v0.3.0
[INFO] [stderr]     Checking redox_syscall v0.9.0
[INFO] [stderr]     Checking pci_types v0.10.1
[INFO] [stderr]    Compiling syn v2.0.118
[INFO] [stderr]    Compiling anyhow v1.0.103
[INFO] [stderr]     Checking fdt v0.1.5
[INFO] [stderr]     Checking toml_parser v1.1.2+spec-1.1.0
[INFO] [stderr]     Checking acpi v6.1.1 (https://gitlab.redox-os.org/redox-os/acpi.git?branch=redox-6.x#90cbe88e)
[INFO] [stderr]     Checking pico-args v0.5.0
[INFO] [stderr]     Checking futures-sink v0.3.32
[INFO] [stderr]     Checking futures-core v0.3.32
[INFO] [stderr]     Checking futures-channel v0.3.32
[INFO] [stderr]     Checking futures-io v0.3.32
[INFO] [stderr]     Checking toml v1.1.2+spec-1.1.0
[INFO] [stderr]    Compiling getrandom v0.4.3
[INFO] [stderr]     Checking rand_core v0.10.1
[INFO] [stderr]    Compiling version-compare v0.1.1
[INFO] [stderr]     Checking stable_deref_trait v1.2.1
[INFO] [stderr]    Compiling syn v1.0.109
[INFO] [stderr]     Checking chrono v0.4.45
[INFO] [stderr]    Compiling sdl2-sys v0.38.0
[INFO] [stderr]    Compiling sdl2 v0.38.0
[INFO] [stderr]    Compiling orbclient v0.4.3
[INFO] [stderr]     Checking aho-corasick v1.1.4
[INFO] [stderr]     Checking ioslice v0.6.0
[INFO] [stderr]     Checking termion v4.0.6
[INFO] [stderr]     Checking libredox v0.1.18
[INFO] [stderr]    Compiling zerocopy v0.8.54
[INFO] [stderr]     Checking uuid v1.23.4
[INFO] [stderr]     Checking redox-scheme v0.11.2
[INFO] [stderr]     Checking redox_event v0.4.8
[INFO] [stderr]     Checking daemon v0.0.0 (/opt/rustwide/workdir/daemon)
[INFO] [stdout] warning: the feature `never_type` has been stable since 1.100.0 and no longer requires an attribute to enable
[INFO] [stdout]  --> daemon/src/lib.rs:2:12
[INFO] [stdout]   |
[INFO] [stdout] 2 | #![feature(never_type)]
[INFO] [stdout]   |            ^^^^^^^^^^
[INFO] [stdout]   |
[INFO] [stdout]   = note: `#[warn(stable_features)]` on by default
[INFO] [stdout] 
[INFO] [stdout] 
[INFO] [stderr]     Checking scheme-utils v0.0.0 (/opt/rustwide/workdir/scheme-utils)
[INFO] [stdout] warning: the feature `never_type` has been stable since 1.100.0 and no longer requires an attribute to enable
[INFO] [stdout]  --> scheme-utils/src/lib.rs:1:12
[INFO] [stdout]   |
[INFO] [stdout] 1 | #![feature(never_type)]
[INFO] [stdout]   |            ^^^^^^^^^^
[INFO] [stdout]   |
[INFO] [stdout]   = note: `#[warn(stable_features)]` on by default
[INFO] [stdout] 
[INFO] [stdout] 
[INFO] [stderr]     Checking gpt v3.1.0
[INFO] [stderr]    Compiling drm-sys v0.8.1
[INFO] [stderr]    Compiling maybe-uninit v2.0.0
[INFO] [stderr]     Checking regex-automata v0.4.15
[INFO] [stderr]     Checking linux-raw-sys v0.9.4
[INFO] [stderr]    Compiling drm-fourcc v2.2.0
[INFO] [stderr]     Checking executor v0.1.0 (/opt/rustwide/workdir/drivers/executor)
[INFO] [stderr]     Checking config v0.0.0 (/opt/rustwide/workdir/config)
[INFO] [stderr]     Checking smallvec v0.6.14
[INFO] [stderr]     Checking rand v0.4.6
[INFO] [stderr]     Checking serde_json v1.0.150
[INFO] [stderr]     Checking owning_ref v0.3.3
[INFO] [stderr]     Checking crossbeam-channel v0.5.16
[INFO] [stderr]     Checking parking_lot_core v0.2.14
[INFO] [stderr]     Checking parking_lot v0.4.8
[INFO] [stderr]     Checking driver-network v0.1.0 (/opt/rustwide/workdir/drivers/net/driver-network)
[INFO] [stderr]     Checking hash32 v0.3.1
[INFO] [stderr]    Compiling rustix v1.1.4
[INFO] [stderr]     Checking chashmap v2.2.2
[INFO] [stderr]     Checking chacha20 v0.10.1
[INFO] [stderr]     Checking getrandom v0.2.17
[INFO] [stderr]     Checking clap_lex v1.1.0
[INFO] [stderr]    Compiling scroll_derive v0.10.5
[INFO] [stderr]     Checking clap_builder v4.6.0
[INFO] [stderr]     Checking rand v0.10.2
[INFO] [stderr]     Checking rand_core v0.6.4
[INFO] [stderr]     Checking memchr v1.0.2
[INFO] [stderr]     Checking spin v0.10.0
[INFO] [stderr]     Checking regex v1.13.0
[INFO] [stderr]     Checking scroll v0.10.2
[INFO] [stderr]     Checking utf8parse v0.1.1
[INFO] [stderr]     Checking vte v0.3.3
[INFO] [stderr]     Checking nom v3.2.1
[INFO] [stderr]     Checking partitionlib v0.1.0 (/opt/rustwide/workdir/drivers/storage/partitionlib)
[INFO] [stderr]     Checking ransid v0.4.9
[INFO] [stderr]     Checking redox-ioctl v0.1.0 (https://gitlab.redox-os.org/redox-os/relibc.git#d5899003)
[INFO] [stderr]     Checking atty v0.2.14
[INFO] [stderr]     Checking crossbeam-queue v0.3.13
[INFO] [stderr]     Checking humantime v2.4.0
[INFO] [stderr]     Checking heapless v0.8.0
[INFO] [stderr]     Checking env_logger v0.8.4
[INFO] [stderr]     Checking redox-initfs v0.2.0 (/opt/rustwide/workdir/initfs)
[INFO] [stderr]     Checking pathdiff v0.2.3
[INFO] [stderr]     Checking generic-array v0.12.4
[INFO] [stderr]     Checking nb v1.1.0
[INFO] [stderr]    Compiling heapless v0.9.3
[INFO] [stderr]     Checking edid v0.3.0
[INFO] [stderr]    Compiling serde_derive v1.0.228
[INFO] [stderr]    Compiling futures-macro v0.3.32
[INFO] [stderr]    Compiling thiserror-impl v2.0.18
[INFO] [stderr]    Compiling bytemuck_derive v1.11.0
[INFO] [stderr]    Compiling thiserror-impl v1.0.69
[INFO] [stderr]     Checking clap v4.6.1
[INFO] [stderr]    Compiling hidreport v0.4.1 (https://github.com/jackpot51/hidreport#1cf47ffc)
[INFO] [stderr]     Checking byte-tools v0.3.1
[INFO] [stderr]     Checking futures-util v0.3.32
[INFO] [stderr]     Checking block-padding v0.1.5
[INFO] [stderr]     Checking nb v0.1.3
[INFO] [stderr]     Checking redox_termios v0.1.3
[INFO] [stderr]     Checking void v1.0.2
[INFO] [stderr]    Compiling smoltcp v0.13.1
[INFO] [stderr]     Checking drm-ffi v0.9.1
[INFO] [stderr]    Compiling strum_macros v0.27.2
[INFO] [stderr]     Checking bytemuck v1.25.1
[INFO] [stderr]     Checking embedded-hal v0.2.7
[INFO] [stderr]     Checking thiserror v2.0.18
[INFO] [stderr]     Checking ppv-lite86 v0.2.21
[INFO] [stderr]     Checking ahash v0.8.12
[INFO] [stderr]     Checking thiserror v1.0.69
[INFO] [stderr]     Checking psf-rs v2.2.0
[INFO] [stderr]     Checking drm v0.15.0
[INFO] [stderr]     Checking block-buffer v0.7.3
[INFO] [stderr]     Checking digest v0.8.1
[INFO] [stderr]     Checking strum v0.27.2
[INFO] [stderr]     Checking managed v0.8.0
[INFO] [stderr]     Checking rand_chacha v0.3.1
[INFO] [stderr]     Checking fake-simd v0.1.2
[INFO] [stderr]     Checking rand_core v0.5.1
[INFO] [stderr]     Checking opaque-debug v0.2.3
[INFO] [stderr]     Checking sha2 v0.8.2
[INFO] [stderr]     Checking rand v0.8.6
[INFO] [stderr]     Checking rand_chacha v0.2.2
[INFO] [stderr]     Checking bitbang-hal v0.3.3
[INFO] [stderr]    Compiling num-derive v0.3.3
[INFO] [stderr]     Checking raw-cpuid v11.6.0
[INFO] [stderr]     Checking graphics-ipc v0.1.0 (/opt/rustwide/workdir/drivers/graphics/graphics-ipc)
[INFO] [stderr]     Checking console-draw v0.1.0 (/opt/rustwide/workdir/drivers/graphics/console-draw)
[INFO] [stderr]     Checking base64 v0.11.0
[INFO] [stderr]     Checking twox-hash v1.6.3
[INFO] [stderr]     Checking fdt v0.2.0-alpha1 (https://github.com/repnop/fdt.git?rev=059bb23#059bb238)
[INFO] [stderr]     Checking redox-initfs-tools v0.2.0 (/opt/rustwide/workdir/initfs/tools)
[INFO] [stderr]     Checking qemu-exit v3.0.2
[INFO] [stderr]     Checking range-alloc v0.1.4 (https://github.com/jackpot51/range-alloc.git#23493c40)
[INFO] [stderr]     Checking rehid v0.1.0 (https://gitlab.redox-os.org/redox-os/rehid.git#da987bc6)
[INFO] [stderr]     Checking ramfs v0.1.0 (/opt/rustwide/workdir/ramfs)
[INFO] [stderr]     Checking ptyd v0.1.0 (/opt/rustwide/workdir/ptyd)
[INFO] [stdout] warning: use of deprecated associated function `core::num::<impl i64>::min_value`: replaced by the `MIN` associated constant on this type
[INFO] [stdout]    --> ramfs/src/filesystem.rs:176:37
[INFO] [stdout]     |
[INFO] [stdout] 176 |                     .unwrap_or(i64::min_value()),
[INFO] [stdout]     |                                     ^^^^^^^^^
[INFO] [stdout]     |
[INFO] [stdout]     = note: `#[warn(deprecated)]` on by default
[INFO] [stdout] 
[INFO] [stdout] 
[INFO] [stdout] warning: use of deprecated associated function `core::num::<impl i32>::min_value`: replaced by the `MIN` associated constant on this type
[INFO] [stdout]    --> ramfs/src/filesystem.rs:180:37
[INFO] [stdout]     |
[INFO] [stdout] 180 |                     .unwrap_or(i32::min_value()),
[INFO] [stdout]     |                                     ^^^^^^^^^
[INFO] [stdout] 
[INFO] [stdout] 
[INFO] [stdout] warning: use of deprecated associated function `core::num::<impl i64>::max_value`: replaced by the `MAX` associated constant on this type
[INFO] [stdout]    --> ramfs/src/filesystem.rs:186:62
[INFO] [stdout]     |
[INFO] [stdout] 186 |         tv_sec: duration.as_secs().try_into().unwrap_or(i64::max_value()),
[INFO] [stdout]     |                                                              ^^^^^^^^^
[INFO] [stdout] 
[INFO] [stdout] 
[INFO] [stdout] warning: use of deprecated associated function `core::num::<impl i32>::max_value`: replaced by the `MAX` associated constant on this type
[INFO] [stdout]    --> ramfs/src/filesystem.rs:190:29
[INFO] [stdout]     |
[INFO] [stdout] 190 |             .unwrap_or(i32::max_value()),
[INFO] [stdout]     |                             ^^^^^^^^^
[INFO] [stdout] 
[INFO] [stdout] 
[INFO] [stdout] warning: use of deprecated associated function `core::num::<impl i64>::min_value`: replaced by the `MIN` associated constant on this type
[INFO] [stdout]    --> ramfs/src/filesystem.rs:176:37
[INFO] [stdout]     |
[INFO] [stdout] 176 |                     .unwrap_or(i64::min_value()),
[INFO] [stdout]     |                                     ^^^^^^^^^
[INFO] [stdout]     |
[INFO] [stdout]     = note: `#[warn(deprecated)]` on by default
[INFO] [stdout] 
[INFO] [stdout] 
[INFO] [stdout] warning: use of deprecated associated function `core::num::<impl i32>::min_value`: replaced by the `MIN` associated constant on this type
[INFO] [stdout]    --> ramfs/src/filesystem.rs:180:37
[INFO] [stdout]     |
[INFO] [stdout] 180 |                     .unwrap_or(i32::min_value()),
[INFO] [stdout]     |                                     ^^^^^^^^^
[INFO] [stdout] 
[INFO] [stdout] 
[INFO] [stdout] warning: use of deprecated associated function `core::num::<impl i64>::max_value`: replaced by the `MAX` associated constant on this type
[INFO] [stdout]    --> ramfs/src/filesystem.rs:186:62
[INFO] [stdout]     |
[INFO] [stdout] 186 |         tv_sec: duration.as_secs().try_into().unwrap_or(i64::max_value()),
[INFO] [stdout]     |                                                              ^^^^^^^^^
[INFO] [stdout] 
[INFO] [stdout] 
[INFO] [stdout] warning: use of deprecated associated function `core::num::<impl i32>::max_value`: replaced by the `MAX` associated constant on this type
[INFO] [stdout]    --> ramfs/src/filesystem.rs:190:29
[INFO] [stdout]     |
[INFO] [stdout] 190 |             .unwrap_or(i32::max_value()),
[INFO] [stdout]     |                             ^^^^^^^^^
[INFO] [stdout] 
[INFO] [stdout] 
[INFO] [stdout] warning: unreachable `else` clause
[INFO] [stdout]    --> ramfs/src/scheme.rs:627:63
[INFO] [stdout]     |
[INFO] [stdout] 626 | /         let (&Handle::Inode(dir_inode), &Handle::Inode(mut current_inode)) =
[INFO] [stdout] 627 | |             (self.handles.get(dir_id)?, self.handles.get(id)?)
[INFO] [stdout]     | |                                                              -^
[INFO] [stdout]     | |______________________________________________________________|
[INFO] [stdout]     |                                                                assigning to binding pattern will always succeed
[INFO] [stdout]     |
[INFO] [stdout]     = note: this pattern always matches, so the else clause is unreachable
[INFO] [stdout]     = note: `#[warn(irrefutable_let_patterns)]` on by default
[INFO] [stdout] 
[INFO] [stdout] 
[INFO] [stdout] warning: unused variable: `payload`
[INFO] [stdout]    --> ramfs/src/scheme.rs:688:9
[INFO] [stdout]     |
[INFO] [stdout] 688 |         payload: &mut [u8],
[INFO] [stdout]     |         ^^^^^^^ help: if this is intentional, prefix it with an underscore: `_payload`
[INFO] [stdout]     |
[INFO] [stdout]     = note: `#[warn(unused_variables)]` (part of `#[warn(unused)]`) on by default
[INFO] [stdout] 
[INFO] [stdout] 
[INFO] [stderr]     Checking futures-executor v0.3.32
[INFO] [stdout] warning: unreachable `else` clause
[INFO] [stdout]    --> ramfs/src/scheme.rs:627:63
[INFO] [stdout]     |
[INFO] [stdout] 626 | /         let (&Handle::Inode(dir_inode), &Handle::Inode(mut current_inode)) =
[INFO] [stdout] 627 | |             (self.handles.get(dir_id)?, self.handles.get(id)?)
[INFO] [stdout]     | |                                                              -^
[INFO] [stdout]     | |______________________________________________________________|
[INFO] [stdout]     |                                                                assigning to binding pattern will always succeed
[INFO] [stdout]     |
[INFO] [stdout]     = note: this pattern always matches, so the else clause is unreachable
[INFO] [stdout]     = note: `#[warn(irrefutable_let_patterns)]` on by default
[INFO] [stdout] 
[INFO] [stdout] 
[INFO] [stdout] warning: unused variable: `payload`
[INFO] [stdout]    --> ramfs/src/scheme.rs:688:9
[INFO] [stdout]     |
[INFO] [stdout] 688 |         payload: &mut [u8],
[INFO] [stdout]     |         ^^^^^^^ help: if this is intentional, prefix it with an underscore: `_payload`
[INFO] [stdout]     |
[INFO] [stdout]     = note: `#[warn(unused_variables)]` (part of `#[warn(unused)]`) on by default
[INFO] [stdout] 
[INFO] [stdout] 
[INFO] [stderr]     Checking ipcd v0.1.0 (/opt/rustwide/workdir/ipcd)
[INFO] [stdout] error[E0425]: cannot find function `dup` in crate `syscall`
[INFO] [stdout]   --> ipcd/examples/helloserver.rs:16:22
[INFO] [stdout]    |
[INFO] [stdout] 16 |             syscall::dup(server.as_raw_fd() as usize, b"listen").map_err(from_syscall_error)?;
[INFO] [stdout]    |                      ^^^ not found in `syscall`
[INFO] [stdout]    |
[INFO] [stdout] note: similarly named function `dup2` defined here
[INFO] [stdout]   --> /opt/rustwide/cargo-home/registry/src/index.crates.io-1949cf8c6b5b557f/redox_syscall-0.9.0/src/call.rs:22:1
[INFO] [stdout]    |
[INFO] [stdout] 22 | pub fn dup2(fd: usize, newfd: usize, buf: &[u8]) -> Result<usize> {
[INFO] [stdout]    | ^^^^^^^^^^^^^^^^^^^^^^^^^^^^^^^^^^^^^^^^^^^^^^^^^^^^^^^^^^^^^^^^^
[INFO] [stdout] help: a function with a similar name exists
[INFO] [stdout]    |
[INFO] [stdout] 16 |             syscall::dup2(server.as_raw_fd() as usize, b"listen").map_err(from_syscall_error)?;
[INFO] [stdout]    |                         +
[INFO] [stdout] help: consider importing one of these functions
[INFO] [stdout]    |
[INFO] [stdout]  1 + use libc::dup;
[INFO] [stdout]    |
[INFO] [stdout]  1 + use libredox::call::dup;
[INFO] [stdout]    |
[INFO] [stdout] help: if you import `dup`, refer to it directly
[INFO] [stdout]    |
[INFO] [stdout] 16 -             syscall::dup(server.as_raw_fd() as usize, b"listen").map_err(from_syscall_error)?;
[INFO] [stdout] 16 +             dup(server.as_raw_fd() as usize, b"listen").map_err(from_syscall_error)?;
[INFO] [stdout]    |
[INFO] [stdout] 
[INFO] [stdout] 
[INFO] [stdout] error[E0425]: cannot find function `dup` in crate `syscall`
[INFO] [stdout]   --> ipcd/examples/logserver.rs:41:49
[INFO] [stdout]    |
[INFO] [stdout] 41 |                     let stream = match syscall::dup(server.as_raw_fd() as usize, b"listen")
[INFO] [stdout]    |                                                 ^^^ not found in `syscall`
[INFO] [stdout]    |
[INFO] [stdout] note: similarly named function `dup2` defined here
[INFO] [stdout]   --> /opt/rustwide/cargo-home/registry/src/index.crates.io-1949cf8c6b5b557f/redox_syscall-0.9.0/src/call.rs:22:1
[INFO] [stdout]    |
[INFO] [stdout] 22 | pub fn dup2(fd: usize, newfd: usize, buf: &[u8]) -> Result<usize> {
[INFO] [stdout]    | ^^^^^^^^^^^^^^^^^^^^^^^^^^^^^^^^^^^^^^^^^^^^^^^^^^^^^^^^^^^^^^^^^
[INFO] [stdout] help: a function with a similar name exists
[INFO] [stdout]    |
[INFO] [stdout] 41 |                     let stream = match syscall::dup2(server.as_raw_fd() as usize, b"listen")
[INFO] [stdout]    |                                                    +
[INFO] [stdout] help: consider importing one of these functions
[INFO] [stdout]    |
[INFO] [stdout]  1 + use libc::dup;
[INFO] [stdout]    |
[INFO] [stdout]  1 + use libredox::call::dup;
[INFO] [stdout]    |
[INFO] [stdout] help: if you import `dup`, refer to it directly
[INFO] [stdout]    |
[INFO] [stdout] 41 -                     let stream = match syscall::dup(server.as_raw_fd() as usize, b"listen")
[INFO] [stdout] 41 +                     let stream = match dup(server.as_raw_fd() as usize, b"listen")
[INFO] [stdout]    |
[INFO] [stdout] 
[INFO] [stdout] 
[INFO] [stdout] For more information about this error, try `rustc --explain E0425`.
[INFO] [stdout] 
[INFO] [stderr] error: could not compile `ipcd` (example "helloserver") due to 1 previous error
[INFO] [stderr] warning: build failed, waiting for other jobs to finish...
[INFO] [stdout] For more information about this error, try `rustc --explain E0425`.
[INFO] [stdout] 
[INFO] [stdout] error[E0425]: cannot find function `dup` in crate `syscall`
[INFO] [stdout]   --> ipcd/examples/main.rs:23:18
[INFO] [stdout]    |
[INFO] [stdout] 23 |         syscall::dup(file.as_raw_fd() as usize, buf.as_bytes()).map_err(from_syscall_error)?;
[INFO] [stdout]    |                  ^^^ not found in `syscall`
[INFO] [stdout]    |
[INFO] [stdout] note: similarly named function `dup2` defined here
[INFO] [stdout]   --> /opt/rustwide/cargo-home/registry/src/index.crates.io-1949cf8c6b5b557f/redox_syscall-0.9.0/src/call.rs:22:1
[INFO] [stdout]    |
[INFO] [stdout] 22 | pub fn dup2(fd: usize, newfd: usize, buf: &[u8]) -> Result<usize> {
[INFO] [stdout]    | ^^^^^^^^^^^^^^^^^^^^^^^^^^^^^^^^^^^^^^^^^^^^^^^^^^^^^^^^^^^^^^^^^
[INFO] [stdout] help: a function with a similar name exists
[INFO] [stdout]    |
[INFO] [stdout] 23 |         syscall::dup2(file.as_raw_fd() as usize, buf.as_bytes()).map_err(from_syscall_error)?;
[INFO] [stdout]    |                     +
[INFO] [stdout] help: consider importing one of these functions
[INFO] [stdout]    |
[INFO] [stdout]  1 + use libc::dup;
[INFO] [stdout]    |
[INFO] [stdout]  1 + use libredox::call::dup;
[INFO] [stdout]    |
[INFO] [stdout] help: if you import `dup`, refer to it directly
[INFO] [stdout]    |
[INFO] [stdout] 23 -         syscall::dup(file.as_raw_fd() as usize, buf.as_bytes()).map_err(from_syscall_error)?;
[INFO] [stdout] 23 +         dup(file.as_raw_fd() as usize, buf.as_bytes()).map_err(from_syscall_error)?;
[INFO] [stdout]    |
[INFO] [stdout] 
[INFO] [stdout] 
[INFO] [stderr] error: could not compile `ipcd` (example "logserver") due to 1 previous error
[INFO] [stdout] For more information about this error, try `rustc --explain E0425`.
[INFO] [stdout] 
[INFO] [stderr] error: could not compile `ipcd` (example "main") due to 1 previous error
[INFO] [stderr] warning: unused dependency `slab`
[INFO] [stderr]   --> ramfs/Cargo.toml:18:1
[INFO] [stderr]    |
[INFO] [stderr] 18 | slab.workspace = true
[INFO] [stderr]    | ^^^^
[INFO] [stderr]    |
[INFO] [stderr]    = note: `cargo::unused_dependencies` is set to `warn` by default
[INFO] [stderr] help: consider removing the dependency on `slab`
[INFO] [stderr] warning: `ramfs` (manifest) generated 1 warning
[INFO] running `Command { std: "docker" "inspect" "0fa0624777ab57e61261fd7469521741e72e7b2ae814bd9e5a096e11bafe2585", kill_on_drop: false }`
[INFO] running `Command { std: "docker" "rm" "-f" "0fa0624777ab57e61261fd7469521741e72e7b2ae814bd9e5a096e11bafe2585", kill_on_drop: false }`
[INFO] [stdout] 0fa0624777ab57e61261fd7469521741e72e7b2ae814bd9e5a096e11bafe2585
