[INFO] cloning repository https://github.com/Doorman2002/Echo_back
[INFO] running `Command { std: "git" "-c" "credential.helper=" "-c" "credential.helper=/workspace/cargo-home/bin/git-credential-null" "clone" "--bare" "https://github.com/Doorman2002/Echo_back" "/workspace/cache/git-repos/https%3A%2F%2Fgithub.com%2FDoorman2002%2FEcho_back", kill_on_drop: false }`
[INFO] [stderr] Cloning into bare repository '/workspace/cache/git-repos/https%3A%2F%2Fgithub.com%2FDoorman2002%2FEcho_back'...
[INFO] running `Command { std: "git" "rev-parse" "HEAD", kill_on_drop: false }`
[INFO] [stdout] 3d67c4aeee834b52b710b786280a466cc07263d2
[INFO] checking Doorman2002/Echo_back against 3154cc1a3e6424e44f438a95007d043ed5ceaaf6 for pr-133502-30
[INFO] running `Command { std: "git" "clone" "/workspace/cache/git-repos/https%3A%2F%2Fgithub.com%2FDoorman2002%2FEcho_back" "/workspace/builds/worker-4-tc2/source", kill_on_drop: false }`
[INFO] [stderr] Cloning into '/workspace/builds/worker-4-tc2/source'...
[INFO] [stderr] done.
[INFO] started tweaking git repo https://github.com/Doorman2002/Echo_back
[INFO] finished tweaking git repo https://github.com/Doorman2002/Echo_back
[INFO] tweaked toml for git repo https://github.com/Doorman2002/Echo_back written to /workspace/builds/worker-4-tc2/source/Cargo.toml
[INFO] validating manifest of git repo https://github.com/Doorman2002/Echo_back on toolchain 3154cc1a3e6424e44f438a95007d043ed5ceaaf6
[INFO] running `Command { std: CARGO_HOME="/workspace/cargo-home" RUSTUP_HOME="/workspace/rustup-home" "/workspace/cargo-home/bin/cargo" "+3154cc1a3e6424e44f438a95007d043ed5ceaaf6" "metadata" "--manifest-path" "Cargo.toml" "--no-deps", kill_on_drop: false }`
[INFO] crate git repo https://github.com/Doorman2002/Echo_back already has a lockfile, it will not be regenerated
[INFO] running `Command { std: CARGO_HOME="/workspace/cargo-home" RUSTUP_HOME="/workspace/rustup-home" "/workspace/cargo-home/bin/cargo" "+3154cc1a3e6424e44f438a95007d043ed5ceaaf6" "fetch" "--manifest-path" "Cargo.toml", kill_on_drop: false }`
[INFO] running `Command { std: "docker" "create" "-v" "/var/lib/crater-agent-workspace/builds/worker-4-tc2/source:/opt/rustwide/workdir:ro,Z" "-v" "/var/lib/crater-agent-workspace/builds/worker-4-tc2/target:/opt/rustwide/target:rw,Z" "-v" "/var/lib/crater-agent-workspace/cargo-home:/opt/rustwide/cargo-home:ro,Z" "-v" "/var/lib/crater-agent-workspace/rustup-home:/opt/rustwide/rustup-home:ro,Z" "-m" "1610612736" "--network" "none" "ghcr.io/rust-lang/crates-build-env/linux@sha256:77db811e55d90add9212f6832c23229e3de5f1c1f9905e8cb07319ea15df73ac" "sleep" "infinity", kill_on_drop: false }`
[INFO] [stdout] 91de68a5ce32c2dc699d114d1224ea2a9dd7b3d90131fda57b7ac8369942753f
[INFO] running `Command { std: "docker" "start" "91de68a5ce32c2dc699d114d1224ea2a9dd7b3d90131fda57b7ac8369942753f", kill_on_drop: false }`
[INFO] running `Command { std: "docker" "inspect" "91de68a5ce32c2dc699d114d1224ea2a9dd7b3d90131fda57b7ac8369942753f", kill_on_drop: false }`
[INFO] running `Command { std: "docker" "exec" "-e" "SOURCE_DIR=/opt/rustwide/workdir" "-e" "CARGO_HOME=/opt/rustwide/cargo-home" "-e" "RUSTUP_HOME=/opt/rustwide/rustup-home" "-e" "CARGO_TARGET_DIR=/opt/rustwide/target" "-w" "/opt/rustwide/workdir" "--user" "0:0" "91de68a5ce32c2dc699d114d1224ea2a9dd7b3d90131fda57b7ac8369942753f" "/opt/rustwide/cargo-home/bin/cargo" "+3154cc1a3e6424e44f438a95007d043ed5ceaaf6" "metadata" "--no-deps" "--format-version=1", kill_on_drop: false }`
[INFO] running `Command { std: "docker" "inspect" "91de68a5ce32c2dc699d114d1224ea2a9dd7b3d90131fda57b7ac8369942753f", kill_on_drop: false }`
[INFO] running `Command { std: "docker" "exec" "-e" "SOURCE_DIR=/opt/rustwide/workdir" "-e" "CARGO_HOME=/opt/rustwide/cargo-home" "-e" "RUSTUP_HOME=/opt/rustwide/rustup-home" "-e" "CARGO_TARGET_DIR=/opt/rustwide/target" "-e" "CARGO_INCREMENTAL=0" "-e" "RUST_BACKTRACE=full" "-e" "RUSTFLAGS=--cap-lints=forbid" "-e" "RUSTDOCFLAGS=--cap-lints=forbid" "-w" "/opt/rustwide/workdir" "--user" "0:0" "91de68a5ce32c2dc699d114d1224ea2a9dd7b3d90131fda57b7ac8369942753f" "/opt/rustwide/cargo-home/bin/cargo" "+3154cc1a3e6424e44f438a95007d043ed5ceaaf6" "check" "--frozen" "--all" "--all-targets" "--message-format=json", kill_on_drop: false }`
[INFO] [stderr]    Compiling find-msvc-tools v0.1.10
[INFO] [stderr]    Compiling syn v3.0.3
[INFO] [stderr]    Compiling serde_core v1.0.229
[INFO] [stderr]    Compiling typenum v1.20.1
[INFO] [stderr]    Compiling zerovec-derive v0.11.3
[INFO] [stderr]    Compiling generic-array v0.14.9
[INFO] [stderr]    Compiling getrandom v0.4.3
[INFO] [stderr]    Compiling jobserver v0.1.35
[INFO] [stderr]     Checking mio v1.2.2
[INFO] [stderr]    Compiling zerofrom v0.1.8
[INFO] [stderr]    Compiling futures-macro v0.3.33
[INFO] [stderr]     Checking cmov v0.5.4
[INFO] [stderr]     Checking tracing v0.1.44
[INFO] [stderr]    Compiling num-traits v0.2.19
[INFO] [stderr]    Compiling yoke v0.8.3
[INFO] [stderr]    Compiling thiserror v2.0.20
[INFO] [stderr]     Checking cpufeatures v0.3.0
[INFO] [stderr]     Checking foldhash v0.2.0
[INFO] [stderr]     Checking chacha20 v0.10.1
[INFO] [stderr]     Checking ctutils v0.4.2
[INFO] [stderr]    Compiling unicode-segmentation v1.13.3
[INFO] [stderr]    Compiling rand_core v0.10.1
[INFO] [stderr]    Compiling cc v1.4.2
[INFO] [stderr]    Compiling zstd-safe v7.2.4
[INFO] [stderr]     Checking http v0.2.12
[INFO] [stderr]    Compiling hashbrown v0.16.1
[INFO] [stderr]     Checking digest v0.11.3
[INFO] [stderr]     Checking simd-adler32 v0.3.10
[INFO] [stderr]     Checking rand v0.10.2
[INFO] [stderr]     Checking regex-automata v0.4.18
[INFO] [stderr]    Compiling tokio-stream v0.1.19
[INFO] [stderr]     Checking brotli-decompressor v5.0.3
[INFO] [stderr]     Checking futures-util v0.3.33
[INFO] [stderr]     Checking miniz_oxide v0.8.9
[INFO] [stderr]    Compiling convert_case v0.10.0
[INFO] [stderr]     Checking crypto-common v0.1.6
[INFO] [stderr]     Checking zerovec v0.11.6
[INFO] [stderr]     Checking block-buffer v0.10.4
[INFO] [stderr]     Checking actix-utils v3.0.1
[INFO] [stderr]    Compiling derive_more-impl v2.1.1
[INFO] [stderr]    Compiling bytestring v1.5.1
[INFO] [stderr]     Checking actix-service v2.0.3
[INFO] [stderr]    Compiling hashlink v0.11.1
[INFO] [stderr]    Compiling cookie v0.16.2
[INFO] [stderr]    Compiling regex-lite v0.1.9
[INFO] [stderr]    Compiling potential_utf v0.1.5
[INFO] [stderr]    Compiling base64 v0.22.1
[INFO] [stderr]     Checking brotli v8.0.4
[INFO] [stderr]     Checking digest v0.10.7
[INFO] [stderr]     Checking flate2 v1.1.9
[INFO] [stderr]     Checking sha1 v0.11.0
[INFO] [stderr]    Compiling hybrid-array v0.4.14
[INFO] [stderr]    Compiling atoi v2.0.0
[INFO] [stderr]     Checking local-channel v0.1.5
[INFO] [stderr]    Compiling whoami v2.1.2
[INFO] [stderr]     Checking byteorder v1.5.0
[INFO] [stderr]     Checking sha2 v0.10.9
[INFO] [stderr]     Checking hmac v0.13.0
[INFO] [stderr]     Checking inout v0.2.2
[INFO] [stderr]    Compiling actix-macros v0.2.4
[INFO] [stderr]    Compiling zstd-sys v2.0.16+zstd.1.5.7
[INFO] [stderr]    Compiling openssl-sys v0.9.117
[INFO] [stderr]    Compiling openssl-macros v0.1.1
[INFO] [stderr]     Checking unicode-properties v0.1.4
[INFO] [stderr]     Checking impl-more v0.3.5
[INFO] [stderr]     Checking unicode-bidi v0.3.18
[INFO] [stderr]    Compiling block-buffer v0.12.1
[INFO] [stderr]    Compiling crypto-common v0.2.2
[INFO] [stderr]     Checking serde_json v1.0.151
[INFO] [stderr]     Checking cipher v0.5.2
[INFO] [stderr]     Checking hkdf v0.13.0
[INFO] [stderr]     Checking sha2 v0.11.0
[INFO] [stderr]     Checking md-5 v0.11.0
[INFO] [stderr]     Checking stringprep v0.1.5
[INFO] [stderr]    Compiling openssl v0.10.81
[INFO] [stderr]    Compiling native-tls v0.2.18
[INFO] [stderr]     Checking regex v1.13.1
[INFO] [stderr]     Checking futures-channel v0.3.33
[INFO] [stderr]     Checking dotenvy v0.15.7
[INFO] [stderr]     Checking blowfish v0.10.0
[INFO] [stderr]     Checking email-encoding v0.4.2
[INFO] [stderr]     Checking hostname v0.4.2
[INFO] [stderr]     Checking nom v8.0.0
[INFO] [stderr]     Checking email_address v0.2.9
[INFO] [stderr]     Checking quoted_printable v0.5.2
[INFO] [stderr]     Checking bcrypt v0.19.3
[INFO] [stderr]    Compiling serde_derive v1.0.229
[INFO] [stderr]    Compiling displaydoc v0.2.7
[INFO] [stderr]    Compiling tokio-macros v2.7.2
[INFO] [stderr]    Compiling thiserror-impl v2.0.20
[INFO] [stderr]     Checking derive_more v2.1.1
[INFO] [stderr]     Checking tinystr v0.8.3
[INFO] [stderr]     Checking zerotrie v0.2.4
[INFO] [stderr]     Checking icu_collections v2.2.0
[INFO] [stderr]    Compiling icu_locale_core v2.2.0
[INFO] [stderr]     Checking icu_provider v2.2.0
[INFO] [stderr]     Checking icu_properties v2.2.0
[INFO] [stderr]     Checking zstd v0.13.3
[INFO] [stderr]     Checking serde v1.0.229
[INFO] [stderr]     Checking smallvec v1.15.2
[INFO] [stderr]     Checking either v1.17.0
[INFO] [stderr]     Checking actix-router v0.5.4
[INFO] [stderr]     Checking serde_urlencoded v0.7.1
[INFO] [stderr]     Checking parking_lot_core v0.9.12
[INFO] [stderr]     Checking icu_normalizer v2.2.0
[INFO] [stderr]     Checking parking_lot v0.12.5
[INFO] [stderr]     Checking idna_adapter v1.2.2
[INFO] [stderr]     Checking tokio v1.53.1
[INFO] [stderr]     Checking futures-intrusive v0.5.0
[INFO] [stderr]     Checking idna v1.1.0
[INFO] [stderr]     Checking url v2.5.8
[INFO] [stderr]    Compiling actix-web-codegen v4.3.0
[INFO] [stderr]     Checking lettre v0.11.23
[INFO] [stderr]    Compiling sqlx-core v0.9.0
[INFO] [stderr]    Compiling sqlx-postgres v0.9.0
[INFO] [stderr]     Checking tokio-util v0.7.19
[INFO] [stderr]     Checking actix-rt v2.11.0
[INFO] [stderr]     Checking actix-server v2.7.0
[INFO] [stderr]     Checking actix-codec v0.5.2
[INFO] [stderr]     Checking h2 v0.3.27
[INFO] [stderr]    Compiling sqlx-macros-core v0.9.0
[INFO] [stderr]     Checking actix-http v3.13.2
[INFO] [stderr]    Compiling sqlx-macros v0.9.0
[INFO] [stderr]     Checking sqlx v0.9.0
[INFO] [stderr]     Checking actix-web v4.14.0
[INFO] [stderr]     Checking actix-ws v0.4.0
[INFO] [stderr]     Checking actix-cors v0.7.1
[INFO] [stderr]     Checking echo_back v0.1.0 (/opt/rustwide/workdir)
[INFO] [stdout] error: error communicating with database: Connection refused (os error 111)
[INFO] [stdout]   --> src/pages/login.rs:27:21
[INFO] [stdout]    |
[INFO] [stdout] 27 |       let check_email=sqlx::query!(
[INFO] [stdout]    |  _____________________^
[INFO] [stdout] 28 | |         "SELECT email FROM Profile WHERE email=$1",
[INFO] [stdout] 29 | |         email
[INFO] [stdout] 30 | |     )
[INFO] [stdout]    | |_____^
[INFO] [stdout]    |
[INFO] [stdout]    = note: this error originates in the macro `$crate::sqlx_macros::expand_query` which comes from the expansion of the macro `sqlx::query` (in Nightly builds, run with -Z macro-backtrace for more info)
[INFO] [stdout] 
[INFO] [stdout] 
[INFO] [stdout] error: error communicating with database: Connection refused (os error 111)
[INFO] [stdout]   --> src/pages/login.rs:27:21
[INFO] [stdout]    |
[INFO] [stdout] 27 |       let check_email=sqlx::query!(
[INFO] [stdout]    |  _____________________^
[INFO] [stdout] 28 | |         "SELECT email FROM Profile WHERE email=$1",
[INFO] [stdout] 29 | |         email
[INFO] [stdout] 30 | |     )
[INFO] [stdout]    | |_____^
[INFO] [stdout]    |
[INFO] [stdout]    = note: this error originates in the macro `$crate::sqlx_macros::expand_query` which comes from the expansion of the macro `sqlx::query` (in Nightly builds, run with -Z macro-backtrace for more info)
[INFO] [stdout] 
[INFO] [stdout] 
[INFO] [stdout] error: error communicating with database: Connection refused (os error 111)
[INFO] [stdout]   --> src/pages/login.rs:38:32
[INFO] [stdout]    |
[INFO] [stdout] 38 |               let verified_email=sqlx::query!(
[INFO] [stdout]    |  ________________________________^
[INFO] [stdout] 39 | |                 "SELECT verified FROM Profile WHERE email=$1",
[INFO] [stdout] 40 | |                 &email
[INFO] [stdout] 41 | |
[INFO] [stdout] 42 | |             )
[INFO] [stdout]    | |_____________^
[INFO] [stdout]    |
[INFO] [stdout]    = note: this error originates in the macro `$crate::sqlx_macros::expand_query` which comes from the expansion of the macro `sqlx::query` (in Nightly builds, run with -Z macro-backtrace for more info)
[INFO] [stdout] 
[INFO] [stdout] 
[INFO] [stdout] error: error communicating with database: Connection refused (os error 111)
[INFO] [stdout]   --> src/pages/login.rs:38:32
[INFO] [stdout]    |
[INFO] [stdout] 38 |               let verified_email=sqlx::query!(
[INFO] [stdout]    |  ________________________________^
[INFO] [stdout] 39 | |                 "SELECT verified FROM Profile WHERE email=$1",
[INFO] [stdout] 40 | |                 &email
[INFO] [stdout] 41 | |
[INFO] [stdout] 42 | |             )
[INFO] [stdout]    | |_____________^
[INFO] [stdout]    |
[INFO] [stdout]    = note: this error originates in the macro `$crate::sqlx_macros::expand_query` which comes from the expansion of the macro `sqlx::query` (in Nightly builds, run with -Z macro-backtrace for more info)
[INFO] [stdout] 
[INFO] [stdout] 
[INFO] [stdout] error: error communicating with database: Connection refused (os error 111)
[INFO] [stdout]   --> src/pages/login.rs:49:40
[INFO] [stdout]    |
[INFO] [stdout] 49 |                       let check_password=sqlx::query!(
[INFO] [stdout]    |  ________________________________________^
[INFO] [stdout] 50 | |                         "SELECT password FROM Profile WHERE email =$1",
[INFO] [stdout] 51 | |                         &email
[INFO] [stdout] 52 | |                     )
[INFO] [stdout]    | |_____________________^
[INFO] [stdout]    |
[INFO] [stdout]    = note: this error originates in the macro `$crate::sqlx_macros::expand_query` which comes from the expansion of the macro `sqlx::query` (in Nightly builds, run with -Z macro-backtrace for more info)
[INFO] [stdout] 
[INFO] [stdout] 
[INFO] [stdout] error: error communicating with database: Connection refused (os error 111)
[INFO] [stdout]   --> src/pages/login.rs:49:40
[INFO] [stdout]    |
[INFO] [stdout] 49 |                       let check_password=sqlx::query!(
[INFO] [stdout]    |  ________________________________________^
[INFO] [stdout] 50 | |                         "SELECT password FROM Profile WHERE email =$1",
[INFO] [stdout] 51 | |                         &email
[INFO] [stdout] 52 | |                     )
[INFO] [stdout]    | |_____________________^
[INFO] [stdout]    |
[INFO] [stdout]    = note: this error originates in the macro `$crate::sqlx_macros::expand_query` which comes from the expansion of the macro `sqlx::query` (in Nightly builds, run with -Z macro-backtrace for more info)
[INFO] [stdout] 
[INFO] [stdout] 
[INFO] [stdout] error: error communicating with database: Connection refused (os error 111)
[INFO] [stdout]   --> src/pages/signup.rs:41:21
[INFO] [stdout]    |
[INFO] [stdout] 41 |       let check_email=sqlx::query!(
[INFO] [stdout]    |  _____________________^
[INFO] [stdout] 42 | |         r#"SELECT email,phone_number 
[INFO] [stdout] 43 | |         FROM Profile 
[INFO] [stdout] 44 | |         WHERE 
[INFO] [stdout] ...  |
[INFO] [stdout] 48 | |     )
[INFO] [stdout]    | |_____^
[INFO] [stdout]    |
[INFO] [stdout]    = note: this error originates in the macro `$crate::sqlx_macros::expand_query` which comes from the expansion of the macro `sqlx::query` (in Nightly builds, run with -Z macro-backtrace for more info)
[INFO] [stdout] 
[INFO] [stdout] 
[INFO] [stdout] error: error communicating with database: Connection refused (os error 111)
[INFO] [stdout]   --> src/pages/signup.rs:63:23
[INFO] [stdout]    |
[INFO] [stdout] 63 |               let value=sqlx::query!(
[INFO] [stdout]    |  _______________________^
[INFO] [stdout] 64 | |                 "INSERT INTO Profile(name,email,password,phone_number) VALUES($1,$2,$3,$4)",    
[INFO] [stdout] 65 | |                 &name,&email,&hash_password.unwrap(),&phone_number
[INFO] [stdout] 66 | |             )
[INFO] [stdout]    | |_____________^
[INFO] [stdout]    |
[INFO] [stdout]    = note: this error originates in the macro `$crate::sqlx_macros::expand_query` which comes from the expansion of the macro `sqlx::query` (in Nightly builds, run with -Z macro-backtrace for more info)
[INFO] [stdout] 
[INFO] [stdout] 
[INFO] [stdout] error: error communicating with database: Connection refused (os error 111)
[INFO] [stdout]   --> src/pages/signup.rs:41:21
[INFO] [stdout]    |
[INFO] [stdout] 41 |       let check_email=sqlx::query!(
[INFO] [stdout]    |  _____________________^
[INFO] [stdout] 42 | |         r#"SELECT email,phone_number 
[INFO] [stdout] 43 | |         FROM Profile 
[INFO] [stdout] 44 | |         WHERE 
[INFO] [stdout] ...  |
[INFO] [stdout] 48 | |     )
[INFO] [stdout]    | |_____^
[INFO] [stdout]    |
[INFO] [stdout]    = note: this error originates in the macro `$crate::sqlx_macros::expand_query` which comes from the expansion of the macro `sqlx::query` (in Nightly builds, run with -Z macro-backtrace for more info)
[INFO] [stdout] 
[INFO] [stdout] 
[INFO] [stdout] error: error communicating with database: Connection refused (os error 111)
[INFO] [stdout]   --> src/pages/signup.rs:76:29
[INFO] [stdout]    |
[INFO] [stdout] 76 |                       let otp=sqlx::query!(
[INFO] [stdout]    |  _____________________________^
[INFO] [stdout] 77 | |                         "UPDATE Profile SET  verification_otp =$1 WHERE email =$2 ",
[INFO] [stdout] 78 | |                         otp_value,email.clone()
[INFO] [stdout] 79 | |                     )
[INFO] [stdout]    | |_____________________^
[INFO] [stdout]    |
[INFO] [stdout]    = note: this error originates in the macro `$crate::sqlx_macros::expand_query` which comes from the expansion of the macro `sqlx::query` (in Nightly builds, run with -Z macro-backtrace for more info)
[INFO] [stdout] 
[INFO] [stdout] 
[INFO] [stdout] error: error communicating with database: Connection refused (os error 111)
[INFO] [stdout]   --> src/pages/signup.rs:63:23
[INFO] [stdout]    |
[INFO] [stdout] 63 |               let value=sqlx::query!(
[INFO] [stdout]    |  _______________________^
[INFO] [stdout] 64 | |                 "INSERT INTO Profile(name,email,password,phone_number) VALUES($1,$2,$3,$4)",    
[INFO] [stdout] 65 | |                 &name,&email,&hash_password.unwrap(),&phone_number
[INFO] [stdout] 66 | |             )
[INFO] [stdout]    | |_____________^
[INFO] [stdout]    |
[INFO] [stdout]    = note: this error originates in the macro `$crate::sqlx_macros::expand_query` which comes from the expansion of the macro `sqlx::query` (in Nightly builds, run with -Z macro-backtrace for more info)
[INFO] [stdout] 
[INFO] [stdout] 
[INFO] [stdout] error: error communicating with database: Connection refused (os error 111)
[INFO] [stdout]   --> src/pages/signup.rs:76:29
[INFO] [stdout]    |
[INFO] [stdout] 76 |                       let otp=sqlx::query!(
[INFO] [stdout]    |  _____________________________^
[INFO] [stdout] 77 | |                         "UPDATE Profile SET  verification_otp =$1 WHERE email =$2 ",
[INFO] [stdout] 78 | |                         otp_value,email.clone()
[INFO] [stdout] 79 | |                     )
[INFO] [stdout]    | |_____________________^
[INFO] [stdout]    |
[INFO] [stdout]    = note: this error originates in the macro `$crate::sqlx_macros::expand_query` which comes from the expansion of the macro `sqlx::query` (in Nightly builds, run with -Z macro-backtrace for more info)
[INFO] [stdout] 
[INFO] [stdout] 
[INFO] [stdout] error: error communicating with database: Connection refused (os error 111)
[INFO] [stdout]   --> src/pages/verify.rs:26:21
[INFO] [stdout]    |
[INFO] [stdout] 26 |       let check_email=sqlx::query!(
[INFO] [stdout]    |  _____________________^
[INFO] [stdout] 27 | |         "SELECT email FROM Profile WHERE email=$1",
[INFO] [stdout] 28 | |         &email
[INFO] [stdout] 29 | |
[INFO] [stdout] 30 | |     )
[INFO] [stdout]    | |_____^
[INFO] [stdout]    |
[INFO] [stdout]    = note: this error originates in the macro `$crate::sqlx_macros::expand_query` which comes from the expansion of the macro `sqlx::query` (in Nightly builds, run with -Z macro-backtrace for more info)
[INFO] [stdout] 
[INFO] [stdout] 
[INFO] [stdout] error: error communicating with database: Connection refused (os error 111)
[INFO] [stdout]   --> src/pages/verify.rs:43:27
[INFO] [stdout]    |
[INFO] [stdout] 43 |               let check_otp=sqlx::query!(
[INFO] [stdout]    |  ___________________________^
[INFO] [stdout] 44 | |                 "SELECT verification_otp FROM Profile WHERE email=$1",
[INFO] [stdout] 45 | |                 &email
[INFO] [stdout] 46 | |             )
[INFO] [stdout]    | |_____________^
[INFO] [stdout]    |
[INFO] [stdout]    = note: this error originates in the macro `$crate::sqlx_macros::expand_query` which comes from the expansion of the macro `sqlx::query` (in Nightly builds, run with -Z macro-backtrace for more info)
[INFO] [stdout] 
[INFO] [stdout] 
[INFO] [stdout] error: error communicating with database: Connection refused (os error 111)
[INFO] [stdout]   --> src/pages/verify.rs:26:21
[INFO] [stdout]    |
[INFO] [stdout] 26 |       let check_email=sqlx::query!(
[INFO] [stdout]    |  _____________________^
[INFO] [stdout] 27 | |         "SELECT email FROM Profile WHERE email=$1",
[INFO] [stdout] 28 | |         &email
[INFO] [stdout] 29 | |
[INFO] [stdout] 30 | |     )
[INFO] [stdout]    | |_____^
[INFO] [stdout]    |
[INFO] [stdout]    = note: this error originates in the macro `$crate::sqlx_macros::expand_query` which comes from the expansion of the macro `sqlx::query` (in Nightly builds, run with -Z macro-backtrace for more info)
[INFO] [stdout] 
[INFO] [stdout] 
[INFO] [stdout] error: error communicating with database: Connection refused (os error 111)
[INFO] [stdout]   --> src/pages/verify.rs:68:42
[INFO] [stdout]    |
[INFO] [stdout] 68 |                           let set_verified=sqlx::query!(
[INFO] [stdout]    |  __________________________________________^
[INFO] [stdout] 69 | |                             "UPDATE Profile SET verified=$1  WHERE email=$2",
[INFO] [stdout] 70 | |                             true,&email
[INFO] [stdout] 71 | |
[INFO] [stdout] 72 | |                         )
[INFO] [stdout]    | |_________________________^
[INFO] [stdout]    |
[INFO] [stdout]    = note: this error originates in the macro `$crate::sqlx_macros::expand_query` which comes from the expansion of the macro `sqlx::query` (in Nightly builds, run with -Z macro-backtrace for more info)
[INFO] [stdout] 
[INFO] [stdout] 
[INFO] [stdout] error: error communicating with database: Connection refused (os error 111)
[INFO] [stdout]   --> src/pages/verify.rs:43:27
[INFO] [stdout]    |
[INFO] [stdout] 43 |               let check_otp=sqlx::query!(
[INFO] [stdout]    |  ___________________________^
[INFO] [stdout] 44 | |                 "SELECT verification_otp FROM Profile WHERE email=$1",
[INFO] [stdout] 45 | |                 &email
[INFO] [stdout] 46 | |             )
[INFO] [stdout]    | |_____________^
[INFO] [stdout]    |
[INFO] [stdout]    = note: this error originates in the macro `$crate::sqlx_macros::expand_query` which comes from the expansion of the macro `sqlx::query` (in Nightly builds, run with -Z macro-backtrace for more info)
[INFO] [stdout] 
[INFO] [stdout] 
[INFO] [stdout] error: error communicating with database: Connection refused (os error 111)
[INFO] [stdout]   --> src/pages/verify.rs:68:42
[INFO] [stdout]    |
[INFO] [stdout] 68 |                           let set_verified=sqlx::query!(
[INFO] [stdout]    |  __________________________________________^
[INFO] [stdout] 69 | |                             "UPDATE Profile SET verified=$1  WHERE email=$2",
[INFO] [stdout] 70 | |                             true,&email
[INFO] [stdout] 71 | |
[INFO] [stdout] 72 | |                         )
[INFO] [stdout]    | |_________________________^
[INFO] [stdout]    |
[INFO] [stdout]    = note: this error originates in the macro `$crate::sqlx_macros::expand_query` which comes from the expansion of the macro `sqlx::query` (in Nightly builds, run with -Z macro-backtrace for more info)
[INFO] [stdout] 
[INFO] [stdout] 
[INFO] [stderr] error: could not compile `echo_back` (bin "echo_back") due to 9 previous errors
[INFO] [stderr] warning: build failed, waiting for other jobs to finish...
[INFO] [stderr] error: could not compile `echo_back` (bin "echo_back" test) due to 9 previous errors
[INFO] [stderr] warning: unused dependency `actix-cors`
[INFO] [stderr]  --> Cargo.toml:2:1
[INFO] [stderr]   |
[INFO] [stderr] 2 | actix-cors = "0.7.1"
[INFO] [stderr]   | ^^^^^^^^^^^^^^^^^^^^
[INFO] [stderr]   |
[INFO] [stderr]   = note: `cargo::unused_dependencies` is set to `warn` by default
[INFO] [stderr] help: consider removing the dependency on `actix-cors`
[INFO] [stderr] warning: unused dependency `actix-ws`
[INFO] [stderr]  --> Cargo.toml:4:1
[INFO] [stderr]   |
[INFO] [stderr] 4 | actix-ws = "0.4.0"
[INFO] [stderr]   | ^^^^^^^^^^^^^^^^^^
[INFO] [stderr]   |
[INFO] [stderr] help: consider removing the dependency on `actix-ws`
[INFO] [stderr] warning: `echo_back` (manifest) generated 2 warnings
[INFO] running `Command { std: "docker" "inspect" "91de68a5ce32c2dc699d114d1224ea2a9dd7b3d90131fda57b7ac8369942753f", kill_on_drop: false }`
[INFO] running `Command { std: "docker" "rm" "-f" "91de68a5ce32c2dc699d114d1224ea2a9dd7b3d90131fda57b7ac8369942753f", kill_on_drop: false }`
[INFO] [stdout] 91de68a5ce32c2dc699d114d1224ea2a9dd7b3d90131fda57b7ac8369942753f
