[INFO] cloning repository https://github.com/DjonBeyron/Nklick
[INFO] running `Command { std: "git" "-c" "credential.helper=" "-c" "credential.helper=/workspace/cargo-home/bin/git-credential-null" "clone" "--bare" "https://github.com/DjonBeyron/Nklick" "/workspace/cache/git-repos/https%3A%2F%2Fgithub.com%2FDjonBeyron%2FNklick", kill_on_drop: false }`
[INFO] [stderr] Cloning into bare repository '/workspace/cache/git-repos/https%3A%2F%2Fgithub.com%2FDjonBeyron%2FNklick'...
[INFO] running `Command { std: "git" "rev-parse" "HEAD", kill_on_drop: false }`
[INFO] [stdout] d9b91d81b3f733837c575a6711ff5be308983a37
[INFO] checking DjonBeyron/Nklick against 3154cc1a3e6424e44f438a95007d043ed5ceaaf6+rustflags=-Znext-solver=coherence for pr-133502-30
[INFO] running `Command { std: "git" "clone" "/workspace/cache/git-repos/https%3A%2F%2Fgithub.com%2FDjonBeyron%2FNklick" "/workspace/builds/worker-2-tc1/source", kill_on_drop: false }`
[INFO] [stderr] Cloning into '/workspace/builds/worker-2-tc1/source'...
[INFO] [stderr] done.
[INFO] removed /workspace/builds/worker-2-tc1/source/rust-toolchain.toml
[INFO] started tweaking git repo https://github.com/DjonBeyron/Nklick
[INFO] finished tweaking git repo https://github.com/DjonBeyron/Nklick
[INFO] tweaked toml for git repo https://github.com/DjonBeyron/Nklick written to /workspace/builds/worker-2-tc1/source/Cargo.toml
[INFO] validating manifest of git repo https://github.com/DjonBeyron/Nklick on toolchain 3154cc1a3e6424e44f438a95007d043ed5ceaaf6
[INFO] running `Command { std: CARGO_HOME="/workspace/cargo-home" RUSTUP_HOME="/workspace/rustup-home" "/workspace/cargo-home/bin/cargo" "+3154cc1a3e6424e44f438a95007d043ed5ceaaf6" "metadata" "--manifest-path" "Cargo.toml" "--no-deps", kill_on_drop: false }`
[INFO] crate git repo https://github.com/DjonBeyron/Nklick already has a lockfile, it will not be regenerated
[INFO] running `Command { std: CARGO_HOME="/workspace/cargo-home" RUSTUP_HOME="/workspace/rustup-home" "/workspace/cargo-home/bin/cargo" "+3154cc1a3e6424e44f438a95007d043ed5ceaaf6" "fetch" "--manifest-path" "Cargo.toml", kill_on_drop: false }`
[INFO] [stderr]     Blocking waiting for file lock on package cache
[INFO] [stderr]     Blocking waiting for file lock on package cache
[INFO] [stderr]  Downloading crates ...
[INFO] [stderr]   Downloaded eframe v0.35.0
[INFO] [stderr]   Downloaded egui_glow v0.35.0
[INFO] [stderr]   Downloaded vello_common v0.0.9
[INFO] [stderr]   Downloaded vello_cpu v0.0.9
[INFO] [stderr]   Downloaded egui-winit v0.35.0
[INFO] [stderr]   Downloaded ecolor v0.35.0
[INFO] [stderr]   Downloaded epaint v0.35.0
[INFO] [stderr]   Downloaded glifo v0.1.1
[INFO] [stderr]   Downloaded emath v0.35.0
[INFO] [stderr]   Downloaded webbrowser v1.2.2
[INFO] [stderr]   Downloaded egui v0.35.0
[INFO] [stderr]   Downloaded harfrust v0.7.0
[INFO] [stderr]   Downloaded epaint_default_fonts v0.35.0
[INFO] running `Command { std: "docker" "create" "-v" "/var/lib/crater-agent-workspace/builds/worker-2-tc1/source:/opt/rustwide/workdir:ro,Z" "-v" "/var/lib/crater-agent-workspace/builds/worker-2-tc1/target:/opt/rustwide/target:rw,Z" "-v" "/var/lib/crater-agent-workspace/cargo-home:/opt/rustwide/cargo-home:ro,Z" "-v" "/var/lib/crater-agent-workspace/rustup-home:/opt/rustwide/rustup-home:ro,Z" "-m" "1610612736" "--network" "none" "ghcr.io/rust-lang/crates-build-env/linux@sha256:77db811e55d90add9212f6832c23229e3de5f1c1f9905e8cb07319ea15df73ac" "sleep" "infinity", kill_on_drop: false }`
[INFO] [stdout] 2bf443c5bc176dbe329bfee6245a9639c7e0eb0812eb158df4f18d7643bbd022
[INFO] running `Command { std: "docker" "start" "2bf443c5bc176dbe329bfee6245a9639c7e0eb0812eb158df4f18d7643bbd022", kill_on_drop: false }`
[INFO] running `Command { std: "docker" "inspect" "2bf443c5bc176dbe329bfee6245a9639c7e0eb0812eb158df4f18d7643bbd022", kill_on_drop: false }`
[INFO] running `Command { std: "docker" "exec" "-e" "SOURCE_DIR=/opt/rustwide/workdir" "-e" "CARGO_HOME=/opt/rustwide/cargo-home" "-e" "RUSTUP_HOME=/opt/rustwide/rustup-home" "-e" "CARGO_TARGET_DIR=/opt/rustwide/target" "-w" "/opt/rustwide/workdir" "--user" "0:0" "2bf443c5bc176dbe329bfee6245a9639c7e0eb0812eb158df4f18d7643bbd022" "/opt/rustwide/cargo-home/bin/cargo" "+3154cc1a3e6424e44f438a95007d043ed5ceaaf6" "metadata" "--no-deps" "--format-version=1", kill_on_drop: false }`
[INFO] running `Command { std: "docker" "inspect" "2bf443c5bc176dbe329bfee6245a9639c7e0eb0812eb158df4f18d7643bbd022", kill_on_drop: false }`
[INFO] running `Command { std: "docker" "exec" "-e" "SOURCE_DIR=/opt/rustwide/workdir" "-e" "CARGO_HOME=/opt/rustwide/cargo-home" "-e" "RUSTUP_HOME=/opt/rustwide/rustup-home" "-e" "CARGO_TARGET_DIR=/opt/rustwide/target" "-e" "CARGO_INCREMENTAL=0" "-e" "RUST_BACKTRACE=full" "-e" "RUSTFLAGS=--cap-lints=forbid -Znext-solver=coherence" "-e" "RUSTDOCFLAGS=--cap-lints=forbid" "-w" "/opt/rustwide/workdir" "--user" "0:0" "2bf443c5bc176dbe329bfee6245a9639c7e0eb0812eb158df4f18d7643bbd022" "/opt/rustwide/cargo-home/bin/cargo" "+3154cc1a3e6424e44f438a95007d043ed5ceaaf6" "check" "--frozen" "--all" "--all-targets" "--message-format=json", kill_on_drop: false }`
[INFO] [stderr]    Compiling syn v2.0.119
[INFO] [stderr]     Checking smallvec v1.15.2
[INFO] [stderr]    Compiling syn v3.0.3
[INFO] [stderr]    Compiling rustix v1.1.4
[INFO] [stderr]     Checking libloading v0.8.9
[INFO] [stderr]    Compiling wayland-sys v0.31.11
[INFO] [stderr]    Compiling cc v1.4.0
[INFO] [stderr]    Compiling wayland-client v0.31.15
[INFO] [stderr]    Compiling cfg_aliases v0.2.2
[INFO] [stderr]    Compiling quick-xml v0.41.0
[INFO] [stderr]     Checking arrayvec v0.7.8
[INFO] [stderr]     Checking tracing-core v0.1.36
[INFO] [stderr]     Checking euclid v0.22.14
[INFO] [stderr]     Checking simd-adler32 v0.3.10
[INFO] [stderr]     Checking linebender_resource_handle v0.1.1
[INFO] [stderr]    Compiling zerocopy v0.8.55
[INFO] [stderr]    Compiling ahash v0.8.12
[INFO] [stderr]     Checking hashbrown v0.17.1
[INFO] [stderr]     Checking fearless_simd v0.4.1
[INFO] [stderr]    Compiling xml-rs v0.8.28
[INFO] [stderr]     Checking dlib v0.5.3
[INFO] [stderr]     Checking polycool v0.4.0
[INFO] [stderr]     Checking cursor-icon v1.2.0
[INFO] [stderr]    Compiling rustix v0.38.44
[INFO] [stderr]     Checking miniz_oxide v0.8.9
[INFO] [stderr]     Checking parking_lot_core v0.9.12
[INFO] [stderr]     Checking kurbo v0.13.1
[INFO] [stderr]     Checking linux-raw-sys v0.4.15
[INFO] [stderr]     Checking tracing v0.1.44
[INFO] [stderr]     Checking fdeflate v0.3.7
[INFO] [stderr]     Checking parking_lot v0.12.5
[INFO] [stderr]    Compiling winit v0.30.13
[INFO] [stderr]    Compiling smithay-client-toolkit v0.20.0
[INFO] [stderr]     Checking profiling v1.0.18
[INFO] [stderr]     Checking xcursor v0.3.11
[INFO] [stderr]     Checking flate2 v1.1.9
[INFO] [stderr]     Checking self_cell v1.3.0
[INFO] [stderr]     Checking uuid v1.24.0
[INFO] [stderr]     Checking guillotiere v0.7.0
[INFO] [stderr]     Checking pxfm v0.1.30
[INFO] [stderr]     Checking epaint_default_fonts v0.35.0
[INFO] [stderr]     Checking itertools v0.14.0
[INFO] [stderr]     Checking xkbcommon-dl v0.4.2
[INFO] [stderr]    Compiling glutin v0.32.3
[INFO] [stderr]     Checking accesskit v0.24.1
[INFO] [stderr]    Compiling memoffset v0.9.1
[INFO] [stderr]     Checking png v0.18.1
[INFO] [stderr]     Checking x11rb-protocol v0.13.2
[INFO] [stderr]     Checking dpi v0.1.2
[INFO] [stderr]    Compiling gl_generator v0.14.0
[INFO] [stderr]    Compiling wayland-scanner v0.31.11
[INFO] [stderr]    Compiling glutin-winit v0.5.0
[INFO] [stderr]    Compiling litrs v1.0.0
[INFO] [stderr]     Checking glow v0.17.0
[INFO] [stderr]     Checking toml_datetime v1.1.1+spec-1.1.0
[INFO] [stderr]     Checking serde_spanned v1.1.1
[INFO] [stderr]    Compiling nclick v0.1.0 (/opt/rustwide/workdir)
[INFO] [stderr]    Compiling glutin_egl_sys v0.7.1
[INFO] [stderr]    Compiling document-features v0.2.12
[INFO] [stderr]     Checking toml v1.1.4+spec-1.1.0
[INFO] [stderr]    Compiling wayland-backend v0.3.16
[INFO] [stderr] warning: nclick@0.1.0: windres не найден (No such file or directory (os error 2)), exe останется без значка
[INFO] [stderr]    Compiling displaydoc v0.2.7
[INFO] [stderr]    Compiling thiserror-impl v2.0.19
[INFO] [stderr]    Compiling serde_derive v1.0.229
[INFO] [stderr]     Checking moxcms v0.8.1
[INFO] [stderr]     Checking thiserror v2.0.19
[INFO] [stderr]     Checking polling v3.11.0
[INFO] [stderr]     Checking gethostname v1.1.0
[INFO] [stderr]     Checking calloop v0.14.4
[INFO] [stderr]    Compiling synstructure v0.13.2
[INFO] [stderr]     Checking x11rb v0.13.2
[INFO] [stderr]    Compiling bytemuck_derive v1.11.0
[INFO] [stderr]    Compiling zerofrom-derive v0.1.7
[INFO] [stderr]    Compiling yoke-derive v0.8.2
[INFO] [stderr]    Compiling zerovec-derive v0.11.3
[INFO] [stderr]    Compiling thiserror-impl v1.0.69
[INFO] [stderr]    Compiling windows-interface v0.59.3
[INFO] [stderr]    Compiling windows-implement v0.60.2
[INFO] [stderr]     Checking wayland-csd-frame v0.3.0
[INFO] [stderr]     Checking serde v1.0.229
[INFO] [stderr]     Checking windows-core v0.62.2
[INFO] [stderr]     Checking windows-collections v0.3.2
[INFO] [stderr]     Checking windows-numerics v0.3.1
[INFO] [stderr]     Checking windows-future v0.3.2
[INFO] [stderr]     Checking bytemuck v1.25.2
[INFO] [stderr]     Checking zerofrom v0.1.8
[INFO] [stdout] error[E0425]: cannot find type `IMarshal` in module `windows_core::imp`
[INFO] [stdout]   --> /opt/rustwide/cargo-home/registry/src/index.crates.io-1949cf8c6b5b557f/windows-future-0.3.2/src/bindings.rs:87:51
[INFO] [stdout]    |
[INFO] [stdout] 87 |             } else if *iid == <windows_core::imp::IMarshal as windows_core::Interface>::IID {
[INFO] [stdout]    |                                                   ^^^^^^^^ not found in `windows_core::imp`
[INFO] [stdout] 
[INFO] [stdout] 
[INFO] [stdout] error[E0425]: cannot find function `marshaler` in module `windows_core::imp`
[INFO] [stdout]   --> /opt/rustwide/cargo-home/registry/src/index.crates.io-1949cf8c6b5b557f/windows-future-0.3.2/src/bindings.rs:89:43
[INFO] [stdout]    |
[INFO] [stdout] 89 |                 return windows_core::imp::marshaler(
[INFO] [stdout]    |                                           ^^^^^^^^^ not found in `windows_core::imp`
[INFO] [stdout] 
[INFO] [stdout] 
[INFO] [stdout] error[E0425]: cannot find type `IMarshal` in module `windows_core::imp`
[INFO] [stdout]    --> /opt/rustwide/cargo-home/registry/src/index.crates.io-1949cf8c6b5b557f/windows-future-0.3.2/src/bindings.rs:255:51
[INFO] [stdout]     |
[INFO] [stdout] 255 |             } else if *iid == <windows_core::imp::IMarshal as windows_core::Interface>::IID {
[INFO] [stdout]     |                                                   ^^^^^^^^ not found in `windows_core::imp`
[INFO] [stdout] 
[INFO] [stdout] 
[INFO] [stdout] error[E0425]: cannot find function `marshaler` in module `windows_core::imp`
[INFO] [stdout]    --> /opt/rustwide/cargo-home/registry/src/index.crates.io-1949cf8c6b5b557f/windows-future-0.3.2/src/bindings.rs:257:43
[INFO] [stdout]     |
[INFO] [stdout] 257 |                 return windows_core::imp::marshaler(
[INFO] [stdout]     |                                           ^^^^^^^^^ not found in `windows_core::imp`
[INFO] [stdout] 
[INFO] [stdout] 
[INFO] [stdout] error[E0425]: cannot find type `IMarshal` in module `windows_core::imp`
[INFO] [stdout]    --> /opt/rustwide/cargo-home/registry/src/index.crates.io-1949cf8c6b5b557f/windows-future-0.3.2/src/bindings.rs:422:364
[INFO] [stdout]     |
[INFO] [stdout] 422 | ... _ } else if * iid == < windows_core::imp::IMarshal as windows_core::Interface >::IID { ( * this ) . count . add_ref ( ) ; retur...
[INFO] [stdout]     |                                               ^^^^^^^^ not found in `windows_core::imp`
[INFO] [stdout] 
[INFO] [stdout] 
[INFO] [stdout] error[E0425]: cannot find function `marshaler` in module `windows_core::imp`
[INFO] [stdout]    --> /opt/rustwide/cargo-home/registry/src/index.crates.io-1949cf8c6b5b557f/windows-future-0.3.2/src/bindings.rs:422:470
[INFO] [stdout]     |
[INFO] [stdout] 422 | ... . add_ref ( ) ; return windows_core::imp::marshaler ( core::mem::transmute ( & mut ( * this ) . vtable as * mut _ as * mut core...
[INFO] [stdout]     |                                               ^^^^^^^^^ not found in `windows_core::imp`
[INFO] [stdout] 
[INFO] [stdout] 
[INFO] [stdout] error[E0425]: cannot find type `IMarshal` in module `windows_core::imp`
[INFO] [stdout]    --> /opt/rustwide/cargo-home/registry/src/index.crates.io-1949cf8c6b5b557f/windows-future-0.3.2/src/bindings.rs:572:51
[INFO] [stdout]     |
[INFO] [stdout] 572 |             } else if *iid == <windows_core::imp::IMarshal as windows_core::Interface>::IID {
[INFO] [stdout]     |                                                   ^^^^^^^^ not found in `windows_core::imp`
[INFO] [stdout] 
[INFO] [stdout] 
[INFO] [stdout] error[E0425]: cannot find function `marshaler` in module `windows_core::imp`
[INFO] [stdout]    --> /opt/rustwide/cargo-home/registry/src/index.crates.io-1949cf8c6b5b557f/windows-future-0.3.2/src/bindings.rs:574:43
[INFO] [stdout]     |
[INFO] [stdout] 574 |                 return windows_core::imp::marshaler(
[INFO] [stdout]     |                                           ^^^^^^^^^ not found in `windows_core::imp`
[INFO] [stdout] 
[INFO] [stdout] 
[INFO] [stdout] error[E0425]: cannot find type `IMarshal` in module `windows_core::imp`
[INFO] [stdout]    --> /opt/rustwide/cargo-home/registry/src/index.crates.io-1949cf8c6b5b557f/windows-future-0.3.2/src/bindings.rs:752:364
[INFO] [stdout]     |
[INFO] [stdout] 752 | ... _ } else if * iid == < windows_core::imp::IMarshal as windows_core::Interface >::IID { ( * this ) . count . add_ref ( ) ; retur...
[INFO] [stdout]     |                                               ^^^^^^^^ not found in `windows_core::imp`
[INFO] [stdout] 
[INFO] [stdout] 
[INFO] [stdout] error[E0425]: cannot find function `marshaler` in module `windows_core::imp`
[INFO] [stdout]    --> /opt/rustwide/cargo-home/registry/src/index.crates.io-1949cf8c6b5b557f/windows-future-0.3.2/src/bindings.rs:752:470
[INFO] [stdout]     |
[INFO] [stdout] 752 | ... . add_ref ( ) ; return windows_core::imp::marshaler ( core::mem::transmute ( & mut ( * this ) . vtable as * mut _ as * mut core...
[INFO] [stdout]     |                                               ^^^^^^^^^ not found in `windows_core::imp`
[INFO] [stdout] 
[INFO] [stdout] 
[INFO] [stdout] error[E0425]: cannot find type `IMarshal` in module `windows_core::imp`
[INFO] [stdout]    --> /opt/rustwide/cargo-home/registry/src/index.crates.io-1949cf8c6b5b557f/windows-future-0.3.2/src/bindings.rs:927:377
[INFO] [stdout]     |
[INFO] [stdout] 927 | ... _ } else if * iid == < windows_core::imp::IMarshal as windows_core::Interface >::IID { ( * this ) . count . add_ref ( ) ; retur...
[INFO] [stdout]     |                                               ^^^^^^^^ not found in `windows_core::imp`
[INFO] [stdout] 
[INFO] [stdout] 
[INFO] [stdout] error[E0425]: cannot find function `marshaler` in module `windows_core::imp`
[INFO] [stdout]    --> /opt/rustwide/cargo-home/registry/src/index.crates.io-1949cf8c6b5b557f/windows-future-0.3.2/src/bindings.rs:927:483
[INFO] [stdout]     |
[INFO] [stdout] 927 | ... . add_ref ( ) ; return windows_core::imp::marshaler ( core::mem::transmute ( & mut ( * this ) . vtable as * mut _ as * mut core...
[INFO] [stdout]     |                                               ^^^^^^^^^ not found in `windows_core::imp`
[INFO] [stdout] 
[INFO] [stdout] 
[INFO] [stdout] error[E0425]: cannot find function `submit` in crate `windows_threading`
[INFO] [stdout]    --> /opt/rustwide/cargo-home/registry/src/index.crates.io-1949cf8c6b5b557f/windows-future-0.3.2/src/async_spawn.rs:264:28
[INFO] [stdout]     |
[INFO] [stdout] 264 |         windows_threading::submit(move || {
[INFO] [stdout]     |                            ^^^^^^ not found in `windows_threading`
[INFO] [stdout] 
[INFO] [stdout] 
[INFO] [stdout] error[E0425]: cannot find function `submit` in crate `windows_threading`
[INFO] [stdout]    --> /opt/rustwide/cargo-home/registry/src/index.crates.io-1949cf8c6b5b557f/windows-future-0.3.2/src/async_spawn.rs:281:28
[INFO] [stdout]     |
[INFO] [stdout] 281 |         windows_threading::submit(move || {
[INFO] [stdout]     |                            ^^^^^^ not found in `windows_threading`
[INFO] [stdout] 
[INFO] [stdout] 
[INFO] [stdout] error[E0425]: cannot find function `submit` in crate `windows_threading`
[INFO] [stdout]    --> /opt/rustwide/cargo-home/registry/src/index.crates.io-1949cf8c6b5b557f/windows-future-0.3.2/src/async_spawn.rs:298:28
[INFO] [stdout]     |
[INFO] [stdout] 298 |         windows_threading::submit(move || {
[INFO] [stdout]     |                            ^^^^^^ not found in `windows_threading`
[INFO] [stdout] 
[INFO] [stdout] 
[INFO] [stdout] error[E0425]: cannot find function `submit` in crate `windows_threading`
[INFO] [stdout]    --> /opt/rustwide/cargo-home/registry/src/index.crates.io-1949cf8c6b5b557f/windows-future-0.3.2/src/async_spawn.rs:315:28
[INFO] [stdout]     |
[INFO] [stdout] 315 |         windows_threading::submit(move || {
[INFO] [stdout]     |                            ^^^^^^ not found in `windows_threading`
[INFO] [stdout] 
[INFO] [stdout] 
[INFO] [stderr]     Checking yoke v0.8.3
[INFO] [stderr]     Checking thiserror v1.0.69
[INFO] [stderr]     Checking calloop v0.13.0
[INFO] [stderr]     Checking zerovec v0.11.6
[INFO] [stderr]     Checking zerotrie v0.2.4
[INFO] [stderr]     Checking color v0.3.3
[INFO] [stderr]     Checking font-types v0.11.3
[INFO] [stderr]     Checking emath v0.35.0
[INFO] [stdout] For more information about this error, try `rustc --explain E0425`.
[INFO] [stdout] 
[INFO] [stderr] error: could not compile `windows-future` (lib) due to 16 previous errors
[INFO] [stderr] warning: build failed, waiting for other jobs to finish...
[INFO] running `Command { std: "docker" "inspect" "2bf443c5bc176dbe329bfee6245a9639c7e0eb0812eb158df4f18d7643bbd022", kill_on_drop: false }`
[INFO] running `Command { std: "docker" "rm" "-f" "2bf443c5bc176dbe329bfee6245a9639c7e0eb0812eb158df4f18d7643bbd022", kill_on_drop: false }`
[INFO] [stdout] 2bf443c5bc176dbe329bfee6245a9639c7e0eb0812eb158df4f18d7643bbd022
