[INFO] cloning repository https://github.com/Dicklesworthstone/franken_drone_geometry_reconstruction
[INFO] running `Command { std: "git" "-c" "credential.helper=" "-c" "credential.helper=/workspace/cargo-home/bin/git-credential-null" "clone" "--bare" "https://github.com/Dicklesworthstone/franken_drone_geometry_reconstruction" "/workspace/cache/git-repos/https%3A%2F%2Fgithub.com%2FDicklesworthstone%2Ffranken_drone_geometry_reconstruction", kill_on_drop: false }`
[INFO] [stderr] Cloning into bare repository '/workspace/cache/git-repos/https%3A%2F%2Fgithub.com%2FDicklesworthstone%2Ffranken_drone_geometry_reconstruction'...
[INFO] running `Command { std: "git" "rev-parse" "HEAD", kill_on_drop: false }`
[INFO] [stdout] 90892e931cd7c8d0de179ccdc36569790ccc4030
[INFO] checking Dicklesworthstone/franken_drone_geometry_reconstruction against 3154cc1a3e6424e44f438a95007d043ed5ceaaf6 for pr-133502-30
[INFO] running `Command { std: "git" "clone" "/workspace/cache/git-repos/https%3A%2F%2Fgithub.com%2FDicklesworthstone%2Ffranken_drone_geometry_reconstruction" "/workspace/builds/worker-6-tc2/source", kill_on_drop: false }`
[INFO] [stderr] Cloning into '/workspace/builds/worker-6-tc2/source'...
[INFO] [stderr] done.
[INFO] removed /workspace/builds/worker-6-tc2/source/rust-toolchain.toml
[INFO] started tweaking git repo https://github.com/Dicklesworthstone/franken_drone_geometry_reconstruction
[INFO] finished tweaking git repo https://github.com/Dicklesworthstone/franken_drone_geometry_reconstruction
[INFO] tweaked toml for git repo https://github.com/Dicklesworthstone/franken_drone_geometry_reconstruction written to /workspace/builds/worker-6-tc2/source/Cargo.toml
[INFO] validating manifest of git repo https://github.com/Dicklesworthstone/franken_drone_geometry_reconstruction on toolchain 3154cc1a3e6424e44f438a95007d043ed5ceaaf6
[INFO] running `Command { std: CARGO_HOME="/workspace/cargo-home" RUSTUP_HOME="/workspace/rustup-home" "/workspace/cargo-home/bin/cargo" "+3154cc1a3e6424e44f438a95007d043ed5ceaaf6" "metadata" "--manifest-path" "Cargo.toml" "--no-deps", kill_on_drop: false }`
[INFO] crate git repo https://github.com/Dicklesworthstone/franken_drone_geometry_reconstruction already has a lockfile, it will not be regenerated
[INFO] running `Command { std: CARGO_HOME="/workspace/cargo-home" RUSTUP_HOME="/workspace/rustup-home" "/workspace/cargo-home/bin/cargo" "+3154cc1a3e6424e44f438a95007d043ed5ceaaf6" "fetch" "--manifest-path" "Cargo.toml", kill_on_drop: false }`
[INFO] [stderr] warning: unused field `categories` in `workspace.package`
[INFO] [stderr]   --> Cargo.toml:34:1
[INFO] [stderr]    |
[INFO] [stderr] 34 | categories = ["computer-vision", "multimedia", "science", "command-line-utilities"]
[INFO] [stderr]    | ^^^^^^^^^^
[INFO] [stderr]    |
[INFO] [stderr]    = note: `cargo::unused_workspace_package_fields` is set to `warn` by default
[INFO] [stderr] help: consider removing the field `workspace.package.categories`
[INFO] [stderr] warning: unused field `keywords` in `workspace.package`
[INFO] [stderr]   --> Cargo.toml:36:1
[INFO] [stderr]    |
[INFO] [stderr] 36 | keywords = ["drone", "photogrammetry", "digital-twin", "rust", "computer-vision"]
[INFO] [stderr]    | ^^^^^^^^
[INFO] [stderr]    |
[INFO] [stderr] help: consider removing the field `workspace.package.keywords`
[INFO] [stderr] warning: workspace (manifest) generated 2 warnings
[INFO] running `Command { std: "docker" "create" "-v" "/var/lib/crater-agent-workspace/builds/worker-6-tc2/source:/opt/rustwide/workdir:ro,Z" "-v" "/var/lib/crater-agent-workspace/builds/worker-6-tc2/target:/opt/rustwide/target:rw,Z" "-v" "/var/lib/crater-agent-workspace/cargo-home:/opt/rustwide/cargo-home:ro,Z" "-v" "/var/lib/crater-agent-workspace/rustup-home:/opt/rustwide/rustup-home:ro,Z" "-m" "1610612736" "--network" "none" "ghcr.io/rust-lang/crates-build-env/linux@sha256:77db811e55d90add9212f6832c23229e3de5f1c1f9905e8cb07319ea15df73ac" "sleep" "infinity", kill_on_drop: false }`
[INFO] [stdout] e96cbbaed70084ccb3f7c81ff3fd949ad7f01598e80f1f9a32d176526d14ed1a
[INFO] running `Command { std: "docker" "start" "e96cbbaed70084ccb3f7c81ff3fd949ad7f01598e80f1f9a32d176526d14ed1a", kill_on_drop: false }`
[INFO] running `Command { std: "docker" "inspect" "e96cbbaed70084ccb3f7c81ff3fd949ad7f01598e80f1f9a32d176526d14ed1a", kill_on_drop: false }`
[INFO] running `Command { std: "docker" "exec" "-e" "SOURCE_DIR=/opt/rustwide/workdir" "-e" "CARGO_HOME=/opt/rustwide/cargo-home" "-e" "RUSTUP_HOME=/opt/rustwide/rustup-home" "-e" "CARGO_TARGET_DIR=/opt/rustwide/target" "-w" "/opt/rustwide/workdir" "--user" "0:0" "e96cbbaed70084ccb3f7c81ff3fd949ad7f01598e80f1f9a32d176526d14ed1a" "/opt/rustwide/cargo-home/bin/cargo" "+3154cc1a3e6424e44f438a95007d043ed5ceaaf6" "metadata" "--no-deps" "--format-version=1", kill_on_drop: false }`
[INFO] running `Command { std: "docker" "inspect" "e96cbbaed70084ccb3f7c81ff3fd949ad7f01598e80f1f9a32d176526d14ed1a", kill_on_drop: false }`
[INFO] running `Command { std: "docker" "exec" "-e" "SOURCE_DIR=/opt/rustwide/workdir" "-e" "CARGO_HOME=/opt/rustwide/cargo-home" "-e" "RUSTUP_HOME=/opt/rustwide/rustup-home" "-e" "CARGO_TARGET_DIR=/opt/rustwide/target" "-e" "CARGO_INCREMENTAL=0" "-e" "RUST_BACKTRACE=full" "-e" "RUSTFLAGS=--cap-lints=forbid" "-e" "RUSTDOCFLAGS=--cap-lints=forbid" "-w" "/opt/rustwide/workdir" "--user" "0:0" "e96cbbaed70084ccb3f7c81ff3fd949ad7f01598e80f1f9a32d176526d14ed1a" "/opt/rustwide/cargo-home/bin/cargo" "+3154cc1a3e6424e44f438a95007d043ed5ceaaf6" "check" "--frozen" "--all" "--all-targets" "--message-format=json", kill_on_drop: false }`
[INFO] [stderr] warning: unused field `categories` in `workspace.package`
[INFO] [stderr]   --> Cargo.toml:34:1
[INFO] [stderr]    |
[INFO] [stderr] 34 | categories = ["computer-vision", "multimedia", "science", "command-line-utilities"]
[INFO] [stderr]    | ^^^^^^^^^^
[INFO] [stderr]    |
[INFO] [stderr]    = note: `cargo::unused_workspace_package_fields` is set to `warn` by default
[INFO] [stderr] help: consider removing the field `workspace.package.categories`
[INFO] [stderr] warning: unused field `keywords` in `workspace.package`
[INFO] [stderr]   --> Cargo.toml:36:1
[INFO] [stderr]    |
[INFO] [stderr] 36 | keywords = ["drone", "photogrammetry", "digital-twin", "rust", "computer-vision"]
[INFO] [stderr]    | ^^^^^^^^
[INFO] [stderr]    |
[INFO] [stderr] help: consider removing the field `workspace.package.keywords`
[INFO] [stderr] warning: workspace (manifest) generated 2 warnings
[INFO] [stderr]     Checking fdgr-types v0.0.1 (/opt/rustwide/workdir/crates/fdgr-types)
[INFO] [stderr]     Checking fdgr-media v0.0.1 (/opt/rustwide/workdir/crates/fdgr-media)
[INFO] [stderr]     Checking fdgr-codec v0.0.1 (/opt/rustwide/workdir/crates/fdgr-codec)
[INFO] [stderr]     Checking fdgr-core v0.0.1 (/opt/rustwide/workdir/crates/fdgr-core)
[INFO] [stderr]     Checking fdgr-graph v0.0.1 (/opt/rustwide/workdir/crates/fdgr-graph)
[INFO] [stderr]     Checking fdgr-evidence v0.0.1 (/opt/rustwide/workdir/crates/fdgr-evidence)
[INFO] [stderr]     Checking fdgr-calibration v0.0.1 (/opt/rustwide/workdir/crates/fdgr-calibration)
[INFO] [stderr]     Checking fdgr-media-worker v0.0.1 (/opt/rustwide/workdir/crates/fdgr-media-worker)
[INFO] [stderr]     Checking fdgr-keyframe v0.0.1 (/opt/rustwide/workdir/crates/fdgr-keyframe)
[INFO] [stderr]     Checking fdgr-relative-pose v0.0.1 (/opt/rustwide/workdir/crates/fdgr-relative-pose)
[INFO] [stderr]     Checking fdgr-clock v0.0.1 (/opt/rustwide/workdir/crates/fdgr-clock)
[INFO] [stderr]     Checking fdgr-epipolar v0.0.1 (/opt/rustwide/workdir/crates/fdgr-epipolar)
[INFO] [stderr]     Checking fdgr-correspondence v0.0.1 (/opt/rustwide/workdir/crates/fdgr-correspondence)
[INFO] [stderr]     Checking fdgr-ledger v0.0.1 (/opt/rustwide/workdir/crates/fdgr-ledger)
[INFO] [stderr]     Checking fdgr-scale v0.0.1 (/opt/rustwide/workdir/crates/fdgr-scale)
[INFO] [stdout] warning: unnecessary qualification
[INFO] [stdout]    --> crates/fdgr-relative-pose/src/model.inc:341:26
[INFO] [stdout]     |
[INFO] [stdout] 341 | fn json_rendering(error: std::fmt::Error) -> RelativePoseError {
[INFO] [stdout]     |                          ^^^^^^^^^^^^^^^
[INFO] [stdout]     |
[INFO] [stdout]     = note: requested on the command line with `-W unused-qualifications`
[INFO] [stdout] help: remove the unnecessary path segments
[INFO] [stdout]     |
[INFO] [stdout] 341 - fn json_rendering(error: std::fmt::Error) -> RelativePoseError {
[INFO] [stdout] 341 + fn json_rendering(error: fmt::Error) -> RelativePoseError {
[INFO] [stdout]     |
[INFO] [stdout] 
[INFO] [stdout] 
[INFO] [stdout] warning: unnecessary qualification
[INFO] [stdout]     --> crates/fdgr-scale/src/lib.rs:1344:26
[INFO] [stdout]      |
[INFO] [stdout] 1344 | fn json_rendering(error: std::fmt::Error) -> ScaleError {
[INFO] [stdout]      |                          ^^^^^^^^^^^^^^^
[INFO] [stdout]      |
[INFO] [stdout]      = note: requested on the command line with `-W unused-qualifications`
[INFO] [stdout] help: remove the unnecessary path segments
[INFO] [stdout]      |
[INFO] [stdout] 1344 - fn json_rendering(error: std::fmt::Error) -> ScaleError {
[INFO] [stdout] 1344 + fn json_rendering(error: fmt::Error) -> ScaleError {
[INFO] [stdout]      |
[INFO] [stdout] 
[INFO] [stdout] 
[INFO] [stdout] warning: unnecessary qualification
[INFO] [stdout]    --> crates/fdgr-correspondence/src/helpers.inc:417:26
[INFO] [stdout]     |
[INFO] [stdout] 417 | fn json_rendering(error: std::fmt::Error) -> CorrespondenceError {
[INFO] [stdout]     |                          ^^^^^^^^^^^^^^^
[INFO] [stdout]     |
[INFO] [stdout]     = note: requested on the command line with `-W unused-qualifications`
[INFO] [stdout] help: remove the unnecessary path segments
[INFO] [stdout]     |
[INFO] [stdout] 417 - fn json_rendering(error: std::fmt::Error) -> CorrespondenceError {
[INFO] [stdout] 417 + fn json_rendering(error: fmt::Error) -> CorrespondenceError {
[INFO] [stdout]     |
[INFO] [stdout] 
[INFO] [stdout] 
[INFO] [stdout] warning: unnecessary qualification
[INFO] [stdout]    --> crates/fdgr-epipolar/src/helpers.inc:513:26
[INFO] [stdout]     |
[INFO] [stdout] 513 | fn json_rendering(error: std::fmt::Error) -> EpipolarError {
[INFO] [stdout]     |                          ^^^^^^^^^^^^^^^
[INFO] [stdout]     |
[INFO] [stdout]     = note: requested on the command line with `-W unused-qualifications`
[INFO] [stdout] help: remove the unnecessary path segments
[INFO] [stdout]     |
[INFO] [stdout] 513 - fn json_rendering(error: std::fmt::Error) -> EpipolarError {
[INFO] [stdout] 513 + fn json_rendering(error: fmt::Error) -> EpipolarError {
[INFO] [stdout]     |
[INFO] [stdout] 
[INFO] [stdout] 
[INFO] [stdout] warning: unnecessary qualification
[INFO] [stdout]    --> crates/fdgr-keyframe/src/helpers.inc:401:26
[INFO] [stdout]     |
[INFO] [stdout] 401 | fn json_rendering(error: std::fmt::Error) -> KeyframeError {
[INFO] [stdout]     |                          ^^^^^^^^^^^^^^^
[INFO] [stdout]     |
[INFO] [stdout]     = note: requested on the command line with `-W unused-qualifications`
[INFO] [stdout] help: remove the unnecessary path segments
[INFO] [stdout]     |
[INFO] [stdout] 401 - fn json_rendering(error: std::fmt::Error) -> KeyframeError {
[INFO] [stdout] 401 + fn json_rendering(error: fmt::Error) -> KeyframeError {
[INFO] [stdout]     |
[INFO] [stdout] 
[INFO] [stdout] 
[INFO] [stdout] warning: unnecessary qualification
[INFO] [stdout]     --> crates/fdgr-clock/src/lib.rs:1565:26
[INFO] [stdout]      |
[INFO] [stdout] 1565 | fn json_rendering(error: std::fmt::Error) -> ClockError {
[INFO] [stdout]      |                          ^^^^^^^^^^^^^^^
[INFO] [stdout]      |
[INFO] [stdout]      = note: requested on the command line with `-W unused-qualifications`
[INFO] [stdout] help: remove the unnecessary path segments
[INFO] [stdout]      |
[INFO] [stdout] 1565 - fn json_rendering(error: std::fmt::Error) -> ClockError {
[INFO] [stdout] 1565 + fn json_rendering(error: fmt::Error) -> ClockError {
[INFO] [stdout]      |
[INFO] [stdout] 
[INFO] [stdout] 
[INFO] [stdout] error[E0425]: cannot find value `maximum_ppm` in this scope
[INFO] [stdout]    --> crates/fdgr-epipolar/src/essential.inc:166:34
[INFO] [stdout]     |
[INFO] [stdout] 166 |             }) if residual_ppm > maximum_ppm
[INFO] [stdout]     |                                  ^^^^^^^^^^^ not found in this scope
[INFO] [stdout] 
[INFO] [stdout] 
[INFO] [stdout] warning: unnecessary qualification
[INFO] [stdout]    --> crates/fdgr-epipolar/src/helpers.inc:513:26
[INFO] [stdout]     |
[INFO] [stdout] 513 | fn json_rendering(error: std::fmt::Error) -> EpipolarError {
[INFO] [stdout]     |                          ^^^^^^^^^^^^^^^
[INFO] [stdout]     |
[INFO] [stdout]     = note: requested on the command line with `-W unused-qualifications`
[INFO] [stdout] help: remove the unnecessary path segments
[INFO] [stdout]     |
[INFO] [stdout] 513 - fn json_rendering(error: std::fmt::Error) -> EpipolarError {
[INFO] [stdout] 513 + fn json_rendering(error: fmt::Error) -> EpipolarError {
[INFO] [stdout]     |
[INFO] [stdout] 
[INFO] [stdout] 
[INFO] [stdout] warning: unnecessary qualification
[INFO] [stdout]     --> crates/fdgr-calibration/src/lib.rs:1240:26
[INFO] [stdout]      |
[INFO] [stdout] 1240 | fn json_rendering(error: std::fmt::Error) -> CalibrationError {
[INFO] [stdout]      |                          ^^^^^^^^^^^^^^^
[INFO] [stdout]      |
[INFO] [stdout]      = note: requested on the command line with `-W unused-qualifications`
[INFO] [stdout] help: remove the unnecessary path segments
[INFO] [stdout]      |
[INFO] [stdout] 1240 - fn json_rendering(error: std::fmt::Error) -> CalibrationError {
[INFO] [stdout] 1240 + fn json_rendering(error: fmt::Error) -> CalibrationError {
[INFO] [stdout]      |
[INFO] [stdout] 
[INFO] [stdout] 
[INFO] [stderr]     Checking fdgr-media-timeline v0.0.1 (/opt/rustwide/workdir/crates/fdgr-media-timeline)
[INFO] [stderr]     Checking fdgr-object-store v0.0.1 (/opt/rustwide/workdir/crates/fdgr-object-store)
[INFO] [stderr]     Checking fdgr-pose-graph v0.0.1 (/opt/rustwide/workdir/crates/fdgr-pose-graph)
[INFO] [stdout] warning: unnecessary qualification
[INFO] [stdout]    --> crates/fdgr-correspondence/src/helpers.inc:417:26
[INFO] [stdout]     |
[INFO] [stdout] 417 | fn json_rendering(error: std::fmt::Error) -> CorrespondenceError {
[INFO] [stdout]     |                          ^^^^^^^^^^^^^^^
[INFO] [stdout]     |
[INFO] [stdout]     = note: requested on the command line with `-W unused-qualifications`
[INFO] [stdout] help: remove the unnecessary path segments
[INFO] [stdout]     |
[INFO] [stdout] 417 - fn json_rendering(error: std::fmt::Error) -> CorrespondenceError {
[INFO] [stdout] 417 + fn json_rendering(error: fmt::Error) -> CorrespondenceError {
[INFO] [stdout]     |
[INFO] [stdout] 
[INFO] [stdout] 
[INFO] [stdout] error[E0432]: unresolved imports `crate::layout::manifests_root`, `crate::layout::objects_root`, `crate::layout::shard_directory`, `crate::layout::staged_manifest_path`, `crate::layout::staged_object_path`, `crate::layout::staging_root`
[INFO] [stdout]  --> crates/fdgr-object-store/src/bytes.rs:6:20
[INFO] [stdout]   |
[INFO] [stdout] 6 |     manifest_path, manifests_root, object_path, objects_root, shard_directory, staged_manifest_path,
[INFO] [stdout]   |                    ^^^^^^^^^^^^^^               ^^^^^^^^^^^^  ^^^^^^^^^^^^^^^  ^^^^^^^^^^^^^^^^^^^^ no `staged_manifest_path` in `layout`
[INFO] [stdout]   |                    |                            |             |
[INFO] [stdout]   |                    |                            |             no `shard_directory` in `layout`
[INFO] [stdout]   |                    |                            no `objects_root` in `layout`
[INFO] [stdout]   |                    no `manifests_root` in `layout`
[INFO] [stdout] 7 |     staged_object_path, staging_root, sync_directory,
[INFO] [stdout]   |     ^^^^^^^^^^^^^^^^^^  ^^^^^^^^^^^^ no `staging_root` in `layout`
[INFO] [stdout]   |     |
[INFO] [stdout]   |     no `staged_object_path` in `layout`
[INFO] [stdout]   |
[INFO] [stdout] help: a similar name exists in the module
[INFO] [stdout]   |
[INFO] [stdout] 6 -     manifest_path, manifests_root, object_path, objects_root, shard_directory, staged_manifest_path,
[INFO] [stdout] 6 +     manifest_path, manifests_root, object_path, objects_root, sync_directory, staged_manifest_path,
[INFO] [stdout]   |
[INFO] [stdout] 
[INFO] [stdout] 
[INFO] [stdout] error[E0432]: unresolved import `fdgr_evidence::encode_manifest`
[INFO] [stdout]   --> crates/fdgr-object-store/src/bytes.rs:10:37
[INFO] [stdout]    |
[INFO] [stdout] 10 | use fdgr_evidence::{ObjectManifest, encode_manifest};
[INFO] [stdout]    |                                     ^^^^^^^^^^^^^^^ no `encode_manifest` in the root
[INFO] [stdout] 
[INFO] [stdout] 
[INFO] [stdout] error[E0425]: cannot find function `decode_manifest` in crate `fdgr_evidence`
[INFO] [stdout]    --> crates/fdgr-object-store/src/bytes.rs:266:34
[INFO] [stdout]     |
[INFO] [stdout] 266 |     let decoded = fdgr_evidence::decode_manifest(&bytes)?;
[INFO] [stdout]     |                                  ^^^^^^^^^^^^^^^ not found in `fdgr_evidence`
[INFO] [stdout] 
[INFO] [stdout] 
[INFO] [stdout] error[E0599]: no variant, associated function, or constant named `InvalidStoreRoot` found for enum `ObjectStoreError` in the current scope
[INFO] [stdout]   --> crates/fdgr-object-store/src/bytes.rs:40:46
[INFO] [stdout]    |
[INFO] [stdout] 40 |             .ok_or_else(|| ObjectStoreError::InvalidStoreRoot(staging_directory.clone()))?
[INFO] [stdout]    |                                              ^^^^^^^^^^^^^^^^ variant, associated function, or constant not found in `ObjectStoreError`
[INFO] [stdout]    |
[INFO] [stdout]   ::: crates/fdgr-object-store/src/error.rs:13:1
[INFO] [stdout]    |
[INFO] [stdout] 13 | pub enum ObjectStoreError {
[INFO] [stdout]    | ------------------------- variant, associated function, or constant `InvalidStoreRoot` not found for this enum
[INFO] [stdout] 
[INFO] [stdout] 
[INFO] [stdout] error[E0599]: no method named `verify_file` found for struct `ObjectManifest` in the current scope
[INFO] [stdout]   --> crates/fdgr-object-store/src/bytes.rs:45:18
[INFO] [stdout]    |
[INFO] [stdout] 45 |         manifest.verify_file(&staged_object)?;
[INFO] [stdout]    |                  ^^^^^^^^^^^ method not found in `ObjectManifest`
[INFO] [stdout] 
[INFO] [stdout] 
[INFO] [stdout] error[E0599]: no variant, associated function, or constant named `StageIdExhausted` found for enum `ObjectStoreError` in the current scope
[INFO] [stdout]    --> crates/fdgr-object-store/src/bytes.rs:122:27
[INFO] [stdout]     |
[INFO] [stdout] 122 |     Err(ObjectStoreError::StageIdExhausted)
[INFO] [stdout]     |                           ^^^^^^^^^^^^^^^^ variant, associated function, or constant not found in `ObjectStoreError`
[INFO] [stdout]     |
[INFO] [stdout]    ::: crates/fdgr-object-store/src/error.rs:13:1
[INFO] [stdout]     |
[INFO] [stdout]  13 | pub enum ObjectStoreError {
[INFO] [stdout]     | ------------------------- variant, associated function, or constant `StageIdExhausted` not found for this enum
[INFO] [stdout]     |
[INFO] [stdout] help: there is a variant with a similar name
[INFO] [stdout]     |
[INFO] [stdout] 122 -     Err(ObjectStoreError::StageIdExhausted)
[INFO] [stdout] 122 +     Err(ObjectStoreError::StagingExhausted)
[INFO] [stdout]     |
[INFO] [stdout] 
[INFO] [stdout] 
[INFO] [stdout] error[E0599]: no method named `verify_file` found for reference `&ObjectManifest` in the current scope
[INFO] [stdout]    --> crates/fdgr-object-store/src/bytes.rs:161:14
[INFO] [stdout]     |
[INFO] [stdout] 161 |     manifest.verify_file(&final_object)?;
[INFO] [stdout]     |              ^^^^^^^^^^^ method not found in `&ObjectManifest`
[INFO] [stdout] 
[INFO] [stdout] 
[INFO] [stderr]     Checking fdgr-projection v0.0.1 (/opt/rustwide/workdir/crates/fdgr-projection)
[INFO] [stdout] error[E0599]: no method named `verify_file` found for reference `&ObjectManifest` in the current scope
[INFO] [stdout]    --> crates/fdgr-object-store/src/bytes.rs:171:14
[INFO] [stdout]     |
[INFO] [stdout] 171 |     manifest.verify_file(&final_object)?;
[INFO] [stdout]     |              ^^^^^^^^^^^ method not found in `&ObjectManifest`
[INFO] [stdout] 
[INFO] [stdout] 
[INFO] [stdout] warning: unnecessary qualification
[INFO] [stdout]     --> crates/fdgr-scale/src/lib.rs:1344:26
[INFO] [stdout]      |
[INFO] [stdout] 1344 | fn json_rendering(error: std::fmt::Error) -> ScaleError {
[INFO] [stdout]      |                          ^^^^^^^^^^^^^^^
[INFO] [stdout]      |
[INFO] [stdout]      = note: requested on the command line with `-W unused-qualifications`
[INFO] [stdout] help: remove the unnecessary path segments
[INFO] [stdout]      |
[INFO] [stdout] 1344 - fn json_rendering(error: std::fmt::Error) -> ScaleError {
[INFO] [stdout] 1344 + fn json_rendering(error: fmt::Error) -> ScaleError {
[INFO] [stdout]      |
[INFO] [stdout] 
[INFO] [stdout] 
[INFO] [stdout] error[E0599]: no variant, associated function, or constant named `InvalidStoreRoot` found for enum `ObjectStoreError` in the current scope
[INFO] [stdout]    --> crates/fdgr-object-store/src/bytes.rs:182:46
[INFO] [stdout]     |
[INFO] [stdout] 182 |                 return Err(ObjectStoreError::InvalidStoreRoot(path.to_path_buf()));
[INFO] [stdout]     |                                              ^^^^^^^^^^^^^^^^ variant, associated function, or constant not found in `ObjectStoreError`
[INFO] [stdout]     |
[INFO] [stdout]    ::: crates/fdgr-object-store/src/error.rs:13:1
[INFO] [stdout]     |
[INFO] [stdout]  13 | pub enum ObjectStoreError {
[INFO] [stdout]     | ------------------------- variant, associated function, or constant `InvalidStoreRoot` not found for this enum
[INFO] [stdout] 
[INFO] [stdout] 
[INFO] [stdout] error[E0599]: no variant, associated function, or constant named `InvalidStoreRoot` found for enum `ObjectStoreError` in the current scope
[INFO] [stdout]    --> crates/fdgr-object-store/src/bytes.rs:189:50
[INFO] [stdout]     |
[INFO] [stdout] 189 |                 .ok_or_else(|| ObjectStoreError::InvalidStoreRoot(path.to_path_buf()))?;
[INFO] [stdout]     |                                                  ^^^^^^^^^^^^^^^^ variant, associated function, or constant not found in `ObjectStoreError`
[INFO] [stdout]     |
[INFO] [stdout]    ::: crates/fdgr-object-store/src/error.rs:13:1
[INFO] [stdout]     |
[INFO] [stdout]  13 | pub enum ObjectStoreError {
[INFO] [stdout]     | ------------------------- variant, associated function, or constant `InvalidStoreRoot` not found for this enum
[INFO] [stdout] 
[INFO] [stdout] 
[INFO] [stdout] error[E0599]: no method named `verify_file` found for reference `&ObjectManifest` in the current scope
[INFO] [stdout]    --> crates/fdgr-object-store/src/bytes.rs:250:10
[INFO] [stdout]     |
[INFO] [stdout] 249 |     manifest
[INFO] [stdout] 250 |         .verify_file(path)
[INFO] [stdout]     |          ^^^^^^^^^^^ method not found in `&ObjectManifest`
[INFO] [stdout] 
[INFO] [stdout] 
[INFO] [stdout] For more information about this error, try `rustc --explain E0425`.
[INFO] [stdout] 
[INFO] [stdout] warning: missing documentation for the crate
[INFO] [stdout]    --> crates/fdgr-media-worker/tests/receipt_json.rs:1:1
[INFO] [stdout]     |
[INFO] [stdout]   1 | / #![forbid(unsafe_code)]
[INFO] [stdout]   2 | |
[INFO] [stdout]   3 | | use fdgr_media_worker::{
[INFO] [stdout]   4 | |     DecodePixelFormat, DecodeTermination, FrameHashLimits, MediaDecodePlan, MediaDecodePlanInput,
[INFO] [stdout] ...   |
[INFO] [stdout] 126 | | }
[INFO] [stdout]     | |_^
[INFO] [stdout]     |
[INFO] [stdout]     = note: requested on the command line with `-W missing-docs`
[INFO] [stdout] 
[INFO] [stdout] 
[INFO] [stderr] error: could not compile `fdgr-epipolar` (lib test) due to 1 previous error; 1 warning emitted
[INFO] [stderr] warning: build failed, waiting for other jobs to finish...
[INFO] [stdout] warning: unnecessary qualification
[INFO] [stdout]     --> crates/fdgr-clock/src/lib.rs:1565:26
[INFO] [stdout]      |
[INFO] [stdout] 1565 | fn json_rendering(error: std::fmt::Error) -> ClockError {
[INFO] [stdout]      |                          ^^^^^^^^^^^^^^^
[INFO] [stdout]      |
[INFO] [stdout]      = note: requested on the command line with `-W unused-qualifications`
[INFO] [stdout] help: remove the unnecessary path segments
[INFO] [stdout]      |
[INFO] [stdout] 1565 - fn json_rendering(error: std::fmt::Error) -> ClockError {
[INFO] [stdout] 1565 + fn json_rendering(error: fmt::Error) -> ClockError {
[INFO] [stdout]      |
[INFO] [stdout] 
[INFO] [stdout] 
[INFO] [stdout] error[E0432]: unresolved imports `crate::layout::manifests_root`, `crate::layout::objects_root`, `crate::layout::shard_directory`, `crate::layout::staged_manifest_path`, `crate::layout::staged_object_path`, `crate::layout::staging_root`
[INFO] [stdout]  --> crates/fdgr-object-store/src/bytes.rs:6:20
[INFO] [stdout]   |
[INFO] [stdout] 6 |     manifest_path, manifests_root, object_path, objects_root, shard_directory, staged_manifest_path,
[INFO] [stdout]   |                    ^^^^^^^^^^^^^^               ^^^^^^^^^^^^  ^^^^^^^^^^^^^^^  ^^^^^^^^^^^^^^^^^^^^ no `staged_manifest_path` in `layout`
[INFO] [stdout]   |                    |                            |             |
[INFO] [stdout]   |                    |                            |             no `shard_directory` in `layout`
[INFO] [stdout]   |                    |                            no `objects_root` in `layout`
[INFO] [stdout]   |                    no `manifests_root` in `layout`
[INFO] [stdout] 7 |     staged_object_path, staging_root, sync_directory,
[INFO] [stdout]   |     ^^^^^^^^^^^^^^^^^^  ^^^^^^^^^^^^ no `staging_root` in `layout`
[INFO] [stdout]   |     |
[INFO] [stdout]   |     no `staged_object_path` in `layout`
[INFO] [stdout]   |
[INFO] [stdout] help: a similar name exists in the module
[INFO] [stdout]   |
[INFO] [stdout] 6 -     manifest_path, manifests_root, object_path, objects_root, shard_directory, staged_manifest_path,
[INFO] [stdout] 6 +     manifest_path, manifests_root, object_path, objects_root, sync_directory, staged_manifest_path,
[INFO] [stdout]   |
[INFO] [stdout] 
[INFO] [stdout] 
[INFO] [stdout] error[E0432]: unresolved import `fdgr_evidence::encode_manifest`
[INFO] [stdout]   --> crates/fdgr-object-store/src/bytes.rs:10:37
[INFO] [stdout]    |
[INFO] [stdout] 10 | use fdgr_evidence::{ObjectManifest, encode_manifest};
[INFO] [stdout]    |                                     ^^^^^^^^^^^^^^^ no `encode_manifest` in the root
[INFO] [stdout] 
[INFO] [stdout] 
[INFO] [stdout] error[E0425]: cannot find function `decode_manifest` in crate `fdgr_evidence`
[INFO] [stdout]    --> crates/fdgr-object-store/src/bytes.rs:266:34
[INFO] [stdout]     |
[INFO] [stdout] 266 |     let decoded = fdgr_evidence::decode_manifest(&bytes)?;
[INFO] [stdout]     |                                  ^^^^^^^^^^^^^^^ not found in `fdgr_evidence`
[INFO] [stdout] 
[INFO] [stdout] 
[INFO] [stdout] error[E0599]: no variant, associated function, or constant named `InvalidStoreRoot` found for enum `ObjectStoreError` in the current scope
[INFO] [stdout]   --> crates/fdgr-object-store/src/bytes.rs:40:46
[INFO] [stdout]    |
[INFO] [stdout] 40 |             .ok_or_else(|| ObjectStoreError::InvalidStoreRoot(staging_directory.clone()))?
[INFO] [stdout]    |                                              ^^^^^^^^^^^^^^^^ variant, associated function, or constant not found in `ObjectStoreError`
[INFO] [stdout]    |
[INFO] [stdout]   ::: crates/fdgr-object-store/src/error.rs:13:1
[INFO] [stdout]    |
[INFO] [stdout] 13 | pub enum ObjectStoreError {
[INFO] [stdout]    | ------------------------- variant, associated function, or constant `InvalidStoreRoot` not found for this enum
[INFO] [stdout] 
[INFO] [stdout] 
[INFO] [stdout] warning: unnecessary qualification
[INFO] [stdout]    --> crates/fdgr-relative-pose/src/model.inc:341:26
[INFO] [stdout]     |
[INFO] [stdout] 341 | fn json_rendering(error: std::fmt::Error) -> RelativePoseError {
[INFO] [stdout]     |                          ^^^^^^^^^^^^^^^
[INFO] [stdout]     |
[INFO] [stdout]     = note: requested on the command line with `-W unused-qualifications`
[INFO] [stdout] help: remove the unnecessary path segments
[INFO] [stdout]     |
[INFO] [stdout] 341 - fn json_rendering(error: std::fmt::Error) -> RelativePoseError {
[INFO] [stdout] 341 + fn json_rendering(error: fmt::Error) -> RelativePoseError {
[INFO] [stdout]     |
[INFO] [stdout] 
[INFO] [stdout] 
[INFO] [stdout] error[E0599]: no method named `verify_file` found for struct `ObjectManifest` in the current scope
[INFO] [stdout]   --> crates/fdgr-object-store/src/bytes.rs:45:18
[INFO] [stdout]    |
[INFO] [stdout] 45 |         manifest.verify_file(&staged_object)?;
[INFO] [stdout]    |                  ^^^^^^^^^^^ method not found in `ObjectManifest`
[INFO] [stdout] 
[INFO] [stdout] 
[INFO] [stdout] error[E0599]: no variant, associated function, or constant named `StageIdExhausted` found for enum `ObjectStoreError` in the current scope
[INFO] [stdout]    --> crates/fdgr-object-store/src/bytes.rs:122:27
[INFO] [stdout]     |
[INFO] [stdout] 122 |     Err(ObjectStoreError::StageIdExhausted)
[INFO] [stdout]     |                           ^^^^^^^^^^^^^^^^ variant, associated function, or constant not found in `ObjectStoreError`
[INFO] [stdout]     |
[INFO] [stdout]    ::: crates/fdgr-object-store/src/error.rs:13:1
[INFO] [stdout]     |
[INFO] [stdout]  13 | pub enum ObjectStoreError {
[INFO] [stdout]     | ------------------------- variant, associated function, or constant `StageIdExhausted` not found for this enum
[INFO] [stdout]     |
[INFO] [stdout] help: there is a variant with a similar name
[INFO] [stdout]     |
[INFO] [stdout] 122 -     Err(ObjectStoreError::StageIdExhausted)
[INFO] [stdout] 122 +     Err(ObjectStoreError::StagingExhausted)
[INFO] [stdout]     |
[INFO] [stdout] 
[INFO] [stdout] 
[INFO] [stdout] error[E0599]: no method named `verify_file` found for reference `&ObjectManifest` in the current scope
[INFO] [stdout]    --> crates/fdgr-object-store/src/bytes.rs:161:14
[INFO] [stdout]     |
[INFO] [stdout] 161 |     manifest.verify_file(&final_object)?;
[INFO] [stdout]     |              ^^^^^^^^^^^ method not found in `&ObjectManifest`
[INFO] [stdout] 
[INFO] [stdout] 
[INFO] [stdout] error[E0599]: no method named `verify_file` found for reference `&ObjectManifest` in the current scope
[INFO] [stdout]    --> crates/fdgr-object-store/src/bytes.rs:171:14
[INFO] [stdout]     |
[INFO] [stdout] 171 |     manifest.verify_file(&final_object)?;
[INFO] [stdout]     |              ^^^^^^^^^^^ method not found in `&ObjectManifest`
[INFO] [stdout] 
[INFO] [stdout] 
[INFO] [stdout] error[E0599]: no variant, associated function, or constant named `InvalidStoreRoot` found for enum `ObjectStoreError` in the current scope
[INFO] [stdout]    --> crates/fdgr-object-store/src/bytes.rs:182:46
[INFO] [stdout]     |
[INFO] [stdout] 182 |                 return Err(ObjectStoreError::InvalidStoreRoot(path.to_path_buf()));
[INFO] [stdout]     |                                              ^^^^^^^^^^^^^^^^ variant, associated function, or constant not found in `ObjectStoreError`
[INFO] [stdout]     |
[INFO] [stdout]    ::: crates/fdgr-object-store/src/error.rs:13:1
[INFO] [stdout]     |
[INFO] [stdout]  13 | pub enum ObjectStoreError {
[INFO] [stdout]     | ------------------------- variant, associated function, or constant `InvalidStoreRoot` not found for this enum
[INFO] [stdout] 
[INFO] [stdout] 
[INFO] [stdout] error[E0599]: no variant, associated function, or constant named `InvalidStoreRoot` found for enum `ObjectStoreError` in the current scope
[INFO] [stdout]    --> crates/fdgr-object-store/src/bytes.rs:189:50
[INFO] [stdout]     |
[INFO] [stdout] 189 |                 .ok_or_else(|| ObjectStoreError::InvalidStoreRoot(path.to_path_buf()))?;
[INFO] [stdout]     |                                                  ^^^^^^^^^^^^^^^^ variant, associated function, or constant not found in `ObjectStoreError`
[INFO] [stdout]     |
[INFO] [stdout]    ::: crates/fdgr-object-store/src/error.rs:13:1
[INFO] [stdout]     |
[INFO] [stdout]  13 | pub enum ObjectStoreError {
[INFO] [stdout]     | ------------------------- variant, associated function, or constant `InvalidStoreRoot` not found for this enum
[INFO] [stdout] 
[INFO] [stdout] 
[INFO] [stdout] error[E0599]: no method named `verify_file` found for reference `&ObjectManifest` in the current scope
[INFO] [stdout]    --> crates/fdgr-object-store/src/bytes.rs:250:10
[INFO] [stdout]     |
[INFO] [stdout] 249 |     manifest
[INFO] [stdout] 250 |         .verify_file(path)
[INFO] [stdout]     |          ^^^^^^^^^^^ method not found in `&ObjectManifest`
[INFO] [stdout] 
[INFO] [stdout] 
[INFO] [stdout] Some errors have detailed explanations: E0425, E0432, E0599.
[INFO] [stdout] 
[INFO] [stdout] For more information about an error, try `rustc --explain E0425`.
[INFO] [stdout] 
[INFO] [stdout] Some errors have detailed explanations: E0425, E0432, E0599.
[INFO] [stdout] 
[INFO] [stdout] For more information about an error, try `rustc --explain E0425`.
[INFO] [stdout] 
[INFO] [stderr] error: could not compile `fdgr-object-store` (lib) due to 11 previous errors
[INFO] [stderr] error: could not compile `fdgr-object-store` (lib test) due to 11 previous errors
[INFO] [stderr] warning: unused dependency `fdgr-types`
[INFO] [stderr]   --> crates/fdgr-core/Cargo.toml:13:1
[INFO] [stderr]    |
[INFO] [stderr] 13 | fdgr-types = { path = "../fdgr-types" }
[INFO] [stderr]    | ^^^^^^^^^^^^^^^^^^^^^^^^^^^^^^^^^^^^^^^
[INFO] [stderr]    |
[INFO] [stderr]    = note: `cargo::unused_dependencies` is set to `warn` by default
[INFO] [stderr] help: consider removing the dependency on `fdgr-types`
[INFO] [stderr] warning: `fdgr-core` (manifest) generated 1 warning
[INFO] running `Command { std: "docker" "inspect" "e96cbbaed70084ccb3f7c81ff3fd949ad7f01598e80f1f9a32d176526d14ed1a", kill_on_drop: false }`
[INFO] running `Command { std: "docker" "rm" "-f" "e96cbbaed70084ccb3f7c81ff3fd949ad7f01598e80f1f9a32d176526d14ed1a", kill_on_drop: false }`
[INFO] [stdout] e96cbbaed70084ccb3f7c81ff3fd949ad7f01598e80f1f9a32d176526d14ed1a
